000
CDUS41 KRNK 250936
CLILYH


CLIMATE REPORT
NATIONAL WEATHER SERVICE BLACKSBURG VA
431 AM EST SUN FEB 25 2018


...................................

...THE LYNCHBURG VA CLIMATE SUMMARY FOR FEBRUARY 24 2018...

CLIMATE NORMAL PERIOD 1981 TO 2010
CLIMATE RECORD PERIOD 1893 TO 2018


WEATHER ITEM   OBSERVED TIME   RECORD YEAR NORMAL DEPARTURE LAST
                VALUE   (LST)  VALUE       VALUE  FROM      YEAR
                                                  NORMAL
..................................................................
TEMPERATURE (F)
 YESTERDAY
  MAXIMUM         72    457 PM  79    2012  51     21       74
                                      1985
  MINIMUM         47    446 AM  10    1947  29     18       44
  AVERAGE         60                        40     20       59

PRECIPITATION (IN)
  YESTERDAY        T             1.87 1979   0.11  -0.11     0.00
  MONTH TO DATE    5.68                      2.52   3.16     0.47
  SINCE DEC 1      9.31                      8.90   0.41     7.35
  SINCE JAN 1      8.62                      5.66   2.96     4.25

SNOWFALL (IN)
  YESTERDAY        0.0                                       0.0
  MONTH TO DATE    0.2                                       0.0
  SINCE DEC 1      5.7                                       5.9
  SINCE JUL 1      5.7                                       5.9
  SNOW DEPTH       0

DEGREE DAYS
 HEATING
  YESTERDAY        5                        25    -20        6
  MONTH TO DATE  504                       654   -150      431
  SINCE DEC 1   2345                      2432    -87     2009
  SINCE JUL 1   3160                      3326   -166     2639

 COOLING
  YESTERDAY        0                         0      0        0
  MONTH TO DATE    0                         0      0        1
  SINCE DEC 1      0                         0      0        1
  SINCE JAN 1      0                         0      0        1
..................................................................


WIND (MPH)
  HIGHEST WIND SPEED    20   HIGHEST WIND DIRECTION     S (190)
  HIGHEST GUST SPEED    24   HIGHEST GUST DIRECTION     S (190)
  AVERAGE WIND SPEED     6.2


SKY COVER
  AVERAGE SKY COVER 0.9


WEATHER CONDITIONS
 THE FOLLOWING WEATHER WAS RECORDED YESTERDAY.
  FOG
  FOG W/VISIBILITY <= 1/4 MILE


RELATIVE HUMIDITY (PERCENT)
 HIGHEST   100          1200 AM
 LOWEST     61           500 PM
 AVERAGE    81

..........................................................


THE LYNCHBURG VA CLIMATE NORMALS FOR TODAY
                         NORMAL    RECORD    YEAR
 MAXIMUM TEMPERATURE (F)   52        81      1930
 MINIMUM TEMPERATURE (F)   29         6      1967


SUNRISE AND SUNSET
FEBRUARY 25 2018......SUNRISE   653 AM EST   SUNSET   607 PM EST
FEBRUARY 26 2018......SUNRISE   652 AM EST   SUNSET   608 PM EST


-  INDICATES NEGATIVE NUMBERS.
R  INDICATES RECORD WAS SET OR TIED.
MM INDICATES DATA IS MISSING.
T  INDICATES TRACE AMOUNT.




$$
