000
CDUS41 KRNK 300840
CLILYH


CLIMATE REPORT
NATIONAL WEATHER SERVICE BLACKSBURG VA
437 AM EDT MON MAR 30 2015


...................................

...THE LYNCHBURG VA CLIMATE SUMMARY FOR MARCH 29 2015...

CLIMATE NORMAL PERIOD 1981 TO 2010
CLIMATE RECORD PERIOD 1893 TO 2015


WEATHER ITEM   OBSERVED TIME   RECORD YEAR NORMAL DEPARTURE LAST
                VALUE   (LST)  VALUE       VALUE  FROM      YEAR
                                                  NORMAL
..................................................................
TEMPERATURE (F)
 YESTERDAY
  MAXIMUM         49    422 PM  92    1907  63    -14       64
  MINIMUM         17R   623 AM  23    1982  38    -21       52
                                      1923
  AVERAGE         33                        50    -17       58

PRECIPITATION (IN)
  YESTERDAY        0.00          1.90 1912   0.13  -0.13     0.36
  MONTH TO DATE    3.27                      3.34  -0.07     2.91
  SINCE MAR 1      3.27                      3.34  -0.07     2.91
  SINCE JAN 1      7.65                      9.41  -1.76     9.99

SNOWFALL (IN)
  YESTERDAY        0.0
  MONTH TO DATE    2.5
  SINCE MAR 1      2.5
  SINCE JUL 1     22.9
  SNOW DEPTH       0

DEGREE DAYS
 HEATING
  YESTERDAY       32                        15     17        7
  MONTH TO DATE  584                       566     18      627
  SINCE MAR 1    584                       566     18      627
  SINCE JUL 1   4273                      3990    283     4141

 COOLING
  YESTERDAY        0                         0      0        0
  MONTH TO DATE    0                         0      0        0
  SINCE MAR 1      0                         0      0        0
  SINCE JAN 1      0                         0      0        0
..................................................................


WIND (MPH)
  HIGHEST WIND SPEED    15   HIGHEST WIND DIRECTION     S (190)
  HIGHEST GUST SPEED    19   HIGHEST GUST DIRECTION     S (180)
  AVERAGE WIND SPEED     5.7


SKY COVER
  POSSIBLE SUNSHINE  MM
  AVERAGE SKY COVER 0.0


WEATHER CONDITIONS
 THE FOLLOWING WEATHER WAS RECORDED YESTERDAY.
  NO SIGNIFICANT WEATHER WAS OBSERVED.


RELATIVE HUMIDITY (PERCENT)
 HIGHEST    73           200 AM
 LOWEST     15           400 PM
 AVERAGE    44

..........................................................


THE LYNCHBURG VA CLIMATE NORMALS FOR TODAY
                         NORMAL    RECORD    YEAR
 MAXIMUM TEMPERATURE (F)   63        86      1998
                                             1910
 MINIMUM TEMPERATURE (F)   38        22      1964


SUNRISE AND SUNSET
MARCH 30 2015.........SUNRISE   706 AM EDT   SUNSET   737 PM EDT
MARCH 31 2015.........SUNRISE   704 AM EDT   SUNSET   738 PM EDT


-  INDICATES NEGATIVE NUMBERS.
R  INDICATES RECORD WAS SET OR TIED.
MM INDICATES DATA IS MISSING.
T  INDICATES TRACE AMOUNT.

$$
