000
CDUS41 KRNK 260853
CLILYH


CLIMATE REPORT
NATIONAL WEATHER SERVICE BLACKSBURG VA
451 AM EDT MON JUN 26 2017


...................................

...THE LYNCHBURG VA CLIMATE SUMMARY FOR JUNE 25 2017...

CLIMATE NORMAL PERIOD 1981 TO 2010
CLIMATE RECORD PERIOD 1893 TO 2017


WEATHER ITEM   OBSERVED TIME   RECORD YEAR NORMAL DEPARTURE LAST
                VALUE   (LST)  VALUE       VALUE  FROM      YEAR
                                                  NORMAL
..................................................................
TEMPERATURE (F)
 YESTERDAY
  MAXIMUM         80   1247 PM 101    1914  86     -6       79
  MINIMUM         58   1159 PM  50    1979  63     -5       64
  AVERAGE         69                        74     -5       72

PRECIPITATION (IN)
  YESTERDAY        0.00          1.46 2006   0.11  -0.11     0.00
  MONTH TO DATE    2.09                      3.06  -0.97     5.36
  SINCE JUN 1      2.09                      3.06  -0.97     5.36
  SINCE JAN 1     21.19                     19.75   1.44    25.02

SNOWFALL (IN)
  YESTERDAY        0.0                                       0.0
  MONTH TO DATE    0.0                                       0.0
  SINCE JUN 1      0.0                                       0.0
  SINCE JUL 1      5.9                                      15.6
  SNOW DEPTH       0

DEGREE DAYS
 HEATING
  YESTERDAY        0                         0      0        0
  MONTH TO DATE    4                        13     -9        1
  SINCE JUN 1      4                        13     -9        1
  SINCE JUL 1   3506                      4458   -952     3766

 COOLING
  YESTERDAY        4                         9     -5        7
  MONTH TO DATE  189                       167     22      186
  SINCE JUN 1    189                       167     22      186
  SINCE JAN 1    325                       249     76      257
..................................................................


WIND (MPH)
  HIGHEST WIND SPEED    10   HIGHEST WIND DIRECTION    SW (220)
  HIGHEST GUST SPEED    16   HIGHEST GUST DIRECTION    NW (310)
  AVERAGE WIND SPEED     2.8


SKY COVER
  AVERAGE SKY COVER 0.2


WEATHER CONDITIONS
 THE FOLLOWING WEATHER WAS RECORDED YESTERDAY.
  NO SIGNIFICANT WEATHER WAS OBSERVED.


RELATIVE HUMIDITY (PERCENT)
 HIGHEST    97           200 AM
 LOWEST     37           600 PM
 AVERAGE    67

..........................................................


THE LYNCHBURG VA CLIMATE NORMALS FOR TODAY
                         NORMAL    RECORD    YEAR
 MAXIMUM TEMPERATURE (F)   86        98      1952
 MINIMUM TEMPERATURE (F)   63        48      1979


SUNRISE AND SUNSET
JUNE 26 2017..........SUNRISE   558 AM EDT   SUNSET   841 PM EDT
JUNE 27 2017..........SUNRISE   558 AM EDT   SUNSET   841 PM EDT


-  INDICATES NEGATIVE NUMBERS.
R  INDICATES RECORD WAS SET OR TIED.
MM INDICATES DATA IS MISSING.
T  INDICATES TRACE AMOUNT.

REMARKS:
DUE TO A POWER OUTAGE CAUSING A MISSING LOW TEMPERATURE ON FEBRUARY 23...
THE SEASONAL HEATING DEGREE DAY TOTAL AND DEPARTURE FROM NORMAL WILL BE
CALCULATED WITHOUT DATA FROM THIS DATE.

$$

RAB
