000
CDUS41 KRNK 180624
CLILYH


CLIMATE REPORT
NATIONAL WEATHER SERVICE BLACKSBURG VA
222 AM EDT FRI AUG 18 2017


...................................

...THE LYNCHBURG VA CLIMATE SUMMARY FOR AUGUST 17 2017...

CLIMATE NORMAL PERIOD 1981 TO 2010
CLIMATE RECORD PERIOD 1893 TO 2017


WEATHER ITEM   OBSERVED TIME   RECORD YEAR NORMAL DEPARTURE LAST
                VALUE   (LST)  VALUE       VALUE  FROM      YEAR
                                                  NORMAL
..................................................................
TEMPERATURE (F)
 YESTERDAY
  MAXIMUM         91    404 PM 102    1988  85      6       92
  MINIMUM         69    537 AM  52    1979  63      6       70
  AVERAGE         80                        74      6       81

PRECIPITATION (IN)
  YESTERDAY        T             2.50 1955   0.10  -0.10     0.05
  MONTH TO DATE    1.41                      1.79  -0.38     1.12
  SINCE JUN 1      6.80                      9.77  -2.97    13.39
  SINCE JAN 1     25.90                     26.46  -0.56    33.05

SNOWFALL (IN)
  YESTERDAY        0.0                                       0.0
  MONTH TO DATE    0.0                                       0.0
  SINCE JUN 1      0.0                                       0.0
  SINCE JUL 1      0.0                                       0.0
  SNOW DEPTH       0

DEGREE DAYS
 HEATING
  YESTERDAY        0                         0      0        0
  MONTH TO DATE    0                         0      0        0
  SINCE JUN 1      4                        15    -11        1
  SINCE JUL 1      0                         1     -1        0

 COOLING
  YESTERDAY       15                         9      6       16
  MONTH TO DATE  158                       167     -9      215
  SINCE JUN 1    717                       699     18      837
  SINCE JAN 1    853                       781     72      908
..................................................................


WIND (MPH)
  HIGHEST WIND SPEED    13   HIGHEST WIND DIRECTION     S (190)
  HIGHEST GUST SPEED    15   HIGHEST GUST DIRECTION     S (190)
  AVERAGE WIND SPEED     3.3


SKY COVER
  AVERAGE SKY COVER 0.3


WEATHER CONDITIONS
 THE FOLLOWING WEATHER WAS RECORDED YESTERDAY.
  LIGHT RAIN
  FOG


RELATIVE HUMIDITY (PERCENT)
 HIGHEST   100           200 AM
 LOWEST     50           200 PM
 AVERAGE    75

..........................................................


THE LYNCHBURG VA CLIMATE NORMALS FOR TODAY
                         NORMAL    RECORD    YEAR
 MAXIMUM TEMPERATURE (F)   85       100      1988
 MINIMUM TEMPERATURE (F)   63        55      1981


SUNRISE AND SUNSET
AUGUST 18 2017........SUNRISE   636 AM EDT   SUNSET   805 PM EDT
AUGUST 19 2017........SUNRISE   637 AM EDT   SUNSET   803 PM EDT


-  INDICATES NEGATIVE NUMBERS.
R  INDICATES RECORD WAS SET OR TIED.
MM INDICATES DATA IS MISSING.
T  INDICATES TRACE AMOUNT.

REMARKS:
DUE TO MISSING TEMPERATURES ON FEBRUARY 23 AND JULY 24-25...ALL
TEMPERATURE AND DEGREE DAY INFORMATION WILL BE CALCULATED WITHOUT
DATA FROM THESE DATES.



$$
