000
CDUS41 KRNK 200919
CLILYH


CLIMATE REPORT
NATIONAL WEATHER SERVICE BLACKSBURG VA
513 AM EDT FRI OCT 20 2017


...................................

...THE LYNCHBURG VA CLIMATE SUMMARY FOR OCTOBER 19 2017...

CLIMATE NORMAL PERIOD 1981 TO 2010
CLIMATE RECORD PERIOD 1893 TO 2017


WEATHER ITEM   OBSERVED TIME   RECORD YEAR NORMAL DEPARTURE LAST
                VALUE   (LST)  VALUE       VALUE  FROM      YEAR
                                                  NORMAL
..................................................................
TEMPERATURE (F)
 YESTERDAY
  MAXIMUM         74    352 PM  88    1938  68      6       87
  MINIMUM         35    623 AM  26    1948  43     -8       59
  AVERAGE         55                        55      0       73

PRECIPITATION (IN)
  YESTERDAY        0.00          2.80 1937   0.10  -0.10     0.00
  MONTH TO DATE    1.67                      1.87  -0.20     1.73
  SINCE SEP 1      3.58                      5.75  -2.17     5.11
  SINCE JAN 1     30.31                     33.68  -3.37    38.23

SNOWFALL (IN)
  YESTERDAY        0.0                                       0.0
  MONTH TO DATE    0.0                                       0.0
  SINCE SEP 1      0.0                                       0.0
  SINCE JUL 1      0.0                                       0.0
  SNOW DEPTH       0

DEGREE DAYS
 HEATING
  YESTERDAY       10                        10      0        0
  MONTH TO DATE   77                       144    -67       77
  SINCE SEP 1    128                       202    -74       77
  SINCE JUL 1    130                       205    -75       77

 COOLING
  YESTERDAY        0                         0      0        8
  MONTH TO DATE   55                        11     44       24
  SINCE SEP 1    196                       129     67      264
  SINCE JAN 1   1174                      1027    147     1342
..................................................................


WIND (MPH)
  HIGHEST WIND SPEED     9   HIGHEST WIND DIRECTION     S (200)
  HIGHEST GUST SPEED    14   HIGHEST GUST DIRECTION     S (200)
  AVERAGE WIND SPEED     3.1


SKY COVER
  AVERAGE SKY COVER 0.0


WEATHER CONDITIONS
 THE FOLLOWING WEATHER WAS RECORDED YESTERDAY.
  NO SIGNIFICANT WEATHER WAS OBSERVED.


RELATIVE HUMIDITY (PERCENT)
 HIGHEST   100           400 AM
 LOWEST     27           400 PM
 AVERAGE    64

..........................................................


THE LYNCHBURG VA CLIMATE NORMALS FOR TODAY
                         NORMAL    RECORD    YEAR
 MAXIMUM TEMPERATURE (F)   67        85      1993
 MINIMUM TEMPERATURE (F)   43        25      1992
                                             1972


SUNRISE AND SUNSET
OCTOBER 20 2017.......SUNRISE   730 AM EDT   SUNSET   633 PM EDT
OCTOBER 21 2017.......SUNRISE   731 AM EDT   SUNSET   631 PM EDT


-  INDICATES NEGATIVE NUMBERS.
R  INDICATES RECORD WAS SET OR TIED.
MM INDICATES DATA IS MISSING.
T  INDICATES TRACE AMOUNT.

REMARKS:
DUE TO MISSING TEMPERATURES ON FEBRUARY 23 AND JULY 24-25...ALL
TEMPERATURE AND DEGREE DAY INFORMATION WILL BE CALCULATED WITHOUT
DATA FROM THESE DATES.

$$

RAB
