000
CDUS41 KRNK 190806
CLILYH


CLIMATE REPORT
NATIONAL WEATHER SERVICE BLACKSBURG VA
304 AM EST SUN FEB 19 2017


...................................

...THE LYNCHBURG VA CLIMATE SUMMARY FOR FEBRUARY 18 2017...

CLIMATE NORMAL PERIOD 1981 TO 2010
CLIMATE RECORD PERIOD 1893 TO 2017


WEATHER ITEM   OBSERVED TIME   RECORD YEAR NORMAL DEPARTURE LAST
                VALUE   (LST)  VALUE       VALUE  FROM      YEAR
                                                  NORMAL
..................................................................
TEMPERATURE (F)
 YESTERDAY
  MAXIMUM         71    418 PM  75    2011  50     21       47
                                      1927
  MINIMUM         34    711 AM   2    2015  28      6       23
  AVERAGE         53                        39     14       35

PRECIPITATION (IN)
  YESTERDAY        T             1.30 1961   0.11  -0.11     0.00
  MONTH TO DATE    0.33                      1.89  -1.56     3.25
  SINCE DEC 1      7.21                      8.27  -1.06    10.99
  SINCE JAN 1      4.11                      5.03  -0.92     6.02

SNOWFALL (IN)
  YESTERDAY        0.0                                       0.0
  MONTH TO DATE    0.0                                       5.4
  SINCE DEC 1      5.9                                      15.6
  SINCE JUL 1      5.9                                      15.6
  SNOW DEPTH       0

DEGREE DAYS
 HEATING
  YESTERDAY       12                        26    -14       30
  MONTH TO DATE  369                       501   -132      561
  SINCE DEC 1   1947                      2279   -332     2028
  SINCE JUL 1   2577                      3173   -596     2738

 COOLING
  YESTERDAY        0                         0      0        0
  MONTH TO DATE    1                         0      1        0
  SINCE DEC 1      1                         0      1        0
  SINCE JAN 1      1                         0      1        0
..................................................................


WIND (MPH)
  HIGHEST WIND SPEED    15   HIGHEST WIND DIRECTION     S (200)
  HIGHEST GUST SPEED    21   HIGHEST GUST DIRECTION     S (200)
  AVERAGE WIND SPEED     5.6


SKY COVER
  AVERAGE SKY COVER 0.1


WEATHER CONDITIONS
 THE FOLLOWING WEATHER WAS RECORDED YESTERDAY.
  LIGHT RAIN


RELATIVE HUMIDITY (PERCENT)
 HIGHEST    76           800 AM
 LOWEST     20           300 PM
 AVERAGE    48

..........................................................


THE LYNCHBURG VA CLIMATE NORMALS FOR TODAY
                         NORMAL    RECORD    YEAR
 MAXIMUM TEMPERATURE (F)   50        76      1939
 MINIMUM TEMPERATURE (F)   28         2      2015


SUNRISE AND SUNSET
FEBRUARY 19 2017......SUNRISE   701 AM EST   SUNSET   601 PM EST
FEBRUARY 20 2017......SUNRISE   659 AM EST   SUNSET   602 PM EST


-  INDICATES NEGATIVE NUMBERS.
R  INDICATES RECORD WAS SET OR TIED.
MM INDICATES DATA IS MISSING.
T  INDICATES TRACE AMOUNT.

$$
RCS
