000
CDUS41 KRNK 162115
CLILYH


CLIMATE REPORT
NATIONAL WEATHER SERVICE BLACKSBURG VA
512 PM EDT WED APR 16 2014


...................................

...THE LYNCHBURG VA CLIMATE SUMMARY FOR APRIL 16 2014...
VALID TODAY AS OF 0500 PM LOCAL TIME.

CLIMATE NORMAL PERIOD 1981 TO 2010
CLIMATE RECORD PERIOD 1893 TO 2014


WEATHER ITEM   OBSERVED TIME   RECORD YEAR NORMAL DEPARTURE LAST
                VALUE   (LST)  VALUE       VALUE  FROM      YEAR
                                                  NORMAL
..................................................................
TEMPERATURE (F)
 TODAY
  MAXIMUM         55    358 PM  91    2002  69    -14       76
  MINIMUM         33    553 AM  27    1943  43    -10       57
  AVERAGE         44                        56    -12       67

PRECIPITATION (IN)
  TODAY            0.00          1.88 1910   0.10  -0.10     0.00
  MONTH TO DATE    3.41                      1.78   1.63     1.95
  SINCE MAR 1      6.34                      5.36   0.98     5.26
  SINCE JAN 1     13.42                     11.43   1.99    12.89

SNOWFALL (IN)
  TODAY            0.0
  MONTH TO DATE    T
  SINCE MAR 1      9.4
  SINCE JUL 1     21.4
  SNOW DEPTH       0

DEGREE DAYS
 HEATING
  TODAY           21                        10     11        0
  MONTH TO DATE   98                       190    -92      145
  SINCE MAR 1    748                       785    -37      864
  SINCE JUL 1   4262                      4209     53     4039

 COOLING
  TODAY            0                         1     -1        2
  MONTH TO DATE   19                         4     15       29
  SINCE MAR 1     19                         6     13       29
  SINCE JAN 1     19                         6     13       29
..................................................................


WIND (MPH)
  HIGHEST WIND SPEED    15   HIGHEST WIND DIRECTION     N (20)
  HIGHEST GUST SPEED    20   HIGHEST GUST DIRECTION     N (10)
  AVERAGE WIND SPEED     6.6


SKY COVER
  POSSIBLE SUNSHINE  MM
  AVERAGE SKY COVER 0.0


WEATHER CONDITIONS
 THE FOLLOWING WEATHER WAS RECORDED TODAY.
  NO SIGNIFICANT WEATHER WAS OBSERVED.


RELATIVE HUMIDITY (PERCENT)
 HIGHEST    51           400 AM
 LOWEST     26           300 PM
 AVERAGE    39

..........................................................


THE LYNCHBURG VA CLIMATE NORMALS FOR TOMORROW
                         NORMAL    RECORD    YEAR
 MAXIMUM TEMPERATURE (F)   69        94      2002
 MINIMUM TEMPERATURE (F)   43        27      1904


SUNRISE AND SUNSET
APRIL 16 2014.........SUNRISE   641 AM EDT   SUNSET   753 PM EDT
APRIL 17 2014.........SUNRISE   639 AM EDT   SUNSET   754 PM EDT


-  INDICATES NEGATIVE NUMBERS.
R  INDICATES RECORD WAS SET OR TIED.
MM INDICATES DATA IS MISSING.
T  INDICATES TRACE AMOUNT.




$$
