000
CDUS41 KRNK 260606
CLILYH


CLIMATE REPORT
NATIONAL WEATHER SERVICE BLACKSBURG VA
205 AM EDT MON SEP 26 2016


...................................

...THE LYNCHBURG VA CLIMATE SUMMARY FOR SEPTEMBER 25 2016...

CLIMATE NORMAL PERIOD 1981 TO 2010
CLIMATE RECORD PERIOD 1893 TO 2016


WEATHER ITEM   OBSERVED TIME   RECORD YEAR NORMAL DEPARTURE LAST
                VALUE   (LST)  VALUE       VALUE  FROM      YEAR
                                                  NORMAL
..................................................................
TEMPERATURE (F)
 YESTERDAY
  MAXIMUM         72    349 PM  98    1933  75     -3       66
  MINIMUM         63   1159 PM  39    1990  52     11       60
                                      1981
                                      1928
  AVERAGE         68                        63      5       63

PRECIPITATION (IN)
  YESTERDAY        0.00          1.71 2000   0.12  -0.12     0.14
  MONTH TO DATE    1.58                      3.26  -1.68     1.73
  SINCE SEP 1      1.58                      3.26  -1.68     1.73
  SINCE JAN 1     34.70                     31.19   3.51    26.47

SNOWFALL (IN)
  YESTERDAY        0.0                                       0.0
  MONTH TO DATE    0.0                                       0.0
  SINCE SEP 1      0.0                                       0.0
  SINCE JUL 1      0.0                                       0.0
  SNOW DEPTH       0

DEGREE DAYS
 HEATING
  YESTERDAY        0                         3     -3        2
  MONTH TO DATE    0                        33    -33       18
  SINCE SEP 1      0                        33    -33       18
  SINCE JUL 1      0                        36    -36       18

 COOLING
  YESTERDAY        3                         2      1        0
  MONTH TO DATE  221                       109    112      143
  SINCE SEP 1    221                       109    112      143
  SINCE JAN 1   1299                      1007    292     1168
..................................................................


WIND (MPH)
  HIGHEST WIND SPEED    10   HIGHEST WIND DIRECTION     E (70)
  HIGHEST GUST SPEED    14   HIGHEST GUST DIRECTION     E (110)
  AVERAGE WIND SPEED     3.8


SKY COVER
  AVERAGE SKY COVER 1.0


WEATHER CONDITIONS
 THE FOLLOWING WEATHER WAS RECORDED YESTERDAY.
  FOG


RELATIVE HUMIDITY (PERCENT)
 HIGHEST    93           400 AM
 LOWEST     61           100 PM
 AVERAGE    77

..........................................................


THE LYNCHBURG VA CLIMATE NORMALS FOR TODAY
                         NORMAL    RECORD    YEAR
 MAXIMUM TEMPERATURE (F)   75        98      1933
 MINIMUM TEMPERATURE (F)   52        35      2001


SUNRISE AND SUNSET
SEPTEMBER 26 2016.....SUNRISE   708 AM EDT   SUNSET   707 PM EDT
SEPTEMBER 27 2016.....SUNRISE   709 AM EDT   SUNSET   705 PM EDT


-  INDICATES NEGATIVE NUMBERS.
R  INDICATES RECORD WAS SET OR TIED.
MM INDICATES DATA IS MISSING.
T  INDICATES TRACE AMOUNT.




$$
