000
CDUS44 KLZK 302104
CLILZK


CLIMATE REPORT
NATIONAL WEATHER SERVICE LITTLE ROCK AR
403 PM CDT SUN APR 30 2017


...................................

...THE NORTH LITTLE ROCK CLIMATE SUMMARY FOR APRIL 30 2017...
VALID TODAY AS OF 0400 PM LOCAL TIME.

CLIMATE NORMAL PERIOD 1981 TO 2010
CLIMATE RECORD PERIOD 1975 TO 2017


WEATHER ITEM   OBSERVED TIME   RECORD YEAR NORMAL DEPARTURE LAST
                VALUE   (LST)  VALUE       VALUE  FROM      YEAR
                                                  NORMAL
..................................................................
TEMPERATURE (F)
 TODAY
  MAXIMUM         69        MM  92    1987  76     -7       79
  MINIMUM         58        MM  41    1996  57      1       63
  AVERAGE         64                        67     -3       71

PRECIPITATION (IN)
  TODAY            2.15          3.50 2011   0.17   1.98     1.23
  MONTH TO DATE   10.01                      4.79   5.22     7.93
  SINCE MAR 1     13.48                      9.56   3.92    20.45
  SINCE JAN 1     18.76                     16.64   2.12    25.51

SNOWFALL (IN)
  TODAY            0.0          MM      MM   0.0    0.0      0.0
  MONTH TO DATE    0.0                       0.0    0.0      0.0
  SINCE MAR 1      T                         0.4   -0.4       T
  SINCE JUL 1      0.8                       4.4   -3.6      7.2
  SNOW DEPTH       0

DEGREE DAYS
 HEATING
  TODAY            1                         2     -1        0
  MONTH TO DATE   68                       137    -69       83
  SINCE MAR 1    339                       496   -157      327
  SINCE JUL 1   2170                      2982   -812     2288

 COOLING
  TODAY            0                         4     -4        6
  MONTH TO DATE   83                        70     13       60
  SINCE MAR 1    110                        87     23       77
  SINCE JAN 1    127                        89     38       80
..................................................................


WIND (MPH)
  HIGHEST WIND SPEED    12   HIGHEST WIND DIRECTION     S (200)
  HIGHEST GUST SPEED    32   HIGHEST GUST DIRECTION     S (200)
  AVERAGE WIND SPEED     7.5


SKY COVER
  POSSIBLE SUNSHINE  MM
  AVERAGE SKY COVER 0.0


WEATHER CONDITIONS
 THE FOLLOWING WEATHER WAS RECORDED TODAY.
  THUNDERSTORM
  HEAVY RAIN
  RAIN
  LIGHT RAIN
  FOG


RELATIVE HUMIDITY (PERCENT)
 HIGHEST   100           200 AM
 LOWEST     84          1100 AM
 AVERAGE    92

..........................................................


THE NORTH LITTLE ROCK CLIMATE NORMALS FOR TOMORROW
                         NORMAL    RECORD    YEAR
 MAXIMUM TEMPERATURE (F)   77        89      2012
                                             2002
 MINIMUM TEMPERATURE (F)   57        43      2014


SUNRISE AND SUNSET
APRIL 30 2017.........SUNRISE   619 AM CDT   SUNSET   754 PM CDT
MAY  1 2017...........SUNRISE   618 AM CDT   SUNSET   754 PM CDT


-  INDICATES NEGATIVE NUMBERS.
R  INDICATES RECORD WAS SET OR TIED.
MM INDICATES DATA IS MISSING.
T  INDICATES TRACE AMOUNT.




$$
