000
CDUS44 KLZK 150907
CLILZK


CLIMATE REPORT
NATIONAL WEATHER SERVICE LITTLE ROCK AR
407 AM CDT MON SEP 15 2014


...................................

...THE NORTH LITTLE ROCK CLIMATE SUMMARY FOR SEPTEMBER 14 2014...

CLIMATE NORMAL PERIOD 1981 TO 2010
CLIMATE RECORD PERIOD 1975 TO 2014


WEATHER ITEM   OBSERVED TIME   RECORD YEAR NORMAL DEPARTURE LAST
                VALUE   (LST)  VALUE       VALUE  FROM      YEAR
                                                  NORMAL
..................................................................
TEMPERATURE (F)
 YESTERDAY
  MAXIMUM         78        MM 102    1980  85     -7       81
  MINIMUM         54R       MM  55    1993  65    -11       57
  AVERAGE         66                        75     -9       69

PRECIPITATION (IN)
  YESTERDAY        0.00          1.35 1998   0.11  -0.11     0.00
  MONTH TO DATE    1.06                      1.55  -0.49     0.03
  SINCE SEP 1      1.06                      1.55  -0.49     0.03
  SINCE JAN 1     36.86                     33.07   3.79    34.25

SNOWFALL (IN)
  YESTERDAY        0.0          MM      MM   0.0    0.0      0.0
  MONTH TO DATE    0.0                       0.0    0.0      0.0
  SINCE SEP 1      0.0                       0.0    0.0      0.0
  SINCE JUL 1      0.0                       0.0    0.0      0.0
  SNOW DEPTH       0

DEGREE DAYS
 HEATING
  YESTERDAY        0                         0      0        0
  MONTH TO DATE    7                         0      7        0
  SINCE SEP 1      7                         0      7        0
  SINCE JUL 1      7                         0      7        0

 COOLING
  YESTERDAY        1                        10     -9        4
  MONTH TO DATE  174                       175     -1      237
  SINCE SEP 1    174                       175     -1      237
  SINCE JAN 1   1689                      1952   -263     1873
..................................................................


WIND (MPH)
  HIGHEST WIND SPEED    MM   HIGHEST WIND DIRECTION    MM
  HIGHEST GUST SPEED    MM   HIGHEST GUST DIRECTION    MM
  AVERAGE WIND SPEED    MM


SKY COVER
  POSSIBLE SUNSHINE  MM
  AVERAGE SKY COVER  MM


WEATHER CONDITIONS
 THE FOLLOWING WEATHER WAS RECORDED YESTERDAY.
  NO SIGNIFICANT WEATHER WAS OBSERVED.


RELATIVE HUMIDITY (PERCENT)
 HIGHEST    MM
 LOWEST     MM
 AVERAGE    MM

..........................................................


THE NORTH LITTLE ROCK CLIMATE NORMALS FOR TODAY
                         NORMAL    RECORD    YEAR
 MAXIMUM TEMPERATURE (F)   85        95      2010
                                             1997
 MINIMUM TEMPERATURE (F)   65        52      1993
                                             1979


SUNRISE AND SUNSET
SEPTEMBER 15 2014.....SUNRISE   652 AM CDT   SUNSET   716 PM CDT
SEPTEMBER 16 2014.....SUNRISE   653 AM CDT   SUNSET   714 PM CDT


-  INDICATES NEGATIVE NUMBERS.
R  INDICATES RECORD WAS SET OR TIED.
MM INDICATES DATA IS MISSING.
T  INDICATES TRACE AMOUNT.




$$
