000
CDUS44 KLZK 200642
CLILZK


CLIMATE REPORT
NATIONAL WEATHER SERVICE LITTLE ROCK AR
1241 AM CST MON FEB 20 2017


...................................

...THE NORTH LITTLE ROCK CLIMATE SUMMARY FOR FEBRUARY 19 2017...

CLIMATE NORMAL PERIOD 1981 TO 2010
CLIMATE RECORD PERIOD 1975 TO 2017


WEATHER ITEM   OBSERVED TIME   RECORD YEAR NORMAL DEPARTURE LAST
                VALUE   (LST)  VALUE       VALUE  FROM      YEAR
                                                  NORMAL
..................................................................
TEMPERATURE (F)
 YESTERDAY
  MAXIMUM         75    500 PM  81    1986  55     20       70
  MINIMUM         50        MM  14    1978  37     13       56
  AVERAGE         63                        46     17       63

PRECIPITATION (IN)
  YESTERDAY        0.00          1.89 2002   0.14  -0.14     0.00
  MONTH TO DATE    1.22                      2.37  -1.15     0.34
  SINCE DEC 1      6.69                     10.80  -4.11    13.65
  SINCE JAN 1      3.52                      5.79  -2.27     3.57

SNOWFALL (IN)
  YESTERDAY        0.0           0.0  2005   0.1   -0.1      0.0
  MONTH TO DATE    0.0                       1.4   -1.4      0.0
  SINCE DEC 1      0.8                       3.6   -2.8      7.2
  SINCE JUL 1      0.8                       3.6   -2.8      7.2
  SNOW DEPTH       0

DEGREE DAYS
 HEATING
  YESTERDAY        2                        19    -17        2
  MONTH TO DATE  245                       398   -153      346
  SINCE DEC 1   1460                      1819   -359     1481
  SINCE JUL 1   1754                      2331   -577     1834

 COOLING
  YESTERDAY        0                         0      0        0
  MONTH TO DATE   11                         0     11        0
  SINCE DEC 1     13                         2     11        8
  SINCE JAN 1     12                         1     11        1
..................................................................


WIND (MPH)
  HIGHEST WIND SPEED     9   HIGHEST WIND DIRECTION    SE (140)
  HIGHEST GUST SPEED    MM   HIGHEST GUST DIRECTION    MM
  AVERAGE WIND SPEED     3.6


SKY COVER
  POSSIBLE SUNSHINE  MM
  AVERAGE SKY COVER 0.0


WEATHER CONDITIONS
 THE FOLLOWING WEATHER WAS RECORDED YESTERDAY.
  FOG
  FOG W/VISIBILITY <= 1/4 MILE


RELATIVE HUMIDITY (PERCENT)
 HIGHEST   100           800 AM
 LOWEST     57           500 PM
 AVERAGE    79

..........................................................


THE NORTH LITTLE ROCK CLIMATE NORMALS FOR TODAY
                         NORMAL    RECORD    YEAR
 MAXIMUM TEMPERATURE (F)   56        83      1986
 MINIMUM TEMPERATURE (F)   38        21      2006


SUNRISE AND SUNSET
FEBRUARY 20 2017......SUNRISE   649 AM CST   SUNSET   557 PM CST
FEBRUARY 21 2017......SUNRISE   648 AM CST   SUNSET   558 PM CST


-  INDICATES NEGATIVE NUMBERS.
R  INDICATES RECORD WAS SET OR TIED.
MM INDICATES DATA IS MISSING.
T  INDICATES TRACE AMOUNT.




$$
