000
CDUS46 KHNX 300020
CLIMAE


CLIMATE REPORT
NATIONAL WEATHER SERVICE SAN JOAQUIN VALLEY, CA
520 PM PDT FRI MAY 29 2015


...................................

...THE MADERA CA CLIMATE SUMMARY FOR MAY 29 2015...
VALID AS OF 0500 PM LOCAL TIME.

CLIMATE NORMAL PERIOD 1981 TO 2010
CLIMATE RECORD PERIOD 1998 TO 2015


WEATHER ITEM   OBSERVED TIME   RECORD YEAR NORMAL DEPARTURE LAST
                VALUE   (LST)  VALUE       VALUE  FROM      YEAR
                                                  NORMAL
..................................................................
TEMPERATURE (F)
 TODAY
  MAXIMUM         94    356 PM 101    2003  86      8       87
  MINIMUM         55    443 AM  45    2006  54      1       48
  AVERAGE         75                        70      5       68

PRECIPITATION (IN)
  TODAY            0.00          0.00   MM   0.00   0.00     0.00
  MONTH TO DATE    0.45                      0.47  -0.02      T
  SINCE OCT 1      5.71                     11.53  -5.82     4.30
  SINCE JAN 1      2.03                      7.80  -5.77     3.61

SNOWFALL (IN)
  TODAY            0.0
  MONTH TO DATE    0.0
  SINCE MAR 1      0.0
  SINCE JUL 1      0.0
  SNOW DEPTH       0

DEGREE DAYS
 HEATING
  TODAY            0                                         0
  MONTH TO DATE   27                                        13
  SINCE MAR 1    276                                       309
  SINCE JUL 1   1726                                      2136

 COOLING
  TODAY           10                                         3
  MONTH TO DATE   79                                       174
  SINCE MAR 1    155                                       231
  SINCE JAN 1    157                                       231
..................................................................


WIND (MPH)
  HIGHEST WIND SPEED    10   HIGHEST WIND DIRECTION     W (290)
  HIGHEST GUST SPEED    14   HIGHEST GUST DIRECTION    NW (300)
  AVERAGE WIND SPEED     6.2




RELATIVE HUMIDITY (PERCENT)
 HIGHEST    83
 LOWEST     14
 AVERAGE    49

..........................................................


THE MADERA CA CLIMATE NORMALS FOR TOMORROW
                         NORMAL    RECORD    YEAR
 MAXIMUM TEMPERATURE (F)   87       100      2002
 MINIMUM TEMPERATURE (F)   54        44      2011


SUNRISE AND SUNSET
MAY 29 2015...........SUNRISE   544 AM PDT   SUNSET   812 PM PDT
MAY 30 2015...........SUNRISE   543 AM PDT   SUNSET   813 PM PDT


-  INDICATES NEGATIVE NUMBERS.
R  INDICATES RECORD WAS SET OR TIED.
MM INDICATES DATA IS MISSING.
T  INDICATES TRACE AMOUNT.




$$
