000
CDUS46 KHNX 280024
CLIMAE


CLIMATE REPORT
NATIONAL WEATHER SERVICE SAN JOAQUIN VALLEY, CA
523 PM PDT FRI MAY 27 2016


...................................

...THE MADERA CA CLIMATE SUMMARY FOR MAY 27 2016...
VALID AS OF 0400 PM LOCAL TIME.

CLIMATE NORMAL PERIOD 1981 TO 2010
CLIMATE RECORD PERIOD 1998 TO 2016


WEATHER ITEM   OBSERVED TIME   RECORD YEAR NORMAL DEPARTURE LAST
                VALUE   (LST)  VALUE       VALUE  FROM      YEAR
                                                  NORMAL
..................................................................
TEMPERATURE (F)
 TODAY
  MAXIMUM         89    349 PM  97    2009  86      3       88
  MINIMUM         54    511 AM  46    2011  53      1       53
  AVERAGE         72                        70      2       71

PRECIPITATION (IN)
  TODAY            0.00          T    2008   0.01  -0.01     0.00
  MONTH TO DATE    T                         0.46  -0.46     0.45
  SINCE OCT 1     12.96                     11.52   1.44     5.71
  SINCE JAN 1      8.40                      7.79   0.61     2.03

SNOWFALL (IN)
  TODAY            0.0
  MONTH TO DATE    0.0
  SINCE MAR 1      0.0
  SINCE JUL 1      0.0
  SNOW DEPTH       0

DEGREE DAYS
 HEATING
  TODAY            0                                         0
  MONTH TO DATE   19                                        27
  SINCE MAR 1    328                                       276
  SINCE JUL 1   2072                                      1726

 COOLING
  TODAY            7                                         6
  MONTH TO DATE  115                                        62
  SINCE MAR 1    147                                       138
  SINCE JAN 1    147                                       140
..................................................................


WIND (MPH)
  HIGHEST WIND SPEED    16   HIGHEST WIND DIRECTION     W (290)
  HIGHEST GUST SPEED    20   HIGHEST GUST DIRECTION    NW (300)
  AVERAGE WIND SPEED     5.5




RELATIVE HUMIDITY (PERCENT)
 HIGHEST    86
 LOWEST     24
 AVERAGE    55

..........................................................


THE MADERA CA CLIMATE NORMALS FOR TOMORROW
                         NORMAL    RECORD    YEAR
 MAXIMUM TEMPERATURE (F)   86       103      2003
 MINIMUM TEMPERATURE (F)   54        44      2010


SUNRISE AND SUNSET
MAY 27 2016...........SUNRISE   544 AM PDT   SUNSET   812 PM PDT
MAY 28 2016...........SUNRISE   544 AM PDT   SUNSET   812 PM PDT


-  INDICATES NEGATIVE NUMBERS.
R  INDICATES RECORD WAS SET OR TIED.
MM INDICATES DATA IS MISSING.
T  INDICATES TRACE AMOUNT.




$$
