000
CDUS46 KHNX 270824
CLIMAE


CLIMATE REPORT
NATIONAL WEATHER SERVICE SAN JOAQUIN VALLEY, CA
124 AM PDT THU APR 27 2017


...................................

...THE MADERA CA AIRPORT CLIMATE SUMMARY FOR APRIL 26 2017...

CLIMATE NORMAL PERIOD 1981 TO 2010
CLIMATE RECORD PERIOD 1998 TO 2017


WEATHER ITEM   OBSERVED TIME   RECORD YEAR NORMAL DEPARTURE
                VALUE   (LST)  VALUE       VALUE  FROM
                                                  NORMAL
...............................................................
TEMPERATURE (F)
 YESTERDAY
  MAXIMUM         75    401 PM  97    2004  78     -3
  MINIMUM         51    523 AM  41    2009  47      4
  AVERAGE         63                        62      1

PRECIPITATION (IN)
  YESTERDAY        0.00          0.06 2002   0.04  -0.04
  MONTH TO DATE    0.47                      0.85  -0.38
  SINCE OCT 1     14.17                     10.96   3.21
  SINCE JAN 1     10.10                      7.23   2.87

SNOWFALL (IN)
  YESTERDAY        0.0
  MONTH TO DATE    0.0
  SINCE MAR 1      0.0
  SINCE JUL 1      0.0
  SNOW DEPTH       0

DEGREE DAYS
 HEATING
  YESTERDAY        2
  MONTH TO DATE  117
  SINCE MAR 1    359
  SINCE JUL 1   2038

 COOLING
  YESTERDAY        0
  MONTH TO DATE    2
  SINCE MAR 1      8
  SINCE JAN 1      8
...............................................................


WIND (MPH)
  HIGHEST WIND SPEED    14   HIGHEST WIND DIRECTION     N (340)
  HIGHEST GUST SPEED    17   HIGHEST GUST DIRECTION    NW (320)
  AVERAGE WIND SPEED     7.5




RELATIVE HUMIDITY (PERCENT)
 HIGHEST    96
 LOWEST     53
 AVERAGE    75

..........................................................


THE MADERA CA AIRPORT CLIMATE NORMALS FOR TODAY
                         NORMAL    RECORD    YEAR
 MAXIMUM TEMPERATURE (F)   78        98      2004
 MINIMUM TEMPERATURE (F)   47        41      2012
                                             2011


SUNRISE AND SUNSET
APRIL 27 2017.........SUNRISE   610 AM PDT   SUNSET   746 PM PDT
APRIL 28 2017.........SUNRISE   609 AM PDT   SUNSET   747 PM PDT


-  INDICATES NEGATIVE NUMBERS.
R  INDICATES RECORD WAS SET OR TIED.
MM INDICATES DATA IS MISSING.
T  INDICATES TRACE AMOUNT.




$$
