000
CDUS46 KHNX 220823
CLIMAE


CLIMATE REPORT
NATIONAL WEATHER SERVICE SAN JOAQUIN VALLEY, CA
123 AM PDT SUN OCT 22 2017


...................................

...THE MADERA CA AIRPORT CLIMATE SUMMARY FOR OCTOBER 21 2017...

CLIMATE NORMAL PERIOD 1981 TO 2010
CLIMATE RECORD PERIOD 1998 TO 2017


WEATHER ITEM   OBSERVED TIME   RECORD YEAR NORMAL DEPARTURE
                VALUE   (LST)  VALUE       VALUE  FROM
                                                  NORMAL
...............................................................
TEMPERATURE (F)
 YESTERDAY
  MAXIMUM         70    303 PM  92    2003  77     -7
  MINIMUM         41    550 AM  39    2007  48     -7
  AVERAGE         56                        62     -6

PRECIPITATION (IN)
  YESTERDAY        0.00          0.00   MM   0.03  -0.03
  MONTH TO DATE    0.08                      0.39  -0.31
  SINCE OCT 1      0.08                      0.39  -0.31
  SINCE JAN 1     10.27                      8.68   1.59

SNOWFALL (IN)
  YESTERDAY        0.0
  MONTH TO DATE    0.0
  SINCE SEP 1      0.0
  SINCE JUL 1      0.0
  SNOW DEPTH       0

DEGREE DAYS
 HEATING
  YESTERDAY        9
  MONTH TO DATE   62
  SINCE SEP 1     67
  SINCE JUL 1     67

 COOLING
  YESTERDAY        0
  MONTH TO DATE    9
  SINCE SEP 1    333
  SINCE JAN 1   2004
...............................................................


WIND (MPH)
  HIGHEST WIND SPEED    13   HIGHEST WIND DIRECTION    NW (310)
  HIGHEST GUST SPEED    17   HIGHEST GUST DIRECTION     W (290)
  AVERAGE WIND SPEED     4.1




RELATIVE HUMIDITY (PERCENT)
 HIGHEST    96
 LOWEST     36
 AVERAGE    66

..........................................................


THE MADERA CA AIRPORT CLIMATE NORMALS FOR TODAY
                         NORMAL    RECORD    YEAR
 MAXIMUM TEMPERATURE (F)   77        89      2003
 MINIMUM TEMPERATURE (F)   47        40      2000


SUNRISE AND SUNSET
OCTOBER 22 2017.......SUNRISE   715 AM PDT   SUNSET   614 PM PDT
OCTOBER 23 2017.......SUNRISE   716 AM PDT   SUNSET   613 PM PDT


-  INDICATES NEGATIVE NUMBERS.
R  INDICATES RECORD WAS SET OR TIED.
MM INDICATES DATA IS MISSING.
T  INDICATES TRACE AMOUNT.




$$
