000
CDUS46 KHNX 290824
CLIMAE


CLIMATE REPORT
NATIONAL WEATHER SERVICE SAN JOAQUIN VALLEY, CA
123 AM PDT THU JUN 29 2017


...................................

...THE MADERA CA AIRPORT CLIMATE SUMMARY FOR JUNE 28 2017...

CLIMATE NORMAL PERIOD 1981 TO 2010
CLIMATE RECORD PERIOD 1998 TO 2017


WEATHER ITEM   OBSERVED TIME   RECORD YEAR NORMAL DEPARTURE
                VALUE   (LST)  VALUE       VALUE  FROM
                                                  NORMAL
...............................................................
TEMPERATURE (F)
 YESTERDAY
  MAXIMUM         93        MM 106    2016  94     -1
  MINIMUM         58        MM  55    2012  60     -2
                                      2005
  AVERAGE         76                        77     -1

PRECIPITATION (IN)
  YESTERDAY        0.00          0.03 2011   0.01  -0.01
  MONTH TO DATE    0.00                      0.19  -0.19
  SINCE OCT 1     14.18                     11.73   2.45
  SINCE JAN 1     10.11                      8.00   2.11

SNOWFALL (IN)
  YESTERDAY        0.0
  MONTH TO DATE    0.0
  SINCE JUN 1      0.0
  SINCE JUL 1      0.0
  SNOW DEPTH       0

DEGREE DAYS
 HEATING
  YESTERDAY        0
  MONTH TO DATE    6
  SINCE JUN 1      6
  SINCE JUL 1   2074

 COOLING
  YESTERDAY       11
  MONTH TO DATE  367
  SINCE JUN 1    367
  SINCE JAN 1    552
...............................................................


WIND (MPH)
  HIGHEST WIND SPEED    12   HIGHEST WIND DIRECTION    NW (300)
  HIGHEST GUST SPEED    MM   HIGHEST GUST DIRECTION    MM
  AVERAGE WIND SPEED     8.3




RELATIVE HUMIDITY (PERCENT)
 HIGHEST    86
 LOWEST     20
 AVERAGE    53

..........................................................


THE MADERA CA AIRPORT CLIMATE NORMALS FOR TODAY
                         NORMAL    RECORD    YEAR
 MAXIMUM TEMPERATURE (F)   95       106      2013
 MINIMUM TEMPERATURE (F)   60        56      2011
                                             2005


SUNRISE AND SUNSET
JUNE 29 2017..........SUNRISE   544 AM PDT   SUNSET   824 PM PDT
JUNE 30 2017..........SUNRISE   544 AM PDT   SUNSET   824 PM PDT


-  INDICATES NEGATIVE NUMBERS.
R  INDICATES RECORD WAS SET OR TIED.
MM INDICATES DATA IS MISSING.
T  INDICATES TRACE AMOUNT.




$$
