000
CDUS46 KHNX 210026
CLIMAE


CLIMATE REPORT
NATIONAL WEATHER SERVICE SAN JOAQUIN VALLEY, CA
425 PM PST FRI JAN 20 2017


...................................

...THE MADERA CA CLIMATE SUMMARY FOR JANUARY 20 2017...
VALID AS OF 0400 PM LOCAL TIME.

CLIMATE NORMAL PERIOD 1981 TO 2010
CLIMATE RECORD PERIOD 1998 TO 2017


WEATHER ITEM   OBSERVED TIME   RECORD YEAR NORMAL DEPARTURE LAST
                VALUE   (LST)  VALUE       VALUE  FROM      YEAR
                                                  NORMAL
..................................................................
TEMPERATURE (F)
 TODAY
  MAXIMUM         56    216 PM  69    2014  54      2       59
  MINIMUM         47    830 AM  26    2007  37     10       45
  AVERAGE         52                        46      6       52

PRECIPITATION (IN)
  TODAY            0.48R         0.39 2010   0.07   0.41     0.00
  MONTH TO DATE    4.19                      1.86   2.33     2.48
  SINCE OCT 1      8.26                      5.59   2.67     7.04
  SINCE JAN 1      4.19                      1.86   2.33     2.48

SNOWFALL (IN)
  TODAY            0.0
  MONTH TO DATE    0.0
  SINCE DEC 1      0.0
  SINCE JUL 1      0.0
  SNOW DEPTH       0

DEGREE DAYS
 HEATING
  TODAY           13                                        13
  MONTH TO DATE  312                                       304
  SINCE DEC 1    864                                       878
  SINCE JUL 1   1172                                      1289

 COOLING
  TODAY            0                                         0
  MONTH TO DATE    0                                         0
  SINCE DEC 1      0                                         0
  SINCE JAN 1      0                                         0
..................................................................


WIND (MPH)
  HIGHEST WIND SPEED    29   HIGHEST WIND DIRECTION    SE (120)
  HIGHEST GUST SPEED    38   HIGHEST GUST DIRECTION    SE (120)
  AVERAGE WIND SPEED    16.5




RELATIVE HUMIDITY (PERCENT)
 HIGHEST    86
 LOWEST     71
 AVERAGE    79

..........................................................


THE MADERA CA CLIMATE NORMALS FOR TOMORROW
                         NORMAL    RECORD    YEAR
 MAXIMUM TEMPERATURE (F)   55        66      2014
 MINIMUM TEMPERATURE (F)   37        26      2007


SUNRISE AND SUNSET
JANUARY 20 2017.......SUNRISE   711 AM PST   SUNSET   513 PM PST
JANUARY 21 2017.......SUNRISE   710 AM PST   SUNSET   514 PM PST


-  INDICATES NEGATIVE NUMBERS.
R  INDICATES RECORD WAS SET OR TIED.
MM INDICATES DATA IS MISSING.
T  INDICATES TRACE AMOUNT.




$$
