000
CDUS46 KHNX 020823
CLIMAE


CLIMATE REPORT
NATIONAL WEATHER SERVICE SAN JOAQUIN VALLEY, CA
1222 AM PST FRI DEC 2 2016


...................................

...THE MADERA CA AIRPORT CLIMATE SUMMARY FOR DECEMBER 1 2016...

CLIMATE NORMAL PERIOD 1981 TO 2010
CLIMATE RECORD PERIOD 1998 TO 2016


WEATHER ITEM   OBSERVED TIME   RECORD YEAR NORMAL DEPARTURE
                VALUE   (LST)  VALUE       VALUE  FROM
                                                  NORMAL
...............................................................
TEMPERATURE (F)
 YESTERDAY
  MAXIMUM         54   1244 PM  74    2014  58     -4
  MINIMUM         37   1159 PM  27    2007  37      0
  AVERAGE         46                        48     -2

PRECIPITATION (IN)
  YESTERDAY        0.00          0.22 2005   0.02  -0.02
  MONTH TO DATE    0.00                      0.02  -0.02
  SINCE OCT 1      2.20                      2.05   0.15
  SINCE JAN 1     10.60                     10.34   0.26

SNOWFALL (IN)
  YESTERDAY        0.0
  MONTH TO DATE    0.0
  SINCE DEC 1      0.0
  SINCE JUL 1      0.0
  SNOW DEPTH       0

DEGREE DAYS
 HEATING
  YESTERDAY       19
  MONTH TO DATE   19
  SINCE DEC 1     19
  SINCE JUL 1    327

 COOLING
  YESTERDAY        0
  MONTH TO DATE    0
  SINCE DEC 1      0
  SINCE JAN 1   1819
...............................................................


WIND (MPH)
  HIGHEST WIND SPEED    10   HIGHEST WIND DIRECTION     N (350)
  HIGHEST GUST SPEED    13   HIGHEST GUST DIRECTION     N (20)
  AVERAGE WIND SPEED     4.6




RELATIVE HUMIDITY (PERCENT)
 HIGHEST    93
 LOWEST     66
 AVERAGE    80

..........................................................


THE MADERA CA AIRPORT CLIMATE NORMALS FOR TODAY
                         NORMAL    RECORD    YEAR
 MAXIMUM TEMPERATURE (F)   58        68      2013
                                             2003
 MINIMUM TEMPERATURE (F)   37        27      2004


SUNRISE AND SUNSET
DECEMBER  2 2016......SUNRISE   656 AM PST   SUNSET   444 PM PST
DECEMBER  3 2016......SUNRISE   657 AM PST   SUNSET   444 PM PST


-  INDICATES NEGATIVE NUMBERS.
R  INDICATES RECORD WAS SET OR TIED.
MM INDICATES DATA IS MISSING.
T  INDICATES TRACE AMOUNT.




$$
