000
CDUS46 KHNX 260024
CLIMAE


CLIMATE REPORT
NATIONAL WEATHER SERVICE SAN JOAQUIN VALLEY, CA
524 PM PDT SAT OCT 25 2014


...................................

...THE MADERA CA CLIMATE SUMMARY FOR OCTOBER 25 2014...
VALID TODAY AS OF 0500 PM LOCAL TIME.

CLIMATE NORMAL PERIOD 1981 TO 2010
CLIMATE RECORD PERIOD 1998 TO 2014


WEATHER ITEM   OBSERVED TIME   RECORD YEAR NORMAL DEPARTURE LAST
                VALUE   (LST)  VALUE       VALUE  FROM      YEAR
                                                  NORMAL
..................................................................
TEMPERATURE (F)
 TODAY
  MAXIMUM         76   1215 PM  85    2008  75      1       76
  MINIMUM         54    108 AM  43    2002  47      7       44
  AVERAGE         65                        61      4       60

PRECIPITATION (IN)
  TODAY            T             0.01 1998   0.04  -0.04     0.00
  MONTH TO DATE    T                         0.53  -0.53      T
  SINCE JUL 1      0.03                      0.82  -0.79     0.28
  SINCE JAN 1      3.64                      8.82  -5.18     3.80

SNOWFALL (IN)
  TODAY            0.0
  MONTH TO DATE    0.0
  SINCE SEP 1      0.0
  SINCE JUL 1      0.0
  SNOW DEPTH       0

DEGREE DAYS
 HEATING
  TODAY            0                                         5
  MONTH TO DATE   12                                        56
  SINCE SEP 1     12                                        65
  SINCE JUL 1     12                                        65

 COOLING
  TODAY            0                                         0
  MONTH TO DATE  121                                         9
  SINCE SEP 1    465                                       246
  SINCE JAN 1   2951                                      1688
..................................................................


WIND (MPH)
  HIGHEST WIND SPEED    23   HIGHEST WIND DIRECTION    NW (330)
  HIGHEST GUST SPEED    27   HIGHEST GUST DIRECTION    NW (330)
  AVERAGE WIND SPEED     9.5




RELATIVE HUMIDITY (PERCENT)
 HIGHEST    77
 LOWEST     33
 AVERAGE    55

..........................................................


THE MADERA CA CLIMATE NORMALS FOR TOMORROW
                         NORMAL    RECORD    YEAR
 MAXIMUM TEMPERATURE (F)   75        87      2003
 MINIMUM TEMPERATURE (F)   46        41      2010
                                             2006


SUNRISE AND SUNSET
OCTOBER 25 2014.......SUNRISE   718 AM PDT   SUNSET   611 PM PDT
OCTOBER 26 2014.......SUNRISE   719 AM PDT   SUNSET   610 PM PDT


-  INDICATES NEGATIVE NUMBERS.
R  INDICATES RECORD WAS SET OR TIED.
MM INDICATES DATA IS MISSING.
T  INDICATES TRACE AMOUNT.




$$
