000
CDUS46 KHNX 200022
CLIMAE


CLIMATE REPORT
NATIONAL WEATHER SERVICE SAN JOAQUIN VALLEY, CA
521 PM PDT FRI SEP 19 2014


...................................

...THE MADERA CA CLIMATE SUMMARY FOR SEPTEMBER 19 2014...
VALID AS OF 0500 PM LOCAL TIME.

CLIMATE NORMAL PERIOD 1981 TO 2010
CLIMATE RECORD PERIOD 1998 TO 2014


WEATHER ITEM   OBSERVED TIME   RECORD YEAR NORMAL DEPARTURE LAST
                VALUE   (LST)  VALUE       VALUE  FROM      YEAR
                                                  NORMAL
..................................................................
TEMPERATURE (F)
 TODAY
  MAXIMUM         89    359 PM 101    2000  89      0       92
  MINIMUM         62    631 AM  47    2004  55      7       53
  AVERAGE         76                        72      4       73

PRECIPITATION (IN)
  TODAY            0.00          0.02 2004   0.01  -0.01     0.00
  MONTH TO DATE    T                         0.13  -0.13     0.00
  SINCE JUL 1      T                         0.17  -0.17     0.01
  SINCE JAN 1      3.61                      8.17  -4.56     3.53

SNOWFALL (IN)
  TODAY            0.0
  MONTH TO DATE    0.0
  SINCE SEP 1      0.0
  SINCE JUL 1      0.0
  SNOW DEPTH       0

DEGREE DAYS
 HEATING
  TODAY            0                                         0
  MONTH TO DATE    0                                         0
  SINCE SEP 1      0                                         0
  SINCE JUL 1      0                                         0

 COOLING
  TODAY           11                                         8
  MONTH TO DATE  268                                       211
  SINCE SEP 1    268                                       211
  SINCE JAN 1   2754                                      1653
..................................................................


WIND (MPH)
  HIGHEST WIND SPEED    14   HIGHEST WIND DIRECTION     W (290)
  HIGHEST GUST SPEED    18   HIGHEST GUST DIRECTION    NW (330)
  AVERAGE WIND SPEED     8.0




RELATIVE HUMIDITY (PERCENT)
 HIGHEST    84
 LOWEST     29
 AVERAGE    57

..........................................................


THE MADERA CA CLIMATE NORMALS FOR TOMORROW
                         NORMAL    RECORD    YEAR
 MAXIMUM TEMPERATURE (F)   89       102      2000
 MINIMUM TEMPERATURE (F)   55        44      2007


SUNRISE AND SUNSET
SEPTEMBER 19 2014.....SUNRISE   646 AM PDT   SUNSET   702 PM PDT
SEPTEMBER 20 2014.....SUNRISE   647 AM PDT   SUNSET   700 PM PDT


-  INDICATES NEGATIVE NUMBERS.
R  INDICATES RECORD WAS SET OR TIED.
MM INDICATES DATA IS MISSING.
T  INDICATES TRACE AMOUNT.




$$
