487
CDUS46 KHNX 270024
CLIMAE


CLIMATE REPORT
NATIONAL WEATHER SERVICE SAN JOAQUIN VALLEY, CA
523 PM PDT SUN MAR 26 2017


...................................

...THE MADERA CA CLIMATE SUMMARY FOR MARCH 26 2017...
VALID AS OF 0400 PM LOCAL TIME.

CLIMATE NORMAL PERIOD 1981 TO 2010
CLIMATE RECORD PERIOD 1998 TO 2017


WEATHER ITEM   OBSERVED TIME   RECORD YEAR NORMAL DEPARTURE LAST
                VALUE   (LST)  VALUE       VALUE  FROM      YEAR
                                                  NORMAL
..................................................................
TEMPERATURE (F)
 TODAY
  MAXIMUM         66    359 PM  87    2015  68     -2       73
  MINIMUM         43    610 AM  37    2006  42      1       42
  AVERAGE         55                        55      0       58

PRECIPITATION (IN)
  TODAY            0.00          0.34 2007   0.05  -0.05     0.00
  MONTH TO DATE    0.60                      1.58  -0.98     3.12
  SINCE OCT 1     13.69                      9.89   3.80    11.37
  SINCE JAN 1      9.62                      6.16   3.46     6.81

SNOWFALL (IN)
  TODAY            0.0
  MONTH TO DATE    0.0
  SINCE MAR 1      0.0
  SINCE JUL 1      0.0
  SNOW DEPTH       0

DEGREE DAYS
 HEATING
  TODAY           10                                         7
  MONTH TO DATE  206                                       188
  SINCE MAR 1    206                                       188
  SINCE JUL 1   1885                                      1932

 COOLING
  TODAY            0                                         0
  MONTH TO DATE    6                                         0
  SINCE MAR 1      6                                         0
  SINCE JAN 1      6                                         0
..................................................................


WIND (MPH)
  HIGHEST WIND SPEED    13   HIGHEST WIND DIRECTION    NW (310)
  HIGHEST GUST SPEED    14   HIGHEST GUST DIRECTION    NW (310)
  AVERAGE WIND SPEED     4.7




RELATIVE HUMIDITY (PERCENT)
 HIGHEST   100
 LOWEST     52
 AVERAGE    76

..........................................................


THE MADERA CA CLIMATE NORMALS FOR TOMORROW
                         NORMAL    RECORD    YEAR
 MAXIMUM TEMPERATURE (F)   68        89      2015
 MINIMUM TEMPERATURE (F)   43        38      2010
                                             2008


SUNRISE AND SUNSET
MARCH 26 2017.........SUNRISE   655 AM PDT   SUNSET   718 PM PDT
MARCH 27 2017.........SUNRISE   653 AM PDT   SUNSET   719 PM PDT


-  INDICATES NEGATIVE NUMBERS.
R  INDICATES RECORD WAS SET OR TIED.
MM INDICATES DATA IS MISSING.
T  INDICATES TRACE AMOUNT.




$$
