000
CDUS44 KMAF 260732
CLIMAF

CLIMATE REPORT
NATIONAL WEATHER SERVICE MIDLAND TX
230 AM CDT WED APR 26 2017

...................................

...THE MIDLAND CLIMATE SUMMARY FOR APRIL 25 2017...

CLIMATE NORMAL PERIOD 1981 TO 2010
CLIMATE RECORD PERIOD 1930 TO 2017

WEATHER ITEM   OBSERVED TIME   RECORD YEAR NORMAL DEPARTURE LAST
                VALUE   (LST)  VALUE       VALUE  FROM      YEAR
                                                  NORMAL
..................................................................
TEMPERATURE (F)
 YESTERDAY
  MAXIMUM         94    320 PM 104    2012  82     12       92
  MINIMUM         64    639 AM  39    1937  53     11       61
  AVERAGE         79                        67     12       77

PRECIPITATION (IN)
  YESTERDAY        0.00          0.85 1941   0.02  -0.02     0.00
  MONTH TO DATE    2.51                      0.53   1.98     1.32
  SINCE MAR 1      2.99                      1.13   1.86     1.66
  SINCE JAN 1      4.83                      2.40   2.43     2.14

SNOWFALL (IN)
  YESTERDAY        0.0
  MONTH TO DATE    0.0
  SINCE MAR 1      0.0
  SINCE JUL 1      0.3
  SNOW DEPTH       0

DEGREE DAYS
 HEATING
  YESTERDAY        0                         2     -2        0
  MONTH TO DATE   46                       103    -57       54
  SINCE MAR 1    162                       410   -248      215
  SINCE JUL 1   1662                      2647   -985     2045

 COOLING
  YESTERDAY       14                         4     10       12
  MONTH TO DATE  128                        65     63       86
  SINCE MAR 1    236                        81    155      121
  SINCE JAN 1    253                        83    170      136
..................................................................

WIND (MPH)
  HIGHEST WIND SPEED    35   HIGHEST WIND DIRECTION     W (260)
  HIGHEST GUST SPEED    42   HIGHEST GUST DIRECTION    SW (240)
  AVERAGE WIND SPEED    16.4

SKY COVER
  POSSIBLE SUNSHINE  MM
  AVERAGE SKY COVER 0.1

WEATHER CONDITIONS
 THE FOLLOWING WEATHER WAS RECORDED YESTERDAY.
  HAZE
  SANDSTORM

RELATIVE HUMIDITY (PERCENT)
 HIGHEST    52           400 AM
 LOWEST      8           300 PM
 AVERAGE    30

..........................................................

THE MIDLAND CLIMATE NORMALS FOR TODAY
                         NORMAL    RECORD    YEAR
 MAXIMUM TEMPERATURE (F)   82        97      1959
                                             1943
 MINIMUM TEMPERATURE (F)   53        37      1946

SUNRISE AND SUNSET
APRIL 26 2017.........SUNRISE   708 AM CDT   SUNSET   826 PM CDT
APRIL 27 2017.........SUNRISE   707 AM CDT   SUNSET   827 PM CDT

-  INDICATES NEGATIVE NUMBERS.
R  INDICATES RECORD WAS SET OR TIED.
MM INDICATES DATA IS MISSING.
T  INDICATES TRACE AMOUNT.

$$

44
