000
CDUS44 KMAF 290731
CLIMAF

CLIMATE REPORT
NATIONAL WEATHER SERVICE MIDLAND TX
230 AM CDT THU SEP 29 2016

...................................

...THE MIDLAND CLIMATE SUMMARY FOR SEPTEMBER 28 2016...

CLIMATE NORMAL PERIOD 1981 TO 2010
CLIMATE RECORD PERIOD 1930 TO 2016

WEATHER ITEM   OBSERVED TIME   RECORD YEAR NORMAL DEPARTURE LAST
                VALUE   (LST)  VALUE       VALUE  FROM      YEAR
                                                  NORMAL
..................................................................
TEMPERATURE (F)
 YESTERDAY
  MAXIMUM         87    525 PM 100    1977  83      4       90
  MINIMUM         52    654 AM  37    1996  58     -6       63
  AVERAGE         70                        71     -1       77

PRECIPITATION (IN)
  YESTERDAY        0.00          4.66 2012   0.06  -0.06     0.00
  MONTH TO DATE    2.11                      1.75   0.36     1.77
  SINCE SEP 1      2.11                      1.75   0.36     1.77
  SINCE JAN 1     12.45                     11.47   0.98    15.78

DEGREE DAYS
 HEATING
  YESTERDAY        0                         1     -1        0
  MONTH TO DATE    1                         8     -7        0
  SINCE SEP 1      1                         8     -7        0
  SINCE JUL 1      1                         8     -7        0

 COOLING
  YESTERDAY        5                         7     -2       12
  MONTH TO DATE  363                       284     79      435
  SINCE SEP 1    363                       284     79      435
  SINCE JAN 1   2595                      2168    427     2479
..................................................................

WIND (MPH)
  HIGHEST WIND SPEED     9   HIGHEST WIND DIRECTION     E (80)
  HIGHEST GUST SPEED    12   HIGHEST GUST DIRECTION     E (70)
  AVERAGE WIND SPEED     3.2

SKY COVER
  POSSIBLE SUNSHINE  MM
  AVERAGE SKY COVER 0.0

WEATHER CONDITIONS
 THE FOLLOWING WEATHER WAS RECORDED YESTERDAY.
  NO SIGNIFICANT WEATHER WAS OBSERVED.

RELATIVE HUMIDITY (PERCENT)
 HIGHEST    89           400 AM
 LOWEST     21           500 PM
 AVERAGE    55

..........................................................

THE MIDLAND CLIMATE NORMALS FOR TODAY
                         NORMAL    RECORD    YEAR
 MAXIMUM TEMPERATURE (F)   83       102      1977
 MINIMUM TEMPERATURE (F)   58        41      1945

SUNRISE AND SUNSET
SEPTEMBER 29 2016.....SUNRISE   742 AM CDT   SUNSET   735 PM CDT
SEPTEMBER 30 2016.....SUNRISE   742 AM CDT   SUNSET   734 PM CDT

-  INDICATES NEGATIVE NUMBERS.
R  INDICATES RECORD WAS SET OR TIED.
MM INDICATES DATA IS MISSING.
T  INDICATES TRACE AMOUNT.

$$

44
