000
CDUS44 KMAF 030836
CLIMAF


CLIMATE REPORT
NATIONAL WEATHER SERVICE MIDLAND TX
235 AM CST SAT DEC 3 2016


...................................

...THE MIDLAND CLIMATE SUMMARY FOR DECEMBER 2 2016...

CLIMATE NORMAL PERIOD 1981 TO 2010
CLIMATE RECORD PERIOD 1930 TO 2016


WEATHER ITEM   OBSERVED TIME   RECORD YEAR NORMAL DEPARTURE LAST
                VALUE   (LST)  VALUE       VALUE  FROM      YEAR
                                                  NORMAL
..................................................................
TEMPERATURE (F)
 YESTERDAY
  MAXIMUM         54    356 PM  83    2005  61     -7       59
  MINIMUM         39    110 AM  17    1985  33      6       31
  AVERAGE         47                        47      0       45

PRECIPITATION (IN)
  YESTERDAY        0.05          0.21 1936   0.02   0.03     0.00
  MONTH TO DATE    0.05                      0.04   0.01     0.00
  SINCE DEC 1      0.05                      0.04   0.01     0.00
  SINCE JAN 1     14.82                     14.04   0.78    21.39

SNOWFALL (IN)
  YESTERDAY       MM
  MONTH TO DATE    0.0
  SINCE DEC 1      0.0
  SINCE JUL 1      0.0
  SNOW DEPTH       0

DEGREE DAYS
 HEATING
  YESTERDAY       18                        18      0       20
  MONTH TO DATE   34                        36     -2       36
  SINCE DEC 1     34                        36     -2       36
  SINCE JUL 1    245                       515   -270      388
..................................................................


WIND (MPH)
  HIGHEST WIND SPEED    18   HIGHEST WIND DIRECTION    NE (50)
  HIGHEST GUST SPEED    23   HIGHEST GUST DIRECTION    NE (40)
  AVERAGE WIND SPEED    10.3


SKY COVER
  POSSIBLE SUNSHINE  MM
  AVERAGE SKY COVER 0.8


WEATHER CONDITIONS
 THE FOLLOWING WEATHER WAS RECORDED YESTERDAY.
  LIGHT RAIN
  FOG
  HAZE


RELATIVE HUMIDITY (PERCENT)
 HIGHEST    93           400 PM
 LOWEST     70           100 AM
 AVERAGE    82

..........................................................


THE MIDLAND CLIMATE NORMALS FOR TODAY
                         NORMAL    RECORD    YEAR
 MAXIMUM TEMPERATURE (F)   60        83      1954
 MINIMUM TEMPERATURE (F)   33        19      1985


SUNRISE AND SUNSET
DECEMBER  3 2016......SUNRISE   733 AM CST   SUNSET   544 PM CST
DECEMBER  4 2016......SUNRISE   734 AM CST   SUNSET   544 PM CST


-  INDICATES NEGATIVE NUMBERS.
R  INDICATES RECORD WAS SET OR TIED.
MM INDICATES DATA IS MISSING.
T  INDICATES TRACE AMOUNT.




$$
