000
CDUS44 KMAF 210830
CLIMAF


CLIMATE REPORT
NATIONAL WEATHER SERVICE MIDLAND TX
230 AM CST SAT JAN 21 2017


...................................

...THE MIDLAND CLIMATE SUMMARY FOR JANUARY 20 2017...

CLIMATE NORMAL PERIOD 1981 TO 2010
CLIMATE RECORD PERIOD 1930 TO 2017


WEATHER ITEM   OBSERVED TIME   RECORD YEAR NORMAL DEPARTURE LAST
                VALUE   (LST)  VALUE       VALUE  FROM      YEAR
                                                  NORMAL
..................................................................
TEMPERATURE (F)
 YESTERDAY
  MAXIMUM         68    338 PM  81    2012  58     10       69
  MINIMUM         46   1153 PM  11    1985  30     16       34
  AVERAGE         57                        44     13       52

PRECIPITATION (IN)
  YESTERDAY        0.00          0.74 1983   0.02  -0.02     0.00
  MONTH TO DATE    1.12                      0.31   0.81     0.09
  SINCE DEC 1      1.53                      0.91   0.62     1.33
  SINCE JAN 1      1.12                      0.31   0.81     0.09

SNOWFALL (IN)
  YESTERDAY        0.0
  MONTH TO DATE    T
  SINCE DEC 1      0.3
  SINCE JUL 1      0.3
  SNOW DEPTH       0

DEGREE DAYS
 HEATING
  YESTERDAY        8                        21    -13       13
  MONTH TO DATE  353                       434    -81      418
  SINCE DEC 1    887                      1071   -184      944
  SINCE JUL 1   1098                      1550   -452     1296
..................................................................


WIND (MPH)
  HIGHEST WIND SPEED    31   HIGHEST WIND DIRECTION     W (250)
  HIGHEST GUST SPEED    38   HIGHEST GUST DIRECTION     W (260)
  AVERAGE WIND SPEED    15.2


SKY COVER
  POSSIBLE SUNSHINE  MM
  AVERAGE SKY COVER 0.0


WEATHER CONDITIONS
 THE FOLLOWING WEATHER WAS RECORDED YESTERDAY.
  NO SIGNIFICANT WEATHER WAS OBSERVED.


RELATIVE HUMIDITY (PERCENT)
 HIGHEST    60          1100 PM
 LOWEST     22           100 PM
 AVERAGE    41

..........................................................


THE MIDLAND CLIMATE NORMALS FOR TODAY
                         NORMAL    RECORD    YEAR
 MAXIMUM TEMPERATURE (F)   58        84      1974
 MINIMUM TEMPERATURE (F)   30         5      1966


SUNRISE AND SUNSET
JANUARY 21 2017.......SUNRISE   748 AM CST   SUNSET   613 PM CST
JANUARY 22 2017.......SUNRISE   747 AM CST   SUNSET   614 PM CST


-  INDICATES NEGATIVE NUMBERS.
R  INDICATES RECORD WAS SET OR TIED.
MM INDICATES DATA IS MISSING.
T  INDICATES TRACE AMOUNT.




$$
