000
CDUS44 KMAF 252213
CLIMAF


CLIMATE REPORT
NATIONAL WEATHER SERVICE MIDLAND TX
413 PM CST SUN FEB 25 2018


...................................

...THE MIDLAND CLIMATE SUMMARY FOR FEBRUARY 25 2018...
VALID TODAY AS OF 0400 PM LOCAL TIME.

CLIMATE NORMAL PERIOD 1981 TO 2010
CLIMATE RECORD PERIOD 1930 TO 2018


WEATHER ITEM   OBSERVED TIME   RECORD YEAR NORMAL DEPARTURE LAST
                VALUE   (LST)  VALUE       VALUE  FROM      YEAR
                                                  NORMAL
..................................................................
TEMPERATURE (F)
 TODAY
  MAXIMUM         72    410 PM  86    2009  65      7       62
  MINIMUM         29    614 AM  11    1960  37     -8       34
  AVERAGE         51                        51      0       48

PRECIPITATION (IN)
  TODAY            0.00          0.48 2005   0.02  -0.02     0.00
  MONTH TO DATE    0.04                      0.63  -0.59     0.72
  SINCE DEC 1      0.44                      1.79  -1.35     2.25
  SINCE JAN 1      0.05                      1.19  -1.14     1.84

SNOWFALL (IN)
  TODAY            0.0
  MONTH TO DATE    T
  SINCE DEC 1      T
  SINCE JUL 1      T
  SNOW DEPTH       0

DEGREE DAYS
 HEATING
  TODAY           14                        14      0       17
  MONTH TO DATE  359                       423    -64      221
  SINCE DEC 1   1589                      1716   -127     1280
  SINCE JUL 1   1910                      2195   -285     1491
..................................................................


WIND (MPH)
  HIGHEST WIND SPEED    29   HIGHEST WIND DIRECTION     W (280)
  HIGHEST GUST SPEED    38   HIGHEST GUST DIRECTION     W (260)
  AVERAGE WIND SPEED     9.5


SKY COVER
  POSSIBLE SUNSHINE  MM
  AVERAGE SKY COVER 0.0


WEATHER CONDITIONS
 THE FOLLOWING WEATHER WAS RECORDED TODAY.
  SANDSTORM


RELATIVE HUMIDITY (PERCENT)
 HIGHEST    43           300 AM
 LOWEST      5           300 PM
 AVERAGE    24

..........................................................


THE MIDLAND CLIMATE NORMALS FOR TOMORROW
                         NORMAL    RECORD    YEAR
 MAXIMUM TEMPERATURE (F)   65        90      2009
 MINIMUM TEMPERATURE (F)   37        14      1934


SUNRISE AND SUNSET
FEBRUARY 25 2018......SUNRISE   720 AM CST   SUNSET   643 PM CST
FEBRUARY 26 2018......SUNRISE   719 AM CST   SUNSET   644 PM CST


-  INDICATES NEGATIVE NUMBERS.
R  INDICATES RECORD WAS SET OR TIED.
MM INDICATES DATA IS MISSING.
T  INDICATES TRACE AMOUNT.




$$
