000
CDUS44 KMAF 102211
CLIMAF


CLIMATE REPORT
NATIONAL WEATHER SERVICE MIDLAND TX
410 PM CST SUN DEC 10 2017


...................................

...THE MIDLAND CLIMATE SUMMARY FOR DECEMBER 10 2017...
VALID TODAY AS OF 0400 PM LOCAL TIME.

CLIMATE NORMAL PERIOD 1981 TO 2010
CLIMATE RECORD PERIOD 1930 TO 2017


WEATHER ITEM   OBSERVED TIME   RECORD YEAR NORMAL DEPARTURE LAST
                VALUE   (LST)  VALUE       VALUE  FROM      YEAR
                                                  NORMAL
..................................................................
TEMPERATURE (F)
 TODAY
  MAXIMUM         69    219 PM  82    1933  59     10       59
  MINIMUM         29    619 AM  15    1978  31     -2       32
  AVERAGE         49                        45      4       46

PRECIPITATION (IN)
  TODAY            0.00          0.45 1986   0.02  -0.02     0.00
  MONTH TO DATE    0.36                      0.20   0.16     0.35
  SINCE DEC 1      0.36                      0.20   0.16     0.35
  SINCE JAN 1     17.70                     14.20   3.50    15.12

SNOWFALL (IN)
  TODAY            0.0
  MONTH TO DATE    0.0
  SINCE DEC 1      0.0
  SINCE JUL 1      0.0
  SNOW DEPTH       0

DEGREE DAYS
 HEATING
  TODAY           16                        20     -4       19
  MONTH TO DATE  145                       191    -46      213
  SINCE DEC 1    145                       191    -46      213
  SINCE JUL 1    466                       670   -204      424
..................................................................


WIND (MPH)
  HIGHEST WIND SPEED    12   HIGHEST WIND DIRECTION    SW (240)
  HIGHEST GUST SPEED    15   HIGHEST GUST DIRECTION    SW (230)
  AVERAGE WIND SPEED     5.0


SKY COVER
  POSSIBLE SUNSHINE  MM
  AVERAGE SKY COVER 0.0


WEATHER CONDITIONS
 THE FOLLOWING WEATHER WAS RECORDED TODAY.
  NO SIGNIFICANT WEATHER WAS OBSERVED.


RELATIVE HUMIDITY (PERCENT)
 HIGHEST    72           600 AM
 LOWEST     13           300 PM
 AVERAGE    43

..........................................................


THE MIDLAND CLIMATE NORMALS FOR TOMORROW
                         NORMAL    RECORD    YEAR
 MAXIMUM TEMPERATURE (F)   59        84      1987
 MINIMUM TEMPERATURE (F)   31        15      1989


SUNRISE AND SUNSET
DECEMBER 10 2017......SUNRISE   738 AM CST   SUNSET   545 PM CST
DECEMBER 11 2017......SUNRISE   739 AM CST   SUNSET   545 PM CST


-  INDICATES NEGATIVE NUMBERS.
R  INDICATES RECORD WAS SET OR TIED.
MM INDICATES DATA IS MISSING.
T  INDICATES TRACE AMOUNT.




$$
