000
CDUS44 KMAF 020734
CLIMAF


CLIMATE REPORT
NATIONAL WEATHER SERVICE MIDLAND/ODESSA TX
234 AM CDT THU OCT 2 2014


...................................

...THE MIDLAND CLIMATE SUMMARY FOR OCTOBER 1 2014...

CLIMATE NORMAL PERIOD 1981 TO 2010
CLIMATE RECORD PERIOD 1930 TO 2014


WEATHER ITEM   OBSERVED TIME   RECORD YEAR NORMAL DEPARTURE LAST
                VALUE   (LST)  VALUE       VALUE  FROM      YEAR
                                                  NORMAL
..................................................................
TEMPERATURE (F)
 YESTERDAY
  MAXIMUM         92    324 PM  98    1951  82     10       96
  MINIMUM         68    644 AM  42    1966  57     11       64
  AVERAGE         80                        70     10       80

PRECIPITATION (IN)
  YESTERDAY        0.00          0.44 1941   0.07  -0.07     0.00
  MONTH TO DATE    0.00                      0.07  -0.07     0.00
  SINCE SEP 1      1.69                      1.93  -0.24     0.27
  SINCE JAN 1      6.43                     11.65  -5.22     4.84

DEGREE DAYS
 HEATING
  YESTERDAY        0                         1     -1        0
  MONTH TO DATE    0                         1     -1        0
  SINCE SEP 1     14                        12      2        0
  SINCE JUL 1     14                        12      2        0

 COOLING
  YESTERDAY       15                         6      9       15
  MONTH TO DATE   15                         6      9       15
  SINCE SEP 1    335                       301     34      399
  SINCE JAN 1   2532                      2185    347     2574
..................................................................


WIND (MPH)
  HIGHEST WIND SPEED    18   HIGHEST WIND DIRECTION    SW (230)
  HIGHEST GUST SPEED    22   HIGHEST GUST DIRECTION    SW (240)
  AVERAGE WIND SPEED     9.2


SKY COVER
  POSSIBLE SUNSHINE  MM
  AVERAGE SKY COVER 0.0


WEATHER CONDITIONS
 THE FOLLOWING WEATHER WAS RECORDED YESTERDAY.
  NO SIGNIFICANT WEATHER WAS OBSERVED.


RELATIVE HUMIDITY (PERCENT)
 HIGHEST    81           600 AM
 LOWEST     23           300 PM
 AVERAGE    52

..........................................................


THE MIDLAND CLIMATE NORMALS FOR TODAY
                         NORMAL    RECORD    YEAR
 MAXIMUM TEMPERATURE (F)   82       101      2000
 MINIMUM TEMPERATURE (F)   57        42      1965


SUNRISE AND SUNSET
OCTOBER  2 2014.......SUNRISE   743 AM CDT   SUNSET   732 PM CDT
OCTOBER  3 2014.......SUNRISE   744 AM CDT   SUNSET   731 PM CDT


-  INDICATES NEGATIVE NUMBERS.
R  INDICATES RECORD WAS SET OR TIED.
MM INDICATES DATA IS MISSING.
T  INDICATES TRACE AMOUNT.




$$
