000
CDUS44 KMAF 240731
CLIMAF


CLIMATE REPORT
NATIONAL WEATHER SERVICE MIDLAND TX
231 AM CDT THU AUG 24 2017


...................................

...THE MIDLAND CLIMATE SUMMARY FOR AUGUST 23 2017...

CLIMATE NORMAL PERIOD 1981 TO 2010
CLIMATE RECORD PERIOD 1930 TO 2017


WEATHER ITEM   OBSERVED TIME   RECORD YEAR NORMAL DEPARTURE LAST
                VALUE   (LST)  VALUE       VALUE  FROM      YEAR
                                                  NORMAL
..................................................................
TEMPERATURE (F)
 YESTERDAY
  MAXIMUM         87    542 PM 106    1977  93     -6       89
  MINIMUM         70    829 AM  61    1961  68      2       74
                                      1940
  AVERAGE         79                        81     -2       82

PRECIPITATION (IN)
  YESTERDAY        0.03          0.79 2015   0.06  -0.03     0.02
  MONTH TO DATE    2.44                      1.31   1.13     2.64
  SINCE JUN 1      6.97                      4.93   2.04     6.04
  SINCE JAN 1     12.66                      9.19   3.47     9.78

DEGREE DAYS
 COOLING
  YESTERDAY       14                        16     -2       17
  MONTH TO DATE  399                       384     15      430
  SINCE JUN 1   1582                      1377    205     1642
  SINCE JAN 1   2143                      1766    377     2122
..................................................................


WIND (MPH)
  HIGHEST WIND SPEED    15   HIGHEST WIND DIRECTION     E (90)
  HIGHEST GUST SPEED    20   HIGHEST GUST DIRECTION     E (90)
  AVERAGE WIND SPEED     7.6


SKY COVER
  POSSIBLE SUNSHINE  MM
  AVERAGE SKY COVER 0.3


WEATHER CONDITIONS
 THE FOLLOWING WEATHER WAS RECORDED YESTERDAY.
  LIGHT RAIN
  FOG


RELATIVE HUMIDITY (PERCENT)
 HIGHEST    90           600 AM
 LOWEST     46           500 PM
 AVERAGE    68

..........................................................


THE MIDLAND CLIMATE NORMALS FOR TODAY
                         NORMAL    RECORD    YEAR
 MAXIMUM TEMPERATURE (F)   93       103      1936
 MINIMUM TEMPERATURE (F)   68        57      1966


SUNRISE AND SUNSET
AUGUST 24 2017........SUNRISE   719 AM CDT   SUNSET   822 PM CDT
AUGUST 25 2017........SUNRISE   720 AM CDT   SUNSET   821 PM CDT


-  INDICATES NEGATIVE NUMBERS.
R  INDICATES RECORD WAS SET OR TIED.
MM INDICATES DATA IS MISSING.
T  INDICATES TRACE AMOUNT.




$$
