000
CDUS44 KMAF 222215
CLIMAF


CLIMATE REPORT
NATIONAL WEATHER SERVICE MIDLAND TX
513 PM CDT WED MAR 22 2017


...................................

...THE MIDLAND CLIMATE SUMMARY FOR MARCH 22 2017...
VALID TODAY AS OF 0500 PM LOCAL TIME.

CLIMATE NORMAL PERIOD 1981 TO 2010
CLIMATE RECORD PERIOD 1930 TO 2017


WEATHER ITEM   OBSERVED TIME   RECORD YEAR NORMAL DEPARTURE LAST
                VALUE   (LST)  VALUE       VALUE  FROM      YEAR
                                                  NORMAL
..................................................................
TEMPERATURE (F)
 TODAY
  MAXIMUM         91R   413 PM  91    1934  72     19       89
  MINIMUM         60    726 AM  22    1989  42     18       49
  AVERAGE         76                        57     19       69

PRECIPITATION (IN)
  TODAY            0.00          0.93 1967   0.02  -0.02     0.00
  MONTH TO DATE    0.01                      0.41  -0.40     0.34
  SINCE MAR 1      0.01                      0.41  -0.40     0.34
  SINCE JAN 1      1.85                      1.68   0.17     0.82

SNOWFALL (IN)
  TODAY            0.0
  MONTH TO DATE    0.0
  SINCE MAR 1      0.0
  SINCE JUL 1      0.3
  SNOW DEPTH       0

DEGREE DAYS
 HEATING
  TODAY            0                         9     -9        0
  MONTH TO DATE   99                       240   -141      118
  SINCE MAR 1     99                       240   -141      118
  SINCE JUL 1   1599                      2477   -878     1948

 COOLING
  TODAY           11                         1     10        4
  MONTH TO DATE   83                         5     78       19
  SINCE MAR 1     83                         5     78       19
  SINCE JAN 1    100                         7     93       34
..................................................................


WIND (MPH)
  HIGHEST WIND SPEED    22   HIGHEST WIND DIRECTION    SE (150)
  HIGHEST GUST SPEED    30   HIGHEST GUST DIRECTION    SE (150)
  AVERAGE WIND SPEED    11.1


SKY COVER
  POSSIBLE SUNSHINE  MM
  AVERAGE SKY COVER 0.0


WEATHER CONDITIONS
 THE FOLLOWING WEATHER WAS RECORDED TODAY.
  NO SIGNIFICANT WEATHER WAS OBSERVED.


RELATIVE HUMIDITY (PERCENT)
 HIGHEST    78           600 AM
 LOWEST     27           300 PM
 AVERAGE    53

..........................................................


THE MIDLAND CLIMATE NORMALS FOR TOMORROW
                         NORMAL    RECORD    YEAR
 MAXIMUM TEMPERATURE (F)   72        90      2009
                                             1998
 MINIMUM TEMPERATURE (F)   43        20      1952


SUNRISE AND SUNSET
MARCH 22 2017.........SUNRISE   750 AM CDT   SUNSET   802 PM CDT
MARCH 23 2017.........SUNRISE   748 AM CDT   SUNSET   803 PM CDT


-  INDICATES NEGATIVE NUMBERS.
R  INDICATES RECORD WAS SET OR TIED.
MM INDICATES DATA IS MISSING.
T  INDICATES TRACE AMOUNT.




$$
