000
CDUS44 KMAF 162351
CLIMAF


CLIMATE REPORT
NATIONAL WEATHER SERVICE MIDLAND/ODESSA TX
651 PM CDT TUE SEP 16 2014


...................................

...THE MIDLAND CLIMATE SUMMARY FOR SEPTEMBER 16 2014...
VALID TODAY AS OF 0500 PM LOCAL TIME.

CLIMATE NORMAL PERIOD 1981 TO 2010
CLIMATE RECORD PERIOD 1930 TO 2014


WEATHER ITEM   OBSERVED TIME   RECORD YEAR NORMAL DEPARTURE LAST
                VALUE   (LST)  VALUE       VALUE  FROM      YEAR
                                                  NORMAL
..................................................................
TEMPERATURE (F)
 TODAY
  MAXIMUM         85    451 PM  99    1997  87     -2       90
                                      1965
  MINIMUM         68    640 AM  49    1993  62      6       70
  AVERAGE         77                        74      3       80

PRECIPITATION (IN)
  TODAY            T             0.79 1974   0.05  -0.05     0.03
  MONTH TO DATE    0.78                      1.06  -0.28     0.03
  SINCE SEP 1      0.78                      1.06  -0.28     0.03
  SINCE JAN 1      5.52                     10.78  -5.26     4.60

DEGREE DAYS
 HEATING
  TODAY            0                         0      0        0
  MONTH TO DATE   14                         0     14        0
  SINCE SEP 1     14                         0     14        0
  SINCE JUL 1     14                         0     14        0

 COOLING
  TODAY           12                        10      2       15
  MONTH TO DATE  191                       188      3      261
  SINCE SEP 1    191                       188      3      261
  SINCE JAN 1   2388                      2072    316     2436
..................................................................


WIND (MPH)
  HIGHEST WIND SPEED     9   HIGHEST WIND DIRECTION    SE (140)
  HIGHEST GUST SPEED    MM   HIGHEST GUST DIRECTION    MM
  AVERAGE WIND SPEED     3.9


SKY COVER
  POSSIBLE SUNSHINE  MM
  AVERAGE SKY COVER 0.8


WEATHER CONDITIONS
 THE FOLLOWING WEATHER WAS RECORDED TODAY.
  FOG


RELATIVE HUMIDITY (PERCENT)
 HIGHEST    90           200 AM
 LOWEST     54           200 PM
 AVERAGE    72

..........................................................


THE MIDLAND CLIMATE NORMALS FOR TOMORROW
                         NORMAL    RECORD    YEAR
 MAXIMUM TEMPERATURE (F)   87       101      1997
 MINIMUM TEMPERATURE (F)   62        46      1951


SUNRISE AND SUNSET
SEPTEMBER 16 2014.....SUNRISE   733 AM CDT   SUNSET   753 PM CDT
SEPTEMBER 17 2014.....SUNRISE   734 AM CDT   SUNSET   752 PM CDT


-  INDICATES NEGATIVE NUMBERS.
R  INDICATES RECORD WAS SET OR TIED.
MM INDICATES DATA IS MISSING.
T  INDICATES TRACE AMOUNT.




$$
