000
CDUS44 KMAF 010057
CLIMAF


CLIMATE REPORT
NATIONAL WEATHER SERVICE MIDLAND/ODESSA TX
757 PM CDT TUE JUN 30 2015


...................................

...THE MIDLAND CLIMATE SUMMARY FOR JUNE 30 2015...
VALID TODAY AS OF 0500 PM LOCAL TIME.

CLIMATE NORMAL PERIOD 1981 TO 2010
CLIMATE RECORD PERIOD 1930 TO 2015


WEATHER ITEM   OBSERVED TIME   RECORD YEAR NORMAL DEPARTURE LAST
                VALUE   (LST)  VALUE       VALUE  FROM      YEAR
                                                  NORMAL
..................................................................
TEMPERATURE (F)
 TODAY
  MAXIMUM         86    643 PM 106    1994  95     -9       99
  MINIMUM         63    341 AM  56    1982  69     -6       76
  AVERAGE         75                        82     -7       88

PRECIPITATION (IN)
  TODAY            1.94R         0.87 1941   0.06   1.88     0.00
  MONTH TO DATE    3.29                      1.80   1.49     0.48
  SINCE JUN 1      3.29                      1.80   1.49     0.48
  SINCE JAN 1     12.28                      6.06   6.22     3.64

DEGREE DAYS
 COOLING
  TODAY           10                        17     -7       23
  MONTH TO DATE  449                       461    -12      548
  SINCE JUN 1    449                       461    -12      548
  SINCE JAN 1    804                       850    -46     1024
..................................................................


WIND (MPH)
  HIGHEST WIND SPEED    43   HIGHEST WIND DIRECTION     E (80)
  HIGHEST GUST SPEED    51   HIGHEST GUST DIRECTION     E (80)
  AVERAGE WIND SPEED     7.7


SKY COVER
  POSSIBLE SUNSHINE  MM
  AVERAGE SKY COVER 0.1


WEATHER CONDITIONS
 THE FOLLOWING WEATHER WAS RECORDED TODAY.
  THUNDERSTORM
  HEAVY RAIN
  RAIN
  LIGHT RAIN
  FOG


RELATIVE HUMIDITY (PERCENT)
 HIGHEST    81           900 AM
 LOWEST     44           300 PM
 AVERAGE    63

..........................................................


THE MIDLAND CLIMATE NORMALS FOR TOMORROW
                         NORMAL    RECORD    YEAR
 MAXIMUM TEMPERATURE (F)   95       107      1994
 MINIMUM TEMPERATURE (F)   69        60      1967


SUNRISE AND SUNSET
JUNE 30 2015..........SUNRISE   646 AM CDT   SUNSET   859 PM CDT
JULY  1 2015..........SUNRISE   646 AM CDT   SUNSET   859 PM CDT


-  INDICATES NEGATIVE NUMBERS.
R  INDICATES RECORD WAS SET OR TIED.
MM INDICATES DATA IS MISSING.
T  INDICATES TRACE AMOUNT.




$$
