000
CDUS44 KMAF 042236
CLIMAF

CLIMATE REPORT
NATIONAL WEATHER SERVICE MIDLAND TX
535 PM CDT TUE AUG 4 2015

...................................

...THE MIDLAND CLIMATE SUMMARY FOR AUGUST 4 2015...
VALID TODAY AS OF 0500 PM LOCAL TIME.

CLIMATE NORMAL PERIOD 1981 TO 2010
CLIMATE RECORD PERIOD 1930 TO 2015

WEATHER ITEM   OBSERVED TIME   RECORD YEAR NORMAL DEPARTURE LAST
                VALUE   (LST)  VALUE       VALUE  FROM      YEAR
                                                  NORMAL
..................................................................
TEMPERATURE (F)
 TODAY
  MAXIMUM        101    430 PM 104    2003  95      6       93
                                      1943
  MINIMUM         70    541 AM  61    1973  70      0       67
  AVERAGE         86                        82      4       80

PRECIPITATION (IN)
  TODAY            T             1.30 1990   0.06  -0.06     0.00
  MONTH TO DATE    0.05                      0.24  -0.19     0.02
  SINCE JUN 1      4.06                      3.86   0.20     0.83
  SINCE JAN 1     13.05                      8.12   4.93     3.99

DEGREE DAYS
 COOLING
  TODAY           21                        17      4       15
  MONTH TO DATE   83                        68     15       58
  SINCE JUN 1   1152                      1061     91     1173
  SINCE JAN 1   1510                      1450     60     1649
..................................................................

WIND (MPH)
  HIGHEST WIND SPEED    14   HIGHEST WIND DIRECTION     S (160)
  HIGHEST GUST SPEED    20   HIGHEST GUST DIRECTION    SE (150)
  AVERAGE WIND SPEED     6.3

SKY COVER
  POSSIBLE SUNSHINE  MM
  AVERAGE SKY COVER 0.0

WEATHER CONDITIONS
 THE FOLLOWING WEATHER WAS RECORDED TODAY.
  LIGHT RAIN

RELATIVE HUMIDITY (PERCENT)
 HIGHEST    90           200 AM
 LOWEST     24           400 PM
 AVERAGE    57

..........................................................

THE MIDLAND CLIMATE NORMALS FOR TOMORROW
                         NORMAL    RECORD    YEAR
 MAXIMUM TEMPERATURE (F)   95       104      2011
 MINIMUM TEMPERATURE (F)   70        61      1978
                                             1973

SUNRISE AND SUNSET
AUGUST  4 2015........SUNRISE   706 AM CDT   SUNSET   843 PM CDT
AUGUST  5 2015........SUNRISE   707 AM CDT   SUNSET   842 PM CDT

-  INDICATES NEGATIVE NUMBERS.
R  INDICATES RECORD WAS SET OR TIED.
MM INDICATES DATA IS MISSING.
T  INDICATES TRACE AMOUNT.

$$

44
