000
CDUS44 KMAF 250831
CLIMAF


CLIMATE REPORT
NATIONAL WEATHER SERVICE MIDLAND/ODESSA TX
230 AM CST THU DEC 25 2014


...................................

...THE MIDLAND CLIMATE SUMMARY FOR DECEMBER 24 2014...

CLIMATE NORMAL PERIOD 1981 TO 2010
CLIMATE RECORD PERIOD 1930 TO 2014


WEATHER ITEM   OBSERVED TIME   RECORD YEAR NORMAL DEPARTURE LAST
                VALUE   (LST)  VALUE       VALUE  FROM      YEAR
                                                  NORMAL
..................................................................
TEMPERATURE (F)
 YESTERDAY
  MAXIMUM         49    416 PM  82    1955  57     -8       59
  MINIMUM         31    814 AM   6    1983  30      1       30
  AVERAGE         40                        43     -3       45

PRECIPITATION (IN)
  YESTERDAY        0.00          0.49 2011   0.02  -0.02     0.00
                                      1943
  MONTH TO DATE    0.20                      0.48  -0.28     1.44
  SINCE DEC 1      0.20                      0.48  -0.28     1.44
  SINCE JAN 1      7.65                     14.48  -6.83     8.51

SNOWFALL (IN)
  YESTERDAY        0.0
  MONTH TO DATE    0.0
  SINCE DEC 1      0.0
  SINCE JUL 1      T
  SNOW DEPTH       0

DEGREE DAYS
 HEATING
  YESTERDAY       25                        22      3       20
  MONTH TO DATE  310                       485   -175      501
  SINCE DEC 1    310                       485   -175      501
  SINCE JUL 1    758                       964   -206      998
..................................................................


WIND (MPH)
  HIGHEST WIND SPEED    24   HIGHEST WIND DIRECTION     N (360)
  HIGHEST GUST SPEED    29   HIGHEST GUST DIRECTION     N (10)
  AVERAGE WIND SPEED    11.1


SKY COVER
  POSSIBLE SUNSHINE  MM
  AVERAGE SKY COVER 0.1


WEATHER CONDITIONS
 THE FOLLOWING WEATHER WAS RECORDED YESTERDAY.
  NO SIGNIFICANT WEATHER WAS OBSERVED.


RELATIVE HUMIDITY (PERCENT)
 HIGHEST    72           500 AM
 LOWEST     29           300 PM
 AVERAGE    51

..........................................................


THE MIDLAND CLIMATE NORMALS FOR TODAY
                         NORMAL    RECORD    YEAR
 MAXIMUM TEMPERATURE (F)   57        78      1955
 MINIMUM TEMPERATURE (F)   30         7      1983


SUNRISE AND SUNSET
DECEMBER 25 2014......SUNRISE   747 AM CST   SUNSET   551 PM CST
DECEMBER 26 2014......SUNRISE   747 AM CST   SUNSET   551 PM CST


-  INDICATES NEGATIVE NUMBERS.
R  INDICATES RECORD WAS SET OR TIED.
MM INDICATES DATA IS MISSING.
T  INDICATES TRACE AMOUNT.




$$
