000
CDUS44 KMAF 190738
CLIMAF

CLIMATE REPORT
NATIONAL WEATHER SERVICE MIDLAND TX
230 AM CDT THU OCT 19 2017

...................................

...THE MIDLAND CLIMATE SUMMARY FOR OCTOBER 18 2017...

CLIMATE NORMAL PERIOD 1981 TO 2010
CLIMATE RECORD PERIOD 1930 TO 2017

WEATHER ITEM   OBSERVED TIME   RECORD YEAR NORMAL DEPARTURE LAST
                VALUE   (LST)  VALUE       VALUE  FROM      YEAR
                                                  NORMAL
..................................................................
TEMPERATURE (F)
 YESTERDAY
  MAXIMUM         86    154 PM  91    1995  77      9       87
  MINIMUM         52    633 AM  37    1999  51      1       55
                                      1989
                                      1968
  AVERAGE         69                        64      5       71

PRECIPITATION (IN)
  YESTERDAY        0.00          1.16 2002   0.05  -0.05     0.00
  MONTH TO DATE    0.09                      1.16  -1.07     0.31
  SINCE SEP 1      4.16                      3.02   1.14     2.42
  SINCE JAN 1     16.90                     12.74   4.16    12.76

SNOWFALL (IN)
  YESTERDAY        0.0
  MONTH TO DATE    0.0
  SINCE SEP 1      0.0
  SINCE JUL 1      0.0
  SNOW DEPTH       0

DEGREE DAYS
 HEATING
  YESTERDAY        0                         3     -3        0
  MONTH TO DATE   20                        37    -17        6
  SINCE SEP 1     27                        48    -21        7
  SINCE JUL 1     27                        48    -21        7

 COOLING
  YESTERDAY        4                         3      1        6
  MONTH TO DATE  130                        75     55      166
  SINCE SEP 1    512                       370    142      535
  SINCE JAN 1   2759                      2254    505     2767
..................................................................

WIND (MPH)
  HIGHEST WIND SPEED    16   HIGHEST WIND DIRECTION     S (160)
  HIGHEST GUST SPEED    19   HIGHEST GUST DIRECTION     S (160)
  AVERAGE WIND SPEED    10.4

SKY COVER
  POSSIBLE SUNSHINE  MM
  AVERAGE SKY COVER 0.0

WEATHER CONDITIONS
 THE FOLLOWING WEATHER WAS RECORDED YESTERDAY.
  NO SIGNIFICANT WEATHER WAS OBSERVED.

RELATIVE HUMIDITY (PERCENT)
 HIGHEST    64           700 AM
 LOWEST     21           200 PM
 AVERAGE    43

..........................................................

THE MIDLAND CLIMATE NORMALS FOR TODAY
                         NORMAL    RECORD    YEAR
 MAXIMUM TEMPERATURE (F)   77        93      2016
 MINIMUM TEMPERATURE (F)   51        27      1989

SUNRISE AND SUNSET
OCTOBER 19 2017.......SUNRISE   755 AM CDT   SUNSET   712 PM CDT
OCTOBER 20 2017.......SUNRISE   756 AM CDT   SUNSET   710 PM CDT

-  INDICATES NEGATIVE NUMBERS.
R  INDICATES RECORD WAS SET OR TIED.
MM INDICATES DATA IS MISSING.
T  INDICATES TRACE AMOUNT.

$$

44
