000
CDUS42 KTAE 170649
CLIMAI


CLIMATE REPORT
NATIONAL WEATHER SERVICE TALLAHASSEE FL
146 AM EST WED DEC 17 2014


...................................

...THE MARIANNA CLIMATE SUMMARY FOR DECEMBER 16 2014...

CLIMATE NORMAL PERIOD 1981 TO 2010
CLIMATE RECORD PERIOD 1950 TO 2014


WEATHER ITEM   OBSERVED NORMAL DEPARTURE LAST
                VALUE   VALUE  FROM      YEAR
                               NORMAL
...............................................
TEMPERATURE (F)
 YESTERDAY
  MAXIMUM         74     64     10       61
  MINIMUM         45     41      4       32
  AVERAGE         60     52      8       47

PRECIPITATION (IN)
  YESTERDAY        0.06   0.12  -0.06     0.00
  MONTH TO DATE    0.06   2.18  -2.12     0.78
  SINCE DEC 1      0.06   2.18  -2.12     0.78
  SINCE JAN 1     55.78  51.85   3.93    59.42

DEGREE DAYS
 HEATING
  YESTERDAY        5            -8
  MONTH TO DATE  150           -34
  SINCE DEC 1    150           -34
  SINCE JUL 1    530           108

 COOLING
  YESTERDAY        0             0
  MONTH TO DATE    5            -7
  SINCE DEC 1      5            -7
  SINCE JAN 1   2616            55
...............................................


WIND (MPH)
  HIGHEST WIND SPEED    18   HIGHEST WIND DIRECTION     W (270)
  HIGHEST GUST SPEED    25   HIGHEST GUST DIRECTION     W (280)
  AVERAGE WIND SPEED     8.1




RELATIVE HUMIDITY (PERCENT)
 HIGHEST   100
 LOWEST     41
 AVERAGE    71

..........................................................




SUNRISE AND SUNSET
DECEMBER 17 2014......SUNRISE   632 AM CST   SUNSET   442 PM CST
DECEMBER 18 2014......SUNRISE   633 AM CST   SUNSET   442 PM CST


-  INDICATES NEGATIVE NUMBERS.
R  INDICATES RECORD WAS SET OR TIED.
MM INDICATES DATA IS MISSING.
T  INDICATES TRACE AMOUNT.




$$
