000
CDUS42 KTAE 020632
CLIMAI


CLIMATE REPORT
NATIONAL WEATHER SERVICE TALLAHASSEE FL
231 AM EDT SUN AUG 2 2015


...................................

...THE MARIANNA CLIMATE SUMMARY FOR AUGUST 1 2015...

CLIMATE NORMAL PERIOD 1981 TO 2010
CLIMATE RECORD PERIOD 1950 TO 2015


WEATHER ITEM   OBSERVED NORMAL DEPARTURE LAST
                VALUE   VALUE  FROM      YEAR
                               NORMAL
...............................................
TEMPERATURE (F)
 YESTERDAY
  MAXIMUM         93     91      2       92
  MINIMUM         73     73      0       68
  AVERAGE         83     82      1       80

PRECIPITATION (IN)
  YESTERDAY        0.00   0.20  -0.20     0.00
  MONTH TO DATE    0.00   0.20  -0.20     0.00
  SINCE JUN 1      8.63  10.88  -2.25     7.50
  SINCE JAN 1     34.20  33.10   1.10    39.22

DEGREE DAYS
 HEATING
  YESTERDAY        0             0
  MONTH TO DATE    0             0
  SINCE JUN 1      0             0
  SINCE JUL 1      0             0

 COOLING
  YESTERDAY       18             1
  MONTH TO DATE   18             1
  SINCE JUN 1   1102           101
  SINCE JAN 1   1782           311
...............................................


WIND (MPH)
  HIGHEST WIND SPEED    20   HIGHEST WIND DIRECTION     E (90)
  HIGHEST GUST SPEED    28   HIGHEST GUST DIRECTION    NE (60)
  AVERAGE WIND SPEED     4.4




RELATIVE HUMIDITY (PERCENT)
 HIGHEST   100
 LOWEST     60
 AVERAGE    80

..........................................................




SUNRISE AND SUNSET
AUGUST  2 2015........SUNRISE   559 AM CDT   SUNSET   735 PM CDT
AUGUST  3 2015........SUNRISE   559 AM CDT   SUNSET   734 PM CDT


-  INDICATES NEGATIVE NUMBERS.
R  INDICATES RECORD WAS SET OR TIED.
MM INDICATES DATA IS MISSING.
T  INDICATES TRACE AMOUNT.




$$
