000
CDUS42 KTAE 260633
CLIMAI


CLIMATE REPORT
NATIONAL WEATHER SERVICE TALLAHASSEE FL
133 AM EST SUN FEB 26 2017


...................................

...THE MARIANNA CLIMATE SUMMARY FOR FEBRUARY 25 2017...

CLIMATE NORMAL PERIOD 1981 TO 2010
CLIMATE RECORD PERIOD 1950 TO 2017


WEATHER ITEM   OBSERVED NORMAL DEPARTURE LAST
                VALUE   VALUE  FROM      YEAR
                               NORMAL
...............................................
TEMPERATURE (F)
 YESTERDAY
  MAXIMUM         78     69      9       63
  MINIMUM         51     45      6       41
  AVERAGE         65     57      8       52

PRECIPITATION (IN)
  YESTERDAY        0.00   0.20  -0.20     0.00
  MONTH TO DATE    3.70   4.39  -0.69     3.67
  SINCE DEC 1     22.15  13.34   8.81    17.57
  SINCE JAN 1     10.38   9.43   0.95     8.44

DEGREE DAYS
 HEATING
  YESTERDAY        0            -9
  MONTH TO DATE   87          -191
  SINCE DEC 1    544          -596
  SINCE JUL 1    676          -702

 COOLING
  YESTERDAY        0            -1
  MONTH TO DATE   25            22
  SINCE DEC 1     79            60
  SINCE JAN 1     52            45
...............................................


WIND (MPH)
  HIGHEST WIND SPEED    20   HIGHEST WIND DIRECTION    NW (300)
  HIGHEST GUST SPEED    26   HIGHEST GUST DIRECTION    NW (300)
  AVERAGE WIND SPEED     9.9




RELATIVE HUMIDITY (PERCENT)
 HIGHEST   100
 LOWEST     13
 AVERAGE    57

..........................................................




SUNRISE AND SUNSET
FEBRUARY 26 2017......SUNRISE   610 AM CST   SUNSET   537 PM CST
FEBRUARY 27 2017......SUNRISE   609 AM CST   SUNSET   538 PM CST


-  INDICATES NEGATIVE NUMBERS.
R  INDICATES RECORD WAS SET OR TIED.
MM INDICATES DATA IS MISSING.
T  INDICATES TRACE AMOUNT.




$$
