835
CDUS42 KTAE 160635
CLIMAI


CLIMATE REPORT
NATIONAL WEATHER SERVICE TALLAHASSEE FL
132 AM EST MON JAN 16 2017

...................................

...THE MARIANNA CLIMATE SUMMARY FOR JANUARY 15 2017...

CLIMATE NORMAL PERIOD 1981 TO 2010
CLIMATE RECORD PERIOD 1950 TO 2017


WEATHER ITEM   OBSERVED NORMAL DEPARTURE LAST
                VALUE   VALUE  FROM      YEAR
                               NORMAL
...............................................
TEMPERATURE (F)
 YESTERDAY
  MAXIMUM         77     61     16       68
  MINIMUM         49     39     10       47
  AVERAGE         63     50     13       58

PRECIPITATION (IN)
  YESTERDAY        T      0.13  -0.13     1.54
  MONTH TO DATE    4.34   2.29   2.05     3.14
  SINCE DEC 1     16.11   6.20   9.91    12.27
  SINCE JAN 1      4.34   2.29   2.05     3.14

DEGREE DAYS
 HEATING
  YESTERDAY        2           -13
  MONTH TO DATE  143           -87
  SINCE DEC 1    366          -265
  SINCE JUL 1    498          -371

 COOLING
  YESTERDAY        0             0
  MONTH TO DATE    8             8
  SINCE DEC 1     35            23
  SINCE JAN 1      8             8
...............................................


WIND (MPH)
  HIGHEST WIND SPEED     8   HIGHEST WIND DIRECTION     S (160)
  HIGHEST GUST SPEED    13   HIGHEST GUST DIRECTION     S (160)
  AVERAGE WIND SPEED     1.5




RELATIVE HUMIDITY (PERCENT)
 HIGHEST   100
 LOWEST     50
 AVERAGE    75

..........................................................



SUNRISE AND SUNSET
JANUARY 16 2017.......SUNRISE   639 AM CST   SUNSET   503 PM CST
JANUARY 17 2017.......SUNRISE   639 AM CST   SUNSET   504 PM CST


-  INDICATES NEGATIVE NUMBERS.
R  INDICATES RECORD WAS SET OR TIED.
MM INDICATES DATA IS MISSING.
T  INDICATES TRACE AMOUNT.


$$
