000
CDUS42 KTAE 130633
CLIMAI


CLIMATE REPORT
NATIONAL WEATHER SERVICE TALLAHASSEE FL
132 AM EST SAT FEB 13 2016


...................................

...THE MARIANNA CLIMATE SUMMARY FOR FEBRUARY 12 2016...

CLIMATE NORMAL PERIOD 1981 TO 2010
CLIMATE RECORD PERIOD 1950 TO 2016


WEATHER ITEM   OBSERVED NORMAL DEPARTURE LAST
                VALUE   VALUE  FROM      YEAR
                               NORMAL
...............................................
TEMPERATURE (F)
 YESTERDAY
  MAXIMUM         76     66     10       66
  MINIMUM         54     43     11       37
  AVERAGE         65     54     11       52

PRECIPITATION (IN)
  YESTERDAY        0.00   0.17  -0.17     0.00
  MONTH TO DATE    2.17   2.03   0.14     1.80
  SINCE DEC 1     16.07  10.98   5.09    10.61
  SINCE JAN 1      6.94   7.07  -0.13     5.24

DEGREE DAYS
 HEATING
  YESTERDAY        0           -11
  MONTH TO DATE  151             3
  SINCE DEC 1    783          -227
  SINCE JUL 1    887          -361

 COOLING
  YESTERDAY        0             0
  MONTH TO DATE    0             0
  SINCE DEC 1     74            58
  SINCE JAN 1      0            -4
...............................................


WIND (MPH)
  HIGHEST WIND SPEED    21   HIGHEST WIND DIRECTION     W (260)
  HIGHEST GUST SPEED    28   HIGHEST GUST DIRECTION     W (270)
  AVERAGE WIND SPEED    10.9




RELATIVE HUMIDITY (PERCENT)
 HIGHEST   100
 LOWEST     41
 AVERAGE    71

..........................................................




SUNRISE AND SUNSET
FEBRUARY 13 2016......SUNRISE   624 AM CST   SUNSET   527 PM CST
FEBRUARY 14 2016......SUNRISE   623 AM CST   SUNSET   527 PM CST


-  INDICATES NEGATIVE NUMBERS.
R  INDICATES RECORD WAS SET OR TIED.
MM INDICATES DATA IS MISSING.
T  INDICATES TRACE AMOUNT.




$$
