000
CDUS42 KTAE 270636
CLIMAI


CLIMATE REPORT
NATIONAL WEATHER SERVICE TALLAHASSEE FL
136 AM EST TUE JAN 27 2015


...................................

...THE MARIANNA CLIMATE SUMMARY FOR JANUARY 26 2015...

CLIMATE NORMAL PERIOD 1981 TO 2010
CLIMATE RECORD PERIOD 1950 TO 2015


WEATHER ITEM   OBSERVED NORMAL DEPARTURE LAST
                VALUE   VALUE  FROM      YEAR
                               NORMAL
...............................................
TEMPERATURE (F)
 YESTERDAY
  MAXIMUM         57     62     -5       62
  MINIMUM         37     40     -3       32
  AVERAGE         47     51     -4       47

PRECIPITATION (IN)
  YESTERDAY        0.00   0.20  -0.20     0.00
  MONTH TO DATE    3.44   4.11  -0.67     2.09
  SINCE DEC 1      8.81   8.02   0.79     6.54
  SINCE JAN 1      3.44   4.11  -0.67     2.09

DEGREE DAYS
 HEATING
  YESTERDAY       18             4
  MONTH TO DATE  383            -8
  SINCE DEC 1    673          -119
  SINCE JUL 1   1053            23

 COOLING
  YESTERDAY        0             0
  MONTH TO DATE    4             4
  SINCE DEC 1     13             1
  SINCE JAN 1      4             4
...............................................


WIND (MPH)
  HIGHEST WIND SPEED    20   HIGHEST WIND DIRECTION    NW (320)
  HIGHEST GUST SPEED    28   HIGHEST GUST DIRECTION    NW (330)
  AVERAGE WIND SPEED    10.3




RELATIVE HUMIDITY (PERCENT)
 HIGHEST    92
 LOWEST     50
 AVERAGE    71

..........................................................




SUNRISE AND SUNSET
JANUARY 27 2015.......SUNRISE   635 AM CST   SUNSET   512 PM CST
JANUARY 28 2015.......SUNRISE   635 AM CST   SUNSET   513 PM CST


-  INDICATES NEGATIVE NUMBERS.
R  INDICATES RECORD WAS SET OR TIED.
MM INDICATES DATA IS MISSING.
T  INDICATES TRACE AMOUNT.




$$
