000
CDUS42 KTAE 240654
CLIMAI


CLIMATE REPORT
NATIONAL WEATHER SERVICE TALLAHASSEE FL
154 AM EST MON NOV 24 2014


...................................

...THE MARIANNA CLIMATE SUMMARY FOR NOVEMBER 23 2014...

CLIMATE NORMAL PERIOD 1981 TO 2010
CLIMATE RECORD PERIOD 1950 TO 2014


WEATHER ITEM   OBSERVED NORMAL DEPARTURE LAST
                VALUE   VALUE  FROM      YEAR
                               NORMAL
...............................................
TEMPERATURE (F)
 YESTERDAY
  MAXIMUM         77     70      7       72
  MINIMUM         61     47     14       55
  AVERAGE         69     58     11       64

PRECIPITATION (IN)
  YESTERDAY        1.15   0.16   0.99     0.01
  MONTH TO DATE    4.12   3.09   1.03     1.87
  SINCE SEP 1     10.92  10.31   0.61     6.14
  SINCE JAN 1     53.86  48.64   5.22    56.82

DEGREE DAYS
 HEATING
  YESTERDAY        0            -8
  MONTH TO DATE  272           145
  SINCE SEP 1    298           122
  SINCE JUL 1    298           122

 COOLING
  YESTERDAY        4             3
  MONTH TO DATE    8           -25
  SINCE SEP 1    575            -3
  SINCE JAN 1   2606            63
...............................................


WIND (MPH)
  HIGHEST WIND SPEED    33   HIGHEST WIND DIRECTION     W (250)
  HIGHEST GUST SPEED    41   HIGHEST GUST DIRECTION    SW (240)
  AVERAGE WIND SPEED     9.3




RELATIVE HUMIDITY (PERCENT)
 HIGHEST   100
 LOWEST     88
 AVERAGE    94

..........................................................




SUNRISE AND SUNSET
NOVEMBER 24 2014......SUNRISE   615 AM CST   SUNSET   440 PM CST
NOVEMBER 25 2014......SUNRISE   616 AM CST   SUNSET   439 PM CST


-  INDICATES NEGATIVE NUMBERS.
R  INDICATES RECORD WAS SET OR TIED.
MM INDICATES DATA IS MISSING.
T  INDICATES TRACE AMOUNT.




$$
