275
CDUS42 KTAE 202231
CLIMAI


CLIMATE REPORT
NATIONAL WEATHER SERVICE TALLAHASSEE FL
531 PM EST TUE FEB 20 2018


...................................

...THE MARIANNA CLIMATE SUMMARY FOR FEBRUARY 20 2018...
VALID TODAY AS OF 0500 PM LOCAL TIME.

CLIMATE NORMAL PERIOD 1981 TO 2010
CLIMATE RECORD PERIOD 1950 TO 2018


WEATHER ITEM   OBSERVED NORMAL DEPARTURE LAST
                VALUE   VALUE  FROM      YEAR
                               NORMAL
...............................................
TEMPERATURE (F)
 TODAY
  MAXIMUM         83     67     16       82
  MINIMUM         59     44     15       50
  AVERAGE         71

PRECIPITATION (IN)
  TODAY            0.00   0.17  -0.17     0.00
  MONTH TO DATE    9.96   3.41   6.55     1.78
  SINCE DEC 1     16.31  12.36   3.95    20.23
  SINCE JAN 1     13.78   8.45   5.33     8.46

...............................................







THE MARIANNA CLIMATE NORMALS FOR TOMORROW
                         NORMAL
 MAXIMUM TEMPERATURE (F)   68
 MINIMUM TEMPERATURE (F)   44



-  INDICATES NEGATIVE NUMBERS.
R  INDICATES RECORD WAS SET OR TIED.
MM INDICATES DATA IS MISSING.
T  INDICATES TRACE AMOUNT.




$$
