000
CDUS42 KTAE 220632
CLIMAI


CLIMATE REPORT
NATIONAL WEATHER SERVICE TALLAHASSEE FL
231 AM EDT THU JUN 22 2017


...................................

...THE MARIANNA CLIMATE SUMMARY FOR JUNE 21 2017...

CLIMATE NORMAL PERIOD 1981 TO 2010
CLIMATE RECORD PERIOD 1950 TO 2017


WEATHER ITEM   OBSERVED NORMAL DEPARTURE LAST
                VALUE   VALUE  FROM      YEAR
                               NORMAL
...............................................
TEMPERATURE (F)
 YESTERDAY
  MAXIMUM         82     91     -9       91
  MINIMUM         74     70      4       65
  AVERAGE         78     81     -3       78

PRECIPITATION (IN)
  YESTERDAY        0.49   0.20   0.29     0.00
  MONTH TO DATE    9.32   3.86   5.46     2.62
  SINCE JUN 1      9.32   3.86   5.46     2.62
  SINCE JAN 1     27.83  26.08   1.75    24.80

DEGREE DAYS
 HEATING
  YESTERDAY        0             0
  MONTH TO DATE    0             0
  SINCE JUN 1      0             0
  SINCE JUL 1    842          -807

 COOLING
  YESTERDAY       13            -3
  MONTH TO DATE  289           -24
  SINCE JUN 1    289           -24
  SINCE JAN 1    975           192
...............................................


WIND (MPH)
  HIGHEST WIND SPEED    13   HIGHEST WIND DIRECTION     E (100)
  HIGHEST GUST SPEED    18   HIGHEST GUST DIRECTION     E (100)
  AVERAGE WIND SPEED     6.6




RELATIVE HUMIDITY (PERCENT)
 HIGHEST   100
 LOWEST     88
 AVERAGE    94

..........................................................




SUNRISE AND SUNSET
JUNE 22 2017..........SUNRISE   538 AM CDT   SUNSET   747 PM CDT
JUNE 23 2017..........SUNRISE   539 AM CDT   SUNSET   747 PM CDT


-  INDICATES NEGATIVE NUMBERS.
R  INDICATES RECORD WAS SET OR TIED.
MM INDICATES DATA IS MISSING.
T  INDICATES TRACE AMOUNT.




$$
