000
CDUS43 KABR 201037
CLIMBG


CLIMATE REPORT
NATIONAL WEATHER SERVICE ABERDEEN SD
536 AM CDT WED SEP 20 2017


...................................

...THE MOBRIDGE SD CLIMATE SUMMARY FOR SEPTEMBER 19 2017...

CLIMATE NORMAL PERIOD 1981 TO 2010
CLIMATE RECORD PERIOD 1911 TO 2017


WEATHER ITEM   OBSERVED TIME   RECORD YEAR NORMAL DEPARTURE LAST
                VALUE   (LST)  VALUE       VALUE  FROM      YEAR
                                                  NORMAL
..................................................................
TEMPERATURE (F)
 YESTERDAY
  MAXIMUM         77    318 PM  98    1914  72      5       83
  MINIMUM         54   1159 PM  24    1991  46      8       50
  AVERAGE         66                        59      7       67

PRECIPITATION (IN)
  YESTERDAY        0.02          1.98 1996   0.06  -0.04     0.05
  MONTH TO DATE    0.83                      0.97  -0.14     0.30
  SINCE SEP 1      0.83                      0.97  -0.14     0.30
  SINCE JAN 1     13.53                     14.88  -1.35    17.27

DEGREE DAYS
 HEATING
  YESTERDAY        0                         7     -7        0
  MONTH TO DATE   56                        85    -29       55
  SINCE SEP 1     56                        85    -29       55
  SINCE JUL 1     62                       118    -56       69

 COOLING
  YESTERDAY        1                         1      0        2
  MONTH TO DATE   70                        53     17       61
  SINCE SEP 1     70                        53     17       61
  SINCE JAN 1    781                       634    147      939
..................................................................


WIND (MPH)
  HIGHEST WIND SPEED    28   HIGHEST WIND DIRECTION    NW (300)
  HIGHEST GUST SPEED    38   HIGHEST GUST DIRECTION    NW (310)
  AVERAGE WIND SPEED    15.7


SKY COVER
  POSSIBLE SUNSHINE  MM
  AVERAGE SKY COVER 0.3


WEATHER CONDITIONS
 THE FOLLOWING WEATHER WAS RECORDED YESTERDAY.
  THUNDERSTORM
  LIGHT RAIN
  FOG


RELATIVE HUMIDITY (PERCENT)
 HIGHEST    90           300 AM
 LOWEST     63           600 PM
 AVERAGE    77

..........................................................


THE MOBRIDGE SD CLIMATE NORMALS FOR TODAY
                         NORMAL    RECORD    YEAR
 MAXIMUM TEMPERATURE (F)   72        95      1960
 MINIMUM TEMPERATURE (F)   46        25      1918


SUNRISE AND SUNSET
SEPTEMBER 20 2017.....SUNRISE   726 AM CDT   SUNSET   742 PM CDT
SEPTEMBER 21 2017.....SUNRISE   728 AM CDT   SUNSET   741 PM CDT


-  INDICATES NEGATIVE NUMBERS.
R  INDICATES RECORD WAS SET OR TIED.
MM INDICATES DATA IS MISSING.
T  INDICATES TRACE AMOUNT.




$$
