905
CDUS43 KABR 250911
CLIMBG


CLIMATE REPORT
NATIONAL WEATHER SERVICE ABERDEEN SD
411 AM CDT WED MAY 25 2016


...................................

...THE MOBRIDGE SD CLIMATE SUMMARY FOR MAY 24 2016...

CLIMATE NORMAL PERIOD 1981 TO 2010
CLIMATE RECORD PERIOD 1911 TO 2016


WEATHER ITEM   OBSERVED TIME   RECORD YEAR NORMAL DEPARTURE LAST
                VALUE   (LST)  VALUE       VALUE  FROM      YEAR
                                                  NORMAL
..................................................................
TEMPERATURE (F)
 YESTERDAY
  MAXIMUM         81    417 PM  90    1928  71     10       71
  MINIMUM         48    440 AM  24    2002  47      1       55
  AVERAGE         65                        59      6       63

PRECIPITATION (IN)
  YESTERDAY        0.01          2.71 1944   0.09  -0.08     0.51
  MONTH TO DATE    2.15                      2.15   0.00     8.81
  SINCE MAR 1      7.56                      4.62   2.94     9.48
  SINCE JAN 1      8.78                      5.35   3.43    10.28

DEGREE DAYS
 HEATING
  YESTERDAY        0                         7     -7        2
  MONTH TO DATE  182                       247    -65      265
  SINCE MAR 1   1412                      1867   -455     1555
  SINCE JUL 1   6287                      7842  -1555     7314

 COOLING
  YESTERDAY        0                         1     -1        0
  MONTH TO DATE   13                         6      7        6
  SINCE MAR 1     15                         7      8        6
  SINCE JAN 1     15                         7      8        6
..................................................................


WIND (MPH)
  HIGHEST WIND SPEED    24   HIGHEST WIND DIRECTION     W (250)
  HIGHEST GUST SPEED    35   HIGHEST GUST DIRECTION     W (250)
  AVERAGE WIND SPEED     5.3


SKY COVER
  POSSIBLE SUNSHINE  MM
  AVERAGE SKY COVER 0.1


WEATHER CONDITIONS
 THE FOLLOWING WEATHER WAS RECORDED YESTERDAY.
  LIGHT RAIN
  HAZE


RELATIVE HUMIDITY (PERCENT)
 HIGHEST    86           400 AM
 LOWEST     30           500 PM
 AVERAGE    58

..........................................................


THE MOBRIDGE SD CLIMATE NORMALS FOR TODAY
                         NORMAL    RECORD    YEAR
 MAXIMUM TEMPERATURE (F)   71        96      1941
 MINIMUM TEMPERATURE (F)   47        35      2002
                                             2000


SUNRISE AND SUNSET
MAY 25 2016...........SUNRISE   601 AM CDT   SUNSET   917 PM CDT
MAY 26 2016...........SUNRISE   600 AM CDT   SUNSET   918 PM CDT


-  INDICATES NEGATIVE NUMBERS.
R  INDICATES RECORD WAS SET OR TIED.
MM INDICATES DATA IS MISSING.
T  INDICATES TRACE AMOUNT.




$$
