290
CDUS43 KABR 071004
CLIMBG


CLIMATE REPORT
NATIONAL WEATHER SERVICE ABERDEEN SD
403 AM CST SUN FEB 7 2016


...................................

...THE MOBRIDGE SD CLIMATE SUMMARY FOR FEBRUARY 6 2016...

CLIMATE NORMAL PERIOD 1981 TO 2010
CLIMATE RECORD PERIOD 1911 TO 2016


WEATHER ITEM   OBSERVED TIME   RECORD YEAR NORMAL DEPARTURE LAST
                VALUE   (LST)  VALUE       VALUE  FROM      YEAR
                                                  NORMAL
..................................................................
TEMPERATURE (F)
 YESTERDAY
  MAXIMUM         52    552 PM  56    1987  29     23       51
  MINIMUM         26    500 AM -28    1936   8     18       23
  AVERAGE         39                        18     21       37

PRECIPITATION (IN)
  YESTERDAY        0.00          0.20 1919   0.02  -0.02     0.00
  MONTH TO DATE    0.03                      0.08  -0.05     0.03
  SINCE DEC 1      0.48                      0.81  -0.33     0.76
  SINCE JAN 1      0.15                      0.37  -0.22     0.34

SNOWFALL (IN)
  YESTERDAY        0.0
  MONTH TO DATE    0.3
  SINCE OCT 1     11.2
  SINCE JUL 1     11.2
  SNOW DEPTH       T

DEGREE DAYS
 HEATING
  YESTERDAY       26                        47    -21       28
  MONTH TO DATE  213                       283    -70      299
  SINCE DEC 1   2840                      3250   -410     2907
  SINCE JUL 1   4134                      5016   -882     4732

 COOLING
  YESTERDAY        0                         0      0        0
  MONTH TO DATE    0                         0      0        0
  SINCE DEC 1      0                         0      0        0
  SINCE JAN 1      0                         0      0        0
..................................................................


WIND (MPH)
  HIGHEST WIND SPEED    29   HIGHEST WIND DIRECTION    NW (310)
  HIGHEST GUST SPEED    37   HIGHEST GUST DIRECTION    NW (300)
  AVERAGE WIND SPEED    10.6


SKY COVER
  POSSIBLE SUNSHINE  MM
  AVERAGE SKY COVER 0.2


WEATHER CONDITIONS
 THE FOLLOWING WEATHER WAS RECORDED YESTERDAY.
  NO SIGNIFICANT WEATHER WAS OBSERVED.


RELATIVE HUMIDITY (PERCENT)
 HIGHEST    81           200 AM
 LOWEST     30           600 PM
 AVERAGE    56

..........................................................


THE MOBRIDGE SD CLIMATE NORMALS FOR TODAY
                         NORMAL    RECORD    YEAR
 MAXIMUM TEMPERATURE (F)   29        64      2015
 MINIMUM TEMPERATURE (F)    8       -32      1933


SUNRISE AND SUNSET
FEBRUARY  7 2016......SUNRISE   756 AM CST   SUNSET   556 PM CST
FEBRUARY  8 2016......SUNRISE   754 AM CST   SUNSET   558 PM CST


-  INDICATES NEGATIVE NUMBERS.
R  INDICATES RECORD WAS SET OR TIED.
MM INDICATES DATA IS MISSING.
T  INDICATES TRACE AMOUNT.




$$
