000
CDUS43 KABR 021031
CLIMBG


CLIMATE REPORT
NATIONAL WEATHER SERVICE ABERDEEN SD
531 AM CDT SUN AUG 2 2015


...................................

...THE MOBRIDGE SD CLIMATE SUMMARY FOR AUGUST 1 2015...

CLIMATE NORMAL PERIOD 1981 TO 2010
CLIMATE RECORD PERIOD 1911 TO 2015


WEATHER ITEM   OBSERVED TIME   RECORD YEAR NORMAL DEPARTURE LAST
                VALUE   (LST)  VALUE       VALUE  FROM      YEAR
                                                  NORMAL
..................................................................
TEMPERATURE (F)
 YESTERDAY
  MAXIMUM         96    305 PM 107    1936  87      9       89
  MINIMUM         61    417 AM  40    1927  60      1       59
  AVERAGE         79                        74      5       74

PRECIPITATION (IN)
  YESTERDAY        0.00          1.57 1914   0.07  -0.07     0.08
  MONTH TO DATE    0.00                      0.07  -0.07     0.08
  SINCE JUN 1      5.83                      5.93  -0.10     8.52
  SINCE JAN 1     16.62                     11.95   4.67    14.64

DEGREE DAYS
 HEATING
  YESTERDAY        0                         0      0        0
  MONTH TO DATE    0                         0      0        0
  SINCE JUN 1     18                        87    -69       98
  SINCE JUL 1      0                        12    -12       23

 COOLING
  YESTERDAY       14                         9      5        9
  MONTH TO DATE   14                         9      5        9
  SINCE JUN 1    483                       357    126      224
  SINCE JAN 1    499                       373    126      274
..................................................................


WIND (MPH)
  HIGHEST WIND SPEED    17   HIGHEST WIND DIRECTION    NW (300)
  HIGHEST GUST SPEED    21   HIGHEST GUST DIRECTION    NW (310)
  AVERAGE WIND SPEED     8.5


SKY COVER
  POSSIBLE SUNSHINE  MM
  AVERAGE SKY COVER 0.0


WEATHER CONDITIONS
 THE FOLLOWING WEATHER WAS RECORDED YESTERDAY.
  NO SIGNIFICANT WEATHER WAS OBSERVED.


RELATIVE HUMIDITY (PERCENT)
 HIGHEST    84           400 AM
 LOWEST     23           400 PM
 AVERAGE    54

..........................................................


THE MOBRIDGE SD CLIMATE NORMALS FOR TODAY
                         NORMAL    RECORD    YEAR
 MAXIMUM TEMPERATURE (F)   87       109      1938
 MINIMUM TEMPERATURE (F)   60        43      1927


SUNRISE AND SUNSET
AUGUST  2 2015........SUNRISE   626 AM CDT   SUNSET   909 PM CDT
AUGUST  3 2015........SUNRISE   627 AM CDT   SUNSET   907 PM CDT


-  INDICATES NEGATIVE NUMBERS.
R  INDICATES RECORD WAS SET OR TIED.
MM INDICATES DATA IS MISSING.
T  INDICATES TRACE AMOUNT.




$$
