000
CDUS43 KABR 292236
CLIMBG


CLIMATE REPORT
NATIONAL WEATHER SERVICE ABERDEEN SD
535 PM CDT THU SEP 29 2016


...................................

...THE MOBRIDGE SD CLIMATE SUMMARY FOR SEPTEMBER 29 2016...
VALID TODAY AS OF 0500 PM LOCAL TIME.

CLIMATE NORMAL PERIOD 1981 TO 2010
CLIMATE RECORD PERIOD 1911 TO 2016


WEATHER ITEM   OBSERVED TIME   RECORD YEAR NORMAL DEPARTURE LAST
                VALUE   (LST)  VALUE       VALUE  FROM      YEAR
                                                  NORMAL
..................................................................
TEMPERATURE (F)
 TODAY
  MAXIMUM         74    358 PM  91    1931  68      6       72
  MINIMUM         44    645 AM  20    1939  41      3       43
  AVERAGE         59                        54      5       58

PRECIPITATION (IN)
  TODAY            0.00          0.88 1965   0.05  -0.05     0.00
  MONTH TO DATE    0.60                      1.49  -0.89     0.74
  SINCE SEP 1      0.60                      1.49  -0.89     0.74
  SINCE JAN 1     17.57                     15.40   2.17    21.16

DEGREE DAYS
 HEATING
  TODAY            6                        11     -5        7
  MONTH TO DATE   99                       176    -77       51
  SINCE SEP 1     99                       176    -77       51
  SINCE JUL 1    113                       209    -96       73

 COOLING
  TODAY            0                         0      0        0
  MONTH TO DATE   66                        60      6      132
  SINCE SEP 1     66                        60      6      132
  SINCE JAN 1    944                       641    303      844
..................................................................


WIND (MPH)
  HIGHEST WIND SPEED    23   HIGHEST WIND DIRECTION    SE (150)
  HIGHEST GUST SPEED    27   HIGHEST GUST DIRECTION     S (160)
  AVERAGE WIND SPEED    12.5


SKY COVER
  POSSIBLE SUNSHINE  MM
  AVERAGE SKY COVER 0.0


WEATHER CONDITIONS
 THE FOLLOWING WEATHER WAS RECORDED TODAY.
  NO SIGNIFICANT WEATHER WAS OBSERVED.


RELATIVE HUMIDITY (PERCENT)
 HIGHEST    89           500 AM
 LOWEST     29           300 PM
 AVERAGE    59

..........................................................


THE MOBRIDGE SD CLIMATE NORMALS FOR TOMORROW
                         NORMAL    RECORD    YEAR
 MAXIMUM TEMPERATURE (F)   67        92      1989
 MINIMUM TEMPERATURE (F)   41        24      1939


SUNRISE AND SUNSET
SEPTEMBER 29 2016.....SUNRISE   738 AM CDT   SUNSET   725 PM CDT
SEPTEMBER 30 2016.....SUNRISE   739 AM CDT   SUNSET   723 PM CDT


-  INDICATES NEGATIVE NUMBERS.
R  INDICATES RECORD WAS SET OR TIED.
MM INDICATES DATA IS MISSING.
T  INDICATES TRACE AMOUNT.




$$
