721
CDUS43 KABR 142345
CLIMBG


CLIMATE REPORT
NATIONAL WEATHER SERVICE ABERDEEN SD
544 PM CST THU DEC 14 2017


...................................

...THE MOBRIDGE SD CLIMATE SUMMARY FOR DECEMBER 14 2017...
VALID TODAY AS OF 0500 PM LOCAL TIME.

CLIMATE NORMAL PERIOD 1981 TO 2010
CLIMATE RECORD PERIOD 1911 TO 2017


WEATHER ITEM   OBSERVED TIME   RECORD YEAR NORMAL DEPARTURE LAST
                VALUE   (LST)  VALUE       VALUE  FROM      YEAR
                                                  NORMAL
..................................................................
TEMPERATURE (F)
 TODAY
  MAXIMUM         37    420 PM  54    1939  29      8       10
  MINIMUM         23    246 AM -24    1917   7     16      -15
  AVERAGE         30                        18     12       -2

PRECIPITATION (IN)
  TODAY            T             0.32 1994   0.01  -0.01     0.00
  MONTH TO DATE    0.27                      0.12   0.15     0.41
  SINCE DEC 1      0.27                      0.12   0.15     0.41
  SINCE JAN 1     15.33                     17.55  -2.22    19.54

SNOWFALL (IN)
  TODAY           MM
  MONTH TO DATE    3.0
  SINCE OCT 1      3.4
  SINCE JUL 1      3.4
  SNOW DEPTH      MM

DEGREE DAYS
 HEATING
  TODAY           35                        47    -12       67
  MONTH TO DATE  467                       625   -158      746
  SINCE DEC 1    467                       625   -158      746
  SINCE JUL 1   1968                      2391   -423     1897

 COOLING
  TODAY            0                         0      0        0
  MONTH TO DATE    0                         0      0        0
  SINCE DEC 1      0                         0      0        0
  SINCE JAN 1    791                       644    147      961
..................................................................


WIND (MPH)
  HIGHEST WIND SPEED    26   HIGHEST WIND DIRECTION    NW (330)
  HIGHEST GUST SPEED    34   HIGHEST GUST DIRECTION    NW (330)
  AVERAGE WIND SPEED    11.6


SKY COVER
  POSSIBLE SUNSHINE  MM
  AVERAGE SKY COVER 0.8


WEATHER CONDITIONS
 THE FOLLOWING WEATHER WAS RECORDED TODAY.
  LIGHT SNOW
  FOG
  HAZE


RELATIVE HUMIDITY (PERCENT)
 HIGHEST    85           100 AM
 LOWEST     59           300 PM
 AVERAGE    72

..........................................................


THE MOBRIDGE SD CLIMATE NORMALS FOR TOMORROW
                         NORMAL    RECORD    YEAR
 MAXIMUM TEMPERATURE (F)   28        60      1939
 MINIMUM TEMPERATURE (F)    7       -23      1927


SUNRISE AND SUNSET
DECEMBER 14 2017......SUNRISE   814 AM CST   SUNSET   458 PM CST
DECEMBER 15 2017......SUNRISE   815 AM CST   SUNSET   459 PM CST


-  INDICATES NEGATIVE NUMBERS.
R  INDICATES RECORD WAS SET OR TIED.
MM INDICATES DATA IS MISSING.
T  INDICATES TRACE AMOUNT.




$$
