575
CDUS46 KHNX 210823
CLIMCE


CLIMATE REPORT
NATIONAL WEATHER SERVICE SAN JOAQUIN VALLEY, CA
1223 AM PST SAT JAN 21 2017


...................................

...THE MERCED  CA CLIMATE SUMMARY FOR JANUARY 20 2017...

CLIMATE NORMAL PERIOD 1981 TO 2010
CLIMATE RECORD PERIOD 1998 TO 2017


WEATHER ITEM   OBSERVED TIME   RECORD YEAR NORMAL DEPARTURE
                VALUE   (LST)  VALUE       VALUE  FROM
                                                  NORMAL
...............................................................
TEMPERATURE (F)
 YESTERDAY
  MAXIMUM         55    317 PM  68    2014  54      1
                                      2009
  MINIMUM         43   1159 PM  25    2007  37      6
  AVERAGE         49                        45      4

PRECIPITATION (IN)
  YESTERDAY        0.56R         0.32 1999   0.08   0.48
  MONTH TO DATE    5.33                      1.97   3.36
  SINCE OCT 1      9.56                      5.48   4.08
  SINCE JAN 1      5.33                      1.97   3.36

SNOWFALL (IN)
  YESTERDAY        0.0
  MONTH TO DATE    0.0
  SINCE DEC 1      0.0
  SINCE JUL 1      0.0
  SNOW DEPTH       0

DEGREE DAYS
 HEATING
  YESTERDAY       16
  MONTH TO DATE  360
  SINCE DEC 1    966
  SINCE JUL 1   1311

 COOLING
  YESTERDAY        0
  MONTH TO DATE    0
  SINCE DEC 1      0
  SINCE JAN 1      0
...............................................................


WIND (MPH)
  HIGHEST WIND SPEED    39   HIGHEST WIND DIRECTION    SE (130)
  HIGHEST GUST SPEED    53   HIGHEST GUST DIRECTION    SE (120)
  AVERAGE WIND SPEED    14.2




RELATIVE HUMIDITY (PERCENT)
 HIGHEST    93
 LOWEST     66
 AVERAGE    80

..........................................................


THE MERCED  CA CLIMATE NORMALS FOR TODAY
                         NORMAL    RECORD    YEAR
 MAXIMUM TEMPERATURE (F)   54        66      2014
 MINIMUM TEMPERATURE (F)   37        27      2002


SUNRISE AND SUNSET
JANUARY 21 2017.......SUNRISE   713 AM PST   SUNSET   515 PM PST
JANUARY 22 2017.......SUNRISE   712 AM PST   SUNSET   516 PM PST


-  INDICATES NEGATIVE NUMBERS.
R  INDICATES RECORD WAS SET OR TIED.
MM INDICATES DATA IS MISSING.
T  INDICATES TRACE AMOUNT.




$$
