000
CDUS46 KHNX 230025
CLIMCE


CLIMATE REPORT
NATIONAL WEATHER SERVICE SAN JOAQUIN VALLEY, CA
524 PM PDT FRI AUG 22 2014


...................................

...THE MERCED  CA CLIMATE SUMMARY FOR AUGUST 22 2014...
VALID TODAY AS OF 0500 PM LOCAL TIME.

CLIMATE NORMAL PERIOD 1981 TO 2010
CLIMATE RECORD PERIOD 1998 TO 2014


WEATHER ITEM   OBSERVED TIME   RECORD YEAR NORMAL DEPARTURE LAST
                VALUE   (LST)  VALUE       VALUE  FROM      YEAR
                                                  NORMAL
..................................................................
TEMPERATURE (F)
 TODAY
  MAXIMUM         97    222 PM 101    1999  92      5       92
  MINIMUM         62    538 AM  53    2010  59      3       62
                                      2002
  AVERAGE         80                        76      4       77

PRECIPITATION (IN)
  TODAY            0.00          0.00   MM   0.00   0.00     0.00
  MONTH TO DATE    T                         0.00   0.00      T
  SINCE JUL 1      T                         0.01  -0.01      T
  SINCE JAN 1      3.96                      8.69  -4.73     2.78

SNOWFALL (IN)
  TODAY            0.0
  MONTH TO DATE    0.0
  SINCE JUN 1      0.0
  SINCE JUL 1      0.0
  SNOW DEPTH       0

DEGREE DAYS
 HEATING
  TODAY            0                                         0
  MONTH TO DATE    0                                         0
  SINCE JUN 1      0                                         0
  SINCE JUL 1      0                                         0

 COOLING
  TODAY           15                                        12
  MONTH TO DATE  347                                       290
  SINCE JUN 1   1259                                      1160
  SINCE JAN 1   1522                                      1397
..................................................................


WIND (MPH)
  HIGHEST WIND SPEED    14   HIGHEST WIND DIRECTION     W (250)
  HIGHEST GUST SPEED    19   HIGHEST GUST DIRECTION     W (250)
  AVERAGE WIND SPEED     4.5




RELATIVE HUMIDITY (PERCENT)
 HIGHEST    73
 LOWEST     16
 AVERAGE    45

..........................................................


THE MERCED  CA CLIMATE NORMALS FOR TOMORROW
                         NORMAL    RECORD    YEAR
 MAXIMUM TEMPERATURE (F)   92        99      2012
                                             2011
                                             2005
 MINIMUM TEMPERATURE (F)   59        54      2010


SUNRISE AND SUNSET
AUGUST 22 2014........SUNRISE   625 AM PDT   SUNSET   745 PM PDT
AUGUST 23 2014........SUNRISE   626 AM PDT   SUNSET   744 PM PDT


-  INDICATES NEGATIVE NUMBERS.
R  INDICATES RECORD WAS SET OR TIED.
MM INDICATES DATA IS MISSING.
T  INDICATES TRACE AMOUNT.




$$
