000
CDUS46 KHNX 030822
CLIMCE


CLIMATE REPORT
NATIONAL WEATHER SERVICE SAN JOAQUIN VALLEY, CA
122 AM PDT TUE MAY 3 2016


...................................

...THE MERCED  CA CLIMATE SUMMARY FOR MAY 2 2016...

CLIMATE NORMAL PERIOD 1981 TO 2010
CLIMATE RECORD PERIOD 1998 TO 2016


WEATHER ITEM   OBSERVED TIME   RECORD YEAR NORMAL DEPARTURE
                VALUE   (LST)  VALUE       VALUE  FROM
                                                  NORMAL
...............................................................
TEMPERATURE (F)
 YESTERDAY
  MAXIMUM         86    408 PM  95    2004  79      7
  MINIMUM         52    530 AM  44    1999  48      4
  AVERAGE         69                        64      5

PRECIPITATION (IN)
  YESTERDAY        T             0.27 2003   0.03  -0.03
  MONTH TO DATE    T                         0.06  -0.06
  SINCE OCT 1     14.55                     11.54   3.01
  SINCE JAN 1     10.83                      8.03   2.80

SNOWFALL (IN)
  YESTERDAY        0.0
  MONTH TO DATE    0.0
  SINCE MAR 1      0.0
  SINCE JUL 1      0.0
  SNOW DEPTH       0

DEGREE DAYS
 HEATING
  YESTERDAY        0
  MONTH TO DATE    0
  SINCE MAR 1    339
  SINCE JUL 1   2236

 COOLING
  YESTERDAY        4
  MONTH TO DATE    7
  SINCE MAR 1     36
  SINCE JAN 1     36
...............................................................


WIND (MPH)
  HIGHEST WIND SPEED    14   HIGHEST WIND DIRECTION     N (340)
  HIGHEST GUST SPEED    24   HIGHEST GUST DIRECTION    NW (330)
  AVERAGE WIND SPEED     5.4




RELATIVE HUMIDITY (PERCENT)
 HIGHEST    77
 LOWEST     25
 AVERAGE    51

..........................................................


THE MERCED  CA CLIMATE NORMALS FOR TODAY
                         NORMAL    RECORD    YEAR
 MAXIMUM TEMPERATURE (F)   79        98      2004
 MINIMUM TEMPERATURE (F)   49        42      2007


SUNRISE AND SUNSET
MAY  3 2016...........SUNRISE   605 AM PDT   SUNSET   754 PM PDT
MAY  4 2016...........SUNRISE   604 AM PDT   SUNSET   755 PM PDT


-  INDICATES NEGATIVE NUMBERS.
R  INDICATES RECORD WAS SET OR TIED.
MM INDICATES DATA IS MISSING.
T  INDICATES TRACE AMOUNT.




$$
