000
CDUS46 KHNX 270821
CLIMCE


CLIMATE REPORT
NATIONAL WEATHER SERVICE SAN JOAQUIN VALLEY, CA
1221 AM PST FRI FEB 27 2015


...................................

...THE MERCED  CA CLIMATE SUMMARY FOR FEBRUARY 26 2015...

CLIMATE NORMAL PERIOD 1981 TO 2010
CLIMATE RECORD PERIOD 1998 TO 2015


WEATHER ITEM   OBSERVED TIME   RECORD YEAR NORMAL DEPARTURE
                VALUE   (LST)  VALUE       VALUE  FROM
                                                  NORMAL
...............................................................
TEMPERATURE (F)
 YESTERDAY
  MAXIMUM         68    347 PM  71    2002  63      5
  MINIMUM         38    543 AM  31    2011  40     -2
  AVERAGE         53                        52      1

PRECIPITATION (IN)
  YESTERDAY        0.00          0.58 2010   0.09  -0.09
  MONTH TO DATE    1.05                      2.17  -1.12
  SINCE OCT 1      5.82                      8.29  -2.47
  SINCE JAN 1      1.07                      4.78  -3.71

SNOWFALL (IN)
  YESTERDAY        0.0
  MONTH TO DATE    0.0
  SINCE DEC 1      0.0
  SINCE JUL 1      0.0
  SNOW DEPTH       0

DEGREE DAYS
 HEATING
  YESTERDAY       12
  MONTH TO DATE  265
  SINCE DEC 1   1151
  SINCE JUL 1   1436

 COOLING
  YESTERDAY        0
  MONTH TO DATE    0
  SINCE DEC 1      0
  SINCE JAN 1      0
...............................................................


WIND (MPH)
  HIGHEST WIND SPEED    14   HIGHEST WIND DIRECTION     N (350)
  HIGHEST GUST SPEED    19   HIGHEST GUST DIRECTION    NW (330)
  AVERAGE WIND SPEED     4.5




RELATIVE HUMIDITY (PERCENT)
 HIGHEST    86
 LOWEST     42
 AVERAGE    64

..........................................................


THE MERCED  CA CLIMATE NORMALS FOR TODAY
                         NORMAL    RECORD    YEAR
 MAXIMUM TEMPERATURE (F)   63        72      2002
 MINIMUM TEMPERATURE (F)   41        27      2011


SUNRISE AND SUNSET
FEBRUARY 27 2015......SUNRISE   636 AM PST   SUNSET   554 PM PST
FEBRUARY 28 2015......SUNRISE   635 AM PST   SUNSET   555 PM PST


-  INDICATES NEGATIVE NUMBERS.
R  INDICATES RECORD WAS SET OR TIED.
MM INDICATES DATA IS MISSING.
T  INDICATES TRACE AMOUNT.




$$
