325
CDAK49 PAFG 260139
CLIMCG

CLIMATE REPORT
NATIONAL WEATHER SERVICE FAIRBANKS AK
539 PM AKDT THU MAY 25 2017


...................................

...THE MCGRATH AK CLIMATE SUMMARY FOR MAY 25 2017...
VALID TODAY AS OF 0500 PM LOCAL TIME.

CLIMATE NORMAL PERIOD 1981 TO 2010
CLIMATE RECORD PERIOD 1946 TO 2017


WEATHER ITEM   OBSERVED TIME   RECORD YEAR NORMAL DEPARTURE LAST
                VALUE   (LST)  VALUE       VALUE  FROM      YEAR
                                                  NORMAL
..................................................................
TEMPERATURE (F)
 TODAY
  MAXIMUM         43    259 PM  82    2002  61    -18       49
  MINIMUM         35    501 AM  30    2000  39     -4       43
                                      1955
  AVERAGE         39                        50    -11       46

PRECIPITATION (IN)
  TODAY            0.16          0.48 1945   0.04   0.12     0.06
  MONTH TO DATE    0.91                      0.84   0.07     1.11
  SINCE MAR 1      1.29                      2.39  -1.10     2.53
  SINCE JAN 1      2.49                      4.42  -1.93     2.59

SNOWFALL (IN)
  TODAY            0.0           T    2008   0.0    0.0     MM
  MONTH TO DATE    0.0                       0.9   -0.9      0.0
  SINCE MAR 1      2.6                      17.3  -14.7      0.0
  SINCE JUL 1     51.3                      97.3  -46.0      0.0
  SNOW DEPTH       0

DEGREE DAYS
 HEATING
  TODAY           26                        15     11       19
  MONTH TO DATE  399                       486    -87      396
  SINCE MAR 1   3172                      3200    -28     2642
  SINCE JUL 1  12930                     13432   -502     3610

 COOLING
  TODAY            0                         0      0        0
  MONTH TO DATE    0                         0      0        0
  SINCE MAR 1      0                         0      0        0
  SINCE JAN 1      0                         0      0        0
..................................................................


WIND (MPH)
  HIGHEST GUST SPEED    25   HIGHEST GUST DIRECTION    SW (210)


SKY COVER
  AVERAGE SKY COVER 0.8


WEATHER CONDITIONS
 THE FOLLOWING WEATHER WAS RECORDED TODAY.
  RAIN
  LIGHT RAIN
  LIGHT SNOW
  FOG


RELATIVE HUMIDITY (PERCENT)
 HIGHEST    92
 LOWEST     70
 AVERAGE    81

..........................................................


THE MCGRATH AK CLIMATE NORMALS FOR TOMORROW
                         NORMAL    RECORD    YEAR
 MAXIMUM TEMPERATURE (F)   62        82      2011
 MINIMUM TEMPERATURE (F)   40        30      2000


SUNRISE AND SUNSET
MAY 25 2017...........SUNRISE   452 AM AKDT  SUNSET  1150 PM AKDT
MAY 26 2017...........SUNRISE   450 AM AKDT  SUNSET  1153 PM AKDT

-  INDICATES NEGATIVE NUMBERS.
R  INDICATES RECORD WAS SET OR TIED.
MM INDICATES DATA IS MISSING.
T  INDICATES TRACE AMOUNT.

&&

SNOW DEPTH IS MEASURED AT 3AM AKST/4AM AKDT.

----------------------------
AVAILABLE DAYLIGHT

AMOUNT OF DAYLIGHT TODAY  (HOUR:MIN)........18:58
GAIN/LOSS SINCE YESTERDAY (HOUR:MIN:SEC)....+0:05:11

$$
CCC MAY 17
