000
CDAK49 PAFG 250042
CLIMCG

CLIMATE REPORT
NATIONAL WEATHER SERVICE FAIRBANKS AK
442 PM AKDT MON JUL 24 2017


...................................

...THE MCGRATH AK CLIMATE SUMMARY FOR JULY 24 2017...
VALID TODAY AS OF 0400 PM LOCAL TIME.

CLIMATE NORMAL PERIOD 1981 TO 2010
CLIMATE RECORD PERIOD 1946 TO 2017


WEATHER ITEM   OBSERVED TIME   RECORD YEAR NORMAL DEPARTURE LAST
                VALUE   (LST)  VALUE       VALUE  FROM      YEAR
                                                  NORMAL
..................................................................
TEMPERATURE (F)
 TODAY
  MAXIMUM         63   1208 AM  86    1968  68     -5       65
  MINIMUM         54    806 AM  38    1954  50      4       50
  AVERAGE         59                        59      0       58

PRECIPITATION (IN)
  TODAY            0.10          0.93 1998   0.08   0.02     0.12
  MONTH TO DATE    1.47                      1.77  -0.30     3.10
  SINCE JUN 1      2.70                      3.29  -0.59     5.50
  SINCE JAN 1      5.69                      7.96  -2.27     8.15

SNOWFALL (IN)
  TODAY            0.0           0.0    MM   0.0    0.0      0.0
  MONTH TO DATE    0.0                       0.0    0.0      0.0
  SINCE JUN 1      T                         0.0    0.0      0.0
  SINCE JUL 1      0.0                       0.0    0.0      0.0
  SNOW DEPTH       0

DEGREE DAYS
 HEATING
  TODAY            6                         6      0        7
  MONTH TO DATE   43                       125    -82       74
  SINCE JUN 1    202                       359   -157      264
  SINCE JUL 1     43                       125    -82       74

 COOLING
  TODAY            0                         0      0        0
  MONTH TO DATE   31                        11     20       23
  SINCE JUN 1     32                        17     15       29
  SINCE JAN 1     32                        17     15       29
..................................................................


WIND (MPH)
  HIGHEST GUST SPEED    22   HIGHEST GUST DIRECTION     W (260)


SKY COVER
  AVERAGE SKY COVER 1.0


WEATHER CONDITIONS
 THE FOLLOWING WEATHER WAS RECORDED TODAY.
  LIGHT RAIN
  FOG


RELATIVE HUMIDITY (PERCENT)
 HIGHEST    93
 LOWEST     56
 AVERAGE    75

..........................................................


THE MCGRATH AK CLIMATE NORMALS FOR TOMORROW
                         NORMAL    RECORD    YEAR
 MAXIMUM TEMPERATURE (F)   68        87      1968
                                             1953
 MINIMUM TEMPERATURE (F)   50        39      1965


SUNRISE AND SUNSET
JULY 24 2017..........SUNRISE   519 AM AKDT  SUNSET  1137 PM AKDT
JULY 25 2017..........SUNRISE   522 AM AKDT  SUNSET  1134 PM AKDT

-  INDICATES NEGATIVE NUMBERS.
R  INDICATES RECORD WAS SET OR TIED.
MM INDICATES DATA IS MISSING.
T  INDICATES TRACE AMOUNT.

&&

SNOW DEPTH IS MEASURED AT 3AM AKST/4AM AKDT.

----------------------------
AVAILABLE DAYLIGHT

AMOUNT OF DAYLIGHT TODAY  (HOUR:MIN)........18:18
GAIN/LOSS SINCE YESTERDAY (HOUR:MIN:SEC)....-0:05:36

$$
JUL 17
