000
CDAK49 PAMC 250922
CLIMCG

CLIMATE REPORT
NATIONAL WEATHER SERVICE MCGRATH, AK
1222 AM AKST THU DEC 25 2014

...................................
...THE MCGRATH AIRPORT CLIMATE SUMMARY FOR DECEMBER 24 2014...

CLIMATE NORMAL PERIOD  1981 TO  2010
CLIMATE RECORD PERIOD  1940 TO  2014

WEATHER ITEM   OBSERVED TIME    RECORD YEAR NORMAL DEPARTURE LAST
               VALUE    (LST)   VALUE       VALUE  FROM      YEAR
                                                   NORMAL
...................................................................
TEMPERATURE
YESTERDAY
 MAXIMUM            12  1129 PM    35  1977      4       8    -14
 MINIMUM             3  0521 AM   -55  1961    -14      17    -30
 AVERAGE             8                          -5      13    -22

PRECIPITATION
(INCHES)
 YESTERDAY        0.17           0.38  1948   0.04    0.13   0.00
 MONTH TO DATE    0.68                        0.99   -0.31   1.27
 SINCE DEC 1      0.68                        0.99   -0.31   1.27
 SINCE JAN 1     11.09                       17.70   -6.61  20.71

SNOWFALL
(INCHES)
 YESTERDAY         2.2            8.7  1962    0.7     1.5    0.0
 MONTH TO DATE     9.0                        15.8    -6.8   13.9
 SINCE DEC 1       9.0                        15.8    -6.8   13.9
 SINCE JUL 1      18.7                        46.8   -28.1   26.8
 SNOW DEPTH (IN)     7                                         13

DEGREE DAYS
 HEATING
  YESTERDAY         57                          70     -13     87
  MONTH TO DATE   1396                        1619    -223   1467
  SINCE DEC 1     1393                        1619    -226   1461
  SINCE JUL 1     5038                        5751    -713   4921

 COOLING
  YESTERDAY          0                           0       0      0
  MONTH TO DATE      0                           0       0      0
  SINCE DEC 1        0                           0       0      0
  SINCE JAN 1       11                          16      -5     78
...................................................................

WIND (MPH)
 HIGHEST WIND SPEED     6     HIGHEST WIND DIRECTION    130
 HIGHEST GUST SPEED     7     HIGHEST GUST DIRECTION    110
 AVERAGE WIND SPEED   1.0

WEATHER CONDITIONS
 THE FOLLOWING WEATHER WAS RECORDED YESTERDAY.
 SMOKE OR HAZE
 FOG
 SNOW
...................................................................

THE MCGRATH CLIMATE NORMALS FOR TODAY
                           NORMAL    RECORD   YEAR
 MAXIMUM TEMPERATURE (F)      4        40     1971
 MINIMUM TEMPERATURE (F)    -14       -58     1961

SUNRISE AND SUNSET
 DEC 25 2014..........SUNRISE 11:01 AM      SUNSET  3:46 PM
 DEC 26 2014..........SUNRISE 11:01 AM      SUNSET  3:47 PM

-  INDICATES NEGATIVE NUMBERS.
R  INDICATES RECORD HAS BEEN SET OR TIED.
MM INDICATES DATA IS MISSING.
T  INDICATES TRACE OF PRECIPITATION.

&&
-------------------------------------------------------------------

AMOUNT OF DAYLIGHT TODAY  (HOUR:MIN)........4 HOURS 45 MINUTES
GAIN SINCE YESTERDAY (HOUR:MIN:SEC)....+0:00:52

$$
ADJ DEC 14
