000
CDAK49 PAMC 042234
CLIMCG

CLIMATE REPORT
NATIONAL WEATHER SERVICE MCGRATH, AK
234 PM AKDT TUE AUG 4 2015

...................................
...THE MCGRATH AIRPORT CLIMATE SUMMARY FOR AUGUST 4 2015...
VALID TODAY AS OF 2:00 PM LOCAL TIME

CLIMATE NORMAL PERIOD  1981 TO  2010
CLIMATE RECORD PERIOD  1940 TO  2015

WEATHER ITEM   OBSERVED TIME    RECORD YEAR NORMAL DEPARTURE LAST
               VALUE    (LST)   VALUE       VALUE  FROM      YEAR
                                                   NORMAL
...................................................................
TEMPERATURE
TODAY
 MAXIMUM            79  0159 PM    83  2002     66      13     73
 MINIMUM            49  0518 AM    34  2001     49       0     55
 AVERAGE            64                          57       7     64

PRECIPITATION
(INCHES)
 TODAY            0.00           0.72  2007   0.09   -0.09   0.03
 MONTH TO DATE       T                        0.36   -0.36   0.41
 SINCE JUN 1      4.94                        4.26    0.68   4.51
 SINCE JAN 1      6.28                        8.93   -2.65   7.24

SNOWFALL
(INCHES)
 TODAY             0.0            0.0  2015    0.0     0.0    0.0
 MONTH TO DATE     0.0                         0.0     0.0    0.0
 SINCE JUN 1       0.0                         0.0     0.0    0.0
 SINCE JUL 1       0.0                         0.0     0.0    0.0
 SNOW DEPTH (IN)     0                                          0

DEGREE DAYS
 HEATING
  TODAY              1                           8      -7      1
  MONTH TO DATE     12                          31     -19     12
  SINCE JUN 1      975                         437     538    504
  SINCE JUL 1      782                         203     579    199

 COOLING
  TODAY              0                           0       0      0
  MONTH TO DATE      0                           0       0      0
  SINCE JUN 1       26                          16      10     11
  SINCE JAN 1       MM                          16      MM     11
...................................................................

WIND (MPH)
 HIGHEST WIND SPEED    10     HIGHEST WIND DIRECTION     10
 HIGHEST GUST SPEED    12     HIGHEST GUST DIRECTION     10

WEATHER CONDITIONS
 THE FOLLOWING WEATHER WAS RECORDED TODAY.
 NO SIGNIFICANT WEATHER WAS OBSERVED.
...................................................................

THE MCGRATH CLIMATE NORMALS FOR TOMORROW
                        NORMAL    RECORD   YEAR
 MAXIMUM TEMPERATURE      66        82     1968
 MINIMUM TEMPERATURE      48        34     1959

SUNRISE AND SUNSET
 AUG 4 2015..........SUNRISE  5:50 AM      SUNSET 11:06 PM
 AUG 5 2015..........SUNRISE  5:52 AM      SUNSET 11:03 PM

-  INDICATES NEGATIVE NUMBERS.
R  INDICATES RECORD HAS BEEN SET OR TIED.
MM INDICATES DATA IS MISSING.
T  INDICATES TRACE OF PRECIPITATION.

&&
-------------------------------------------------------------------

AMOUNT OF DAYLIGHT TODAY  (HOUR:MIN)........17 HOURS 16 MINUTES
LOSS SINCE YESTERDAY (HOUR:MIN:SEC)....-0:05:59

$$
ADJ AUG 15
