000
CDAK49 PAMC 041119
CLIMCG

CLIMATE REPORT
NATIONAL WEATHER SERVICE MCGRATH, AK
319 AM AKDT WED MAY 4 2016

...................................
...THE MCGRATH AIRPORT CLIMATE SUMMARY FOR MAY 3 2016...

CLIMATE NORMAL PERIOD  1981 TO  2010
CLIMATE RECORD PERIOD  1940 TO  2016

WEATHER ITEM   OBSERVED TIME    RECORD YEAR NORMAL DEPARTURE LAST
               VALUE    (LST)   VALUE       VALUE  FROM      YEAR
                                                   NORMAL
...................................................................
TEMPERATURE
YESTERDAY
 MAXIMUM            56  0517 PM    69  2014     51       5     56
 MINIMUM            38  1159 PM    -2  2001     31       7     37
 AVERAGE            47                          41       6     47

PRECIPITATION
(INCHES)
 YESTERDAY        0.07           0.31  1981   0.03    0.04   0.00
 MONTH TO DATE    0.12                        0.08    0.04   0.07
 SINCE MAR 1      1.56                        1.63   -0.07   0.59
 SINCE JAN 1      1.76                        3.66   -1.90   1.03

SNOWFALL
(INCHES)
 YESTERDAY         0.0            0.7  2013    0.1    -0.1    0.0
 MONTH TO DATE     0.0                         0.2    -0.2    0.0
 SINCE MAR 1      14.9                        16.6    -1.7    8.5
 SINCE JUL 1      79.0                        96.6   -17.6   41.6
 SNOW DEPTH (IN)     0                                          0

DEGREE DAYS
 HEATING
  YESTERDAY         18                          24      -6     18
  MONTH TO DATE     55                          73     -18     59
  SINCE MAR 1     2302                        2789    -487   2393
  SINCE JUL 1    11746                       13027   -1281  11478

 COOLING
  YESTERDAY          0                           0       0      0
  MONTH TO DATE      0                           0       0      0
  SINCE MAR 1        0                           0       0      0
  SINCE JAN 1        0                           0       0      0
...................................................................

WIND (MPH)
 HIGHEST WIND SPEED    20     HIGHEST WIND DIRECTION    200
 HIGHEST GUST SPEED    25     HIGHEST GUST DIRECTION    210
 AVERAGE WIND SPEED   3.6

WEATHER CONDITIONS
 THE FOLLOWING WEATHER WAS RECORDED YESTERDAY...RAIN...FOG
...................................................................

THE MCGRATH CLIMATE NORMALS FOR TODAY
                           NORMAL    RECORD   YEAR
 MAXIMUM TEMPERATURE (F)     52        74     2004
 MINIMUM TEMPERATURE (F)     31         4     1945

SUNRISE AND SUNSET
 MAY 4 2016..........SUNRISE  5:51 AM      SUNSET 10:50 PM
 MAY 5 2016..........SUNRISE  5:48 AM      SUNSET 10:53 PM

-  INDICATES NEGATIVE NUMBERS.
R  INDICATES RECORD HAS BEEN SET OR TIED.
MM INDICATES DATA IS MISSING.
T  INDICATES TRACE OF PRECIPITATION.

&&
-------------------------------------------------------------------

AMOUNT OF DAYLIGHT TODAY  (HOUR:MIN)........16 HOURS 59 MINUTES
GAIN SINCE YESTERDAY (HOUR:MIN:SEC)....+0:06:07

$$
JMM MAY 16
