000
CDAK49 PAMC 311110
CLIMCG

CLIMATE REPORT
NATIONAL WEATHER SERVICE MCGRATH, AK
311 AM AKDT THU JUL 31 2014

...................................
...THE MCGRATH AIRPORT CLIMATE SUMMARY FOR JULY 30 2014...

CLIMATE NORMAL PERIOD  1981 TO  2010
CLIMATE RECORD PERIOD  1940 TO  2014

WEATHER ITEM   OBSERVED TIME    RECORD YEAR NORMAL DEPARTURE LAST
               VALUE    (LST)   VALUE       VALUE  FROM      YEAR
                                                   NORMAL
...................................................................
TEMPERATURE
YESTERDAY
 MAXIMUM            79  0729 PM    89  1977     67      12     80
 MINIMUM            47  0540 AM    37  1948     49      -2     49
 AVERAGE            63                          58       5     65

PRECIPITATION
(INCHES)
 YESTERDAY        0.00           0.80  1986   0.09   -0.09   0.00
 MONTH TO DATE    2.44                        2.29    0.15   1.92
 SINCE JUN 1      3.96                        3.81    0.15   2.78
 SINCE JAN 1      6.69                        8.48   -1.79   6.64

SNOWFALL
(INCHES)
 YESTERDAY         0.0            0.0  2014    0.0     0.0    0.0
 MONTH TO DATE     0.0                         0.0     0.0    0.0
 SINCE JUN 1       0.0                         0.0     0.0    0.0
 SINCE JUL 1       0.0                         0.0     0.0    0.0
 SNOW DEPTH (IN)     0                                          0

DEGREE DAYS
 HEATING
  YESTERDAY          2                           7      -5      0
  MONTH TO DATE    182                         165      17    165
  SINCE JUN 1      487                         399      88    300
  SINCE JUL 1      182                         165      17    165

 COOLING
  YESTERDAY          0                           0       0      0
  MONTH TO DATE     11                          11       0     13
  SINCE JUN 1       11                          16      -5     64
  SINCE JAN 1       11                          16      -5     73
...................................................................

WIND (MPH)
 HIGHEST WIND SPEED    10     HIGHEST WIND DIRECTION     10
 HIGHEST GUST SPEED    14     HIGHEST GUST DIRECTION     20
 AVERAGE WIND SPEED   4.1

WEATHER CONDITIONS
 THE FOLLOWING WEATHER WAS RECORDED YESTERDAY.
 NO SIGNIFICANT WEATHER WAS OBSERVED.

...................................................................

THE MCGRATH CLIMATE NORMALS FOR TODAY
                           NORMAL    RECORD   YEAR
 MAXIMUM TEMPERATURE (F)     67        83     2013
 MINIMUM TEMPERATURE (F)     49        34     1959

SUNRISE AND SUNSET
 JUL 31 2014..........SUNRISE  5:39 AM      SUNSET 11:18 PM
 AUG 1 2014..........SUNRISE  5:42 AM      SUNSET 11:15 PM

-  INDICATES NEGATIVE NUMBERS.
R  INDICATES RECORD HAS BEEN SET OR TIED.
MM INDICATES DATA IS MISSING.
T  INDICATES TRACE OF PRECIPITATION.

&&
-------------------------------------------------------------------

AMOUNT OF DAYLIGHT TODAY  (HOUR:MIN)........17 HOURS 39 MINUTES
LOSS SINCE YESTERDAY (HOUR:MIN:SEC)....-0:05:53

$$
JMC JUL 14
