000
CDAK49 PAFG 240945
CLIMCG

CLIMATE REPORT
NATIONAL WEATHER SERVICE FAIRBANKS AK
1245 AM AKST FRI NOV 24 2017


...................................

...THE MCGRATH AK CLIMATE SUMMARY FOR NOVEMBER 23 2017...

CLIMATE NORMAL PERIOD 1981 TO 2010
CLIMATE RECORD PERIOD 1946 TO 2017


WEATHER ITEM   OBSERVED TIME   RECORD YEAR NORMAL DEPARTURE LAST
                VALUE   (LST)  VALUE       VALUE  FROM      YEAR
                                                  NORMAL
..................................................................
TEMPERATURE (F)
 YESTERDAY
  MAXIMUM         16   1155 PM  46    2002  10      6       -5
                                      1952
  MINIMUM          4   1211 PM -41    1994  -6     10      -19
  AVERAGE         10                         2      8      -12

PRECIPITATION (IN)
  YESTERDAY        0.01          1.47 2015   0.05  -0.04     0.00
  MONTH TO DATE    1.30                      1.11   0.19     0.15
  SINCE SEP 1      6.48                      5.04   1.44     5.61
  SINCE JAN 1     16.85                     16.41   0.44    18.44

SNOWFALL (IN)
  YESTERDAY        0.5          10.8  2015   0.7   -0.2      0.0
  MONTH TO DATE   20.4                      14.9    5.5      3.3
  SINCE SEP 1     26.7                      26.6    0.1      4.9
  SINCE JUL 1     26.7                      26.6    0.1      4.9
  SNOW DEPTH      13

DEGREE DAYS
 HEATING
  YESTERDAY       55                        63     -8       77
  MONTH TO DATE 1093                      1335   -242     1287
  SINCE SEP 1   2580                      3184   -604     2915
  SINCE JUL 1   2933                      3675   -742     3191

 COOLING
  YESTERDAY        0                         0      0        0
  MONTH TO DATE    0                         0      0        0
  SINCE SEP 1      0                         0      0        0
  SINCE JAN 1     37                        20     17       29
..................................................................


WIND (MPH)
  HIGHEST GUST SPEED    16   HIGHEST GUST DIRECTION     N (20)


SKY COVER
  AVERAGE SKY COVER 0.5


WEATHER CONDITIONS
 THE FOLLOWING WEATHER WAS RECORDED YESTERDAY.
  LIGHT SNOW
  FOG
  HAZE


RELATIVE HUMIDITY (PERCENT)
 HIGHEST    88
 LOWEST     76
 AVERAGE    82

..........................................................


THE MCGRATH AK CLIMATE NORMALS FOR TODAY
                         NORMAL    RECORD    YEAR
 MAXIMUM TEMPERATURE (F)   10        46      1943
 MINIMUM TEMPERATURE (F)   -6       -47      1994
                                             1948


SUNRISE AND SUNSET
NOVEMBER 24 2017......SUNRISE  1009 AM AKST  SUNSET   410 PM AKST
NOVEMBER 25 2017......SUNRISE  1012 AM AKST  SUNSET   407 PM AKST

-  INDICATES NEGATIVE NUMBERS.
R  INDICATES RECORD WAS SET OR TIED.
MM INDICATES DATA IS MISSING.
T  INDICATES TRACE AMOUNT.

&&

SNOW DEPTH IS MEASURED AT 3AM AKST/4AM AKDT.

----------------------------
AVAILABLE DAYLIGHT

AMOUNT OF DAYLIGHT TODAY  (HOUR:MIN)........6:00
GAIN/LOSS SINCE YESTERDAY (HOUR:MIN:SEC)....-0:04:59

$$
SDB NOV 17
