000
CDUS43 KEAX 250632
CLIMCI

CLIMATE REPORT
NATIONAL WEATHER SERVICE KANSAS CITY/PLEASANT HILL MO
1231 AM CST SAT NOV 25 2017


...................................

...THE KANSAS CITY INTERNATIONAL MO CLIMATE SUMMARY FOR NOVEMBER 24 2017...

CLIMATE NORMAL PERIOD 1981 TO 2010
CLIMATE RECORD PERIOD 1888 TO 2017


WEATHER ITEM   OBSERVED TIME   RECORD YEAR NORMAL DEPARTURE LAST
                VALUE   (LST)  VALUE       VALUE  FROM      YEAR
                                                  NORMAL
..................................................................
TEMPERATURE (F)
 YESTERDAY
  MAXIMUM         72    333 PM  73    1990  49     23       49
  MINIMUM         50   1159 PM   9    1950  30     20       37
  AVERAGE         61                        39     22       43

PRECIPITATION (IN)
  YESTERDAY        0.00          0.80 1966   0.07  -0.07     0.00
  MONTH TO DATE    0.27                      1.75  -1.48     0.40
  SINCE SEP 1      7.94                      9.53  -1.59     7.92
  SINCE JAN 1     45.83                     36.93   8.90    47.35

SNOWFALL (IN)
  YESTERDAY        0.0           5.1  2004   0.1   -0.1      0.0
  MONTH TO DATE    0.0                       0.7   -0.7      0.0
  SINCE SEP 1      T                         0.9   -0.9      0.0
  SINCE JUL 1      T                         0.9   -0.9      0.0
  SNOW DEPTH       0

DEGREE DAYS
 HEATING
  YESTERDAY        4                        26    -22       22
  MONTH TO DATE  512                       479     33      295
  SINCE SEP 1    789                       837    -48      460
  SINCE JUL 1    793                       839    -46      460

 COOLING
  YESTERDAY        0                         0      0        0
  MONTH TO DATE    0                         0      0       13
  SINCE SEP 1    247                       185     62      288
  SINCE JAN 1   1325                      1358    -33     1585
..................................................................


WIND (MPH)
  HIGHEST WIND SPEED    26   HIGHEST WIND DIRECTION    SW (230)
  HIGHEST GUST SPEED    33   HIGHEST GUST DIRECTION    SW (210)
  AVERAGE WIND SPEED    14.9


SKY COVER
  POSSIBLE SUNSHINE  MM
  AVERAGE SKY COVER 0.4


WEATHER CONDITIONS
 THE FOLLOWING WEATHER WAS RECORDED YESTERDAY.
  NO SIGNIFICANT WEATHER WAS OBSERVED.


RELATIVE HUMIDITY (PERCENT)
 HIGHEST    59          1100 PM
 LOWEST     29           200 PM
 AVERAGE    44

..........................................................


THE KANSAS CITY INTERNATIONAL MO CLIMATE NORMALS FOR TODAY
                         NORMAL    RECORD    YEAR
 MAXIMUM TEMPERATURE (F)   48        70      1926
 MINIMUM TEMPERATURE (F)   30        11      1977


SUNRISE AND SUNSET
NOVEMBER 25 2017......SUNRISE   714 AM CST   SUNSET   458 PM CST
NOVEMBER 26 2017......SUNRISE   715 AM CST   SUNSET   458 PM CST


-  INDICATES NEGATIVE NUMBERS.
R  INDICATES RECORD WAS SET OR TIED.
MM INDICATES DATA IS MISSING.
T  INDICATES TRACE AMOUNT.


&&

...MISCELLANEOUS CLIMATE DATA FROM YESTERDAY...

LOCATION                HIGH    LOW      PRECIP
ST. JOSEPH               75      47       0.00
DOWNTOWN KANSAS CITY     74      52       0.00
OLATHE NEW CENTURY       73      43       0.00
OLATHE JO CO EXEC        72      46       0.00
LEES SUMMIT              74      48       0.00
KIRKSVILLE               73      38       0.00
CHILLICOTHE              75      46       0.00
SEDALIA                  76      47       0.00
NWS PLEASANT HILL MO     72      46       0.00


THIS PRODUCT...ALONG WITH OTHER WEATHER...HYDROLOGICAL AND CLIMATE
INFORMATION...IS AVAILABLE ON THE WEB AT HTTP://WWW.WEATHER.GOV/EAX
OR AT HTTP://WEATHER.GOV

$$
