000
CDUS43 KEAX 051241
CLIMCI

CLIMATE REPORT
NATIONAL WEATHER SERVICE KANSAS CITY/PLEASANT HILL MO
636 AM CST THU MAR 5 2015


...................................

...THE KANSAS CITY INTERNATIONAL MO CLIMATE SUMMARY FOR MARCH 5 2015...
VALID AS OF 0600 AM LOCAL TIME.

CLIMATE NORMAL PERIOD 1981 TO 2010
CLIMATE RECORD PERIOD 1888 TO 2015


WEATHER ITEM   OBSERVED TIME   RECORD YEAR NORMAL DEPARTURE LAST
                VALUE   (LST)  VALUE       VALUE  FROM      YEAR
                                                  NORMAL
..................................................................
TEMPERATURE (F)
 TODAY
  MAXIMUM         18   1227 AM  84    1956  51    -33       40
  MINIMUM          7    553 AM   0    1960  30    -23       27
  AVERAGE         13                        40    -27       34

PRECIPITATION (IN)
  TODAY            0.00          1.69 1894   0.06  -0.06     0.01
  MONTH TO DATE    T                         0.32  -0.32     0.29
  SINCE MAR 1      T                         0.32  -0.32     0.29
  SINCE JAN 1      2.18                      2.85  -0.67     2.04

SNOWFALL (IN)
  TODAY            0.0           4.5  1947   0.0    0.0       T
  MONTH TO DATE    T                         0.4   -0.4      3.2
  SINCE MAR 1      T                         0.4   -0.4      3.2
  SINCE JUL 1     14.2                      16.6   -2.4     25.8
  SNOW DEPTH       0

DEGREE DAYS
 HEATING
  TODAY           52                        25     27       31
  MONTH TO DATE  194                       128     66      238
  SINCE MAR 1    194                       128     66      238
  SINCE JUL 1   4408                      4173    235     4804

 COOLING
  TODAY            0                         0      0        0
  MONTH TO DATE    0                         0      0        0
  SINCE MAR 1      0                         0      0        0
  SINCE JAN 1      0                         0      0        0
..................................................................


WIND (MPH)
  HIGHEST WIND SPEED    14   HIGHEST WIND DIRECTION    NE (40)
  HIGHEST GUST SPEED    17   HIGHEST GUST DIRECTION    NE (30)
  AVERAGE WIND SPEED     9.2


SKY COVER
  POSSIBLE SUNSHINE  MM
  AVERAGE SKY COVER 0.0


WEATHER CONDITIONS
 THE FOLLOWING WEATHER WAS RECORDED TODAY.
  NO SIGNIFICANT WEATHER WAS OBSERVED.


RELATIVE HUMIDITY (PERCENT)
 HIGHEST    76           600 AM
 LOWEST     54          1200 AM
 AVERAGE    65

..........................................................


THE KANSAS CITY INTERNATIONAL MO CLIMATE NORMALS FOR TOMORROW
                         NORMAL    RECORD    YEAR
 MAXIMUM TEMPERATURE (F)   51        75      2000
                                             1987
                                             1972
 MINIMUM TEMPERATURE (F)   30         5      1890


SUNRISE AND SUNSET
MARCH  5 2015.........SUNRISE   646 AM CST   SUNSET   615 PM CST
MARCH  6 2015.........SUNRISE   644 AM CST   SUNSET   616 PM CST


-  INDICATES NEGATIVE NUMBERS.
R  INDICATES RECORD WAS SET OR TIED.
MM INDICATES DATA IS MISSING.
T  INDICATES TRACE AMOUNT.



&&

...MISCELLANEOUS CLIMATE DATA FROM TODAY...

LOCATION                HIGH    LOW      PRECIP
ST. JOSEPH               14       4       0.00
DOWNTOWN KANSAS CITY     24      12       0.00
OLATHE NEW CENTURY       21       6       0.00
OLATHE JO CO EXEC        23      12       0.00
LEES SUMMIT              23      11       0.00
KIRKSVILLE               17       9       0.00
CHILLICOTHE              19       9       0.00
SEDALIA                  22      15       0.00
NWS PLEASANT HILL MO     22      10       0.00


THIS PRODUCT...ALONG WITH OTHER WEATHER...HYDROLOGICAL AND CLIMATE
INFORMATION...IS AVAILABLE ON THE WEB AT HTTP://WWW.CRH.NOAA.GOV/EAX
OR AT HTTP://WEATHER.GOV

$$

SAW
