000
CDUS43 KEAX 260632
CLIMCI

CLIMATE REPORT
NATIONAL WEATHER SERVICE KANSAS CITY/PLEASANT HILL MO
131 AM CDT FRI MAY 26 2017


...................................

...THE KANSAS CITY INTERNATIONAL MO CLIMATE SUMMARY FOR MAY 25 2017...

CLIMATE NORMAL PERIOD 1981 TO 2010
CLIMATE RECORD PERIOD 1888 TO 2017


WEATHER ITEM   OBSERVED TIME   RECORD YEAR NORMAL DEPARTURE LAST
                VALUE   (LST)  VALUE       VALUE  FROM      YEAR
                                                  NORMAL
..................................................................
TEMPERATURE (F)
 YESTERDAY
  MAXIMUM         76    428 PM  92    1967  77     -1       82
                                      1953
  MINIMUM         46    449 AM  39    1925  57    -11       64
  AVERAGE         61                        67     -6       73

PRECIPITATION (IN)
  YESTERDAY        0.00          1.56 1963   0.17  -0.17     0.28
  MONTH TO DATE    4.94                      4.23   0.71     4.73
  SINCE MAR 1     14.39                     10.30   4.09    14.60
  SINCE JAN 1     15.84                     12.83   3.01    15.76

SNOWFALL (IN)
  YESTERDAY        0.0           0.0    MM   0.0    0.0      0.0
  MONTH TO DATE    0.0                       0.0    0.0      0.0
  SINCE MAR 1      0.4                       2.6   -2.2      0.6
  SINCE JUL 1      4.9                      18.8  -13.9      5.9
  SNOW DEPTH       0

DEGREE DAYS
 HEATING
  YESTERDAY        4                         2      2        0
  MONTH TO DATE  109                        95     14      120
  SINCE MAR 1    892                      1070   -178      805
  SINCE JUL 1   4146                      5115   -969     4162

 COOLING
  YESTERDAY        0                         4     -4        8
  MONTH TO DATE   56                        59     -3       28
  SINCE MAR 1     89                        87      2       42
  SINCE JAN 1     89                        87      2       42
..................................................................


WIND (MPH)
  HIGHEST WIND SPEED    22   HIGHEST WIND DIRECTION    SE (140)
  HIGHEST GUST SPEED    25   HIGHEST GUST DIRECTION    SE (140)
  AVERAGE WIND SPEED    10.5


SKY COVER
  POSSIBLE SUNSHINE  MM
  AVERAGE SKY COVER 0.2


WEATHER CONDITIONS
 THE FOLLOWING WEATHER WAS RECORDED YESTERDAY.
  NO SIGNIFICANT WEATHER WAS OBSERVED.


RELATIVE HUMIDITY (PERCENT)
 HIGHEST    93           300 AM
 LOWEST     49          1200 PM
 AVERAGE    71

..........................................................


THE KANSAS CITY INTERNATIONAL MO CLIMATE NORMALS FOR TODAY
                         NORMAL    RECORD    YEAR
 MAXIMUM TEMPERATURE (F)   78        92      1985
 MINIMUM TEMPERATURE (F)   57        42      1992


SUNRISE AND SUNSET
MAY 26 2017...........SUNRISE   557 AM CDT   SUNSET   835 PM CDT
MAY 27 2017...........SUNRISE   556 AM CDT   SUNSET   836 PM CDT


-  INDICATES NEGATIVE NUMBERS.
R  INDICATES RECORD WAS SET OR TIED.
MM INDICATES DATA IS MISSING.
T  INDICATES TRACE AMOUNT.


&&

...MISCELLANEOUS CLIMATE DATA FROM YESTERDAY...

LOCATION                HIGH    LOW      PRECIP
ST. JOSEPH               77      43       T
DOWNTOWN KANSAS CITY     78      47       0.00
OLATHE NEW CENTURY       77      45       0.00
OLATHE JO CO EXEC        75      45       0.00
LEES SUMMIT              76      48       0.00
KIRKSVILLE               72      41       0.00
CHILLICOTHE              74      44       0.01
SEDALIA                  77      49       0.00
NWS PLEASANT HILL MO     76      47       0.00


THIS PRODUCT...ALONG WITH OTHER WEATHER...HYDROLOGICAL AND CLIMATE
INFORMATION...IS AVAILABLE ON THE WEB AT HTTP://WWW.WEATHER.GOV/EAX
OR AT HTTP://WEATHER.GOV

$$

CUTTER
