000
CDUS43 KEAX 010641
CLIMCI

CLIMATE REPORT
NATIONAL WEATHER SERVICE KANSAS CITY/PLEASANT HILL MO
136 AM CDT SAT NOV 1 2014


...................................

...THE KANSAS CITY INTERNATIONAL MO CLIMATE SUMMARY FOR OCTOBER 31 2014...

CLIMATE NORMAL PERIOD 1981 TO 2010
CLIMATE RECORD PERIOD 1888 TO 2014


WEATHER ITEM   OBSERVED TIME   RECORD YEAR NORMAL DEPARTURE LAST
                VALUE   (LST)  VALUE       VALUE  FROM      YEAR
                                                  NORMAL
..................................................................
TEMPERATURE (F)
 YESTERDAY
  MAXIMUM         50    119 AM  87    1950  61    -11       57
  MINIMUM         31   1159 PM  17    1993  41    -10       44
  AVERAGE         41                        51    -10       51

PRECIPITATION (IN)
  YESTERDAY        0.00          1.54 1900   0.08  -0.08     0.43
  MONTH TO DATE    9.29                      3.16   6.13     4.74
  SINCE SEP 1     11.54                      7.78   3.76     9.58
  SINCE JAN 1     37.53                     35.18   2.35    32.25

SNOWFALL (IN)
  YESTERDAY        0.0           1.0  1912   0.0    0.0      0.0
  MONTH TO DATE    0.0                       0.2   -0.2      0.0
  SINCE SEP 1      0.0                       0.2   -0.2      0.0
  SINCE JUL 1      0.0                       0.2   -0.2      0.0
  SNOW DEPTH       0

DEGREE DAYS
 HEATING
  YESTERDAY       24                        14     10       14
  MONTH TO DATE  235                       292    -57      329
  SINCE SEP 1    300                       358    -58      348
  SINCE JUL 1    302                       360    -58      348

 COOLING
  YESTERDAY        0                         0      0        0
  MONTH TO DATE   14                        26    -12       28
  SINCE SEP 1    144                       185    -41      251
  SINCE JAN 1   1263                      1358    -95     1345
..................................................................


WIND (MPH)
  HIGHEST WIND SPEED    26   HIGHEST WIND DIRECTION     N (360)
  HIGHEST GUST SPEED    35   HIGHEST GUST DIRECTION     N (350)
  AVERAGE WIND SPEED    13.5


SKY COVER
  POSSIBLE SUNSHINE  MM
  AVERAGE SKY COVER 0.3


WEATHER CONDITIONS
 THE FOLLOWING WEATHER WAS RECORDED YESTERDAY.
  NO SIGNIFICANT WEATHER WAS OBSERVED.


RELATIVE HUMIDITY (PERCENT)
 HIGHEST    77          1200 AM
 LOWEST     37           200 PM
 AVERAGE    57

..........................................................


THE KANSAS CITY INTERNATIONAL MO CLIMATE NORMALS FOR TODAY
                         NORMAL    RECORD    YEAR
 MAXIMUM TEMPERATURE (F)   61        83      1937
 MINIMUM TEMPERATURE (F)   41        20      1991


SUNRISE AND SUNSET
NOVEMBER  1 2014......SUNRISE   747 AM CDT   SUNSET   618 PM CDT
NOVEMBER  2 2014......SUNRISE   648 AM CST   SUNSET   516 PM CST


-  INDICATES NEGATIVE NUMBERS.
R  INDICATES RECORD WAS SET OR TIED.
MM INDICATES DATA IS MISSING.
T  INDICATES TRACE AMOUNT.




&&

...MISCELLANEOUS CLIMATE DATA FROM YESTERDAY...

LOCATION                HIGH    LOW      PRECIP
ST. JOSEPH               50      23       0.00
DOWNTOWN KANSAS CITY     52      32       0.00
OLATHE NEW CENTURY       49      26       0.00
OLATHE JO CO EXEC        50      32       0.00
LEES SUMMIT              51      32       0.00
KIRKSVILLE               50      27       0.00
CHILLICOTHE              51      29       0.00
SEDALIA                  51      30       0.00
NWS PLEASANT HILL MO     50      31       0.00


THIS PRODUCT...ALONG WITH OTHER WEATHER...HYDROLOGICAL AND CLIMATE
INFORMATION...IS AVAILABLE ON THE WEB AT HTTP://WWW.CRH.NOAA.GOV/EAX
OR AT HTTP://WEATHER.GOV

$$
