000
CDUS43 KGLD 251032 RRA
CLIMCK

CLIMATE REPORT
NATIONAL WEATHER SERVICE GOODLAND
428 AM MDT WED MAY 25 2016
...................................

...THE MCCOOK NE CLIMATE SUMMARY FOR MAY 24 2016...

CLIMATE NORMAL PERIOD 1981 TO 2010
CLIMATE RECORD PERIOD 1896 TO 2016

WEATHER ITEM   OBSERVED TIME   RECORD YEAR NORMAL DEPARTURE LAST
                VALUE   (LST)  VALUE       VALUE  FROM      YEAR
                                                  NORMAL
..................................................................
TEMPERATURE (F)
 YESTERDAY
  MAXIMUM         78    303 PM  99    1967  76      2       72
  MINIMUM         53    559 AM  32    1910  49      4       53
  AVERAGE         66                        62      4       63

PRECIPITATION (IN)
  YESTERDAY        T                         0.10  -0.10     0.33
  MONTH TO DATE    1.02                      2.33  -1.31     3.36
  SINCE MAR 1      7.60                      6.00   1.60     5.34
  SINCE JAN 1      8.61                      7.13   1.48     5.68

..................................................................

THE MCCOOK NE CLIMATE NORMALS FOR TODAY
                         NORMAL    RECORD    YEAR
 MAXIMUM TEMPERATURE (F)   76       100      1964
 MINIMUM TEMPERATURE (F)   49        37      2002

-  INDICATES NEGATIVE NUMBERS.
R  INDICATES RECORD WAS SET OR TIED.
MM INDICATES DATA IS MISSING.
T  INDICATES TRACE AMOUNT.

$$
