000
CDUS43 KGLD 240130
CLIMCK

CLIMATE REPORT
NATIONAL WEATHER SERVICE GOODLAND
713 PM MDT WED AUG 23 2017
...................................

...THE MCCOOK NE CLIMATE SUMMARY FOR AUGUST 23 2017...
VALID TODAY AS OF 0600 PM LOCAL TIME.

CLIMATE NORMAL PERIOD 1981 TO 2010
CLIMATE RECORD PERIOD 1896 TO 2017

WEATHER ITEM   OBSERVED TIME   RECORD YEAR NORMAL DEPARTURE LAST
                VALUE   (LST)  VALUE       VALUE  FROM      YEAR
                                                  NORMAL
..................................................................
TEMPERATURE (F)
 TODAY
  MAXIMUM         86    407 PM 103    2011  87     -1       94
                                      1936
  MINIMUM         55    553 AM  47    2015  59     -4       64
                                      1964
  AVERAGE         71                        73     -2       79

PRECIPITATION (IN)
  TODAY            0.00                      0.08  -0.08     0.21
  MONTH TO DATE    3.59                      2.53   1.06     1.93
  SINCE JUN 1      6.03                      9.16  -3.13     7.16
  SINCE JAN 1     14.06                     17.10  -3.04    17.36

..................................................................

THE MCCOOK NE CLIMATE NORMALS FOR TOMORROW
                         NORMAL    RECORD    YEAR
 MAXIMUM TEMPERATURE (F)   87       107      1936
 MINIMUM TEMPERATURE (F)   59        39      1928

-  INDICATES NEGATIVE NUMBERS.
R  INDICATES RECORD WAS SET OR TIED.
MM INDICATES DATA IS MISSING.
T  INDICATES TRACE AMOUNT.

$$
