000
CDUS43 KGLD 220111 RRA
CLIMCK

CLIMATE REPORT
NATIONAL WEATHER SERVICE GOODLAND
705 PM MDT TUE OCT 21 2014


...................................

...THE MCCOOK NE CLIMATE SUMMARY FOR OCTOBER 21 2014...
VALID TODAY AS OF 0600 PM LOCAL TIME.

CLIMATE NORMAL PERIOD 1981 TO 2010
CLIMATE RECORD PERIOD 1896 TO 2014


WEATHER ITEM   OBSERVED TIME   RECORD YEAR NORMAL DEPARTURE LAST
                VALUE   (LST)  VALUE       VALUE  FROM      YEAR
                                                  NORMAL
..................................................................
TEMPERATURE (F)
 TODAY
  MAXIMUM         81    333 PM  91    2003  65     16       64
  MINIMUM         41    654 AM  19    1987  34      7       29
  AVERAGE         61                        50     11       47

PRECIPITATION (IN)
  TODAY            0.00                      0.06  -0.06     0.00
  MONTH TO DATE    0.27                      1.27  -1.00     0.58
  SINCE SEP 1      1.95                      2.71  -0.76     2.93
  SINCE JAN 1     22.90                     20.42   2.48    12.10

..................................................................

THE MCCOOK NE CLIMATE NORMALS FOR TOMORROW
                         NORMAL    RECORD    YEAR
 MAXIMUM TEMPERATURE (F)   64        90      2003
 MINIMUM TEMPERATURE (F)   34        14      1936



-  INDICATES NEGATIVE NUMBERS.
R  INDICATES RECORD WAS SET OR TIED.
MM INDICATES DATA IS MISSING.
T  INDICATES TRACE AMOUNT.

$$
