000
CDUS43 KGLD 250749
CLIMCK

CLIMATE REPORT
NATIONAL WEATHER SERVICE GOODLAND
1243 AM MST SUN JAN 25 2015


...................................

...THE MCCOOK NE CLIMATE SUMMARY FOR JANUARY 24 2015...

CLIMATE NORMAL PERIOD 1981 TO 2010
CLIMATE RECORD PERIOD 1896 TO 2015


WEATHER ITEM   OBSERVED TIME   RECORD YEAR NORMAL DEPARTURE LAST
                VALUE   (LST)  VALUE       VALUE  FROM      YEAR
                                                  NORMAL
..................................................................
TEMPERATURE (F)
 YESTERDAY
  MAXIMUM         56    240 PM  70    1981  41     15       59
  MINIMUM         27    509 AM -14    1963  14     13        5
  AVERAGE         42                        28     14       32

PRECIPITATION (IN)
  YESTERDAY        T                         0.01  -0.01     0.00
  MONTH TO DATE    0.01                      0.39  -0.38     0.01
  SINCE DEC 1      1.30                      1.03   0.27     0.23
  SINCE JAN 1      0.01                      0.39  -0.38     0.01

..................................................................







THE MCCOOK NE CLIMATE NORMALS FOR TODAY
                         NORMAL    RECORD    YEAR
 MAXIMUM TEMPERATURE (F)   41        75      2002
 MINIMUM TEMPERATURE (F)   14       -12      1957



-  INDICATES NEGATIVE NUMBERS.
R  INDICATES RECORD WAS SET OR TIED.
MM INDICATES DATA IS MISSING.
T  INDICATES TRACE AMOUNT.




$$
