000
CDUS43 KGLD 250039 RRA
CLIMCK

CLIMATE REPORT
NATIONAL WEATHER SERVICE GOODLAND
636 PM MDT SAT JUN 24 2017

...................................

...THE MCCOOK NE CLIMATE SUMMARY FOR JUNE 24 2017...
VALID TODAY AS OF 0600 PM LOCAL TIME.

CLIMATE NORMAL PERIOD 1981 TO 2010
CLIMATE RECORD PERIOD 1896 TO 2017


WEATHER ITEM   OBSERVED TIME   RECORD YEAR NORMAL DEPARTURE LAST
                VALUE   (LST)  VALUE       VALUE  FROM      YEAR
                                                  NORMAL
..................................................................
TEMPERATURE (F)
 TODAY
  MAXIMUM         77   1232 PM 107    1943  87    -10       97
  MINIMUM         47    545 AM  45    1928  59    -12       65
  AVERAGE         62                        73    -11       81

PRECIPITATION (IN)
  TODAY            0.01                      0.12  -0.11     0.00
  MONTH TO DATE    0.24                      2.73  -2.49     2.79
  SINCE JUN 1      0.24                      2.73  -2.49     2.79
  SINCE JAN 1      8.27                     10.67  -2.40    12.99

..................................................................


THE MCCOOK NE CLIMATE NORMALS FOR TOMORROW
                         NORMAL    RECORD    YEAR
 MAXIMUM TEMPERATURE (F)   88       106      1954
 MINIMUM TEMPERATURE (F)   59        45      1928



-  INDICATES NEGATIVE NUMBERS.
R  INDICATES RECORD WAS SET OR TIED.
MM INDICATES DATA IS MISSING.
T  INDICATES TRACE AMOUNT.

$$
