000
CDUS42 KFFC 050823
CLIMCN


CLIMATE REPORT
NATIONAL WEATHER SERVICE PEACHTREE CITY GA
423 AM EDT SAT SEP 5 2015


...................................

...THE MACON CLIMATE SUMMARY FOR SEPTEMBER 4 2015...

CLIMATE NORMAL PERIOD 1981 TO 2010
CLIMATE RECORD PERIOD 1899 TO 2015


WEATHER ITEM   OBSERVED TIME   RECORD YEAR NORMAL DEPARTURE LAST
                VALUE   (LST)  VALUE       VALUE  FROM      YEAR
                                                  NORMAL
..................................................................
TEMPERATURE (F)
 YESTERDAY
  MAXIMUM         95    408 PM 104    1925  89      6       90
  MINIMUM         70    644 AM  58    1995  68      2       70
  AVERAGE         83                        78      5       80

PRECIPITATION (IN)
  YESTERDAY        0.00          3.86 1986   0.13  -0.13     0.01
  MONTH TO DATE    0.00                      0.54  -0.54     0.63
  SINCE SEP 1      0.00                      0.54  -0.54     0.63
  SINCE JAN 1     26.91                     32.48  -5.57    34.56

DEGREE DAYS
 HEATING
  YESTERDAY        0                         0      0        0
  MONTH TO DATE    0                         0      0        0
  SINCE SEP 1      0                         0      0        0
  SINCE JUL 1      0                         0      0        0

 COOLING
  YESTERDAY       18                        13      5       15
  MONTH TO DATE   64                        54     10       69
  SINCE SEP 1     64                        54     10       69
  SINCE JAN 1   2010                      1798    212     1667
..................................................................


WIND (MPH)
  RESULTANT WIND SPEED   1   RESULTANT WIND DIRECTION  NE (30)
  HIGHEST WIND SPEED    20   HIGHEST WIND DIRECTION     E (80)
  HIGHEST GUST SPEED    25   HIGHEST GUST DIRECTION     E (70)
  AVERAGE WIND SPEED     2.1


SKY COVER
  AVERAGE SKY COVER 0.1


WEATHER CONDITIONS
 THE FOLLOWING WEATHER WAS RECORDED YESTERDAY.
  FOG


RELATIVE HUMIDITY (PERCENT)
 HIGHEST   100           200 AM
 LOWEST     39           400 PM
 AVERAGE    70

..........................................................


THE MACON CLIMATE NORMALS FOR TODAY
                         NORMAL    RECORD    YEAR
 MAXIMUM TEMPERATURE (F)   89       104      1925
 MINIMUM TEMPERATURE (F)   67        52      1997


SUNRISE AND SUNSET
SEPTEMBER  5 2015.....SUNRISE   712 AM EDT   SUNSET   754 PM EDT
SEPTEMBER  6 2015.....SUNRISE   712 AM EDT   SUNSET   753 PM EDT


-  INDICATES NEGATIVE NUMBERS.
R  INDICATES RECORD WAS SET OR TIED.
MM INDICATES DATA IS MISSING.
T  INDICATES TRACE AMOUNT.




$$
