000
CDUS42 KFFC 290927
CLIMCN


CLIMATE REPORT
NATIONAL WEATHER SERVICE PEACHTREE CITY GA
426 AM EST THU JAN 29 2015


...................................

...THE MACON CLIMATE SUMMARY FOR JANUARY 28 2015...

CLIMATE NORMAL PERIOD 1981 TO 2010
CLIMATE RECORD PERIOD 1899 TO 2015


WEATHER ITEM   OBSERVED TIME   RECORD YEAR NORMAL DEPARTURE LAST
                VALUE   (LST)  VALUE       VALUE  FROM      YEAR
                                                  NORMAL
..................................................................
TEMPERATURE (F)
 YESTERDAY
  MAXIMUM         55    428 PM  79    1944  59     -4       43
  MINIMUM         26    755 AM  10    1986  35     -9       27
  AVERAGE         41                        47     -6       35

PRECIPITATION (IN)
  YESTERDAY        0.00          2.08 1910   0.15  -0.15     0.54
  MONTH TO DATE    2.44                      3.80  -1.36     3.23
  SINCE DEC 1      8.33                      7.84   0.49    12.27
  SINCE JAN 1      2.44                      3.80  -1.36     3.23

SNOWFALL (IN)
  YESTERDAY        0.0           T    2005   0.0    0.0      2.1
  MONTH TO DATE    0.0                       0.4   -0.4      2.1
  SINCE DEC 1      0.0                       0.5   -0.5      2.1
  SINCE JUL 1      0.0                       0.5   -0.5      2.1
  SNOW DEPTH       0

DEGREE DAYS
 HEATING
  YESTERDAY       24                        18      6       30
  MONTH TO DATE  573                       526     47      686
  SINCE DEC 1   1000                      1056    -56     1143
  SINCE JUL 1   1560                      1451    109     1592

 COOLING
  YESTERDAY        0                         0      0        0
  MONTH TO DATE    0                         0      0        0
  SINCE DEC 1      0                         3     -3       10
  SINCE JAN 1      0                         0      0        0
..................................................................


WIND (MPH)
  RESULTANT WIND SPEED   1   RESULTANT WIND DIRECTION  NW (330)
  HIGHEST WIND SPEED    14   HIGHEST WIND DIRECTION    NE (30)
  HIGHEST GUST SPEED    18   HIGHEST GUST DIRECTION    NE (40)
  AVERAGE WIND SPEED     2.8


SKY COVER
  AVERAGE SKY COVER 0.0


WEATHER CONDITIONS
 THE FOLLOWING WEATHER WAS RECORDED YESTERDAY.
  NO SIGNIFICANT WEATHER WAS OBSERVED.


RELATIVE HUMIDITY (PERCENT)
 HIGHEST   100           600 AM
 LOWEST     32           500 PM
 AVERAGE    66

..........................................................


THE MACON CLIMATE NORMALS FOR TODAY
                         NORMAL    RECORD    YEAR
 MAXIMUM TEMPERATURE (F)   59        81      1957
 MINIMUM TEMPERATURE (F)   35        15      1966


SUNRISE AND SUNSET
JANUARY 29 2015.......SUNRISE   731 AM EST   SUNSET   604 PM EST
JANUARY 30 2015.......SUNRISE   731 AM EST   SUNSET   605 PM EST


-  INDICATES NEGATIVE NUMBERS.
R  INDICATES RECORD WAS SET OR TIED.
MM INDICATES DATA IS MISSING.
T  INDICATES TRACE AMOUNT.




$$
