000
CDUS42 KFFC 200022
CLIMCN


CLIMATE REPORT
NATIONAL WEATHER SERVICE PEACHTREE CITY GA
822 PM EDT SAT APR 19 2014


...................................

...THE MACON CLIMATE SUMMARY FOR APRIL 19 2014...
VALID AS OF 0800 PM LOCAL TIME.

CLIMATE NORMAL PERIOD 1981 TO 2010
CLIMATE RECORD PERIOD 1899 TO 2014


WEATHER ITEM   OBSERVED TIME   RECORD YEAR NORMAL DEPARTURE LAST
                VALUE   (LST)  VALUE       VALUE  FROM      YEAR
                                                  NORMAL
..................................................................
TEMPERATURE (F)
 TODAY
  MAXIMUM         60    203 PM  91    2002  78    -18       75
                                      1976
                                      1968
  MINIMUM         51    153 AM  31    1983  51      0       49
  AVERAGE         56                        64     -8       62

PRECIPITATION (IN)
  TODAY            T             1.73 1940   0.10  -0.10     0.68
  MONTH TO DATE    6.12                      2.03   4.09     5.18
  SINCE MAR 1     10.05                      6.58   3.47     8.97
  SINCE JAN 1     17.88                     15.18   2.70    23.89

SNOWFALL (IN)
  TODAY            0.0           0.0  2002   0.0    0.0      0.0
                                      2001
                                      2000
  MONTH TO DATE    0.0                       0.0    0.0      0.0
  SINCE MAR 1      0.0                       0.2   -0.2      0.0
  SINCE JUL 1      2.1                       0.7    1.4      0.0
  SNOW DEPTH       0

DEGREE DAYS
 HEATING
  TODAY            9                         3      6        3
  MONTH TO DATE   97                        86     11       84
  SINCE MAR 1    468                       358    110      522
  SINCE JUL 1   2601                      2283    318     2196

 COOLING
  TODAY            0                         2     -2        0
  MONTH TO DATE   21                        30     -9       27
  SINCE MAR 1     21                        48    -27       31
  SINCE JAN 1     22                        51    -29       49
..................................................................


WIND (MPH)
  HIGHEST WIND SPEED    20   HIGHEST WIND DIRECTION    NE (30)
  HIGHEST GUST SPEED    26   HIGHEST GUST DIRECTION     N (10)
  AVERAGE WIND SPEED    14.3


SKY COVER
  AVERAGE SKY COVER 1.0


WEATHER CONDITIONS
 THE FOLLOWING WEATHER WAS RECORDED TODAY.
  LIGHT RAIN
  FOG


RELATIVE HUMIDITY (PERCENT)
 HIGHEST   100           300 AM
 LOWEST     80           100 PM

..........................................................


THE MACON CLIMATE NORMALS FOR TOMORROW
                         NORMAL    RECORD
 MAXIMUM TEMPERATURE (F)   78        92
 MINIMUM TEMPERATURE (F)   51        31


SUNRISE AND SUNSET
APRIL 19 2014.........SUNRISE   700 AM EDT   SUNSET   807 PM EDT
APRIL 20 2014.........SUNRISE   659 AM EDT   SUNSET   808 PM EDT


-  INDICATES NEGATIVE NUMBERS.
R  INDICATES RECORD WAS SET OR TIED.
MM INDICATES DATA IS MISSING.
T  INDICATES TRACE AMOUNT.




$$
