000
CDUS42 KFFC 240819
CLIMCN


CLIMATE REPORT
NATIONAL WEATHER SERVICE PEACHTREE CITY GA
419 AM EDT SUN MAY 24 2015


...................................

...THE MACON CLIMATE SUMMARY FOR MAY 23 2015...

CLIMATE NORMAL PERIOD 1981 TO 2010
CLIMATE RECORD PERIOD 1899 TO 2015


WEATHER ITEM   OBSERVED TIME   RECORD YEAR NORMAL DEPARTURE LAST
                VALUE   (LST)  VALUE       VALUE  FROM      YEAR
                                                  NORMAL
..................................................................
TEMPERATURE (F)
 YESTERDAY
  MAXIMUM         85    502 PM  98    1956  86     -1       93
                                      1941
  MINIMUM         53    539 AM  42    2002  62     -9       64
  AVERAGE         69                        74     -5       79

PRECIPITATION (IN)
  YESTERDAY        0.00          3.47 1957   0.09  -0.09     0.00
  MONTH TO DATE    0.80                      1.87  -1.07     1.93
  SINCE MAR 1      9.35                      9.38  -0.03    13.32
  SINCE JAN 1     16.15                     17.98  -1.83    21.15

DEGREE DAYS
 HEATING
  YESTERDAY        0                         0      0        0
  MONTH TO DATE    6                        11     -5       18
  SINCE MAR 1    258                       393   -135      493
  SINCE JUL 1   2471                      2318    153     2626

 COOLING
  YESTERDAY        4                         9     -5       14
  MONTH TO DATE  167                       146     21      133
  SINCE MAR 1    291                       227     64      185
  SINCE JAN 1    291                       230     61      186
..................................................................


WIND (MPH)
  RESULTANT WIND SPEED   4   RESULTANT WIND DIRECTION   E (90)
  HIGHEST WIND SPEED    16   HIGHEST WIND DIRECTION     E (100)
  HIGHEST GUST SPEED    21   HIGHEST GUST DIRECTION     E (100)
  AVERAGE WIND SPEED     4.7


SKY COVER
  AVERAGE SKY COVER 0.0


WEATHER CONDITIONS
 THE FOLLOWING WEATHER WAS RECORDED YESTERDAY.
  NO SIGNIFICANT WEATHER WAS OBSERVED.


RELATIVE HUMIDITY (PERCENT)
 HIGHEST   100           500 AM
 LOWEST     29           400 PM
 AVERAGE    65

..........................................................


THE MACON CLIMATE NORMALS FOR TODAY
                         NORMAL    RECORD    YEAR
 MAXIMUM TEMPERATURE (F)   87        97      1960
 MINIMUM TEMPERATURE (F)   62        46      1931


SUNRISE AND SUNSET
MAY 24 2015...........SUNRISE   631 AM EDT   SUNSET   832 PM EDT
MAY 25 2015...........SUNRISE   630 AM EDT   SUNSET   833 PM EDT


-  INDICATES NEGATIVE NUMBERS.
R  INDICATES RECORD WAS SET OR TIED.
MM INDICATES DATA IS MISSING.
T  INDICATES TRACE AMOUNT.




$$
