000
CDUS42 KFFC 190919
CLIMCN


CLIMATE REPORT
NATIONAL WEATHER SERVICE PEACHTREE CITY GA
419 AM EST THU JAN 19 2017


...................................

...THE MACON CLIMATE SUMMARY FOR JANUARY 18 2017...

CLIMATE NORMAL PERIOD 1981 TO 2010
CLIMATE RECORD PERIOD 1899 TO 2017


WEATHER ITEM   OBSERVED TIME   RECORD YEAR NORMAL DEPARTURE LAST
                VALUE   (LST)  VALUE       VALUE  FROM      YEAR
                                                  NORMAL
..................................................................
TEMPERATURE (F)
 YESTERDAY
  MAXIMUM         76    205 PM  78    1907  58     18       49
  MINIMUM         55   1142 PM  16    2003  35     20       27
                                      1976
  AVERAGE         66                        46     20       38

PRECIPITATION (IN)
  YESTERDAY        T             3.44 1925   0.13  -0.13     0.00
  MONTH TO DATE    7.83                      2.37   5.46     1.17
  SINCE DEC 1     13.78                      6.41   7.37    13.79
  SINCE JAN 1      7.83                      2.37   5.46     1.17

SNOWFALL (IN)
  YESTERDAY        0.0           0.0  2002   0.0    0.0      0.0
  MONTH TO DATE    0.0                       0.3   -0.3      0.0
  SINCE DEC 1      0.0                       0.4   -0.4      0.0
  SINCE JUL 1      0.0                       0.4   -0.4      0.0
  SNOW DEPTH       0

DEGREE DAYS
 HEATING
  YESTERDAY        0                        19    -19       27
  MONTH TO DATE  206                       342   -136      352
  SINCE DEC 1    597                       872   -275      583
  SINCE JUL 1    839                      1267   -428      855

 COOLING
  YESTERDAY        1                         0      1        0
  MONTH TO DATE    1                         0      1        0
  SINCE DEC 1      3                         3      0       42
  SINCE JAN 1      1                         0      1        0
..................................................................


WIND (MPH)
  RESULTANT WIND SPEED   7   RESULTANT WIND DIRECTION   W (270)
  HIGHEST WIND SPEED    17   HIGHEST WIND DIRECTION     W (280)
  HIGHEST GUST SPEED    22   HIGHEST GUST DIRECTION     W (260)
  AVERAGE WIND SPEED     8.0


SKY COVER
  AVERAGE SKY COVER 0.5


WEATHER CONDITIONS
 THE FOLLOWING WEATHER WAS RECORDED YESTERDAY.
  LIGHT RAIN
  FOG


RELATIVE HUMIDITY (PERCENT)
 HIGHEST   100          1100 PM
 LOWEST     54           400 PM
 AVERAGE    77

..........................................................


THE MACON CLIMATE NORMALS FOR TODAY
                         NORMAL    RECORD    YEAR
 MAXIMUM TEMPERATURE (F)   58        79      1990
 MINIMUM TEMPERATURE (F)   35         5      1977


SUNRISE AND SUNSET
JANUARY 19 2017.......SUNRISE   736 AM EST   SUNSET   555 PM EST
JANUARY 20 2017.......SUNRISE   735 AM EST   SUNSET   556 PM EST


-  INDICATES NEGATIVE NUMBERS.
R  INDICATES RECORD WAS SET OR TIED.
MM INDICATES DATA IS MISSING.
T  INDICATES TRACE AMOUNT.




$$
