000
CDUS42 KFFC 290823
CLIMCN


CLIMATE REPORT
NATIONAL WEATHER SERVICE PEACHTREE CITY GA
423 AM EDT TUE JUL 29 2014


...................................

...THE MACON CLIMATE SUMMARY FOR JULY 28 2014...

CLIMATE NORMAL PERIOD 1981 TO 2010
CLIMATE RECORD PERIOD 1899 TO 2014


WEATHER ITEM   OBSERVED TIME   RECORD YEAR NORMAL DEPARTURE LAST
                VALUE   (LST)  VALUE       VALUE  FROM      YEAR
                                                  NORMAL
..................................................................
TEMPERATURE (F)
 YESTERDAY
  MAXIMUM         94    424 PM 101    1993  93      1       90
                                      1952
  MINIMUM         71   1159 PM  62    1911  71      0       68
  AVERAGE         83                        82      1       79

PRECIPITATION (IN)
  YESTERDAY        T             2.51 1965   0.14  -0.14     0.00
  MONTH TO DATE    5.04                      4.50   0.54     5.87
  SINCE JUN 1     10.69                      8.56   2.13    18.12
  SINCE JAN 1     32.88                     27.39   5.49    46.81

DEGREE DAYS
 HEATING
  YESTERDAY        0                         0      0        0
  MONTH TO DATE    0                         0      0        0
  SINCE JUN 1      0                         0      0        0
  SINCE JUL 1      0                         0      0        0

 COOLING
  YESTERDAY       18                        17      1       14
  MONTH TO DATE  409                       470    -61      411
  SINCE JUN 1    824                       889    -65      807
  SINCE JAN 1   1102                      1202   -100     1017
..................................................................


WIND (MPH)
  RESULTANT WIND SPEED   8   RESULTANT WIND DIRECTION   W (270)
  HIGHEST WIND SPEED    20   HIGHEST WIND DIRECTION     W (280)
  HIGHEST GUST SPEED    28   HIGHEST GUST DIRECTION     W (270)
  AVERAGE WIND SPEED     8.3


SKY COVER
  AVERAGE SKY COVER 0.2


WEATHER CONDITIONS
 THE FOLLOWING WEATHER WAS RECORDED YESTERDAY.
  NO SIGNIFICANT WEATHER WAS OBSERVED.


RELATIVE HUMIDITY (PERCENT)
 HIGHEST    94           600 AM
 LOWEST     46           500 PM
 AVERAGE    70

..........................................................


THE MACON CLIMATE NORMALS FOR TODAY
                         NORMAL    RECORD    YEAR
 MAXIMUM TEMPERATURE (F)   93       104      1986
                                             1952
 MINIMUM TEMPERATURE (F)   71        63      1897


SUNRISE AND SUNSET
JULY 29 2014..........SUNRISE   647 AM EDT   SUNSET   835 PM EDT
JULY 30 2014..........SUNRISE   647 AM EDT   SUNSET   834 PM EDT


-  INDICATES NEGATIVE NUMBERS.
R  INDICATES RECORD WAS SET OR TIED.
MM INDICATES DATA IS MISSING.
T  INDICATES TRACE AMOUNT.




$$
