000
CDUS42 KFFC 240823
CLIMCN


CLIMATE REPORT
NATIONAL WEATHER SERVICE PEACHTREE CITY GA
423 AM EDT FRI MAR 24 2017


...................................

...THE MACON CLIMATE SUMMARY FOR MARCH 23 2017...

CLIMATE NORMAL PERIOD 1981 TO 2010
CLIMATE RECORD PERIOD 1899 TO 2017


WEATHER ITEM   OBSERVED TIME   RECORD YEAR NORMAL DEPARTURE LAST
                VALUE   (LST)  VALUE       VALUE  FROM      YEAR
                                                  NORMAL
..................................................................
TEMPERATURE (F)
 YESTERDAY
  MAXIMUM         66    509 PM  91    1907  71     -5       74
  MINIMUM         54    823 AM  26    1915  46      8       37
  AVERAGE         60                        58      2       56

PRECIPITATION (IN)
  YESTERDAY        0.00          3.72 1908   0.13  -0.13     0.00
  MONTH TO DATE    1.25                      3.42  -2.17     1.69
  SINCE MAR 1      1.25                      3.42  -2.17     1.69
  SINCE JAN 1     14.45                     12.02   2.43     7.42

SNOWFALL (IN)
  YESTERDAY        0.0           0.0  2002   0.0    0.0      0.0
                                      2001
                                      2000
  MONTH TO DATE    0.0                       0.2   -0.2      0.0
  SINCE MAR 1      0.0                       0.2   -0.2      0.0
  SINCE JUL 1      0.0                       0.7   -0.7       T
  SNOW DEPTH       0

DEGREE DAYS
 HEATING
  YESTERDAY        5                         7     -2        9
  MONTH TO DATE  235                       220     15      142
  SINCE MAR 1    235                       220     15      142
  SINCE JUL 1   1422                      2145   -723     1672

 COOLING
  YESTERDAY        0                         1     -1        0
  MONTH TO DATE   17                        12      5       43
  SINCE MAR 1     17                        12      5       43
  SINCE JAN 1     28                        15     13       44
..................................................................


WIND (MPH)
  RESULTANT WIND SPEED  11   RESULTANT WIND DIRECTION   E (100)
  HIGHEST WIND SPEED    18   HIGHEST WIND DIRECTION     E (80)
  HIGHEST GUST SPEED    24   HIGHEST GUST DIRECTION     E (90)
  AVERAGE WIND SPEED    12.1


SKY COVER
  AVERAGE SKY COVER 0.9


WEATHER CONDITIONS
 THE FOLLOWING WEATHER WAS RECORDED YESTERDAY.
  NO SIGNIFICANT WEATHER WAS OBSERVED.


RELATIVE HUMIDITY (PERCENT)
 HIGHEST    60           900 PM
 LOWEST     33           400 AM
 AVERAGE    47

..........................................................


THE MACON CLIMATE NORMALS FOR TODAY
                         NORMAL    RECORD    YEAR
 MAXIMUM TEMPERATURE (F)   72        92      1929
 MINIMUM TEMPERATURE (F)   46        27      1968


SUNRISE AND SUNSET
MARCH 24 2017.........SUNRISE   733 AM EDT   SUNSET   749 PM EDT
MARCH 25 2017.........SUNRISE   731 AM EDT   SUNSET   750 PM EDT


-  INDICATES NEGATIVE NUMBERS.
R  INDICATES RECORD WAS SET OR TIED.
MM INDICATES DATA IS MISSING.
T  INDICATES TRACE AMOUNT.




$$
