000
CDUS42 KMLB 262118
CLIMCO


CLIMATE REPORT
NATIONAL WEATHER SERVICE MELBOURNE FL
418 PM EST SUN FEB 26 2017


...................................

...THE ORLANDO  CLIMATE SUMMARY FOR FEBRUARY 26 2017...
VALID TODAY AS OF 0400 PM LOCAL TIME.

CLIMATE NORMAL PERIOD 1981 TO 2010
CLIMATE RECORD PERIOD 1892 TO 2017


WEATHER ITEM   OBSERVED TIME   RECORD YEAR NORMAL DEPARTURE LAST
                VALUE   (LST)  VALUE       VALUE  FROM      YEAR
                                                  NORMAL
..................................................................
TEMPERATURE (F)
 TODAY
  MAXIMUM         78    240 PM  89    1971  76      2       65
                                      1944
                                      1928
  MINIMUM         55    701 AM  28    1967  54      1       46
  AVERAGE         67                        65      2       56

PRECIPITATION (IN)
  TODAY            0.00          1.49 1958   0.09  -0.09     0.00
  MONTH TO DATE    0.95                      2.20  -1.25     1.69
  SINCE DEC 1      5.45                      7.13  -1.68     8.06
  SINCE JAN 1      2.93                      4.55  -1.62     7.34

SNOWFALL (IN)
  TODAY            0.0
  MONTH TO DATE    0.0
  SINCE DEC 1      0.0
  SINCE JUL 1      0.0

DEGREE DAYS
 HEATING
  TODAY            0                         3     -3        9
  MONTH TO DATE   16                       109    -93      129
  SINCE DEC 1    146                       446   -300      329
  SINCE JUL 1    169                       493   -324      338

 COOLING
  TODAY            2                         3     -1        0
  MONTH TO DATE   93                        55     38       47
  SINCE DEC 1    344                       170    174      285
  SINCE JAN 1    185                       100     85       62
..................................................................


WIND (MPH)
  HIGHEST WIND SPEED    17   HIGHEST WIND DIRECTION     N (360)
  HIGHEST GUST SPEED    21   HIGHEST GUST DIRECTION    NW (330)
  AVERAGE WIND SPEED    10.0


SKY COVER
  AVERAGE SKY COVER 0.1


WEATHER CONDITIONS
 THE FOLLOWING WEATHER WAS RECORDED TODAY.
  NO SIGNIFICANT WEATHER WAS OBSERVED.


RELATIVE HUMIDITY (PERCENT)
 HIGHEST    93           200 AM
 LOWEST     24           300 PM
 AVERAGE    59

..........................................................


THE ORLANDO  CLIMATE NORMALS FOR TOMORROW
                         NORMAL    RECORD    YEAR
 MAXIMUM TEMPERATURE (F)   76        89      1962
                                             1929
 MINIMUM TEMPERATURE (F)   54        33      1980
                                             1920


SUNRISE AND SUNSET
FEBRUARY 26 2017......SUNRISE   653 AM EST   SUNSET   624 PM EST
FEBRUARY 27 2017......SUNRISE   652 AM EST   SUNSET   624 PM EST


-  INDICATES NEGATIVE NUMBERS.
R  INDICATES RECORD WAS SET OR TIED.
MM INDICATES DATA IS MISSING.
T  INDICATES TRACE AMOUNT.




$$
