000
CDUS42 KMLB 282020
CLIMCO


CLIMATE REPORT
NATIONAL WEATHER SERVICE MELBOURNE FL
419 PM EDT WED JUN 28 2017


...................................

...THE ORLANDO  CLIMATE SUMMARY FOR JUNE 28 2017...
VALID TODAY AS OF 0400 PM LOCAL TIME.

CLIMATE NORMAL PERIOD 1981 TO 2010
CLIMATE RECORD PERIOD 1892 TO 2017


WEATHER ITEM   OBSERVED TIME   RECORD YEAR NORMAL DEPARTURE LAST
                VALUE   (LST)  VALUE       VALUE  FROM      YEAR
                                                  NORMAL
..................................................................
TEMPERATURE (F)
 TODAY
  MAXIMUM         87    204 PM  98    1906  91     -4       92
  MINIMUM         68    451 AM  64    2012  73     -5       74
  AVERAGE         78                        82     -4       83

PRECIPITATION (IN)
  TODAY            T             3.36 1974   0.24  -0.24     0.36
  MONTH TO DATE    5.44                      7.07  -1.63     6.50
  SINCE JUN 1      5.44                      7.07  -1.63     6.50
  SINCE JAN 1     11.83                     21.70  -9.87    26.59

SNOWFALL (IN)
  TODAY            0.0
  MONTH TO DATE    0.0
  SINCE JUN 1      0.0
  SINCE JUL 1      0.0

DEGREE DAYS
 HEATING
  TODAY            0                         0      0        0
  MONTH TO DATE    0                         0      0        0
  SINCE JUN 1      0                         0      0        0
  SINCE JUL 1    209                       571   -362      370

 COOLING
  TODAY           13                        17     -4       18
  MONTH TO DATE  415                       456    -41      503
  SINCE JUN 1    415                       456    -41      503
  SINCE JAN 1   1451                      1257    194     1418
..................................................................


WIND (MPH)
  HIGHEST WIND SPEED    14   HIGHEST WIND DIRECTION    NE (40)
  HIGHEST GUST SPEED    19   HIGHEST GUST DIRECTION    NE (50)
  AVERAGE WIND SPEED     6.4


SKY COVER
  AVERAGE SKY COVER 0.5


WEATHER CONDITIONS
 THE FOLLOWING WEATHER WAS RECORDED TODAY.
  LIGHT RAIN
  FOG
  HAZE


RELATIVE HUMIDITY (PERCENT)
 HIGHEST   100          1200 AM
 LOWEST     70          1200 PM
 AVERAGE    85

..........................................................


THE ORLANDO  CLIMATE NORMALS FOR TOMORROW
                         NORMAL    RECORD    YEAR
 MAXIMUM TEMPERATURE (F)   91        99      1998
 MINIMUM TEMPERATURE (F)   73        64      1893


SUNRISE AND SUNSET
JUNE 28 2017..........SUNRISE   631 AM EDT   SUNSET   827 PM EDT
JUNE 29 2017..........SUNRISE   631 AM EDT   SUNSET   827 PM EDT


-  INDICATES NEGATIVE NUMBERS.
R  INDICATES RECORD WAS SET OR TIED.
MM INDICATES DATA IS MISSING.
T  INDICATES TRACE AMOUNT.




$$
