000
CDUS42 KMLB 280647
CLIMCO


CLIMATE REPORT
NATIONAL WEATHER SERVICE MELBOURNE FL
237 AM EDT THU APR 28 2016


...................................

...THE ORLANDO  CLIMATE SUMMARY FOR APRIL 27 2016...

CLIMATE NORMAL PERIOD 1981 TO 2010
CLIMATE RECORD PERIOD 1892 TO 2016


WEATHER ITEM   OBSERVED TIME   RECORD YEAR NORMAL DEPARTURE LAST
                VALUE   (LST)  VALUE       VALUE  FROM      YEAR
                                                  NORMAL
..................................................................
TEMPERATURE (F)
 YESTERDAY
  MAXIMUM         88    327 PM  97    1908  85      3       83
  MINIMUM         64    606 AM  46    1926  62      2       71
                                      1910
  AVERAGE         76                        73      3       77

PRECIPITATION (IN)
  YESTERDAY        0.00          1.41 1964   0.07  -0.07     0.00
  MONTH TO DATE    0.63                      2.46  -1.83     3.88
  SINCE MAR 1      5.94                      6.23  -0.29     4.63
  SINCE JAN 1     13.28                     10.96   2.32    12.73

SNOWFALL (IN)
  YESTERDAY        0.0
  MONTH TO DATE    0.0
  SINCE MAR 1      0.0
  SINCE JUL 1      0.0

DEGREE DAYS
 HEATING
  YESTERDAY        0                         0      0        0
  MONTH TO DATE    0                        11    -11        0
  SINCE MAR 1     16                        70    -54       16
  SINCE JUL 1    370                       569   -199      486

 COOLING
  YESTERDAY       11                         8      3       12
  MONTH TO DATE  202                       173     29      350
  SINCE MAR 1    419                       291    128      618
  SINCE JAN 1    481                       395     86      692
..................................................................


WIND (MPH)
  HIGHEST WIND SPEED    17   HIGHEST WIND DIRECTION     E (110)
  HIGHEST GUST SPEED    21   HIGHEST GUST DIRECTION    SE (120)
  AVERAGE WIND SPEED     6.4


SKY COVER
  AVERAGE SKY COVER 0.3


WEATHER CONDITIONS
 THE FOLLOWING WEATHER WAS RECORDED YESTERDAY.
  NO SIGNIFICANT WEATHER WAS OBSERVED.


RELATIVE HUMIDITY (PERCENT)
 HIGHEST    93           600 AM
 LOWEST     35           400 PM
 AVERAGE    64

..........................................................


THE ORLANDO  CLIMATE NORMALS FOR TODAY
                         NORMAL    RECORD    YEAR
 MAXIMUM TEMPERATURE (F)   85        95      2011
 MINIMUM TEMPERATURE (F)   62        48      1977


SUNRISE AND SUNSET
APRIL 28 2016.........SUNRISE   647 AM EDT   SUNSET   759 PM EDT
APRIL 29 2016.........SUNRISE   646 AM EDT   SUNSET   759 PM EDT


-  INDICATES NEGATIVE NUMBERS.
R  INDICATES RECORD WAS SET OR TIED.
MM INDICATES DATA IS MISSING.
T  INDICATES TRACE AMOUNT.




$$
