000
CDUS42 KMLB 280628
CLIMCO


CLIMATE REPORT
NATIONAL WEATHER SERVICE MELBOURNE FL
226 AM EDT THU AUG 28 2014


...................................

...THE ORLANDO  CLIMATE SUMMARY FOR AUGUST 27 2014...

CLIMATE NORMAL PERIOD 1981 TO 2010
CLIMATE RECORD PERIOD 1892 TO 2014


WEATHER ITEM   OBSERVED TIME   RECORD YEAR NORMAL DEPARTURE LAST
                VALUE   (LST)  VALUE       VALUE  FROM      YEAR
                                                  NORMAL
..................................................................
TEMPERATURE (F)
 YESTERDAY
  MAXIMUM         92    203 PM  97    1943  91      1       89
                                      1920
                                      1914
  MINIMUM         75   1159 PM  64    1930  74      1       71
                                      1893
  AVERAGE         84                        83      1       80

PRECIPITATION (IN)
  YESTERDAY        T             4.80 1949   0.23  -0.23      T
  MONTH TO DATE    6.63                      6.26   0.37     5.11
  SINCE JUN 1     20.06                     21.11  -1.05    23.78
  SINCE JAN 1     37.41                     35.74   1.67    34.65

SNOWFALL (IN)
  YESTERDAY        0.0
  MONTH TO DATE    0.0
  SINCE JUN 1      0.0
  SINCE JUL 1      0.0

DEGREE DAYS
 HEATING
  YESTERDAY        0                         0      0        0
  MONTH TO DATE    0                         0      0        0
  SINCE JUN 1      0                         0      0        0
  SINCE JUL 1      0                         0      0        0

 COOLING
  YESTERDAY       19                        18      1       15
  MONTH TO DATE  516                       486     30      509
  SINCE JUN 1   1589                      1525     64     1547
  SINCE JAN 1   2523                      2326    197     2419
..................................................................


WIND (MPH)
  HIGHEST WIND SPEED    17   HIGHEST WIND DIRECTION    NE (60)
  HIGHEST GUST SPEED    25   HIGHEST GUST DIRECTION     E (70)
  AVERAGE WIND SPEED     8.6


SKY COVER
  AVERAGE SKY COVER 0.5


WEATHER CONDITIONS
 THE FOLLOWING WEATHER WAS RECORDED YESTERDAY.
  LIGHT RAIN


RELATIVE HUMIDITY (PERCENT)
 HIGHEST    88           100 AM
 LOWEST     49           200 PM
 AVERAGE    69

..........................................................


THE ORLANDO  CLIMATE NORMALS FOR TODAY
                         NORMAL    RECORD    YEAR
 MAXIMUM TEMPERATURE (F)   91        99      1903
 MINIMUM TEMPERATURE (F)   74        65      1997


SUNRISE AND SUNSET
AUGUST 28 2014........SUNRISE   702 AM EDT   SUNSET   751 PM EDT
AUGUST 29 2014........SUNRISE   702 AM EDT   SUNSET   750 PM EDT


-  INDICATES NEGATIVE NUMBERS.
R  INDICATES RECORD WAS SET OR TIED.
MM INDICATES DATA IS MISSING.
T  INDICATES TRACE AMOUNT.




$$
