000
CDUS42 KMLB 192116
CLIMCO


CLIMATE REPORT
NATIONAL WEATHER SERVICE MELBOURNE FL
416 PM EST FRI JAN 19 2018


...................................

...THE ORLANDO  CLIMATE SUMMARY FOR JANUARY 19 2018...
VALID TODAY AS OF 0400 PM LOCAL TIME.

CLIMATE NORMAL PERIOD 1981 TO 2010
CLIMATE RECORD PERIOD 1892 TO 2018


WEATHER ITEM   OBSERVED TIME   RECORD YEAR NORMAL DEPARTURE LAST
                VALUE   (LST)  VALUE       VALUE  FROM      YEAR
                                                  NORMAL
..................................................................
TEMPERATURE (F)
 TODAY
  MAXIMUM         66    314 PM  86    1925  71     -5       82
  MINIMUM         35    444 AM  24    1977  49    -14       58
  AVERAGE         51                        60     -9       70

PRECIPITATION (IN)
  TODAY            0.00          0.98 1915   0.08  -0.08     0.00
  MONTH TO DATE    1.29                      1.43  -0.14     1.14
  SINCE DEC 1      1.64                      4.01  -2.37     3.66
  SINCE JAN 1      1.29                      1.43  -0.14     1.14

SNOWFALL (IN)
  TODAY            0.0
  MONTH TO DATE    0.0
  SINCE DEC 1      0.0
  SINCE JUL 1      0.0

DEGREE DAYS
 HEATING
  TODAY           14                         6      8        0
  MONTH TO DATE  215                       121     94       42
  SINCE DEC 1    316                       265     51       74
  SINCE JUL 1    340                       312     28       97

 COOLING
  TODAY            0                         1     -1        5
  MONTH TO DATE   21                        22     -1       59
  SINCE DEC 1    113                        92     21      218
  SINCE JAN 1     21                        22     -1       59
..................................................................


WIND (MPH)
  HIGHEST WIND SPEED    12   HIGHEST WIND DIRECTION     N (10)
  HIGHEST GUST SPEED    14   HIGHEST GUST DIRECTION     S (180)
  AVERAGE WIND SPEED     5.1


SKY COVER
  AVERAGE SKY COVER 0.4


WEATHER CONDITIONS
 THE FOLLOWING WEATHER WAS RECORDED TODAY.
  NO SIGNIFICANT WEATHER WAS OBSERVED.


RELATIVE HUMIDITY (PERCENT)
 HIGHEST    82          1200 AM
 LOWEST     34           400 PM
 AVERAGE    58

..........................................................


THE ORLANDO  CLIMATE NORMALS FOR TOMORROW
                         NORMAL    RECORD    YEAR
 MAXIMUM TEMPERATURE (F)   71        87      1963
 MINIMUM TEMPERATURE (F)   49        20      1977


SUNRISE AND SUNSET
JANUARY 19 2018.......SUNRISE   718 AM EST   SUNSET   554 PM EST
JANUARY 20 2018.......SUNRISE   718 AM EST   SUNSET   555 PM EST


-  INDICATES NEGATIVE NUMBERS.
R  INDICATES RECORD WAS SET OR TIED.
MM INDICATES DATA IS MISSING.
T  INDICATES TRACE AMOUNT.




$$
