000
CDUS42 KMLB 200626
CLIMCO


CLIMATE REPORT
NATIONAL WEATHER SERVICE MELBOURNE FL
126 AM EST FRI JAN 20 2017


...................................

...THE ORLANDO  CLIMATE SUMMARY FOR JANUARY 19 2017...

CLIMATE NORMAL PERIOD 1981 TO 2010
CLIMATE RECORD PERIOD 1892 TO 2017


WEATHER ITEM   OBSERVED TIME   RECORD YEAR NORMAL DEPARTURE LAST
                VALUE   (LST)  VALUE       VALUE  FROM      YEAR
                                                  NORMAL
..................................................................
TEMPERATURE (F)
 YESTERDAY
  MAXIMUM         82    254 PM  86    1925  71     11       56
  MINIMUM         58    741 AM  24    1977  49      9       39
  AVERAGE         70                        60     10       48

PRECIPITATION (IN)
  YESTERDAY        0.00          0.98 1915   0.08  -0.08     0.00
  MONTH TO DATE    1.14                      1.43  -0.29     2.91
  SINCE DEC 1      3.66                      4.01  -0.35     3.63
  SINCE JAN 1      1.14                      1.43  -0.29     2.91

SNOWFALL (IN)
  YESTERDAY        0.0
  MONTH TO DATE    0.0
  SINCE DEC 1      0.0
  SINCE JUL 1      0.0

DEGREE DAYS
 HEATING
  YESTERDAY        0                         6     -6       17
  MONTH TO DATE   42                       121    -79      102
  SINCE DEC 1     74                       265   -191      111
  SINCE JUL 1     97                       312   -215      120

 COOLING
  YESTERDAY        5                         1      4        0
  MONTH TO DATE   59                        22     37       15
  SINCE DEC 1    218                        92    126      238
  SINCE JAN 1     59                        22     37       15
..................................................................


WIND (MPH)
  HIGHEST WIND SPEED    15   HIGHEST WIND DIRECTION    SW (220)
  HIGHEST GUST SPEED    17   HIGHEST GUST DIRECTION    SW (220)
  AVERAGE WIND SPEED     2.9


SKY COVER
  AVERAGE SKY COVER 0.5


WEATHER CONDITIONS
 THE FOLLOWING WEATHER WAS RECORDED YESTERDAY.
  FOG


RELATIVE HUMIDITY (PERCENT)
 HIGHEST    90           100 AM
 LOWEST     49           400 PM
 AVERAGE    70

..........................................................


THE ORLANDO  CLIMATE NORMALS FOR TODAY
                         NORMAL    RECORD    YEAR
 MAXIMUM TEMPERATURE (F)   71        87      1963
 MINIMUM TEMPERATURE (F)   49        20      1977


SUNRISE AND SUNSET
JANUARY 20 2017.......SUNRISE   718 AM EST   SUNSET   555 PM EST
JANUARY 21 2017.......SUNRISE   717 AM EST   SUNSET   556 PM EST


-  INDICATES NEGATIVE NUMBERS.
R  INDICATES RECORD WAS SET OR TIED.
MM INDICATES DATA IS MISSING.
T  INDICATES TRACE AMOUNT.




$$
