000
CDUS42 KMLB 302016
CLIMCO


CLIMATE REPORT
NATIONAL WEATHER SERVICE MELBOURNE FL
416 PM EDT FRI SEP 30 2016


...................................

...THE ORLANDO  CLIMATE SUMMARY FOR SEPTEMBER 30 2016...
VALID TODAY AS OF 0400 PM LOCAL TIME.

CLIMATE NORMAL PERIOD 1981 TO 2010
CLIMATE RECORD PERIOD 1892 TO 2016


WEATHER ITEM   OBSERVED TIME   RECORD YEAR NORMAL DEPARTURE LAST
                VALUE   (LST)  VALUE       VALUE  FROM      YEAR
                                                  NORMAL
..................................................................
TEMPERATURE (F)
 TODAY
  MAXIMUM         91    145 PM  96    1921  88      3       91
  MINIMUM         72    548 AM  59    1896  71      1       75
  AVERAGE         82                        79      3       83

PRECIPITATION (IN)
  TODAY            0.00          2.13 1987   0.18  -0.18     0.00
  MONTH TO DATE    6.32                      6.06   0.26     5.98
  SINCE SEP 1      6.32                      6.06   0.26     5.98
  SINCE JAN 1     48.01                     42.67   5.34    50.04

SNOWFALL (IN)
  TODAY            0.0
  MONTH TO DATE    0.0
  SINCE SEP 1      0.0
  SINCE JUL 1      0.0

DEGREE DAYS
 HEATING
  TODAY            0                         0      0        0
  MONTH TO DATE    0                         0      0        0
  SINCE SEP 1      0                         0      0        0
  SINCE JUL 1      0                         0      0        0

 COOLING
  TODAY           17                        14      3       18
  MONTH TO DATE  523                       483     40      513
  SINCE SEP 1    523                       483     40      513
  SINCE JAN 1   3196                      2876    320     3384
..................................................................


WIND (MPH)
  HIGHEST WIND SPEED    14   HIGHEST WIND DIRECTION     S (190)
  HIGHEST GUST SPEED    20   HIGHEST GUST DIRECTION     S (200)
  AVERAGE WIND SPEED     5.9


SKY COVER
  AVERAGE SKY COVER 0.4


WEATHER CONDITIONS
 THE FOLLOWING WEATHER WAS RECORDED TODAY.
  NO SIGNIFICANT WEATHER WAS OBSERVED.


RELATIVE HUMIDITY (PERCENT)
 HIGHEST   100           500 AM
 LOWEST     56           200 PM
 AVERAGE    78

..........................................................


THE ORLANDO  CLIMATE NORMALS FOR TOMORROW
                         NORMAL    RECORD    YEAR
 MAXIMUM TEMPERATURE (F)   88        98      1904
 MINIMUM TEMPERATURE (F)   70        58      1924


SUNRISE AND SUNSET
SEPTEMBER 30 2016.....SUNRISE   718 AM EDT   SUNSET   712 PM EDT
OCTOBER  1 2016.......SUNRISE   718 AM EDT   SUNSET   711 PM EDT


-  INDICATES NEGATIVE NUMBERS.
R  INDICATES RECORD WAS SET OR TIED.
MM INDICATES DATA IS MISSING.
T  INDICATES TRACE AMOUNT.




$$
