000
CDUS43 KDMX 280701
CLIMCW

CLIMATE REPORT
NATIONAL WEATHER SERVICE DES MOINES IA
156 AM CDT SAT MAR 28 2015

...................................

...THE MASON CITY IA CLIMATE SUMMARY FOR MARCH 27 2015...

CLIMATE NORMAL PERIOD 1981 TO 2010
CLIMATE RECORD PERIOD 1893 TO 2015


WEATHER ITEM   OBSERVED TIME   RECORD YEAR NORMAL DEPARTURE LAST
                VALUE   (LST)  VALUE       VALUE  FROM      YEAR
                                                  NORMAL
..................................................................
TEMPERATURE (F)
 YESTERDAY
  MAXIMUM         38    258 PM  76    1989  48    -10       43
  MINIMUM         15    534 AM   0    1964  28    -13       32
  AVERAGE         27                        38    -11       38

PRECIPITATION (IN)
  YESTERDAY        0.00          1.03 1961   0.09  -0.09     0.28
  MONTH TO DATE    0.85                      1.85  -1.00     0.93
  SINCE MAR 1      0.85                      1.85  -1.00     0.93
  SINCE JAN 1      2.92                      3.67  -0.75     3.95

SNOWFALL (IN)
  YESTERDAY        0.0           4.0  1931   0.2   -0.2      0.0
  MONTH TO DATE    3.6                       5.4   -1.8      6.9
  SINCE MAR 1      3.6                       5.4   -1.8      6.9
  SINCE JUL 1     39.4                      37.9    1.5     53.0
  SNOW DEPTH       0

DEGREE DAYS
 HEATING
  YESTERDAY       38                        27     11       27
  MONTH TO DATE  841                       889    -48     1098
  SINCE MAR 1    841                       889    -48     1098
  SINCE JUL 1   6904                      6740    164     7644

 COOLING
  YESTERDAY        0                         0      0        0
  MONTH TO DATE    0                         0      0        0
  SINCE MAR 1      0                         0      0        0
  SINCE JAN 1      0                         0      0        0
..................................................................


WIND (MPH)
  HIGHEST WIND SPEED    13   HIGHEST WIND DIRECTION    NW (330)
  HIGHEST GUST SPEED    15   HIGHEST GUST DIRECTION    NW (330)
  AVERAGE WIND SPEED     5.8


SKY COVER
  POSSIBLE SUNSHINE  MM
  AVERAGE SKY COVER 0.1


WEATHER CONDITIONS
 THE FOLLOWING WEATHER WAS RECORDED YESTERDAY.
  NO SIGNIFICANT WEATHER WAS OBSERVED.


RELATIVE HUMIDITY (PERCENT)
 HIGHEST    84           200 AM
 LOWEST     32           300 PM
 AVERAGE    58

..........................................................


THE MASON CITY IA CLIMATE NORMALS FOR TODAY
                         NORMAL    RECORD    YEAR
 MAXIMUM TEMPERATURE (F)   49        79      1986
 MINIMUM TEMPERATURE (F)   28         2      1970


SUNRISE AND SUNSET
MARCH 28 2015.........SUNRISE   703 AM CDT   SUNSET   735 PM CDT
MARCH 29 2015.........SUNRISE   701 AM CDT   SUNSET   736 PM CDT


-  INDICATES NEGATIVE NUMBERS.
R  INDICATES RECORD WAS SET OR TIED.
MM INDICATES DATA IS MISSING.
T  INDICATES TRACE AMOUNT.




$$
