000
CDUS43 KDMX 250638 RRB
CLIMCW

CLIMATE REPORT
NATIONAL WEATHER SERVICE DES MOINES IA
1237 AM CST SUN JAN 25 2015


...................................

...THE MASON CITY IA CLIMATE SUMMARY FOR JANUARY 24 2015...

CLIMATE NORMAL PERIOD 1981 TO 2010
CLIMATE RECORD PERIOD 1893 TO 2015


WEATHER ITEM   OBSERVED TIME   RECORD YEAR NORMAL DEPARTURE LAST
                VALUE   (LST)  VALUE       VALUE  FROM      YEAR
                                                  NORMAL
..................................................................
TEMPERATURE (F)
 YESTERDAY
  MAXIMUM         42    315 PM  59    1981  25     17       35
  MINIMUM         26    724 AM -29    1922   7     19        1
  AVERAGE         34                        16     18       18

PRECIPITATION (IN)
  YESTERDAY        0.00          0.87 1967   0.03  -0.03     0.02
  MONTH TO DATE    0.36                      0.62  -0.26     0.38
  SINCE DEC 1      1.46                      1.86  -0.40     1.55
  SINCE JAN 1      0.36                      0.62  -0.26     0.38

SNOWFALL (IN)
  YESTERDAY        0.0           4.0  1929   0.3   -0.3      0.5
  MONTH TO DATE    7.6                       8.2   -0.6      4.2
  SINCE DEC 1     13.3                      17.5   -4.2     19.1
  SINCE JUL 1     21.3                      22.2   -0.9     20.6
  SNOW DEPTH       0

DEGREE DAYS
 HEATING
  YESTERDAY       31                        49    -18       47
  MONTH TO DATE 1158                      1176    -18     1324
  SINCE DEC 1   2384                      2585   -201     2904
  SINCE JUL 1   4283                      4265     18     4568

 COOLING
  YESTERDAY        0                         0      0        0
  MONTH TO DATE    0                         0      0        0
  SINCE DEC 1      0                         0      0        0
  SINCE JAN 1      0                         0      0        0
..................................................................


WIND (MPH)
  HIGHEST WIND SPEED    15   HIGHEST WIND DIRECTION     W (260)
  HIGHEST GUST SPEED    18   HIGHEST GUST DIRECTION     W (250)
  AVERAGE WIND SPEED     7.6


SKY COVER
  POSSIBLE SUNSHINE  MM
  AVERAGE SKY COVER 0.3


WEATHER CONDITIONS
 THE FOLLOWING WEATHER WAS RECORDED YESTERDAY.
  NO SIGNIFICANT WEATHER WAS OBSERVED.


RELATIVE HUMIDITY (PERCENT)
 HIGHEST   100           800 AM
 LOWEST     73           100 PM
 AVERAGE    87

..........................................................


THE MASON CITY IA CLIMATE NORMALS FOR TODAY
                         NORMAL    RECORD    YEAR
 MAXIMUM TEMPERATURE (F)   25        62      1944
 MINIMUM TEMPERATURE (F)    7       -25      1936


SUNRISE AND SUNSET
JANUARY 25 2015.......SUNRISE   736 AM CST   SUNSET   516 PM CST
JANUARY 26 2015.......SUNRISE   735 AM CST   SUNSET   517 PM CST


-  INDICATES NEGATIVE NUMBERS.
R  INDICATES RECORD WAS SET OR TIED.
MM INDICATES DATA IS MISSING.
T  INDICATES TRACE AMOUNT.

$$
