000
CDUS41 KCTP 010622
CLIMDT


CLIMATE REPORT
NATIONAL WEATHER SERVICE STATE COLLEGE PA
222 AM EDT SAT NOV 1 2014


...................................

...THE HARRISBURG PA CLIMATE SUMMARY FOR OCTOBER 31 2014...

CLIMATE NORMAL PERIOD 1981 TO 2010
CLIMATE RECORD PERIOD 1888 TO 2014


WEATHER ITEM   OBSERVED TIME   RECORD YEAR NORMAL DEPARTURE LAST
                VALUE   (LST)  VALUE       VALUE  FROM      YEAR
                                                  NORMAL
..................................................................
TEMPERATURE (F)
 YESTERDAY
  MAXIMUM         54    322 PM  81    1950  59     -5       67
  MINIMUM         45    940 PM  24    1988  40      5       52
  AVERAGE         50                        50      0       60

PRECIPITATION (IN)
  YESTERDAY        T             1.33 1939   0.09  -0.09     0.05
  MONTH TO DATE    2.43                      3.27  -0.84    11.04
  SINCE SEP 1      3.97                      7.34  -3.37    12.20
  SINCE JAN 1     37.64                     34.28   3.36    36.47

SNOWFALL (IN)
  YESTERDAY        0.0
  MONTH TO DATE    0.0
  SINCE SEP 1      0.0
  SINCE JUL 1      0.0
  SNOW DEPTH       0

DEGREE DAYS
 HEATING
  YESTERDAY       15                        15      0        5
  MONTH TO DATE  245                       338    -93      271
  SINCE SEP 1    279                       410   -131      346
  SINCE JUL 1    279                       412   -133      346

 COOLING
  YESTERDAY        0                         0      0        0
  MONTH TO DATE    8                         9     -1       45
  SINCE SEP 1    149                       106     43      153
  SINCE JAN 1   1050                      1002     48     1105
..................................................................


WIND (MPH)
  HIGHEST WIND SPEED     8   HIGHEST WIND DIRECTION     E (90)
  HIGHEST GUST SPEED    15   HIGHEST GUST DIRECTION     E (80)
  AVERAGE WIND SPEED     2.3


SKY COVER
  POSSIBLE SUNSHINE  MM
  AVERAGE SKY COVER 0.9


WEATHER CONDITIONS
 THE FOLLOWING WEATHER WAS RECORDED YESTERDAY.
  LIGHT RAIN
  HAZE


RELATIVE HUMIDITY (PERCENT)
 HIGHEST    71          1200 AM
 LOWEST     48           400 PM
 AVERAGE    60

..........................................................


THE HARRISBURG PA CLIMATE NORMALS FOR TODAY
                         NORMAL    RECORD    YEAR
 MAXIMUM TEMPERATURE (F)   59        84      1950
 MINIMUM TEMPERATURE (F)   40        29      1964


SUNRISE AND SUNSET
NOVEMBER  1 2014......SUNRISE   736 AM EDT   SUNSET   604 PM EDT
NOVEMBER  2 2014......SUNRISE   638 AM EST   SUNSET   503 PM EST


-  INDICATES NEGATIVE NUMBERS.
R  INDICATES RECORD WAS SET OR TIED.
MM INDICATES DATA IS MISSING.
T  INDICATES TRACE AMOUNT.




$$
