000
CDUS41 KCTP 040613
CLIMDT


CLIMATE REPORT
NATIONAL WEATHER SERVICE STATE COLLEGE PA
212 AM EDT FRI SEP 4 2015


...................................

...THE HARRISBURG PA CLIMATE SUMMARY FOR SEPTEMBER 3 2015...

CLIMATE NORMAL PERIOD 1981 TO 2010
CLIMATE RECORD PERIOD 1888 TO 2015


WEATHER ITEM   OBSERVED TIME   RECORD YEAR NORMAL DEPARTURE LAST
                VALUE   (LST)  VALUE       VALUE  FROM      YEAR
                                                  NORMAL
..................................................................
TEMPERATURE (F)
 YESTERDAY
  MAXIMUM         93    315 PM 102    1953  80     13       84
  MINIMUM         72    613 AM  43    1967  61     11       67
  AVERAGE         83                        71     12       76

PRECIPITATION (IN)
  YESTERDAY        0.00          1.52 1993   0.12  -0.12     0.00
  MONTH TO DATE    0.00                      0.35  -0.35     0.07
  SINCE SEP 1      0.00                      0.35  -0.35     0.07
  SINCE JAN 1     24.63                     27.29  -2.66    33.74

DEGREE DAYS
 HEATING
  YESTERDAY        0                         0      0        0
  MONTH TO DATE    0                         0      0        0
  SINCE SEP 1      0                         0      0        0
  SINCE JUL 1      0                         2     -2        0

 COOLING
  YESTERDAY       18                         6     12       11
  MONTH TO DATE   47                        19     28       42
  SINCE SEP 1     47                        19     28       42
  SINCE JAN 1   1167                       915    252      943
..................................................................


WIND (MPH)
  HIGHEST WIND SPEED    13   HIGHEST WIND DIRECTION     W (290)
  HIGHEST GUST SPEED    17   HIGHEST GUST DIRECTION     W (280)
  AVERAGE WIND SPEED     6.3


SKY COVER
  POSSIBLE SUNSHINE  MM
  AVERAGE SKY COVER 0.4


WEATHER CONDITIONS
 THE FOLLOWING WEATHER WAS RECORDED YESTERDAY.
  HAZE


RELATIVE HUMIDITY (PERCENT)
 HIGHEST    84           600 AM
 LOWEST     41           200 PM
 AVERAGE    63

..........................................................


THE HARRISBURG PA CLIMATE NORMALS FOR TODAY
                         NORMAL    RECORD    YEAR
 MAXIMUM TEMPERATURE (F)   80        93      2008
                                             1964
                                             1953
 MINIMUM TEMPERATURE (F)   61        46      1946


SUNRISE AND SUNSET
SEPTEMBER  4 2015.....SUNRISE   637 AM EDT   SUNSET   734 PM EDT
SEPTEMBER  5 2015.....SUNRISE   638 AM EDT   SUNSET   733 PM EDT


-  INDICATES NEGATIVE NUMBERS.
R  INDICATES RECORD WAS SET OR TIED.
MM INDICATES DATA IS MISSING.
T  INDICATES TRACE AMOUNT.




$$
