000
CDUS41 KCTP 232116
CLIMDT


CLIMATE REPORT
NATIONAL WEATHER SERVICE STATE COLLEGE PA
515 PM EDT TUE SEP 23 2014


...................................

...THE HARRISBURG PA CLIMATE SUMMARY FOR SEPTEMBER 23 2014...
VALID TODAY AS OF 0500 PM LOCAL TIME.

CLIMATE NORMAL PERIOD 1981 TO 2010
CLIMATE RECORD PERIOD 1888 TO 2014


WEATHER ITEM   OBSERVED TIME   RECORD YEAR NORMAL DEPARTURE LAST
                VALUE   (LST)  VALUE       VALUE  FROM      YEAR
                                                  NORMAL
..................................................................
TEMPERATURE (F)
 TODAY
  MAXIMUM         72    359 PM  94    1970  73     -1       65
  MINIMUM         48    353 AM  36    1963  53     -5       47
  AVERAGE         60                        63     -3       56

PRECIPITATION (IN)
  TODAY            0.00          1.76 2011   0.14  -0.14     0.00
  MONTH TO DATE    0.70                      3.07  -2.37     1.16
  SINCE SEP 1      0.70                      3.07  -2.37     1.16
  SINCE JAN 1     34.37                     30.01   4.36    25.43

DEGREE DAYS
 HEATING
  TODAY            5                         4      1        9
  MONTH TO DATE   29                        34     -5       51
  SINCE SEP 1     29                        34     -5       51
  SINCE JUL 1     29                        36     -7       51

 COOLING
  TODAY            0                         2     -2        0
  MONTH TO DATE  129                        89     40      108
  SINCE SEP 1    129                        89     40      108
  SINCE JAN 1   1030                       985     45     1060
..................................................................


WIND (MPH)
  HIGHEST WIND SPEED     9   HIGHEST WIND DIRECTION    NW (320)
  HIGHEST GUST SPEED    12   HIGHEST GUST DIRECTION    NW (320)
  AVERAGE WIND SPEED     4.6


SKY COVER
  POSSIBLE SUNSHINE  MM
  AVERAGE SKY COVER 0.1


WEATHER CONDITIONS
 THE FOLLOWING WEATHER WAS RECORDED TODAY.
  NO SIGNIFICANT WEATHER WAS OBSERVED.


RELATIVE HUMIDITY (PERCENT)
 HIGHEST    80           300 AM
 LOWEST     40           200 PM
 AVERAGE    60

..........................................................


THE HARRISBURG PA CLIMATE NORMALS FOR TOMORROW
                         NORMAL    RECORD    YEAR
 MAXIMUM TEMPERATURE (F)   72        97      1970
 MINIMUM TEMPERATURE (F)   53        30      1963


SUNRISE AND SUNSET
SEPTEMBER 23 2014.....SUNRISE   656 AM EDT   SUNSET   703 PM EDT
SEPTEMBER 24 2014.....SUNRISE   657 AM EDT   SUNSET   701 PM EDT


-  INDICATES NEGATIVE NUMBERS.
R  INDICATES RECORD WAS SET OR TIED.
MM INDICATES DATA IS MISSING.
T  INDICATES TRACE AMOUNT.




$$
