000
CDUS41 KCTP 090620
CLIMDT


CLIMATE REPORT
NATIONAL WEATHER SERVICE STATE COLLEGE PA
120 AM EST FRI DEC 9 2016


...................................

...THE HARRISBURG PA CLIMATE SUMMARY FOR DECEMBER 8 2016...

CLIMATE NORMAL PERIOD 1981 TO 2010
CLIMATE RECORD PERIOD 1888 TO 2016


WEATHER ITEM   OBSERVED TIME   RECORD YEAR NORMAL DEPARTURE LAST
                VALUE   (LST)  VALUE       VALUE  FROM      YEAR
                                                  NORMAL
..................................................................
TEMPERATURE (F)
 YESTERDAY
  MAXIMUM         44    227 PM  68    1980  44      0       44
  MINIMUM         31   1159 PM  12    2002  28      3       28
  AVERAGE         38                        36      2       36

PRECIPITATION (IN)
  YESTERDAY        0.00          1.25 1917   0.11  -0.11     0.00
  MONTH TO DATE    1.03                      0.93   0.10     1.04
  SINCE DEC 1      1.03                      0.93   0.10     1.04
  SINCE JAN 1     39.64                     38.44   1.20    38.80

SNOWFALL (IN)
  YESTERDAY        0.0           6.6  1917   0.1   -0.1      0.0
  MONTH TO DATE    T                         1.0   -1.0      0.0
  SINCE DEC 1      T                         1.0   -1.0      0.0
  SINCE JUL 1      T                         1.6   -1.6      0.0
  SNOW DEPTH       0

DEGREE DAYS
 HEATING
  YESTERDAY       27                        29     -2       29
  MONTH TO DATE  178                       225    -47      190
  SINCE DEC 1    178                       225    -47      190
  SINCE JUL 1    964                      1264   -300      965

 COOLING
  YESTERDAY        0                         0      0        0
  MONTH TO DATE    0                         0      0        0
  SINCE DEC 1      0                         0      0        0
  SINCE JAN 1   1515                      1002    513     1334
..................................................................


WIND (MPH)
  HIGHEST WIND SPEED    31   HIGHEST WIND DIRECTION    NW (300)
  HIGHEST GUST SPEED    42   HIGHEST GUST DIRECTION    NW (310)
  AVERAGE WIND SPEED     9.6


SKY COVER
  POSSIBLE SUNSHINE  MM
  AVERAGE SKY COVER 0.7


WEATHER CONDITIONS
 THE FOLLOWING WEATHER WAS RECORDED YESTERDAY.
  NO SIGNIFICANT WEATHER WAS OBSERVED.


RELATIVE HUMIDITY (PERCENT)
 HIGHEST    89           600 AM
 LOWEST     39           100 PM
 AVERAGE    64

..........................................................


THE HARRISBURG PA CLIMATE NORMALS FOR TODAY
                         NORMAL    RECORD    YEAR
 MAXIMUM TEMPERATURE (F)   43        68      1946
 MINIMUM TEMPERATURE (F)   28         7      1989


SUNRISE AND SUNSET
DECEMBER  9 2016......SUNRISE   718 AM EST   SUNSET   441 PM EST
DECEMBER 10 2016......SUNRISE   719 AM EST   SUNSET   441 PM EST


-  INDICATES NEGATIVE NUMBERS.
R  INDICATES RECORD WAS SET OR TIED.
MM INDICATES DATA IS MISSING.
T  INDICATES TRACE AMOUNT.




$$
