000
CDUS41 KCTP 300620
CLIMDT


CLIMATE REPORT
NATIONAL WEATHER SERVICE STATE COLLEGE PA
220 AM EDT TUE MAY 30 2017


...................................

...THE HARRISBURG PA CLIMATE SUMMARY FOR MAY 29 2017...

CLIMATE NORMAL PERIOD 1981 TO 2010
CLIMATE RECORD PERIOD 1888 TO 2017


WEATHER ITEM   OBSERVED TIME   RECORD YEAR NORMAL DEPARTURE LAST
                VALUE   (LST)  VALUE       VALUE  FROM      YEAR
                                                  NORMAL
..................................................................
TEMPERATURE (F)
 YESTERDAY
  MAXIMUM         72    340 PM  95    1969  76     -4       89
  MINIMUM         60    848 AM  40    1949  57      3       66
  AVERAGE         66                        66      0       78

PRECIPITATION (IN)
  YESTERDAY        0.11          2.45 1990   0.13  -0.02     0.07
  MONTH TO DATE    3.76                      3.52   0.24     3.15
  SINCE MAR 1     11.90                      9.99   1.91     6.96
  SINCE JAN 1     16.28                     15.26   1.02    16.88

SNOWFALL (IN)
  YESTERDAY        0.0           0.0  2002   0.0    0.0      0.0
                                      2001
  MONTH TO DATE    0.0                       0.0    0.0      0.0
  SINCE MAR 1     18.4                       5.6   12.8      1.4
  SINCE JUL 1     23.9                      30.6   -6.7     39.1
  SNOW DEPTH       0

DEGREE DAYS
 HEATING
  YESTERDAY        0                         2     -2        0
  MONTH TO DATE  143                       143      0      173
  SINCE MAR 1   1121                      1258   -137     1084
  SINCE JUL 1   4359                      5246   -887     4456

 COOLING
  YESTERDAY        1                         3     -2       13
  MONTH TO DATE   43                        52     -9       63
  SINCE MAR 1     70                        59     11       75
  SINCE JAN 1     70                        59     11       75
..................................................................


WIND (MPH)
  HIGHEST WIND SPEED    15   HIGHEST WIND DIRECTION    SE (130)
  HIGHEST GUST SPEED    19   HIGHEST GUST DIRECTION    SE (120)
  AVERAGE WIND SPEED     7.5


SKY COVER
  POSSIBLE SUNSHINE  MM
  AVERAGE SKY COVER 1.0


WEATHER CONDITIONS
 THE FOLLOWING WEATHER WAS RECORDED YESTERDAY.
  RAIN
  LIGHT RAIN
  FOG


RELATIVE HUMIDITY (PERCENT)
 HIGHEST   100          1200 AM
 LOWEST     78           300 PM
 AVERAGE    89

..........................................................


THE HARRISBURG PA CLIMATE NORMALS FOR TODAY
                         NORMAL    RECORD    YEAR
 MAXIMUM TEMPERATURE (F)   76        95      1895
 MINIMUM TEMPERATURE (F)   57        41      1949


SUNRISE AND SUNSET
MAY 30 2017...........SUNRISE   541 AM EDT   SUNSET   829 PM EDT
MAY 31 2017...........SUNRISE   540 AM EDT   SUNSET   830 PM EDT


-  INDICATES NEGATIVE NUMBERS.
R  INDICATES RECORD WAS SET OR TIED.
MM INDICATES DATA IS MISSING.
T  INDICATES TRACE AMOUNT.




$$
