000
CDUS43 KLOT 230638
CLIMDW


CLIMATE REPORT
NATIONAL WEATHER SERVICE CHICAGO IL
137 AM CDT WED JUL 23 2014


...................................

...THE CHICAGO-MIDWAY CLIMATE SUMMARY FOR JULY 22 2014...

CLIMATE NORMAL PERIOD 1981 TO 2010
CLIMATE RECORD PERIOD 1928 TO 2014


WEATHER ITEM   OBSERVED TIME   RECORD YEAR NORMAL DEPARTURE LAST
                VALUE   (LST)  VALUE       VALUE  FROM      YEAR
                                                  NORMAL
..................................................................
TEMPERATURE (F)
 YESTERDAY
  MAXIMUM         91    311 PM 104    1934  84      7       90
  MINIMUM         72    509 AM  49    1947  68      4       72
  AVERAGE         82                        76      6       81

PRECIPITATION (IN)
  YESTERDAY        0.19          1.82 1962   0.14   0.05    MM
  MONTH TO DATE    5.14                      2.75   2.39     0.94
  SINCE JUN 1     12.86                      6.81   6.05     4.22
  SINCE JAN 1     24.15                     21.30   2.85    21.81

DEGREE DAYS
 HEATING
  YESTERDAY        0                         0      0        0
  MONTH TO DATE    1                         0      1        0
  SINCE JUN 1      3                        31    -28       36
  SINCE JUL 1      1                         0      1        0

 COOLING
  YESTERDAY       17                        11      6       16
  MONTH TO DATE  177                       240    -63      280
  SINCE JUN 1    428                       450    -22      461
  SINCE JAN 1    539                       524     15      567
..................................................................


WIND (MPH)
  RESULTANT WIND SPEED  12   RESULTANT WIND DIRECTION  SW (210)
  HIGHEST WIND SPEED    23   HIGHEST WIND DIRECTION    NE (30)
  HIGHEST GUST SPEED    27   HIGHEST GUST DIRECTION     S (200)
  AVERAGE WIND SPEED    12.9



WEATHER CONDITIONS
 THE FOLLOWING WEATHER WAS RECORDED YESTERDAY.
  THUNDERSTORM
  RAIN
  LIGHT RAIN
  FOG


..........................................................


THE CHICAGO-MIDWAY CLIMATE NORMALS FOR TODAY
                         NORMAL    RECORD    YEAR
 MAXIMUM TEMPERATURE (F)   84       109      1934
 MINIMUM TEMPERATURE (F)   68        51      1947


SUNRISE AND SUNSET
JULY 23 2014..........SUNRISE   536 AM CDT   SUNSET   818 PM CDT
JULY 24 2014..........SUNRISE   537 AM CDT   SUNSET   817 PM CDT


-  INDICATES NEGATIVE NUMBERS.
R  INDICATES RECORD WAS SET OR TIED.
MM INDICATES DATA IS MISSING.
T  INDICATES TRACE AMOUNT.




$$
