000
CDUS43 KLOT 250632
CLIMDW


CLIMATE REPORT
NATIONAL WEATHER SERVICE CHICAGO IL
132 AM CDT THU MAY 25 2017


...................................

...THE CHICAGO-MIDWAY CLIMATE SUMMARY FOR MAY 24 2017...

CLIMATE NORMAL PERIOD 1981 TO 2010
CLIMATE RECORD PERIOD 1928 TO 2017


WEATHER ITEM   OBSERVED TIME   RECORD YEAR NORMAL DEPARTURE LAST
                VALUE   (LST)  VALUE       VALUE  FROM      YEAR
                                                  NORMAL
..................................................................
TEMPERATURE (F)
 YESTERDAY
  MAXIMUM         61    239 PM  93    1950  73    -12       89
  MINIMUM         52    955 PM  36    1935  54     -2       64
  AVERAGE         57                        63     -6       77

PRECIPITATION (IN)
  YESTERDAY        0.35          1.31 1955   0.14   0.21     0.00
  MONTH TO DATE    3.50                      3.14   0.36     3.43
  SINCE MAR 1     13.94                      9.50   4.44     8.81
  SINCE JAN 1     19.05                     13.50   5.55     9.59

DEGREE DAYS
 HEATING
  YESTERDAY        8                         4      4        0
  MONTH TO DATE  211                       164     47      180
  SINCE MAR 1   1311                      1424   -113     1237
  SINCE JUL 1   4957                      5935   -978     4875

 COOLING
  YESTERDAY        0                         3     -3       12
  MONTH TO DATE   27                        39    -12       18
  SINCE MAR 1     46                        52     -6       31
  SINCE JAN 1     46                        52     -6       31
..................................................................


WIND (MPH)
  RESULTANT WIND SPEED  13   RESULTANT WIND DIRECTION   N (10)
  HIGHEST WIND SPEED    20   HIGHEST WIND DIRECTION     N (10)
  HIGHEST GUST SPEED    25   HIGHEST GUST DIRECTION    NE (30)
  AVERAGE WIND SPEED    13.3



WEATHER CONDITIONS
 THE FOLLOWING WEATHER WAS RECORDED YESTERDAY.
  LIGHT RAIN
  FOG


..........................................................


THE CHICAGO-MIDWAY CLIMATE NORMALS FOR TODAY
                         NORMAL    RECORD    YEAR
 MAXIMUM TEMPERATURE (F)   73        90      2016
                                             1950
                                             1939
 MINIMUM TEMPERATURE (F)   54        35      1934


SUNRISE AND SUNSET
MAY 25 2017...........SUNRISE   523 AM CDT   SUNSET   814 PM CDT
MAY 26 2017...........SUNRISE   522 AM CDT   SUNSET   815 PM CDT


-  INDICATES NEGATIVE NUMBERS.
R  INDICATES RECORD WAS SET OR TIED.
MM INDICATES DATA IS MISSING.
T  INDICATES TRACE AMOUNT.




$$
