000
CDUS43 KLOT 242137
CLIMDW


CLIMATE REPORT
NATIONAL WEATHER SERVICE CHICAGO IL
437 PM CDT SUN JUL 24 2016


...................................

...THE CHICAGO-MIDWAY CLIMATE SUMMARY FOR JULY 24 2016...
VALID TODAY AS OF 0400 PM LOCAL TIME.

CLIMATE NORMAL PERIOD 1981 TO 2010
CLIMATE RECORD PERIOD 1928 TO 2016


WEATHER ITEM   OBSERVED TIME   RECORD YEAR NORMAL DEPARTURE
                VALUE   (LST)  VALUE       VALUE  FROM
                                                  NORMAL
...............................................................
TEMPERATURE (F)
 TODAY
  MAXIMUM         94    226 PM 107    1934  84     10
  MINIMUM         73    540 AM  55    1938  68      5
                                      1931
  AVERAGE         84                        76      8

PRECIPITATION (IN)
  TODAY            0.03          4.77 2010   0.14  -0.11
  MONTH TO DATE    4.30                      3.03   1.27
  SINCE JUN 1      5.86                      7.09  -1.23
  SINCE JAN 1     17.58                     21.58  -4.00

DEGREE DAYS
 HEATING
  TODAY            0                         0      0
  MONTH TO DATE    0                         0      0
  SINCE JUN 1      6                        31    -25
  SINCE JUL 1      0                         0      0

 COOLING
  TODAY           19                        11      8
  MONTH TO DATE  297                       262     35
  SINCE JUN 1    585                       472    113
  SINCE JAN 1    692                       546    146
...............................................................


WIND (MPH)
  RESULTANT WIND SPEED  11   RESULTANT WIND DIRECTION   S (190)
  HIGHEST WIND SPEED    23   HIGHEST WIND DIRECTION    SW (210)
  HIGHEST GUST SPEED    30   HIGHEST GUST DIRECTION    SW (220)
  AVERAGE WIND SPEED    12.8


SKY COVER
  POSSIBLE SUNSHINE  MM
  AVERAGE SKY COVER 0.8


WEATHER CONDITIONS
 THE FOLLOWING WEATHER WAS RECORDED TODAY.
  THUNDERSTORM
  LIGHT RAIN


..........................................................


THE CHICAGO-MIDWAY CLIMATE NORMALS FOR TOMORROW
                         NORMAL    RECORD    YEAR
 MAXIMUM TEMPERATURE (F)   84       105      1934
 MINIMUM TEMPERATURE (F)   68        58      2013


SUNRISE AND SUNSET
JULY 24 2016..........SUNRISE   538 AM CDT   SUNSET   817 PM CDT
JULY 25 2016..........SUNRISE   539 AM CDT   SUNSET   816 PM CDT


-  INDICATES NEGATIVE NUMBERS.
R  INDICATES RECORD WAS SET OR TIED.
MM INDICATES DATA IS MISSING.
T  INDICATES TRACE AMOUNT.




$$
