000
CDUS43 KLOT 260639
CLIMDW


CLIMATE REPORT
NATIONAL WEATHER SERVICE CHICAGO IL
138 AM CDT THU MAR 26 2015


...................................

...THE CHICAGO-MIDWAY CLIMATE SUMMARY FOR MARCH 25 2015...

CLIMATE NORMAL PERIOD 1981 TO 2010
CLIMATE RECORD PERIOD 1928 TO 2015


WEATHER ITEM   OBSERVED TIME   RECORD YEAR NORMAL DEPARTURE LAST
                VALUE   (LST)  VALUE       VALUE  FROM      YEAR
                                                  NORMAL
..................................................................
TEMPERATURE (F)
 YESTERDAY
  MAXIMUM         43    554 PM  78    2007  50     -7       31
  MINIMUM         38   1159 PM  10    1940  34      4       21
  AVERAGE         41                        42     -1       26

PRECIPITATION (IN)
  YESTERDAY        0.13          1.95 1930   0.09   0.04      T
  MONTH TO DATE    0.43                      2.14  -1.71     0.90
  SINCE MAR 1      0.43                      2.14  -1.71     0.90
  SINCE JAN 1      1.77                      6.14  -4.37     3.39

DEGREE DAYS
 HEATING
  YESTERDAY       24                        23      1       39
  MONTH TO DATE  676                       682     -6      857
  SINCE MAR 1    676                       682     -6      857
  SINCE JUL 1   5398                      5193    205     6059

 COOLING
  YESTERDAY        0                         0      0        0
  MONTH TO DATE    0                         0      0        0
  SINCE MAR 1      0                         0      0        0
  SINCE JAN 1      0                         0      0        0
..................................................................


WIND (MPH)
  RESULTANT WIND SPEED  10   RESULTANT WIND DIRECTION   W (250)
  HIGHEST WIND SPEED    23   HIGHEST WIND DIRECTION     W (250)
  HIGHEST GUST SPEED    31   HIGHEST GUST DIRECTION     W (290)
  AVERAGE WIND SPEED    11.8



WEATHER CONDITIONS
 THE FOLLOWING WEATHER WAS RECORDED YESTERDAY.
  LIGHT RAIN
  FOG
  HAZE


..........................................................


THE CHICAGO-MIDWAY CLIMATE NORMALS FOR TODAY
                         NORMAL    RECORD    YEAR
 MAXIMUM TEMPERATURE (F)   51        79      2007
 MINIMUM TEMPERATURE (F)   34        11      1955


SUNRISE AND SUNSET
MARCH 26 2015.........SUNRISE   645 AM CDT   SUNSET   710 PM CDT
MARCH 27 2015.........SUNRISE   643 AM CDT   SUNSET   711 PM CDT


-  INDICATES NEGATIVE NUMBERS.
R  INDICATES RECORD WAS SET OR TIED.
MM INDICATES DATA IS MISSING.
T  INDICATES TRACE AMOUNT.




$$
