000
CDUS44 KMEG 240640
CLIMEG


CLIMATE REPORT
NATIONAL WEATHER SERVICE MEMPHIS TN
139 AM CDT WED MAY 24 2017


...................................

...THE MEMPHIS/GERMANTOWN WFO CLIMATE SUMMARY FOR MAY 23 2017...

CLIMATE NORMAL PERIOD 1981 TO 2010
CLIMATE RECORD PERIOD 1988 TO 2017


WEATHER ITEM   OBSERVED TIME   RECORD YEAR NORMAL DEPARTURE LAST
                VALUE   (LST)  VALUE       VALUE  FROM      YEAR
                                                  NORMAL
..................................................................
TEMPERATURE (F)
 YESTERDAY
  MAXIMUM         80        MM  94    2010  82     -2       85
  MINIMUM         61        MM  47    1990  61      0       54
  AVERAGE         71                        72     -1       70

PRECIPITATION (IN)
  YESTERDAY        0.08          0.72 1989   0.15  -0.07     0.00
  MONTH TO DATE    1.85                      4.38  -2.53     2.69
  SINCE MAR 1     12.14                     14.65  -2.51    25.46
  SINCE JAN 1     17.35                     23.28  -5.93    34.41

SNOWFALL (IN)
  YESTERDAY        0.0          MM      MM                   0.0
  MONTH TO DATE    0.0                                       0.0
  SINCE MAR 1      0.4                                        T
  SINCE JUL 1      1.4                                       0.9
  SNOW DEPTH       0

DEGREE DAYS
 HEATING
  YESTERDAY        0                         1     -1        0
  MONTH TO DATE   25                        37    -12       38
  SINCE MAR 1    394                       664   -270      398
  SINCE JUL 1   2235                      3410  -1175     2485

 COOLING
  YESTERDAY        6                         7     -1        5
  MONTH TO DATE   69                       117    -48       75
  SINCE MAR 1    215                       182     33      148
  SINCE JAN 1    229                       183     46      148
..................................................................







THE MEMPHIS/GERMANTOWN WFO CLIMATE NORMALS FOR TODAY
                         NORMAL    RECORD    YEAR
 MAXIMUM TEMPERATURE (F)   83        93      2006
 MINIMUM TEMPERATURE (F)   62        48      1990


SUNRISE AND SUNSET
MAY 24 2017...........SUNRISE   549 AM CDT   SUNSET   803 PM CDT
MAY 25 2017...........SUNRISE   549 AM CDT   SUNSET   804 PM CDT


-  INDICATES NEGATIVE NUMBERS.
R  INDICATES RECORD WAS SET OR TIED.
MM INDICATES DATA IS MISSING.
T  INDICATES TRACE AMOUNT.




$$
