114
CDUS44 KMEG 260642
CLIMEG


CLIMATE REPORT
NATIONAL WEATHER SERVICE MEMPHIS TN
141 AM CDT TUE JUL 26 2016


...................................

...THE MEMPHIS/GERMANTOWN WFO CLIMATE SUMMARY FOR JULY 25 2016...

CLIMATE NORMAL PERIOD 1981 TO 2010
CLIMATE RECORD PERIOD 1988 TO 2016


WEATHER ITEM   OBSERVED TIME   RECORD YEAR NORMAL DEPARTURE LAST
                VALUE   (LST)  VALUE       VALUE  FROM      YEAR
                                                  NORMAL
..................................................................
TEMPERATURE (F)
 YESTERDAY
  MAXIMUM         96    323 PM  99    2005  91      5       94
  MINIMUM         76    702 AM  61    2014  71      5       76
                                      2000
  AVERAGE         86                        81      5       85

PRECIPITATION (IN)
  YESTERDAY        0.00          4.10 1996   0.16  -0.16     0.00
  MONTH TO DATE    3.15                      3.72  -0.57     4.83
  SINCE JUN 1      7.26                      7.40  -0.14     7.77
  SINCE JAN 1     43.71                     31.89  11.82    29.45

SNOWFALL (IN)
  YESTERDAY        0.0          MM      MM   0.0    0.0      0.0
  MONTH TO DATE    0.0                       0.0    0.0      0.0
  SINCE JUN 1      0.0                       0.0    0.0      0.0
  SINCE JUL 1      0.0                       0.0    0.0      0.0
  SNOW DEPTH       0

DEGREE DAYS
 HEATING
  YESTERDAY        0                         0      0        0
  MONTH TO DATE    0                         0      0        0
  SINCE JUN 1      0                         2     -2        0
  SINCE JUL 1      0                         0      0        0

 COOLING
  YESTERDAY       21                        16      5       20
  MONTH TO DATE  467                       398     69      449
  SINCE JUN 1    942                       779    163      901
  SINCE JAN 1   1187                      1030    157     1201
..................................................................







THE MEMPHIS/GERMANTOWN WFO CLIMATE NORMALS FOR TODAY
                         NORMAL    RECORD    YEAR
 MAXIMUM TEMPERATURE (F)   91        99      1999
 MINIMUM TEMPERATURE (F)   71        62      2013
                                             2000


SUNRISE AND SUNSET
JULY 26 2016..........SUNRISE   604 AM CDT   SUNSET   807 PM CDT
JULY 27 2016..........SUNRISE   605 AM CDT   SUNSET   806 PM CDT


-  INDICATES NEGATIVE NUMBERS.
R  INDICATES RECORD WAS SET OR TIED.
MM INDICATES DATA IS MISSING.
T  INDICATES TRACE AMOUNT.




$$
