000
CDUS44 KMEG 262248
CLIMEG


CLIMATE REPORT
NATIONAL WEATHER SERVICE MEMPHIS TN
447 PM CST FRI DEC 26 2014


...................................

...THE MEMPHIS/GERMANTOWN WFO CLIMATE SUMMARY FOR DECEMBER 26 2014...
VALID TODAY AS OF 0400 PM LOCAL TIME.

CLIMATE NORMAL PERIOD 1981 TO 2010
CLIMATE RECORD PERIOD 1988 TO 2014


WEATHER ITEM   OBSERVED TIME   RECORD YEAR NORMAL DEPARTURE LAST
                VALUE   (LST)  VALUE       VALUE  FROM      YEAR
                                                  NORMAL
..................................................................
TEMPERATURE (F)
 TODAY
  MAXIMUM         55        MM  73    2008  49      6       48
  MINIMUM         40        MM  18    1990  30     10       26
  AVERAGE         48                        40      8       37

PRECIPITATION (IN)
  TODAY            0.00          0.88 2011   0.19  -0.19     0.00
  MONTH TO DATE    2.15                      5.09  -2.94     5.35
  SINCE DEC 1      2.15                      5.09  -2.94     5.35
  SINCE JAN 1     57.30                     54.04   3.26    63.92

SNOWFALL (IN)
  TODAY            0.0

DEGREE DAYS
 HEATING
  TODAY           17                        25     -8       28
  MONTH TO DATE  485                       595   -110      588
  SINCE DEC 1    485                       595   -110      588
  SINCE JUL 1   1164                      1194    -30     1248

 COOLING
  TODAY            0                         0      0        0
  MONTH TO DATE    0                         0      0        1
  SINCE DEC 1      0                         0      0        1
  SINCE JAN 1   1967                      1926     41     1965
..................................................................







THE MEMPHIS/GERMANTOWN WFO CLIMATE NORMALS FOR TOMORROW
                         NORMAL    RECORD    YEAR
 MAXIMUM TEMPERATURE (F)   49        76      2008
 MINIMUM TEMPERATURE (F)   30        19      1995


SUNRISE AND SUNSET
DECEMBER 26 2014......SUNRISE   706 AM CST   SUNSET   454 PM CST
DECEMBER 27 2014......SUNRISE   706 AM CST   SUNSET   455 PM CST


-  INDICATES NEGATIVE NUMBERS.
R  INDICATES RECORD WAS SET OR TIED.
MM INDICATES DATA IS MISSING.
T  INDICATES TRACE AMOUNT.




$$
