000
CDUS44 KMEG 210635
CLIMEG


CLIMATE REPORT
NATIONAL WEATHER SERVICE MEMPHIS TN
134 AM CDT MON APR 21 2014


...................................

...THE MEMPHIS/GERMANTOWN WFO CLIMATE SUMMARY FOR APRIL 20 2014...

CLIMATE NORMAL PERIOD 1981 TO 2010
CLIMATE RECORD PERIOD 1988 TO 2014


WEATHER ITEM   OBSERVED TIME   RECORD YEAR NORMAL DEPARTURE LAST
                VALUE   (LST)  VALUE       VALUE  FROM      YEAR
                                                  NORMAL
..................................................................
TEMPERATURE (F)
 YESTERDAY
  MAXIMUM         83        MM  87    2002  73     10       68
  MINIMUM         49        MM  37    2013  50     -1       37
  AVERAGE         66                        62      4       53

PRECIPITATION (IN)
  YESTERDAY        0.00          1.03 1995   0.19  -0.19     0.00
  MONTH TO DATE    2.89                      3.45  -0.56     5.41
  SINCE MAR 1      8.93                      8.40   0.53     8.65
  SINCE JAN 1     17.55                     17.03   0.52    23.34

SNOWFALL (IN)
  YESTERDAY        0.0          MM      MM   0.0    0.0      0.0
  MONTH TO DATE    0.0                       0.0    0.0      0.0
  SINCE MAR 1      0.3                       0.8   -0.5      0.1
  SINCE JUL 1      0.8                       2.4   -1.6      0.8
  SNOW DEPTH       0

DEGREE DAYS
 HEATING
  YESTERDAY        0                         5     -5       12
  MONTH TO DATE  140                       151    -11      145
  SINCE MAR 1    662                       587     75      701
  SINCE JUL 1   3666                      3333    333     3121

 COOLING
  YESTERDAY        1                         2     -1        0
  MONTH TO DATE   35                        30      5       58
  SINCE MAR 1     37                        41     -4       59
  SINCE JAN 1     37                        42     -5       65
..................................................................







THE MEMPHIS/GERMANTOWN WFO CLIMATE NORMALS FOR TODAY
                         NORMAL    RECORD    YEAR
 MAXIMUM TEMPERATURE (F)   74        85      2008
 MINIMUM TEMPERATURE (F)   51        42      1993


SUNRISE AND SUNSET
APRIL 21 2014.........SUNRISE   620 AM CDT   SUNSET   737 PM CDT
APRIL 22 2014.........SUNRISE   618 AM CDT   SUNSET   738 PM CDT


-  INDICATES NEGATIVE NUMBERS.
R  INDICATES RECORD WAS SET OR TIED.
MM INDICATES DATA IS MISSING.
T  INDICATES TRACE AMOUNT.




$$
