000
CDUS44 KMEG 060634
CLIMEG


CLIMATE REPORT
NATIONAL WEATHER SERVICE MEMPHIS TN
133 AM CDT MON JUL 6 2015


...................................

...THE MEMPHIS/GERMANTOWN WFO CLIMATE SUMMARY FOR JULY 5 2015...

CLIMATE NORMAL PERIOD 1981 TO 2010
CLIMATE RECORD PERIOD 1988 TO 2015


WEATHER ITEM   OBSERVED TIME   RECORD YEAR NORMAL DEPARTURE LAST
                VALUE   (LST)  VALUE       VALUE  FROM      YEAR
                                                  NORMAL
..................................................................
TEMPERATURE (F)
 YESTERDAY
  MAXIMUM         85        MM 101    2012  91     -6       86
  MINIMUM         68        MM  60    2014  71     -3       60
  AVERAGE         77                        81     -4       73

PRECIPITATION (IN)
  YESTERDAY        0.00          1.92 1995   0.14  -0.14     0.00
  MONTH TO DATE    2.22                      0.68   1.54     0.12
  SINCE JUN 1      5.16                      4.36   0.80    13.21
  SINCE JAN 1     26.84                     28.85  -2.01    38.79

SNOWFALL (IN)
  YESTERDAY        0.0          MM      MM   0.0    0.0      0.0
  MONTH TO DATE    0.0                       0.0    0.0      0.0
  SINCE JUN 1      0.0                       0.0    0.0      0.0
  SINCE JUL 1      0.0                       0.0    0.0      0.0
  SNOW DEPTH       0

DEGREE DAYS
 HEATING
  YESTERDAY        0                         0      0        0
  MONTH TO DATE    0                         0      0        0
  SINCE JUN 1      0                         2     -2        0
  SINCE JUL 1      0                         0      0        0

 COOLING
  YESTERDAY       12                        16     -4        8
  MONTH TO DATE   60                        78    -18       52
  SINCE JUN 1    512                       459     53      469
  SINCE JAN 1    812                       710    102      768
..................................................................







THE MEMPHIS/GERMANTOWN WFO CLIMATE NORMALS FOR TODAY
                         NORMAL    RECORD    YEAR
 MAXIMUM TEMPERATURE (F)   91       102      2012
 MINIMUM TEMPERATURE (F)   71        61      1997


SUNRISE AND SUNSET
JULY  6 2015..........SUNRISE   551 AM CDT   SUNSET   817 PM CDT
JULY  7 2015..........SUNRISE   551 AM CDT   SUNSET   817 PM CDT


-  INDICATES NEGATIVE NUMBERS.
R  INDICATES RECORD WAS SET OR TIED.
MM INDICATES DATA IS MISSING.
T  INDICATES TRACE AMOUNT.




$$
