000
CDUS44 KMEG 190632
CLIMEG


CLIMATE REPORT
NATIONAL WEATHER SERVICE MEMPHIS TN
131 AM CDT THU OCT 19 2017


...................................

...THE MEMPHIS/GERMANTOWN WFO CLIMATE SUMMARY FOR OCTOBER 18 2017...

CLIMATE NORMAL PERIOD 1981 TO 2010
CLIMATE RECORD PERIOD 1988 TO 2017


WEATHER ITEM   OBSERVED TIME   RECORD YEAR NORMAL DEPARTURE LAST
                VALUE   (LST)  VALUE       VALUE  FROM      YEAR
                                                  NORMAL
..................................................................
TEMPERATURE (F)
 YESTERDAY
  MAXIMUM         75        MM  89    2006  73      2       87
  MINIMUM         45        MM  34    2009  49     -4       69
  AVERAGE         60                        61     -1       78

PRECIPITATION (IN)
  YESTERDAY        0.00          0.84 1996   0.14  -0.14     0.00
  MONTH TO DATE    2.27                      2.42  -0.15     1.62
  SINCE SEP 1      3.64                      5.70  -2.06     2.18
  SINCE JAN 1     42.83                     41.71   1.12    53.42

SNOWFALL (IN)
  YESTERDAY        0.0          MM      MM                   0.0
  MONTH TO DATE    0.0                                       0.0
  SINCE SEP 1      0.0                                       0.0
  SINCE JUL 1      0.0                                       0.0
  SNOW DEPTH       0

DEGREE DAYS
 HEATING
  YESTERDAY        5                         6     -1        0
  MONTH TO DATE   28                        70    -42        5
  SINCE SEP 1     32                        88    -56        7
  SINCE JUL 1     32                        88    -56        7

 COOLING
  YESTERDAY        0                         2     -2       13
  MONTH TO DATE  124                        50     74      115
  SINCE SEP 1    406                       307     99      508
  SINCE JAN 1   2098                      1902    196     2344
..................................................................







THE MEMPHIS/GERMANTOWN WFO CLIMATE NORMALS FOR TODAY
                         NORMAL    RECORD    YEAR
 MAXIMUM TEMPERATURE (F)   73        89      2005
 MINIMUM TEMPERATURE (F)   48        36      1996


SUNRISE AND SUNSET
OCTOBER 19 2017.......SUNRISE   709 AM CDT   SUNSET   619 PM CDT
OCTOBER 20 2017.......SUNRISE   710 AM CDT   SUNSET   618 PM CDT


-  INDICATES NEGATIVE NUMBERS.
R  INDICATES RECORD WAS SET OR TIED.
MM INDICATES DATA IS MISSING.
T  INDICATES TRACE AMOUNT.




$$
