000
CDUS44 KJAN 190634
CLIMEI


CLIMATE REPORT
NATIONAL WEATHER SERVICE JACKSON MS
1228 AM CST THU JAN 19 2017


...................................

...THE MERIDIAN CLIMATE SUMMARY FOR JANUARY 18 2017...

CLIMATE NORMAL PERIOD 1981 TO 2010
CLIMATE RECORD PERIOD 1889 TO 2017


WEATHER ITEM   OBSERVED TIME   RECORD YEAR NORMAL DEPARTURE LAST
                VALUE   (LST)  VALUE       VALUE  FROM      YEAR
                                                  NORMAL
..................................................................
TEMPERATURE (F)
 YESTERDAY
  MAXIMUM         76   1211 PM  77    1974  56     20       48
                                      1949
  MINIMUM         61    114 AM  10    1948  33     28       27
  AVERAGE         69                        45     24       38

PRECIPITATION (IN)
  YESTERDAY        0.00          4.50 1987   0.17  -0.17     0.00
  MONTH TO DATE    3.53                      2.72   0.81     0.21
  SINCE DEC 1      7.43                      7.78  -0.35     6.29
  SINCE JAN 1      3.53                      2.72   0.81     0.21

SNOWFALL (IN)
  YESTERDAY        0.0           2.0  1977   0.0    0.0      0.0
                                      1893
  MONTH TO DATE    0.8                       0.1    0.7      0.0
  SINCE DEC 1      0.8                       0.2    0.6      0.0
  SINCE JUL 1      0.8                       0.2    0.6      0.0

DEGREE DAYS
 HEATING
  YESTERDAY        0                        21    -21       27
  MONTH TO DATE  190                       371   -181      386
  SINCE DEC 1    594                       929   -335      674
  SINCE JUL 1    803                      1379   -576      925

 COOLING
  YESTERDAY        4                         0      4        0
  MONTH TO DATE   20                         0     20        0
  SINCE DEC 1     38                         6     32       43
  SINCE JAN 1     20                         0     20        0
..................................................................


WIND (MPH)
  HIGHEST WIND SPEED    13   HIGHEST WIND DIRECTION    SW (230)
  HIGHEST GUST SPEED    15   HIGHEST GUST DIRECTION    SW (230)
  AVERAGE WIND SPEED     4.9


SKY COVER
  POSSIBLE SUNSHINE  MM
  AVERAGE SKY COVER 0.8


WEATHER CONDITIONS
 THE FOLLOWING WEATHER WAS RECORDED YESTERDAY.
  FOG


RELATIVE HUMIDITY (PERCENT)
 HIGHEST   100           200 AM
 LOWEST     64          1200 PM
 AVERAGE    82

..........................................................


THE MERIDIAN CLIMATE NORMALS FOR TODAY
                         NORMAL    RECORD    YEAR
 MAXIMUM TEMPERATURE (F)   56        82      1982
 MINIMUM TEMPERATURE (F)   33         4      1977


SUNRISE AND SUNSET
JANUARY 19 2017.......SUNRISE   655 AM CST   SUNSET   517 PM CST
JANUARY 20 2017.......SUNRISE   655 AM CST   SUNSET   517 PM CST


-  INDICATES NEGATIVE NUMBERS.
R  INDICATES RECORD WAS SET OR TIED.
MM INDICATES DATA IS MISSING.
T  INDICATES TRACE AMOUNT.




$$
