000
CDUS44 KJAN 290717
CLIMEI


CLIMATE REPORT
NATIONAL WEATHER SERVICE JACKSON MS
214 AM CDT WED JUL 29 2015


...................................

...THE MERIDIAN CLIMATE SUMMARY FOR JULY 28 2015...

CLIMATE NORMAL PERIOD 1981 TO 2010
CLIMATE RECORD PERIOD 1889 TO 2015


WEATHER ITEM   OBSERVED TIME   RECORD YEAR NORMAL DEPARTURE LAST
                VALUE   (LST)  VALUE       VALUE  FROM      YEAR
                                                  NORMAL
..................................................................
TEMPERATURE (F)
 YESTERDAY
  MAXIMUM         97    320 PM 103    1952  92      5       94
  MINIMUM         73    544 AM  61    1911  70      3       70
  AVERAGE         85                        81      4       82

PRECIPITATION (IN)
  YESTERDAY        0.00          2.15 1923   0.15  -0.15     0.00
  MONTH TO DATE    3.57                      4.65  -1.08     1.80
  SINCE JUN 1      8.54                      9.05  -0.51     4.34
  SINCE JAN 1     31.60                     34.48  -2.88    36.06

SNOWFALL (IN)
  YESTERDAY        0.0           0.0    MM   0.0    0.0      0.0
  MONTH TO DATE    0.0                       0.0    0.0      0.0
  SINCE JUN 1      0.0                       0.0    0.0      0.0
  SINCE JUL 1      0.0                       0.0    0.0      0.0

DEGREE DAYS
 HEATING
  YESTERDAY        0                         0      0        0
  MONTH TO DATE    0                         0      0        0
  SINCE JUN 1      0                         0      0        0
  SINCE JUL 1      0                         0      0        0

 COOLING
  YESTERDAY       20                        16      4       17
  MONTH TO DATE  489                       439     50      397
  SINCE JUN 1    905                       819     86      807
  SINCE JAN 1   1270                      1102    168     1077
..................................................................


WIND (MPH)
  HIGHEST WIND SPEED    13   HIGHEST WIND DIRECTION    NW (320)
  HIGHEST GUST SPEED    15   HIGHEST GUST DIRECTION    NW (320)
  AVERAGE WIND SPEED     1.9


SKY COVER
  POSSIBLE SUNSHINE  MM
  AVERAGE SKY COVER 0.1


WEATHER CONDITIONS
 THE FOLLOWING WEATHER WAS RECORDED YESTERDAY.
  NO SIGNIFICANT WEATHER WAS OBSERVED.


RELATIVE HUMIDITY (PERCENT)
 HIGHEST    94          1200 AM
 LOWEST     42           200 PM
 AVERAGE    68

..........................................................


THE MERIDIAN CLIMATE NORMALS FOR TODAY
                         NORMAL    RECORD    YEAR
 MAXIMUM TEMPERATURE (F)   92       102      1930
 MINIMUM TEMPERATURE (F)   70        61      1994


SUNRISE AND SUNSET
JULY 29 2015..........SUNRISE   608 AM CDT   SUNSET   755 PM CDT
JULY 30 2015..........SUNRISE   608 AM CDT   SUNSET   754 PM CDT


-  INDICATES NEGATIVE NUMBERS.
R  INDICATES RECORD WAS SET OR TIED.
MM INDICATES DATA IS MISSING.
T  INDICATES TRACE AMOUNT.




$$
