000
CDUS44 KJAN 050637
CLIMEI


CLIMATE REPORT
NATIONAL WEATHER SERVICE JACKSON MS
1233 AM CST THU MAR 5 2015


...................................

...THE MERIDIAN CLIMATE SUMMARY FOR MARCH 4 2015...

CLIMATE NORMAL PERIOD 1981 TO 2010
CLIMATE RECORD PERIOD 1889 TO 2015


WEATHER ITEM   OBSERVED TIME   RECORD YEAR NORMAL DEPARTURE LAST
                VALUE   (LST)  VALUE       VALUE  FROM      YEAR
                                                  NORMAL
..................................................................
TEMPERATURE (F)
 YESTERDAY
  MAXIMUM         81    257 PM  84    1974  66     15       36
                                      1955
  MINIMUM         48   1159 PM  18    1943  40      8       28
  AVERAGE         65                        53     12       32

PRECIPITATION (IN)
  YESTERDAY        0.12          2.13 1981   0.18  -0.06     0.01
  MONTH TO DATE    0.72                      0.74  -0.02     0.42
  SINCE MAR 1      0.72                      0.74  -0.02     0.42
  SINCE JAN 1     11.56                     11.47   0.09     9.77

SNOWFALL (IN)
  YESTERDAY       MM             0.0  2001   0.0   MM        0.0
  MONTH TO DATE    0.0                       0.0    0.0      0.0
  SINCE MAR 1      0.0                       0.0    0.0      0.0
  SINCE JUL 1      T                         0.3   -0.3      2.5

DEGREE DAYS
 HEATING
  YESTERDAY        0                        12    -12       33
  MONTH TO DATE   21                        51    -30       55
  SINCE MAR 1     21                        51    -30       55
  SINCE JUL 1   2262                      2148    114     2431

 COOLING
  YESTERDAY        0                         0      0        0
  MONTH TO DATE    0                         0      0        2
  SINCE MAR 1      0                         0      0        2
  SINCE JAN 1      0                         7     -7        9
..................................................................


WIND (MPH)
  HIGHEST WIND SPEED    23   HIGHEST WIND DIRECTION    SW (230)
  HIGHEST GUST SPEED    28   HIGHEST GUST DIRECTION    SW (220)
  AVERAGE WIND SPEED    10.8


SKY COVER
  POSSIBLE SUNSHINE  MM
  AVERAGE SKY COVER 0.8


WEATHER CONDITIONS
 THE FOLLOWING WEATHER WAS RECORDED YESTERDAY.
  LIGHT RAIN
  FOG


RELATIVE HUMIDITY (PERCENT)
 HIGHEST   100           200 AM
 LOWEST     54           300 PM
 AVERAGE    77

..........................................................


THE MERIDIAN CLIMATE NORMALS FOR TODAY
                         NORMAL    RECORD    YEAR
 MAXIMUM TEMPERATURE (F)   66        85      1974
 MINIMUM TEMPERATURE (F)   40        18      1978


SUNRISE AND SUNSET
MARCH  5 2015.........SUNRISE   618 AM CST   SUNSET   555 PM CST
MARCH  6 2015.........SUNRISE   617 AM CST   SUNSET   556 PM CST


-  INDICATES NEGATIVE NUMBERS.
R  INDICATES RECORD WAS SET OR TIED.
MM INDICATES DATA IS MISSING.
T  INDICATES TRACE AMOUNT.




$$
