000
CDUS44 KJAN 210806
CLIMEI


CLIMATE REPORT
NATIONAL WEATHER SERVICE JACKSON MS
304 AM CDT TUE OCT 21 2014


...................................

...THE MERIDIAN CLIMATE SUMMARY FOR OCTOBER 20 2014...

CLIMATE NORMAL PERIOD 1981 TO 2010
CLIMATE RECORD PERIOD 1889 TO 2014


WEATHER ITEM   OBSERVED TIME   RECORD YEAR NORMAL DEPARTURE LAST
                VALUE   (LST)  VALUE       VALUE  FROM      YEAR
                                                  NORMAL
..................................................................
TEMPERATURE (F)
 YESTERDAY
  MAXIMUM         76    326 PM  88    1941  76      0       69
  MINIMUM         41    425 AM  30    1964  49     -8       43
  AVERAGE         59                        63     -4       56

PRECIPITATION (IN)
  YESTERDAY        0.00          2.39 1909   0.13  -0.13     0.00
  MONTH TO DATE    2.29                      2.35  -0.06     2.30
  SINCE SEP 1      3.98                      5.78  -1.80     5.03
  SINCE JAN 1     42.34                     44.74  -2.40    54.55

SNOWFALL (IN)
  YESTERDAY        0.0           0.0  2002   0.0    0.0      0.0
                                      2001
  MONTH TO DATE    0.0                       0.0    0.0      0.0
  SINCE SEP 1      0.0                       0.0    0.0      0.0
  SINCE JUL 1      0.0                       0.0    0.0      0.0

DEGREE DAYS
 HEATING
  YESTERDAY        6                         5      1        9
  MONTH TO DATE   35                        52    -17       22
  SINCE SEP 1     35                        59    -24       22
  SINCE JUL 1     35                        59    -24       22

 COOLING
  YESTERDAY        0                         2     -2        0
  MONTH TO DATE  111                        72     39      106
  SINCE SEP 1    480                       375    105      446
  SINCE JAN 1   2073                      1995     78     2026
..................................................................


WIND (MPH)
  HIGHEST WIND SPEED     9   HIGHEST WIND DIRECTION     N (340)
  HIGHEST GUST SPEED    16   HIGHEST GUST DIRECTION    NE (50)
  AVERAGE WIND SPEED     1.3


SKY COVER
  POSSIBLE SUNSHINE  MM
  AVERAGE SKY COVER 0.0


WEATHER CONDITIONS
 THE FOLLOWING WEATHER WAS RECORDED YESTERDAY.
  FOG


RELATIVE HUMIDITY (PERCENT)
 HIGHEST    96           400 AM
 LOWEST     36           300 PM
 AVERAGE    66

..........................................................


THE MERIDIAN CLIMATE NORMALS FOR TODAY
                         NORMAL    RECORD    YEAR
 MAXIMUM TEMPERATURE (F)   76        88      2004
                                             1963
                                             1941
 MINIMUM TEMPERATURE (F)   49        29      1976


SUNRISE AND SUNSET
OCTOBER 21 2014.......SUNRISE   703 AM CDT   SUNSET   616 PM CDT
OCTOBER 22 2014.......SUNRISE   704 AM CDT   SUNSET   614 PM CDT


-  INDICATES NEGATIVE NUMBERS.
R  INDICATES RECORD WAS SET OR TIED.
MM INDICATES DATA IS MISSING.
T  INDICATES TRACE AMOUNT.




$$
