000
CDUS44 KJAN 280912
CLIMEI


CLIMATE REPORT
NATIONAL WEATHER SERVICE JACKSON MS
311 AM CST WED JAN 28 2015


...................................

...THE MERIDIAN CLIMATE SUMMARY FOR JANUARY 27 2015...

CLIMATE NORMAL PERIOD 1981 TO 2010
CLIMATE RECORD PERIOD 1889 TO 2015


WEATHER ITEM   OBSERVED TIME   RECORD YEAR NORMAL DEPARTURE LAST
                VALUE   (LST)  VALUE       VALUE  FROM      YEAR
                                                  NORMAL
..................................................................
TEMPERATURE (F)
 YESTERDAY
  MAXIMUM         67    259 PM  78    1957  57     10       58
                                      1944
  MINIMUM         31    705 AM   2    1940  33     -2       29
  AVERAGE         49                        45      4       44

PRECIPITATION (IN)
  YESTERDAY        0.00          5.25 1994   0.19  -0.19     0.00
  MONTH TO DATE    6.71                      4.37   2.34     2.22
  SINCE DEC 1     15.39                      9.43   5.96     9.57
  SINCE JAN 1      6.71                      4.37   2.34     2.22

SNOWFALL (IN)
  YESTERDAY        0.0           4.0  1897   0.0    0.0      0.0
  MONTH TO DATE    0.0                       0.2   -0.2      0.0
  SINCE DEC 1      0.0                       0.3   -0.3      0.0
  SINCE JUL 1      0.0                       0.3   -0.3      0.0

DEGREE DAYS
 HEATING
  YESTERDAY       16                        20     -4       21
  MONTH TO DATE  566                       551     15      680
  SINCE DEC 1   1010                      1109    -99     1224
  SINCE JUL 1   1559                      1559      0     1725

 COOLING
  YESTERDAY        0                         0      0        0
  MONTH TO DATE    0                         0      0        0
  SINCE DEC 1      0                         6     -6       25
  SINCE JAN 1      0                         0      0        0
..................................................................


WIND (MPH)
  HIGHEST WIND SPEED    18   HIGHEST WIND DIRECTION     N (350)
  HIGHEST GUST SPEED    23   HIGHEST GUST DIRECTION     N (350)
  AVERAGE WIND SPEED     4.9


SKY COVER
  POSSIBLE SUNSHINE  MM
  AVERAGE SKY COVER 0.0


WEATHER CONDITIONS
 THE FOLLOWING WEATHER WAS RECORDED YESTERDAY.
  NO SIGNIFICANT WEATHER WAS OBSERVED.


RELATIVE HUMIDITY (PERCENT)
 HIGHEST   100           700 AM
 LOWEST     24           200 PM
 AVERAGE    62

..........................................................


THE MERIDIAN CLIMATE NORMALS FOR TODAY
                         NORMAL    RECORD    YEAR
 MAXIMUM TEMPERATURE (F)   57        80      1957
 MINIMUM TEMPERATURE (F)   33         4      1940


SUNRISE AND SUNSET
JANUARY 28 2015.......SUNRISE   652 AM CST   SUNSET   524 PM CST
JANUARY 29 2015.......SUNRISE   651 AM CST   SUNSET   525 PM CST


-  INDICATES NEGATIVE NUMBERS.
R  INDICATES RECORD WAS SET OR TIED.
MM INDICATES DATA IS MISSING.
T  INDICATES TRACE AMOUNT.




$$
