192
CDUS44 KJAN 272208
CLIMEI


CLIMATE REPORT
NATIONAL WEATHER SERVICE JACKSON MS
404 PM CST MON FEB 27 2017


...................................

...THE MERIDIAN CLIMATE SUMMARY FOR FEBRUARY 27 2017...
VALID TODAY AS OF 0400 PM LOCAL TIME.

CLIMATE NORMAL PERIOD 1981 TO 2010
CLIMATE RECORD PERIOD 1889 TO 2017


WEATHER ITEM   OBSERVED TIME   RECORD YEAR NORMAL DEPARTURE LAST
                VALUE   (LST)  VALUE       VALUE  FROM      YEAR
                                                  NORMAL
..................................................................
TEMPERATURE (F)
 TODAY
  MAXIMUM         66    248 PM  84    1981  64      2       65
  MINIMUM         47   1248 AM  17    1963  39      8       29
  AVERAGE         57                        52      5       47

PRECIPITATION (IN)
  TODAY            0.88          2.22 1939   0.20   0.68     0.00
  MONTH TO DATE    2.20                      5.41  -3.21     4.25
  SINCE DEC 1     13.47                     15.60  -2.13    13.57
  SINCE JAN 1      9.57                     10.54  -0.97     7.49

SNOWFALL (IN)
  TODAY           MM             0.0  2002   0.0   MM        0.0
                                      2001
  MONTH TO DATE    0.0                       0.0    0.0      0.0
  SINCE DEC 1      0.8                       0.3    0.5       T
  SINCE JUL 1      0.8                       0.3    0.5       T

DEGREE DAYS
 HEATING
  TODAY            8                        13     -5       18
  MONTH TO DATE  189                       446   -257      387
  SINCE DEC 1    919                      1633   -714     1293
  SINCE JUL 1   1128                      2083   -955     1544

 COOLING
  TODAY            0                         0      0        0
  MONTH TO DATE   15                         0     15        5
  SINCE DEC 1     57                         9     48       48
  SINCE JAN 1     39                         3     36        5
..................................................................


WIND (MPH)
  HIGHEST WIND SPEED    18   HIGHEST WIND DIRECTION     N (340)
  HIGHEST GUST SPEED    24   HIGHEST GUST DIRECTION     N (340)
  AVERAGE WIND SPEED     6.4


SKY COVER
  POSSIBLE SUNSHINE  MM
  AVERAGE SKY COVER 0.8


WEATHER CONDITIONS
 THE FOLLOWING WEATHER WAS RECORDED TODAY.
  THUNDERSTORM
  HEAVY RAIN
  RAIN
  LIGHT RAIN
  FOG


RELATIVE HUMIDITY (PERCENT)
 HIGHEST   100           900 AM
 LOWEST     50          1200 AM
 AVERAGE    75

..........................................................


THE MERIDIAN CLIMATE NORMALS FOR TOMORROW
                         NORMAL    RECORD    YEAR
 MAXIMUM TEMPERATURE (F)   65        84      1981
 MINIMUM TEMPERATURE (F)   39        17      2002


SUNRISE AND SUNSET
FEBRUARY 27 2017......SUNRISE   624 AM CST   SUNSET   551 PM CST
FEBRUARY 28 2017......SUNRISE   623 AM CST   SUNSET   552 PM CST


-  INDICATES NEGATIVE NUMBERS.
R  INDICATES RECORD WAS SET OR TIED.
MM INDICATES DATA IS MISSING.
T  INDICATES TRACE AMOUNT.




$$
