383
CDUS44 KJAN 040641
CLIMEI


CLIMATE REPORT
NATIONAL WEATHER SERVICE JACKSON MS
139 AM CDT WED MAY 4 2016


...................................

...THE MERIDIAN CLIMATE SUMMARY FOR MAY 3 2016...

CLIMATE NORMAL PERIOD 1981 TO 2010
CLIMATE RECORD PERIOD 1889 TO 2016


WEATHER ITEM   OBSERVED TIME   RECORD YEAR NORMAL DEPARTURE LAST
                VALUE   (LST)  VALUE       VALUE  FROM      YEAR
                                                  NORMAL
..................................................................
TEMPERATURE (F)
 YESTERDAY
  MAXIMUM         76    404 PM  93    1952  80     -4       82
  MINIMUM         55   1159 PM  42    1960  55      0       47
  AVERAGE         66                        67     -1       65

PRECIPITATION (IN)
  YESTERDAY        T             2.05 1916   0.15  -0.15     0.00
  MONTH TO DATE    0.64                      0.44   0.20     0.00
  SINCE MAR 1     17.17                     10.64   6.53    10.06
  SINCE JAN 1     24.66                     21.37   3.29    20.90

SNOWFALL (IN)
  YESTERDAY        0.0           0.0    MM   0.0    0.0      0.0
  MONTH TO DATE    0.0                       0.0    0.0      0.0
  SINCE MAR 1      0.0                       0.3   -0.3       T
  SINCE JUL 1      T                         0.6   -0.6       T

DEGREE DAYS
 HEATING
  YESTERDAY        0                         1     -1        0
  MONTH TO DATE    0                         4     -4        6
  SINCE MAR 1    245                       441   -196      263
  SINCE JUL 1   1807                      2538   -731     2504

 COOLING
  YESTERDAY        1                         4     -3        0
  MONTH TO DATE   12                        11      1        0
  SINCE MAR 1    108                        87     21      140
  SINCE JAN 1    113                        94     19      140
..................................................................


WIND (MPH)
  HIGHEST WIND SPEED    13   HIGHEST WIND DIRECTION    NW (330)
  HIGHEST GUST SPEED    15   HIGHEST GUST DIRECTION    NW (320)
  AVERAGE WIND SPEED     6.8


SKY COVER
  POSSIBLE SUNSHINE  MM
  AVERAGE SKY COVER 0.8


WEATHER CONDITIONS
 THE FOLLOWING WEATHER WAS RECORDED YESTERDAY.
  LIGHT RAIN


RELATIVE HUMIDITY (PERCENT)
 HIGHEST    93          1200 AM
 LOWEST     53           300 PM
 AVERAGE    73

..........................................................


THE MERIDIAN CLIMATE NORMALS FOR TODAY
                         NORMAL    RECORD    YEAR
 MAXIMUM TEMPERATURE (F)   81        91      1959
                                             1952
 MINIMUM TEMPERATURE (F)   55        38      2013
                                             1971
                                             1970


SUNRISE AND SUNSET
MAY  4 2016...........SUNRISE   605 AM CDT   SUNSET   739 PM CDT
MAY  5 2016...........SUNRISE   604 AM CDT   SUNSET   739 PM CDT


-  INDICATES NEGATIVE NUMBERS.
R  INDICATES RECORD WAS SET OR TIED.
MM INDICATES DATA IS MISSING.
T  INDICATES TRACE AMOUNT.




$$
