000
CDUS44 KJAN 232222
CLIMEI


CLIMATE REPORT
NATIONAL WEATHER SERVICE JACKSON MS
421 PM CST THU NOV 23 2017


...................................

...THE MERIDIAN CLIMATE SUMMARY FOR NOVEMBER 23 2017...
VALID TODAY AS OF 0400 PM LOCAL TIME.

CLIMATE NORMAL PERIOD 1981 TO 2010
CLIMATE RECORD PERIOD 1889 TO 2017


WEATHER ITEM   OBSERVED TIME   RECORD YEAR NORMAL DEPARTURE LAST
                VALUE   (LST)  VALUE       VALUE  FROM      YEAR
                                                  NORMAL
..................................................................
TEMPERATURE (F)
 TODAY
  MAXIMUM         63    243 PM  81    2004  65     -2       76
                                      1973
  MINIMUM         29    625 AM  19    1956  40    -11       43
  AVERAGE         46                        52     -6       60

PRECIPITATION (IN)
  TODAY            0.00          2.53 1979   0.18  -0.18     0.01
  MONTH TO DATE    1.37                      3.67  -2.30     0.22
  SINCE SEP 1      4.85                     10.86  -6.01     0.79
  SINCE JAN 1     57.73                     49.82   7.91    38.12

SNOWFALL (IN)
  TODAY            0.0           0.0  2002   0.0    0.0      0.0
                                      2001
  MONTH TO DATE    0.0                       0.0    0.0      0.0
  SINCE SEP 1      0.0                       0.0    0.0      0.0
  SINCE JUL 1      0.0                       0.0    0.0      0.0

DEGREE DAYS
 HEATING
  TODAY           19                        13      6        5
  MONTH TO DATE  165                       228    -63      135
  SINCE SEP 1    259                       352    -93      151
  SINCE JUL 1    259                       352    -93      151

 COOLING
  TODAY            0                         0      0        0
  MONTH TO DATE   49                        13     36       22
  SINCE SEP 1    578                       406    172      745
  SINCE JAN 1   2542                      2026    516     2856
..................................................................


WIND (MPH)
  HIGHEST WIND SPEED    15   HIGHEST WIND DIRECTION     N (10)
  HIGHEST GUST SPEED    20   HIGHEST GUST DIRECTION    NW (330)
  AVERAGE WIND SPEED     6.0


SKY COVER
  POSSIBLE SUNSHINE  MM
  AVERAGE SKY COVER 0.0


WEATHER CONDITIONS
 THE FOLLOWING WEATHER WAS RECORDED TODAY.
  NO SIGNIFICANT WEATHER WAS OBSERVED.


RELATIVE HUMIDITY (PERCENT)
 HIGHEST    92           600 AM
 LOWEST     19           200 PM
 AVERAGE    56

..........................................................


THE MERIDIAN CLIMATE NORMALS FOR TOMORROW
                         NORMAL    RECORD    YEAR
 MAXIMUM TEMPERATURE (F)   65        84      1973
 MINIMUM TEMPERATURE (F)   40        20      1970


SUNRISE AND SUNSET
NOVEMBER 23 2017......SUNRISE   632 AM CST   SUNSET   451 PM CST
NOVEMBER 24 2017......SUNRISE   633 AM CST   SUNSET   451 PM CST


-  INDICATES NEGATIVE NUMBERS.
R  INDICATES RECORD WAS SET OR TIED.
MM INDICATES DATA IS MISSING.
T  INDICATES TRACE AMOUNT.




$$
