275
CDUS44 KMEG 200744
CLIMEM


CLIMATE REPORT
NATIONAL WEATHER SERVICE MEMPHIS TN
144 AM CST SAT JAN 20 2018


...................................

...THE MEMPHIS CLIMATE SUMMARY FOR JANUARY 19 2018...

CLIMATE NORMAL PERIOD 1981 TO 2010
CLIMATE RECORD PERIOD 1872 TO 2018


WEATHER ITEM   OBSERVED TIME   RECORD YEAR NORMAL DEPARTURE LAST
                VALUE   (LST)  VALUE       VALUE  FROM      YEAR
                                                  NORMAL
..................................................................
TEMPERATURE (F)
 YESTERDAY
  MAXIMUM         45   1155 PM  73    1974  50     -5       66
                                      1907
                                      1906
  MINIMUM         21    310 AM   0    1940  32    -11       53
  AVERAGE         33                        41     -8       60

PRECIPITATION (IN)
  YESTERDAY        0.00          3.74 1935   0.13  -0.13     0.36
  MONTH TO DATE    2.57                      2.44   0.13     3.61
  SINCE DEC 1      9.83                      8.18   1.65    10.94
  SINCE JAN 1      2.57                      2.44   0.13     3.61

SNOWFALL (IN)
  YESTERDAY        0.0           7.8  1918   0.1   -0.1      0.0
  MONTH TO DATE    2.5                       1.2    1.3      2.0
  SINCE DEC 1      2.5                       1.4    1.1      2.0
  SINCE JUL 1      2.5                       1.4    1.1      2.0
  SNOW DEPTH       1

DEGREE DAYS
 HEATING
  YESTERDAY       32                        24      8        5
  MONTH TO DATE  641                       456    185      338
  SINCE DEC 1   1334                      1121    213      968
  SINCE JUL 1   1780                      1620    160     1238

 COOLING
  YESTERDAY        0                         0      0        0
  MONTH TO DATE    0                         0      0        1
  SINCE DEC 1      0                         2     -2        4
  SINCE JAN 1      0                         0      0        1
..................................................................


WIND (MPH)
  HIGHEST WIND SPEED    17   HIGHEST WIND DIRECTION     S (180)
  HIGHEST GUST SPEED    24   HIGHEST GUST DIRECTION     S (180)
  AVERAGE WIND SPEED     9.8


SKY COVER
  POSSIBLE SUNSHINE  MM
  AVERAGE SKY COVER 0.5


WEATHER CONDITIONS
 THE FOLLOWING WEATHER WAS RECORDED YESTERDAY.
  NO SIGNIFICANT WEATHER WAS OBSERVED.


RELATIVE HUMIDITY (PERCENT)
 HIGHEST    81           400 AM
 LOWEST     37          1100 PM
 AVERAGE    59

..........................................................


THE MEMPHIS CLIMATE NORMALS FOR TODAY
                         NORMAL    RECORD    YEAR
 MAXIMUM TEMPERATURE (F)   50        74      1906
 MINIMUM TEMPERATURE (F)   32        -4      1985


SUNRISE AND SUNSET
JANUARY 20 2018.......SUNRISE   706 AM CST   SUNSET   516 PM CST
JANUARY 21 2018.......SUNRISE   705 AM CST   SUNSET   517 PM CST


-  INDICATES NEGATIVE NUMBERS.
R  INDICATES RECORD WAS SET OR TIED.
MM INDICATES DATA IS MISSING.
T  INDICATES TRACE AMOUNT.




$$
