000
CDUS44 KMEG 240735
CLIMEM


CLIMATE REPORT
NATIONAL WEATHER SERVICE MEMPHIS TN
134 AM CST TUE JAN 24 2017


...................................

...THE MEMPHIS CLIMATE SUMMARY FOR JANUARY 23 2017...

CLIMATE NORMAL PERIOD 1981 TO 2010
CLIMATE RECORD PERIOD 1872 TO 2017


WEATHER ITEM   OBSERVED TIME   RECORD YEAR NORMAL DEPARTURE LAST
                VALUE   (LST)  VALUE       VALUE  FROM      YEAR
                                                  NORMAL
..................................................................
TEMPERATURE (F)
 YESTERDAY
  MAXIMUM         53   1222 AM  75    2002  50      3       39
                                      1943
  MINIMUM         40   1125 PM   3    1963  33      7       25
  AVERAGE         47                        41      6       32

PRECIPITATION (IN)
  YESTERDAY        0.00          1.84 1887   0.12  -0.12     0.00
  MONTH TO DATE    4.26                      2.94   1.32     2.23
  SINCE DEC 1     11.59                      8.68   2.91     7.00
  SINCE JAN 1      4.26                      2.94   1.32     2.23

SNOWFALL (IN)
  YESTERDAY        0.0           5.2  1956   0.1   -0.1      0.0
  MONTH TO DATE    2.0                       1.4    0.6      0.3
  SINCE DEC 1      2.0                       1.6    0.4      0.3
  SINCE JUL 1      2.0                       1.6    0.4      0.3
  SNOW DEPTH       0

DEGREE DAYS
 HEATING
  YESTERDAY       18                        24     -6       33
  MONTH TO DATE  366                       552   -186      599
  SINCE DEC 1    996                      1217   -221      947
  SINCE JUL 1   1266                      1716   -450     1248

 COOLING
  YESTERDAY        0                         0      0        0
  MONTH TO DATE    2                         0      2        0
  SINCE DEC 1      5                         2      3       19
  SINCE JAN 1      2                         0      2        0
..................................................................


WIND (MPH)
  HIGHEST WIND SPEED    23   HIGHEST WIND DIRECTION    NW (330)
  HIGHEST GUST SPEED    32   HIGHEST GUST DIRECTION    NW (320)
  AVERAGE WIND SPEED     9.5


SKY COVER
  POSSIBLE SUNSHINE  MM
  AVERAGE SKY COVER 0.6


WEATHER CONDITIONS
 THE FOLLOWING WEATHER WAS RECORDED YESTERDAY.
  NO SIGNIFICANT WEATHER WAS OBSERVED.


RELATIVE HUMIDITY (PERCENT)
 HIGHEST    83           500 AM
 LOWEST     66          1100 AM
 AVERAGE    75

..........................................................


THE MEMPHIS CLIMATE NORMALS FOR TODAY
                         NORMAL    RECORD    YEAR
 MAXIMUM TEMPERATURE (F)   50        78      1972
                                             1943
 MINIMUM TEMPERATURE (F)   33         0      1963


SUNRISE AND SUNSET
JANUARY 24 2017.......SUNRISE   704 AM CST   SUNSET   521 PM CST
JANUARY 25 2017.......SUNRISE   703 AM CST   SUNSET   522 PM CST


-  INDICATES NEGATIVE NUMBERS.
R  INDICATES RECORD WAS SET OR TIED.
MM INDICATES DATA IS MISSING.
T  INDICATES TRACE AMOUNT.




$$
