000
CDUS44 KMEG 192157
CLIMEM


CLIMATE REPORT
NATIONAL WEATHER SERVICE MEMPHIS TN
455 PM CDT FRI SEP 19 2014


...................................

...THE MEMPHIS CLIMATE SUMMARY FOR SEPTEMBER 19 2014...
VALID TODAY AS OF 0400 PM LOCAL TIME.

CLIMATE NORMAL PERIOD 1981 TO 2010
CLIMATE RECORD PERIOD 1872 TO 2014


WEATHER ITEM   OBSERVED TIME   RECORD YEAR NORMAL DEPARTURE LAST
                VALUE   (LST)  VALUE       VALUE  FROM      YEAR
                                                  NORMAL
..................................................................
TEMPERATURE (F)
 TODAY
  MAXIMUM         86    336 PM  98    2010  84      2       91
  MINIMUM         67    709 AM  46    1901  64      3       69
  AVERAGE         77                        74      3       80

PRECIPITATION (IN)
  TODAY            0.00          3.82 2002   0.10  -0.10     0.00
  MONTH TO DATE    4.75                      1.84   2.91     0.11
  SINCE SEP 1      4.75                      1.84   2.91     0.11
  SINCE JAN 1     48.47                     37.22  11.25    46.06

SNOWFALL (IN)
  TODAY            0.0

DEGREE DAYS
 HEATING
  TODAY            0                         0      0        0
  MONTH TO DATE    1                         0      1        0
  SINCE SEP 1      1                         0      1        0
  SINCE JUL 1      1                         0      1        0

 COOLING
  TODAY           12                         9      3       15
  MONTH TO DATE  232                       233     -1      307
  SINCE SEP 1    232                       233     -1      307
  SINCE JAN 1   1938                      2068   -130     2033
..................................................................


WIND (MPH)
  HIGHEST WIND SPEED    10   HIGHEST WIND DIRECTION     S (180)
  HIGHEST GUST SPEED    14   HIGHEST GUST DIRECTION     S (170)
  AVERAGE WIND SPEED     3.8


SKY COVER
  POSSIBLE SUNSHINE  MM
  AVERAGE SKY COVER 0.5


WEATHER CONDITIONS
 THE FOLLOWING WEATHER WAS RECORDED TODAY.
  FOG


RELATIVE HUMIDITY (PERCENT)
 HIGHEST    93           500 AM
 LOWEST     51           300 PM
 AVERAGE    72

..........................................................


THE MEMPHIS CLIMATE NORMALS FOR TOMORROW
                         NORMAL    RECORD    YEAR
 MAXIMUM TEMPERATURE (F)   84       100      2010
 MINIMUM TEMPERATURE (F)   64        47      1991
                                             1875


SUNRISE AND SUNSET
SEPTEMBER 19 2014.....SUNRISE   646 AM CDT   SUNSET   701 PM CDT
SEPTEMBER 20 2014.....SUNRISE   646 AM CDT   SUNSET   700 PM CDT


-  INDICATES NEGATIVE NUMBERS.
R  INDICATES RECORD WAS SET OR TIED.
MM INDICATES DATA IS MISSING.
T  INDICATES TRACE AMOUNT.




$$
