000
CDUS44 KMEG 302215
CLIMEM


CLIMATE REPORT
NATIONAL WEATHER SERVICE MEMPHIS TN
514 PM CDT THU MAR 30 2017


...................................

...THE MEMPHIS CLIMATE SUMMARY FOR MARCH 30 2017...
VALID TODAY AS OF 0500 PM LOCAL TIME.

CLIMATE NORMAL PERIOD 1981 TO 2010
CLIMATE RECORD PERIOD 1872 TO 2017


WEATHER ITEM   OBSERVED TIME   RECORD YEAR NORMAL DEPARTURE LAST
                VALUE   (LST)  VALUE       VALUE  FROM      YEAR
                                                  NORMAL
..................................................................
TEMPERATURE (F)
 TODAY
  MAXIMUM         75   1151 AM  85    1986  68      7       78
  MINIMUM         64    132 AM  23    1964  48     16       59
  AVERAGE         70                        58     12       69

PRECIPITATION (IN)
  TODAY            0.07          1.97 1962   0.18  -0.11     1.77
  MONTH TO DATE    3.61                      4.97  -1.36    13.78
  SINCE MAR 1      3.61                      4.97  -1.36    13.78
  SINCE JAN 1      9.27                     13.34  -4.07    21.63

SNOWFALL (IN)
  TODAY            0.0

DEGREE DAYS
 HEATING
  TODAY            0                         8     -8        0
  MONTH TO DATE  275                       351    -76      213
  SINCE MAR 1    275                       351    -76      213
  SINCE JUL 1   1974                      2801   -827     2084

 COOLING
  TODAY            5                         1      4        4
  MONTH TO DATE   43                        15     28       16
  SINCE MAR 1     43                        15     28       16
  SINCE JAN 1     65                        18     47       19
..................................................................


WIND (MPH)
  HIGHEST WIND SPEED    30   HIGHEST WIND DIRECTION     S (190)
  HIGHEST GUST SPEED    41   HIGHEST GUST DIRECTION     S (190)
  AVERAGE WIND SPEED    16.8


SKY COVER
  POSSIBLE SUNSHINE  MM
  AVERAGE SKY COVER 0.8


WEATHER CONDITIONS
 THE FOLLOWING WEATHER WAS RECORDED TODAY.
  THUNDERSTORM
  HEAVY RAIN
  LIGHT RAIN
  HAZE


RELATIVE HUMIDITY (PERCENT)
 HIGHEST    81           200 AM
 LOWEST     53           300 PM
 AVERAGE    67

..........................................................


THE MEMPHIS CLIMATE NORMALS FOR TOMORROW
                         NORMAL    RECORD    YEAR
 MAXIMUM TEMPERATURE (F)   69        85      2012
                                             1963
                                             1946
 MINIMUM TEMPERATURE (F)   48        26      1923


SUNRISE AND SUNSET
MARCH 30 2017.........SUNRISE   649 AM CDT   SUNSET   720 PM CDT
MARCH 31 2017.........SUNRISE   648 AM CDT   SUNSET   721 PM CDT


-  INDICATES NEGATIVE NUMBERS.
R  INDICATES RECORD WAS SET OR TIED.
MM INDICATES DATA IS MISSING.
T  INDICATES TRACE AMOUNT.




$$
