000
CDUS44 KMEG 092250
CLIMEM


CLIMATE REPORT
NATIONAL WEATHER SERVICE MEMPHIS TN
450 PM CST TUE FEB 9 2016


...................................

...THE MEMPHIS CLIMATE SUMMARY FOR FEBRUARY 9 2016...
VALID TODAY AS OF 0400 PM LOCAL TIME.

CLIMATE NORMAL PERIOD 1981 TO 2010
CLIMATE RECORD PERIOD 1872 TO 2016


WEATHER ITEM   OBSERVED TIME   RECORD YEAR NORMAL DEPARTURE LAST
                VALUE   (LST)  VALUE       VALUE  FROM      YEAR
                                                  NORMAL
..................................................................
TEMPERATURE (F)
 TODAY
  MAXIMUM         41    128 PM  77    1957  53    -12       57
  MINIMUM         32    738 AM   6    1899  35     -3       37
  AVERAGE         37                        44     -7       47

PRECIPITATION (IN)
  TODAY            0.00          2.26 1939   0.15  -0.15     0.00
  MONTH TO DATE    1.74                      1.37   0.37     0.72
  SINCE DEC 1      8.78                     11.09  -2.31     4.62
  SINCE JAN 1      4.01                      5.35  -1.34     2.02

SNOWFALL (IN)
  TODAY            0.0

DEGREE DAYS
 HEATING
  TODAY           28                        21      7       18
  MONTH TO DATE  166                       197    -31      195
  SINCE DEC 1   1250                      1600   -350     1507
  SINCE JUL 1   1551                      2099   -548     2116

 COOLING
  TODAY            0                         0      0        0
  MONTH TO DATE    1                         0      1        0
  SINCE DEC 1     22                         3     19        0
  SINCE JAN 1      3                         1      2        0
..................................................................


WIND (MPH)
  HIGHEST WIND SPEED    26   HIGHEST WIND DIRECTION    NW (320)
  HIGHEST GUST SPEED    39   HIGHEST GUST DIRECTION    NW (300)
  AVERAGE WIND SPEED    15.3


SKY COVER
  POSSIBLE SUNSHINE  MM
  AVERAGE SKY COVER 0.7


WEATHER CONDITIONS
 THE FOLLOWING WEATHER WAS RECORDED TODAY.
  NO SIGNIFICANT WEATHER WAS OBSERVED.


RELATIVE HUMIDITY (PERCENT)
 HIGHEST    56           500 AM
 LOWEST     33           300 PM
 AVERAGE    45

..........................................................


THE MEMPHIS CLIMATE NORMALS FOR TOMORROW
                         NORMAL    RECORD    YEAR
 MAXIMUM TEMPERATURE (F)   53        77      1932
 MINIMUM TEMPERATURE (F)   35         0      1899


SUNRISE AND SUNSET
FEBRUARY  9 2016......SUNRISE   652 AM CST   SUNSET   536 PM CST
FEBRUARY 10 2016......SUNRISE   651 AM CST   SUNSET   537 PM CST


-  INDICATES NEGATIVE NUMBERS.
R  INDICATES RECORD WAS SET OR TIED.
MM INDICATES DATA IS MISSING.
T  INDICATES TRACE AMOUNT.




$$
