000
CDUS44 KMEG 220642
CLIMEM


CLIMATE REPORT
NATIONAL WEATHER SERVICE MEMPHIS TN
142 AM CDT FRI MAY 22 2015


...................................

...THE MEMPHIS CLIMATE SUMMARY FOR MAY 21 2015...

CLIMATE NORMAL PERIOD 1981 TO 2010
CLIMATE RECORD PERIOD 1872 TO 2015


WEATHER ITEM   OBSERVED TIME   RECORD YEAR NORMAL DEPARTURE LAST
                VALUE   (LST)  VALUE       VALUE  FROM      YEAR
                                                  NORMAL
..................................................................
TEMPERATURE (F)
 YESTERDAY
  MAXIMUM         64   1204 AM  94    1987  83    -19       86
                                      1941
  MINIMUM         52   1159 PM  46    1954  64    -12       71
                                      1883
  AVERAGE         58                        73    -15       79

PRECIPITATION (IN)
  YESTERDAY        0.00          4.18 2013   0.15  -0.15     0.00
  MONTH TO DATE    3.44                      3.70  -0.26     2.59
  SINCE MAR 1     11.99                     14.36  -2.37    16.11
  SINCE JAN 1     17.64                     22.73  -5.09    24.23

SNOWFALL (IN)
  YESTERDAY        0.0          MM      MM   0.0    0.0      0.0
  MONTH TO DATE    0.0                       0.0    0.0      0.0
  SINCE MAR 1      3.6                       0.4    3.2      0.5
  SINCE JUL 1      6.1                       3.8    2.3      0.8
  SNOW DEPTH       0

DEGREE DAYS
 HEATING
  YESTERDAY        7                         0      7        0
  MONTH TO DATE   10                        17     -7       49
  SINCE MAR 1    458                       512    -54      658
  SINCE JUL 1   3181                      2962    219     3484

 COOLING
  YESTERDAY        0                         8     -8       14
  MONTH TO DATE  165                       128     37      132
  SINCE MAR 1    255                       220     35      188
  SINCE JAN 1    255                       223     32      188
..................................................................


WIND (MPH)
  HIGHEST WIND SPEED    17   HIGHEST WIND DIRECTION     N (10)
  HIGHEST GUST SPEED    25   HIGHEST GUST DIRECTION     N (10)
  AVERAGE WIND SPEED     9.7


SKY COVER
  POSSIBLE SUNSHINE  MM
  AVERAGE SKY COVER 0.9


WEATHER CONDITIONS
 THE FOLLOWING WEATHER WAS RECORDED YESTERDAY.
  NO SIGNIFICANT WEATHER WAS OBSERVED.


RELATIVE HUMIDITY (PERCENT)
 HIGHEST    84          1200 AM
 LOWEST     61           100 PM
 AVERAGE    73

..........................................................


THE MEMPHIS CLIMATE NORMALS FOR TODAY
                         NORMAL    RECORD    YEAR
 MAXIMUM TEMPERATURE (F)   83        96      1987
 MINIMUM TEMPERATURE (F)   64        41      1883


SUNRISE AND SUNSET
MAY 22 2015...........SUNRISE   552 AM CDT   SUNSET   802 PM CDT
MAY 23 2015...........SUNRISE   551 AM CDT   SUNSET   803 PM CDT


-  INDICATES NEGATIVE NUMBERS.
R  INDICATES RECORD WAS SET OR TIED.
MM INDICATES DATA IS MISSING.
T  INDICATES TRACE AMOUNT.




$$
