000
CDUS44 KMEG 240640
CLIMEM


CLIMATE REPORT
NATIONAL WEATHER SERVICE MEMPHIS TN
139 AM CDT SUN JUL 24 2016


...................................

...THE MEMPHIS CLIMATE SUMMARY FOR JULY 23 2016...

CLIMATE NORMAL PERIOD 1981 TO 2010
CLIMATE RECORD PERIOD 1872 TO 2016


WEATHER ITEM   OBSERVED TIME   RECORD YEAR NORMAL DEPARTURE LAST
                VALUE   (LST)  VALUE       VALUE  FROM      YEAR
                                                  NORMAL
..................................................................
TEMPERATURE (F)
 YESTERDAY
  MAXIMUM         88    225 PM 104    1934  92     -4       92
                                      1901
  MINIMUM         77   1125 PM  52    1947  74      3       72
  AVERAGE         83                        83      0       82

PRECIPITATION (IN)
  YESTERDAY        0.14          3.12 1995   0.16  -0.02     1.12
  MONTH TO DATE    4.09                      3.40   0.69     5.10
  SINCE JUN 1      5.26                      7.03  -1.77     9.57
  SINCE JAN 1     40.35                     31.31   9.04    29.79

SNOWFALL (IN)
  YESTERDAY        0.0          MM      MM   0.0    0.0      0.0
  MONTH TO DATE    0.0                       0.0    0.0      0.0
  SINCE JUN 1      0.0                       0.0    0.0      0.0
  SINCE JUL 1      0.0                       0.0    0.0      0.0
  SNOW DEPTH       0

DEGREE DAYS
 HEATING
  YESTERDAY        0                         0      0        0
  MONTH TO DATE    0                         0      0        0
  SINCE JUN 1      0                         0      0        0
  SINCE JUL 1      0                         0      0        0

 COOLING
  YESTERDAY       18                        18      0       17
  MONTH TO DATE  473                       410     63      436
  SINCE JUN 1   1025                       848    177      913
  SINCE JAN 1   1330                      1169    161     1267
..................................................................


WIND (MPH)
  HIGHEST WIND SPEED    17   HIGHEST WIND DIRECTION     E (100)
  HIGHEST GUST SPEED    24   HIGHEST GUST DIRECTION     E (100)
  AVERAGE WIND SPEED     6.4


SKY COVER
  POSSIBLE SUNSHINE  MM
  AVERAGE SKY COVER 0.9


WEATHER CONDITIONS
 THE FOLLOWING WEATHER WAS RECORDED YESTERDAY.
  THUNDERSTORM
  LIGHT RAIN


RELATIVE HUMIDITY (PERCENT)
 HIGHEST    91           600 AM
 LOWEST     59           300 PM
 AVERAGE    75

..........................................................


THE MEMPHIS CLIMATE NORMALS FOR TODAY
                         NORMAL    RECORD    YEAR
 MAXIMUM TEMPERATURE (F)   92       102      1934
 MINIMUM TEMPERATURE (F)   74        58      1947


SUNRISE AND SUNSET
JULY 24 2016..........SUNRISE   604 AM CDT   SUNSET   809 PM CDT
JULY 25 2016..........SUNRISE   604 AM CDT   SUNSET   808 PM CDT


-  INDICATES NEGATIVE NUMBERS.
R  INDICATES RECORD WAS SET OR TIED.
MM INDICATES DATA IS MISSING.
T  INDICATES TRACE AMOUNT.




$$
