000
CDUS44 KMEG 240637
CLIMEM


CLIMATE REPORT
NATIONAL WEATHER SERVICE MEMPHIS TN
137 AM CDT TUE OCT 24 2017


...................................

...THE MEMPHIS CLIMATE SUMMARY FOR OCTOBER 23 2017...

CLIMATE NORMAL PERIOD 1981 TO 2010
CLIMATE RECORD PERIOD 1872 TO 2017


WEATHER ITEM   OBSERVED TIME   RECORD YEAR NORMAL DEPARTURE LAST
                VALUE   (LST)  VALUE       VALUE  FROM      YEAR
                                                  NORMAL
..................................................................
TEMPERATURE (F)
 YESTERDAY
  MAXIMUM         71    316 PM  89    1939  72     -1       77
  MINIMUM         53    820 AM  30    1952  52      1       50
  AVERAGE         62                        62      0       64

PRECIPITATION (IN)
  YESTERDAY        0.12          2.14 1873   0.14  -0.02     0.00
  MONTH TO DATE    2.86                      2.89  -0.03     1.21
  SINCE SEP 1      4.47                      5.98  -1.51     1.88
  SINCE JAN 1     41.13                     41.36  -0.23    51.69

SNOWFALL (IN)
  YESTERDAY        0.0           0.0  2002   0.0    0.0      0.0
                                      2001
  MONTH TO DATE    0.0                       0.0    0.0      0.0
  SINCE SEP 1      0.0                       0.0    0.0      0.0
  SINCE JUL 1      0.0                       0.0    0.0      0.0
  SNOW DEPTH       0

DEGREE DAYS
 HEATING
  YESTERDAY        3                         5     -2        1
  MONTH TO DATE   26                        69    -43       18
  SINCE SEP 1     29                        80    -51       18
  SINCE JUL 1     29                        80    -51       18

 COOLING
  YESTERDAY        0                         2     -2        0
  MONTH TO DATE  143                        79     64      151
  SINCE SEP 1    464                       395     69      621
  SINCE JAN 1   2280                      2230     50     2722
..................................................................


WIND (MPH)
  HIGHEST WIND SPEED    18   HIGHEST WIND DIRECTION    NW (300)
  HIGHEST GUST SPEED    23   HIGHEST GUST DIRECTION    NW (310)
  AVERAGE WIND SPEED    11.1


SKY COVER
  POSSIBLE SUNSHINE  MM
  AVERAGE SKY COVER 0.4


WEATHER CONDITIONS
 THE FOLLOWING WEATHER WAS RECORDED YESTERDAY.
  LIGHT RAIN
  FOG


RELATIVE HUMIDITY (PERCENT)
 HIGHEST    93           200 AM
 LOWEST     37           200 PM
 AVERAGE    65

..........................................................


THE MEMPHIS CLIMATE NORMALS FOR TODAY
                         NORMAL    RECORD    YEAR
 MAXIMUM TEMPERATURE (F)   72        86      2003
 MINIMUM TEMPERATURE (F)   51        30      1981


SUNRISE AND SUNSET
OCTOBER 24 2017.......SUNRISE   714 AM CDT   SUNSET   614 PM CDT
OCTOBER 25 2017.......SUNRISE   715 AM CDT   SUNSET   613 PM CDT


-  INDICATES NEGATIVE NUMBERS.
R  INDICATES RECORD WAS SET OR TIED.
MM INDICATES DATA IS MISSING.
T  INDICATES TRACE AMOUNT.


$$
