000
CDUS41 KCLE 271236
CLIMFD


CLIMATE REPORT
NATIONAL WEATHER SERVICE CLEVELAND OH
833 AM EDT MON MAR 27 2017


...................................

...THE MANSFIELD OH CLIMATE SUMMARY FOR MARCH 26 2017...

CLIMATE NORMAL PERIOD 1981 TO 2010
CLIMATE RECORD PERIOD 1916 TO 2017


WEATHER ITEM   OBSERVED TIME   RECORD YEAR NORMAL DEPARTURE LAST
                VALUE   (LST)  VALUE       VALUE  FROM      YEAR
                                                  NORMAL
..................................................................
TEMPERATURE (F)
 YESTERDAY
  MAXIMUM         63    933 AM  76    1967  50     13       55
  MINIMUM         54   1159 PM   5    1940  31     23       29
  AVERAGE         59                        41     18       42

PRECIPITATION (IN)
  YESTERDAY        0.35                      0.13   0.22     0.00
  MONTH TO DATE    2.84                      2.75   0.09     3.10
  SINCE MAR 1      2.84                      2.75   0.09     3.10
  SINCE JAN 1     10.70                      8.01   2.69     8.00

SNOWFALL (IN)
  YESTERDAY        0.0                       0.1   -0.1      0.0
  MONTH TO DATE   10.7                       7.0    3.7      3.0
  SINCE MAR 1     10.7                       7.0    3.7      3.0
  SINCE JUL 1     32.3                      44.9  -12.6     23.4
  SNOW DEPTH       0

DEGREE DAYS
 HEATING
  YESTERDAY        6                        24    -18       23
  MONTH TO DATE  748                       751     -3      544
  SINCE MAR 1    748                       751     -3      544
  SINCE JUL 1   4418                      5376   -958     4316

 COOLING
  YESTERDAY        0                         0      0        0
  MONTH TO DATE    0                         0      0        0
  SINCE MAR 1      0                         0      0        0
  SINCE JAN 1      0                         0      0        0
..................................................................


WIND (MPH)
  HIGHEST WIND SPEED    20   HIGHEST WIND DIRECTION     S (180)
  HIGHEST GUST SPEED    27   HIGHEST GUST DIRECTION     S (180)
  AVERAGE WIND SPEED    10.0


SKY COVER
  POSSIBLE SUNSHINE  MM
  AVERAGE SKY COVER 0.6


WEATHER CONDITIONS
 THE FOLLOWING WEATHER WAS RECORDED YESTERDAY.
  LIGHT RAIN
  FOG


RELATIVE HUMIDITY (PERCENT)
 HIGHEST    93          1200 PM
 LOWEST     60           900 AM
 AVERAGE    77

..........................................................


THE MANSFIELD OH CLIMATE NORMALS FOR TODAY
                         NORMAL    RECORD    YEAR
 MAXIMUM TEMPERATURE (F)   51        79      1998
 MINIMUM TEMPERATURE (F)   32        12      1996
                                             1965


SUNRISE AND SUNSET
MARCH 27 2017.........SUNRISE   721 AM EDT   SUNSET   750 PM EDT
MARCH 28 2017.........SUNRISE   720 AM EDT   SUNSET   751 PM EDT


-  INDICATES NEGATIVE NUMBERS.
R  INDICATES RECORD WAS SET OR TIED.
MM INDICATES DATA IS MISSING.
T  INDICATES TRACE AMOUNT.




$$
