000
CDUS44 KBRO 062126
CLIMFE


CLIMATE REPORT
NATIONAL WEATHER SERVICE BROWNSVILLE TX
425 PM CDT FRI MAY 6 2016


...................................

...THE MCALLEN CLIMATE SUMMARY FOR MAY 6 2016...
VALID TODAY AS OF 0400 PM LOCAL TIME.

CLIMATE NORMAL PERIOD 1981 TO 2010
CLIMATE RECORD PERIOD 1961 TO 2016


WEATHER ITEM   OBSERVED TIME   RECORD YEAR NORMAL DEPARTURE LAST
                VALUE   (LST)  VALUE       VALUE  FROM      YEAR
                                                  NORMAL
..................................................................
TEMPERATURE (F)
 TODAY
  MAXIMUM         94    259 PM 100    1971  90      4       89
  MINIMUM         64    609 AM  57    1979  70     -6       77
                                      1970
  AVERAGE         79                        80     -1       83

PRECIPITATION (IN)
  TODAY            0.00          3.01 1987   0.07  -0.07      T
  MONTH TO DATE    T                         0.41  -0.41      T
  SINCE MAR 1      0.62                      2.78  -2.16     5.98
  SINCE JAN 1      1.02                      4.94  -3.92     6.57

SNOWFALL (IN)
  TODAY            0.0
  MONTH TO DATE    0.0
  SINCE MAR 1      0.0
  SINCE JUL 1      0.0
  SNOW DEPTH       0

DEGREE DAYS
 HEATING
  TODAY            0                         0      0        0
  MONTH TO DATE    0                         0      0        0
  SINCE MAR 1      7                        46    -39       66
  SINCE JUL 1    318                       579   -261      756

 COOLING
  TODAY           14                        15     -1       18
  MONTH TO DATE   85                        87     -2       86
  SINCE MAR 1    907                       659    248      682
  SINCE JAN 1   1112                       818    294      767
..................................................................


WIND (MPH)
  HIGHEST WIND SPEED    17   HIGHEST WIND DIRECTION    SE (130)
  HIGHEST GUST SPEED    24   HIGHEST GUST DIRECTION    SE (140)
  AVERAGE WIND SPEED     6.3



WEATHER CONDITIONS
 THE FOLLOWING WEATHER WAS RECORDED TODAY.
  NO SIGNIFICANT WEATHER WAS OBSERVED.


..........................................................


THE MCALLEN CLIMATE NORMALS FOR TOMORROW
                         NORMAL    RECORD    YEAR
 MAXIMUM TEMPERATURE (F)   90       100      1998
                                             1967
 MINIMUM TEMPERATURE (F)   71        61      1992


SUNRISE AND SUNSET
MAY  6 2016...........SUNRISE   652 AM CDT   SUNSET   808 PM CDT
MAY  7 2016...........SUNRISE   651 AM CDT   SUNSET   808 PM CDT


-  INDICATES NEGATIVE NUMBERS.
R  INDICATES RECORD WAS SET OR TIED.
MM INDICATES DATA IS MISSING.
T  INDICATES TRACE AMOUNT.




$$
