000
CDUS44 KBRO 230730
CLIMFE


CLIMATE REPORT
NATIONAL WEATHER SERVICE BROWNSVILLE TX
130 AM CST THU NOV 23 2017


...................................

...THE MCALLEN CLIMATE SUMMARY FOR NOVEMBER 22 2017...

CLIMATE NORMAL PERIOD 1981 TO 2010
CLIMATE RECORD PERIOD 1961 TO 2017


WEATHER ITEM   OBSERVED TIME   RECORD YEAR NORMAL DEPARTURE LAST
                VALUE   (LST)  VALUE       VALUE  FROM      YEAR
                                                  NORMAL
..................................................................
TEMPERATURE (F)
 YESTERDAY
  MAXIMUM         72    422 PM  92    1983  78     -6       89
  MINIMUM         56   1140 PM  42    1964  57     -1       67
  AVERAGE         64                        67     -3

PRECIPITATION (IN)
  YESTERDAY        0.00          1.95 2013   0.02  -0.02     0.00
  MONTH TO DATE    3.14                      0.68   2.46     1.90
  SINCE SEP 1     11.72                      7.23   4.49     3.74
  SINCE JAN 1     18.51                     20.80  -2.29    13.04

SNOWFALL (IN)
  YESTERDAY        0.0
  MONTH TO DATE    0.0
  SINCE SEP 1      0.0
  SINCE JUL 1      0.0

DEGREE DAYS
 HEATING
  YESTERDAY        1                         3     -2        0
  MONTH TO DATE   14                        31    -17        7
  SINCE SEP 1     24                        36    -12        7
  SINCE JUL 1     24                        36    -12        7

 COOLING
  YESTERDAY        0                         5     -5       13
  MONTH TO DATE  235                       153     82      235
  SINCE SEP 1   1294                      1084    210     1517
  SINCE JAN 1   5560                      4335   1225     5419
..................................................................


WIND (MPH)
  HIGHEST WIND SPEED    25   HIGHEST WIND DIRECTION     N (340)
  HIGHEST GUST SPEED    32   HIGHEST GUST DIRECTION     N (340)
  AVERAGE WIND SPEED    12.4



WEATHER CONDITIONS
 THE FOLLOWING WEATHER WAS RECORDED YESTERDAY.
  NO SIGNIFICANT WEATHER WAS OBSERVED.


RELATIVE HUMIDITY (PERCENT)
 HIGHEST    81
 LOWEST     44
 AVERAGE    63

..........................................................


THE MCALLEN CLIMATE NORMALS FOR TODAY
                         NORMAL    RECORD    YEAR
 MAXIMUM TEMPERATURE (F)   78        92      1981
 MINIMUM TEMPERATURE (F)   57        36      1975


SUNRISE AND SUNSET
NOVEMBER 23 2017......SUNRISE   658 AM CST   SUNSET   541 PM CST
NOVEMBER 24 2017......SUNRISE   658 AM CST   SUNSET   541 PM CST


-  INDICATES NEGATIVE NUMBERS.
R  INDICATES RECORD WAS SET OR TIED.
MM INDICATES DATA IS MISSING.
T  INDICATES TRACE AMOUNT.




$$
