000
CDUS44 KBRO 042127
CLIMFE


CLIMATE REPORT
NATIONAL WEATHER SERVICE BROWNSVILLE TX
425 PM CDT SAT JUL 4 2015


...................................

...THE MCALLEN CLIMATE SUMMARY FOR JULY 4 2015...
VALID TODAY AS OF 0400 PM LOCAL TIME.

CLIMATE NORMAL PERIOD 1981 TO 2010
CLIMATE RECORD PERIOD 1941 TO 2015


WEATHER ITEM   OBSERVED TIME   RECORD YEAR NORMAL DEPARTURE LAST
                VALUE   (LST)  VALUE       VALUE  FROM      YEAR
                                                  NORMAL
..................................................................
TEMPERATURE (F)
 TODAY
  MAXIMUM         95    243 PM 107    2009  97     -2       95
  MINIMUM         79    650 AM  68    1974  76      3       74
  AVERAGE         87                        86      1       85

PRECIPITATION (IN)
  TODAY            0.00          0.98 1974   0.07  -0.07     0.04
  MONTH TO DATE    0.25                      0.30  -0.05     0.04
  SINCE JUN 1      5.64                      2.88   2.76     0.34
  SINCE JAN 1     17.11                      9.66   7.45     3.22

DEGREE DAYS
 HEATING
  TODAY            0                         0      0        0
  MONTH TO DATE    0                         0      0        0
  SINCE JUN 1      0                         0      0        0
  SINCE JUL 1      0                         0      0        0

 COOLING
  TODAY           22                        21      1       20
  MONTH TO DATE   76                        84     -8       87
  SINCE JUN 1    717                       712      5      757
  SINCE JAN 1   1962                      1967     -5     1813
..................................................................


WIND (MPH)
  HIGHEST WIND SPEED    28   HIGHEST WIND DIRECTION    SE (140)
  HIGHEST GUST SPEED    35   HIGHEST GUST DIRECTION    SE (140)
  AVERAGE WIND SPEED    13.8



WEATHER CONDITIONS
 THE FOLLOWING WEATHER WAS RECORDED TODAY.
  NO SIGNIFICANT WEATHER WAS OBSERVED.


..........................................................


THE MCALLEN CLIMATE NORMALS FOR TOMORROW
                         NORMAL    RECORD    YEAR
 MAXIMUM TEMPERATURE (F)   97       105      2009
 MINIMUM TEMPERATURE (F)   76        70      1941
                                             1974
                                             1975


SUNRISE AND SUNSET
JULY  4 2015..........SUNRISE   645 AM CDT   SUNSET   829 PM CDT
JULY  5 2015..........SUNRISE   646 AM CDT   SUNSET   829 PM CDT


-  INDICATES NEGATIVE NUMBERS.
R  INDICATES RECORD WAS SET OR TIED.
MM INDICATES DATA IS MISSING.
T  INDICATES TRACE AMOUNT.

$$
