684
CDUS44 KBRO 200726
CLIMFE


CLIMATE REPORT
NATIONAL WEATHER SERVICE BROWNSVILLE TX
126 AM CST TUE FEB 20 2018


...................................

...THE MCALLEN CLIMATE SUMMARY FOR FEBRUARY 19 2018...

CLIMATE NORMAL PERIOD 1981 TO 2010
CLIMATE RECORD PERIOD 1961 TO 2018


WEATHER ITEM   OBSERVED TIME   RECORD YEAR NORMAL DEPARTURE LAST
                VALUE   (LST)  VALUE       VALUE  FROM      YEAR
                                                  NORMAL
..................................................................
TEMPERATURE (F)
 YESTERDAY
  MAXIMUM         89    216 PM  97    1986  76     13       93
  MINIMUM         73    729 AM  37    1964  55     18       74
  AVERAGE         81                        65     16

PRECIPITATION (IN)
  YESTERDAY        0.00          0.91 1982   0.03  -0.03     0.00
  MONTH TO DATE    0.17                      0.81  -0.64     0.33
  SINCE DEC 1      1.94                      3.05  -1.11     1.94
  SINCE JAN 1      0.71                      1.86  -1.15     1.31

SNOWFALL (IN)
  YESTERDAY        0.0
  MONTH TO DATE    0.0
  SINCE DEC 1      0.3
  SINCE JUL 1      0.3

DEGREE DAYS
 HEATING
  YESTERDAY        0                         3     -3        0
  MONTH TO DATE   59                        82    -23        8
  SINCE DEC 1    513                       449     64      181
  SINCE JUL 1    542                       509     33      188

 COOLING
  YESTERDAY       16                         4     12       19
  MONTH TO DATE  123                        58     65      191
  SINCE DEC 1    249                       203     46      553
  SINCE JAN 1    161                       120     41      370
..................................................................


WIND (MPH)
  HIGHEST WIND SPEED    32   HIGHEST WIND DIRECTION    SE (150)
  HIGHEST GUST SPEED    43   HIGHEST GUST DIRECTION    SE (140)
  AVERAGE WIND SPEED    22.6



WEATHER CONDITIONS
 THE FOLLOWING WEATHER WAS RECORDED YESTERDAY.
  NO SIGNIFICANT WEATHER WAS OBSERVED.


RELATIVE HUMIDITY (PERCENT)
 HIGHEST    93
 LOWEST     53
 AVERAGE    73

..........................................................


THE MCALLEN CLIMATE NORMALS FOR TODAY
                         NORMAL    RECORD    YEAR
 MAXIMUM TEMPERATURE (F)   76        99      1996
 MINIMUM TEMPERATURE (F)   55        37      1968


SUNRISE AND SUNSET
FEBRUARY 20 2018......SUNRISE   704 AM CST   SUNSET   629 PM CST
FEBRUARY 21 2018......SUNRISE   704 AM CST   SUNSET   630 PM CST


-  INDICATES NEGATIVE NUMBERS.
R  INDICATES RECORD WAS SET OR TIED.
MM INDICATES DATA IS MISSING.
T  INDICATES TRACE AMOUNT.




$$
