658
CDUS44 KBRO 070743
CLIMFE


CLIMATE REPORT
NATIONAL WEATHER SERVICE BROWNSVILLE TX
142 AM CST WED DEC 7 2016


...................................

...THE MCALLEN CLIMATE SUMMARY FOR DECEMBER 6 2016...

CLIMATE NORMAL PERIOD 1981 TO 2010
CLIMATE RECORD PERIOD 1961 TO 2016


WEATHER ITEM   OBSERVED TIME   RECORD YEAR NORMAL DEPARTURE LAST
                VALUE   (LST)  VALUE       VALUE  FROM      YEAR
                                                  NORMAL
..................................................................
TEMPERATURE (F)
 YESTERDAY
  MAXIMUM         85    334 PM  91    1978  74     11       79
  MINIMUM         49    722 AM  39    2002  53     -4       57
  AVERAGE         67                        64      3

PRECIPITATION (IN)
  YESTERDAY        0.00          0.33 1971   0.03  -0.03     0.00
  MONTH TO DATE    0.36                      0.19   0.17     0.00
  SINCE DEC 1      0.36                      0.19   0.17     0.00
  SINCE JAN 1     13.51                     21.20  -7.69    26.36

SNOWFALL (IN)
  YESTERDAY        0.0
  MONTH TO DATE    0.0
  SINCE DEC 1      0.0
  SINCE JUL 1      0.0

DEGREE DAYS
 HEATING
  YESTERDAY        0                         5     -5        0
  MONTH TO DATE   10                        25    -15       21
  SINCE DEC 1     10                        25    -15       21
  SINCE JUL 1     17                        85    -68       55

 COOLING
  YESTERDAY        2                         3     -1        3
  MONTH TO DATE   27                        20      7        3
  SINCE DEC 1     27                        20      7        3
  SINCE JAN 1   5541                      4389   1152     4803
..................................................................


WIND (MPH)
  HIGHEST WIND SPEED     9   HIGHEST WIND DIRECTION    SE (120)
  HIGHEST GUST SPEED    13   HIGHEST GUST DIRECTION    SE (150)
  AVERAGE WIND SPEED     4.2



WEATHER CONDITIONS
 THE FOLLOWING WEATHER WAS RECORDED YESTERDAY.
  FOG
  HAZE


RELATIVE HUMIDITY (PERCENT)
 HIGHEST    93
 LOWEST     32
 AVERAGE    63

..........................................................


THE MCALLEN CLIMATE NORMALS FOR TODAY
                         NORMAL    RECORD    YEAR
 MAXIMUM TEMPERATURE (F)   74        92      1996
 MINIMUM TEMPERATURE (F)   53        35      2011


SUNRISE AND SUNSET
DECEMBER  7 2016......SUNRISE   708 AM CST   SUNSET   541 PM CST
DECEMBER  8 2016......SUNRISE   709 AM CST   SUNSET   542 PM CST


-  INDICATES NEGATIVE NUMBERS.
R  INDICATES RECORD WAS SET OR TIED.
MM INDICATES DATA IS MISSING.
T  INDICATES TRACE AMOUNT.




$$
