250
CDUS44 KBRO 280625
CLIMFE


CLIMATE REPORT
NATIONAL WEATHER SERVICE BROWNSVILLE TX
125 AM CDT FRI JUL 28 2017


...................................

...THE MCALLEN CLIMATE SUMMARY FOR JULY 27 2017...

CLIMATE NORMAL PERIOD 1981 TO 2010
CLIMATE RECORD PERIOD 1961 TO 2017


WEATHER ITEM   OBSERVED TIME   RECORD YEAR NORMAL DEPARTURE LAST
                VALUE   (LST)  VALUE       VALUE  FROM      YEAR
                                                  NORMAL
..................................................................
TEMPERATURE (F)
 YESTERDAY
  MAXIMUM        102    331 PM 104    2009  98      4      101
                                      1994
  MINIMUM         75    444 AM  71    1968  77     -2       83
  AVERAGE         89                        87      2

PRECIPITATION (IN)
  YESTERDAY        0.00          1.07 2007   0.05  -0.05     0.00
  MONTH TO DATE    0.18                      1.81  -1.63     0.25
  SINCE JUN 1      0.36                      4.39  -4.03     0.49
  SINCE JAN 1      6.23                     11.17  -4.94     8.46

SNOWFALL (IN)
  YESTERDAY        0.0
  MONTH TO DATE    0.0
  SINCE JUN 1      0.0
  SINCE JUL 1      0.0

DEGREE DAYS
 HEATING
  YESTERDAY        0                         0      0        0
  MONTH TO DATE    0                         0      0        0
  SINCE JUN 1      0                         0      0        0
  SINCE JUL 1      0                         0      0        0

 COOLING
  YESTERDAY       24                        22      2       27
  MONTH TO DATE  668                       584     84      714
  SINCE JUN 1   1415                      1212    203     1371
  SINCE JAN 1   3354                      2467    887     2989
..................................................................


WIND (MPH)
  HIGHEST WIND SPEED    25   HIGHEST WIND DIRECTION    SE (130)
  HIGHEST GUST SPEED    32   HIGHEST GUST DIRECTION    SE (130)
  AVERAGE WIND SPEED    13.2



WEATHER CONDITIONS
 THE FOLLOWING WEATHER WAS RECORDED YESTERDAY.
  NO SIGNIFICANT WEATHER WAS OBSERVED.


RELATIVE HUMIDITY (PERCENT)
 HIGHEST    88
 LOWEST     33
 AVERAGE    61

..........................................................


THE MCALLEN CLIMATE NORMALS FOR TODAY
                         NORMAL    RECORD    YEAR
 MAXIMUM TEMPERATURE (F)   98       104      1988
 MINIMUM TEMPERATURE (F)   77        71      1961


SUNRISE AND SUNSET
JULY 28 2017..........SUNRISE   657 AM CDT   SUNSET   822 PM CDT
JULY 29 2017..........SUNRISE   657 AM CDT   SUNSET   821 PM CDT


-  INDICATES NEGATIVE NUMBERS.
R  INDICATES RECORD WAS SET OR TIED.
MM INDICATES DATA IS MISSING.
T  INDICATES TRACE AMOUNT.




$$
