000
CDUS44 KBRO 292132
CLIMFE


CLIMATE REPORT
NATIONAL WEATHER SERVICE BROWNSVILLE TX
432 PM CDT FRI AUG 29 2014


...................................

...THE MCALLEN CLIMATE SUMMARY FOR AUGUST 29 2014...
VALID TODAY AS OF 0400 PM LOCAL TIME.

CLIMATE NORMAL PERIOD 1981 TO 2010
CLIMATE RECORD PERIOD 1941 TO 2014


WEATHER ITEM   OBSERVED TIME   RECORD YEAR NORMAL DEPARTURE LAST
                VALUE   (LST)  VALUE       VALUE  FROM      YEAR
                                                  NORMAL
..................................................................
TEMPERATURE (F)
 TODAY
  MAXIMUM         97    230 PM 107    2012  97      0       96
  MINIMUM         79    452 AM  64    1958  76      3       78
  AVERAGE         88                        86      2       87

PRECIPITATION (IN)
  TODAY            0.00          2.14 1977   0.12  -0.12      T
  MONTH TO DATE    1.11                      1.98  -0.87     0.48
  SINCE JUN 1      2.01                      6.56  -4.55     2.52
  SINCE JAN 1      4.89                     13.34  -8.45     5.94

SNOWFALL (IN)
  TODAY            0.0
  MONTH TO DATE    0.0
  SINCE JUN 1      0.0
  SINCE JUL 1      0.0
  SNOW DEPTH       0

DEGREE DAYS
 HEATING
  TODAY            0                         0      0        0
  MONTH TO DATE    0                         0      0        0
  SINCE JUN 1      0                         0      0        0
  SINCE JUL 1      0                         0      0        0

 COOLING
  TODAY           23                        22      1       22
  MONTH TO DATE  717                       656     61      670
  SINCE JUN 1   2099                      1958    141     2045
  SINCE JAN 1   3155                      3213    -58     3341
..................................................................


WIND (MPH)
  HIGHEST WIND SPEED    14   HIGHEST WIND DIRECTION     E (110)
  HIGHEST GUST SPEED    17   HIGHEST GUST DIRECTION     E (100)
  AVERAGE WIND SPEED     3.2



WEATHER CONDITIONS
 THE FOLLOWING WEATHER WAS RECORDED TODAY.
  NO SIGNIFICANT WEATHER WAS OBSERVED.


..........................................................


THE MCALLEN CLIMATE NORMALS FOR TOMORROW
                         NORMAL    RECORD    YEAR
 MAXIMUM TEMPERATURE (F)   97       107      2012
 MINIMUM TEMPERATURE (F)   76        68      1970


SUNRISE AND SUNSET
AUGUST 29 2014........SUNRISE   712 AM CDT   SUNSET   756 PM CDT
AUGUST 30 2014........SUNRISE   712 AM CDT   SUNSET   754 PM CDT


-  INDICATES NEGATIVE NUMBERS.
R  INDICATES RECORD WAS SET OR TIED.
MM INDICATES DATA IS MISSING.
T  INDICATES TRACE AMOUNT.




$$
