000
CDUS44 KBRO 272233
CLIMFE


CLIMATE REPORT
NATIONAL WEATHER SERVICE BROWNSVILLE TX
432 PM CST SAT DEC 27 2014


...................................

...THE MCALLEN CLIMATE SUMMARY FOR DECEMBER 27 2014...
VALID TODAY AS OF 0400 PM LOCAL TIME.

CLIMATE NORMAL PERIOD 1981 TO 2010
CLIMATE RECORD PERIOD 1941 TO 2014


WEATHER ITEM   OBSERVED TIME   RECORD YEAR NORMAL DEPARTURE LAST
                VALUE   (LST)  VALUE       VALUE  FROM      YEAR
                                                  NORMAL
..................................................................
TEMPERATURE (F)
 TODAY
  MAXIMUM         77   1136 AM  91    2008  70      7       56
  MINIMUM         65    759 AM  28    1983  51     14       52
  AVERAGE         71                        60     11       54

PRECIPITATION (IN)
  TODAY            0.00          1.12 1978   0.04  -0.04     0.01
  MONTH TO DATE    0.47                      1.02  -0.55     0.97
  SINCE DEC 1      0.47                      1.02  -0.55     0.97
  SINCE JAN 1     19.74                     22.03  -2.29    16.44

SNOWFALL (IN)
  TODAY            0.0
  MONTH TO DATE    0.0
  SINCE DEC 1      0.0
  SINCE JUL 1      0.0
  SNOW DEPTH       0

DEGREE DAYS
 HEATING
  TODAY            0                         7     -7       11
  MONTH TO DATE   59                       150    -91      194
  SINCE DEC 1     59                       150    -91      194
  SINCE JUL 1    188                       210    -22      320

 COOLING
  TODAY            6                         2      4        0
  MONTH TO DATE   89                        74     15       46
  SINCE DEC 1     89                        74     15       46
  SINCE JAN 1   4323                      4443   -120     4581
..................................................................


WIND (MPH)
  HIGHEST WIND SPEED    18   HIGHEST WIND DIRECTION    SE (140)
  HIGHEST GUST SPEED    25   HIGHEST GUST DIRECTION    SE (140)
  AVERAGE WIND SPEED     9.9



WEATHER CONDITIONS
 THE FOLLOWING WEATHER WAS RECORDED TODAY.
  FOG


..........................................................


THE MCALLEN CLIMATE NORMALS FOR TOMORROW
                         NORMAL    RECORD    YEAR
 MAXIMUM TEMPERATURE (F)   70        93      1968
 MINIMUM TEMPERATURE (F)   50        32      1983
                                             1997


SUNRISE AND SUNSET
DECEMBER 27 2014......SUNRISE   719 AM CST   SUNSET   549 PM CST
DECEMBER 28 2014......SUNRISE   719 AM CST   SUNSET   550 PM CST


-  INDICATES NEGATIVE NUMBERS.
R  INDICATES RECORD WAS SET OR TIED.
MM INDICATES DATA IS MISSING.
T  INDICATES TRACE AMOUNT.




$$
