205
CDUS44 KBRO 240646
CLIMFE


CLIMATE REPORT
NATIONAL WEATHER SERVICE BROWNSVILLE TX
145 AM CDT SUN SEP 24 2017


...................................

...THE MCALLEN CLIMATE SUMMARY FOR SEPTEMBER 23 2017...

CLIMATE NORMAL PERIOD 1981 TO 2010
CLIMATE RECORD PERIOD 1961 TO 2017


WEATHER ITEM   OBSERVED TIME   RECORD YEAR NORMAL DEPARTURE LAST
                VALUE   (LST)  VALUE       VALUE  FROM      YEAR
                                                  NORMAL
..................................................................
TEMPERATURE (F)
 YESTERDAY
  MAXIMUM         97    238 PM 105    2005  92      5      103
  MINIMUM         79    653 AM  56    1975  72      7       77
                                      1995
  AVERAGE         88                        82      6

PRECIPITATION (IN)
  YESTERDAY        T             2.23 1971   0.13  -0.13     0.00
  MONTH TO DATE    0.84                      3.62  -2.78     0.68
  SINCE SEP 1      0.84                      3.62  -2.78     0.68
  SINCE JAN 1      7.63                     17.19  -9.56     9.98

DEGREE DAYS
 HEATING
  YESTERDAY        0                         0      0        0
  MONTH TO DATE    0                         0      0        0
  SINCE SEP 1      0                         0      0        0
  SINCE JUL 1      0                         0      0        0

 COOLING
  YESTERDAY       23                        17      6       25
  MONTH TO DATE  505                       437     68      577
  SINCE SEP 1    505                       437     68      577
  SINCE JAN 1   4771                      3688   1083     4479
..................................................................


WIND (MPH)
  HIGHEST WIND SPEED    21   HIGHEST WIND DIRECTION    SE (120)
  HIGHEST GUST SPEED    27   HIGHEST GUST DIRECTION    SE (120)
  AVERAGE WIND SPEED     9.8



WEATHER CONDITIONS
 THE FOLLOWING WEATHER WAS RECORDED YESTERDAY.
  LIGHT RAIN


RELATIVE HUMIDITY (PERCENT)
 HIGHEST    79
 LOWEST     42
 AVERAGE    61

..........................................................


THE MCALLEN CLIMATE NORMALS FOR TODAY
                         NORMAL    RECORD    YEAR
 MAXIMUM TEMPERATURE (F)   91       105      2005
 MINIMUM TEMPERATURE (F)   72        55      1975


SUNRISE AND SUNSET
SEPTEMBER 24 2017.....SUNRISE   722 AM CDT   SUNSET   727 PM CDT
SEPTEMBER 25 2017.....SUNRISE   723 AM CDT   SUNSET   726 PM CDT


-  INDICATES NEGATIVE NUMBERS.
R  INDICATES RECORD WAS SET OR TIED.
MM INDICATES DATA IS MISSING.
T  INDICATES TRACE AMOUNT.

$$
