897
CDUS44 KBRO 120726
CLIMFE


CLIMATE REPORT
NATIONAL WEATHER SERVICE BROWNSVILLE TX
125 AM CST FRI FEB 12 2016


...................................

...THE MCALLEN CLIMATE SUMMARY FOR FEBRUARY 11 2016...

CLIMATE NORMAL PERIOD 1981 TO 2010
CLIMATE RECORD PERIOD 1941 TO 2016


WEATHER ITEM   OBSERVED TIME   RECORD YEAR NORMAL DEPARTURE LAST
                VALUE   (LST)  VALUE       VALUE  FROM      YEAR
                                                  NORMAL
..................................................................
TEMPERATURE (F)
 YESTERDAY
  MAXIMUM         88    245 PM  95    1995  74     14       80
  MINIMUM         47    730 AM  28    1973  54     -7       57
  AVERAGE         68                        64      4

PRECIPITATION (IN)
  YESTERDAY        0.00          0.43 1983   0.05  -0.05     0.00
  MONTH TO DATE    0.00                      0.47  -0.47     0.37
  SINCE DEC 1      0.44                      2.71  -2.27     1.39
  SINCE JAN 1      0.40                      1.52  -1.12     0.54

SNOWFALL (IN)
  YESTERDAY        0.0
  MONTH TO DATE    0.0
  SINCE DEC 1      0.0
  SINCE JUL 1      0.0

DEGREE DAYS
 HEATING
  YESTERDAY        0                         4     -4        0
  MONTH TO DATE   38                        53    -15       48
  SINCE DEC 1    273                       420   -147      454
  SINCE JUL 1    307                       480   -173      583

 COOLING
  YESTERDAY        3                         3      0        4
  MONTH TO DATE   20                        31    -11       23
  SINCE DEC 1    209                       176     33      123
  SINCE JAN 1     65                        93    -28       40
..................................................................


WIND (MPH)
  HIGHEST WIND SPEED    24   HIGHEST WIND DIRECTION    SE (130)
  HIGHEST GUST SPEED    28   HIGHEST GUST DIRECTION    SE (140)
  AVERAGE WIND SPEED    12.9



WEATHER CONDITIONS
 THE FOLLOWING WEATHER WAS RECORDED YESTERDAY.
  NO SIGNIFICANT WEATHER WAS OBSERVED.


RELATIVE HUMIDITY (PERCENT)
 HIGHEST    78
 LOWEST     15
 AVERAGE    47

..........................................................


THE MCALLEN CLIMATE NORMALS FOR TODAY
                         NORMAL    RECORD    YEAR
 MAXIMUM TEMPERATURE (F)   75        92      1995
 MINIMUM TEMPERATURE (F)   54        28      1955


SUNRISE AND SUNSET
FEBRUARY 12 2016......SUNRISE   711 AM CST   SUNSET   624 PM CST
FEBRUARY 13 2016......SUNRISE   710 AM CST   SUNSET   624 PM CST


-  INDICATES NEGATIVE NUMBERS.
R  INDICATES RECORD WAS SET OR TIED.
MM INDICATES DATA IS MISSING.
T  INDICATES TRACE AMOUNT.




$$
