000
CDUS44 KBRO 290627
CLIMFE


CLIMATE REPORT
NATIONAL WEATHER SERVICE BROWNSVILLE TX
126 AM CDT SUN MAR 29 2015


...................................

...THE MCALLEN CLIMATE SUMMARY FOR MARCH 28 2015...

CLIMATE NORMAL PERIOD 1981 TO 2010
CLIMATE RECORD PERIOD 1941 TO 2015


WEATHER ITEM   OBSERVED TIME   RECORD YEAR NORMAL DEPARTURE LAST
                VALUE   (LST)  VALUE       VALUE  FROM      YEAR
                                                  NORMAL
..................................................................
TEMPERATURE (F)
 YESTERDAY
  MAXIMUM         86    345 PM 104    1984  85      1       98
  MINIMUM         51    630 AM  43    1955  62    -11       68
                                      1996
  AVERAGE         69                        73     -4

PRECIPITATION (IN)
  YESTERDAY        0.00          0.44 1999   0.03  -0.03     0.00
  MONTH TO DATE    1.39                      0.94   0.45     1.17
  SINCE MAR 1      1.39                      0.94   0.45     1.17
  SINCE JAN 1      1.98                      3.10  -1.12     2.05

SNOWFALL (IN)
  YESTERDAY        0.0
  MONTH TO DATE    0.0
  SINCE MAR 1      0.0
  SINCE JUL 1      0.0

DEGREE DAYS
 HEATING
  YESTERDAY        0                         1     -1        0
  MONTH TO DATE   66                        39     27       98
  SINCE MAR 1     66                        39     27       98
  SINCE JUL 1    756                       572    184      874

 COOLING
  YESTERDAY        4                         9     -5       18
  MONTH TO DATE  129                       190    -61      109
  SINCE MAR 1    129                       190    -61      109
  SINCE JAN 1    214                       349   -135      237
..................................................................


WIND (MPH)
  HIGHEST WIND SPEED    22   HIGHEST WIND DIRECTION    SE (140)
  HIGHEST GUST SPEED    28   HIGHEST GUST DIRECTION    SE (140)
  AVERAGE WIND SPEED    11.9



WEATHER CONDITIONS
 THE FOLLOWING WEATHER WAS RECORDED YESTERDAY.
  NO SIGNIFICANT WEATHER WAS OBSERVED.


RELATIVE HUMIDITY (PERCENT)
 HIGHEST    86
 LOWEST     26
 AVERAGE    56

..........................................................


THE MCALLEN CLIMATE NORMALS FOR TODAY
                         NORMAL    RECORD    YEAR
 MAXIMUM TEMPERATURE (F)   85        99      1972
                                             1975
                                             2000
 MINIMUM TEMPERATURE (F)   62        40      1955


SUNRISE AND SUNSET
MARCH 29 2015.........SUNRISE   727 AM CDT   SUNSET   748 PM CDT
MARCH 30 2015.........SUNRISE   726 AM CDT   SUNSET   749 PM CDT


-  INDICATES NEGATIVE NUMBERS.
R  INDICATES RECORD WAS SET OR TIED.
MM INDICATES DATA IS MISSING.
T  INDICATES TRACE AMOUNT.

$$
