000
CDUS44 KBRO 230627
CLIMFE


CLIMATE REPORT
NATIONAL WEATHER SERVICE BROWNSVILLE TX
125 AM CDT SAT JUL 23 2016


...................................

...THE MCALLEN CLIMATE SUMMARY FOR JULY 22 2016...

CLIMATE NORMAL PERIOD 1981 TO 2010
CLIMATE RECORD PERIOD 1961 TO 2016


WEATHER ITEM   OBSERVED TIME   RECORD YEAR NORMAL DEPARTURE LAST
                VALUE   (LST)  VALUE       VALUE  FROM      YEAR
                                                  NORMAL
..................................................................
TEMPERATURE (F)
 YESTERDAY
  MAXIMUM        101    150 PM 105    2009  97      4      100
                                      1980
  MINIMUM         78    544 AM  70    1974  76      2       81
  AVERAGE         90                        87      3

PRECIPITATION (IN)
  YESTERDAY        0.00          0.74 1972   0.05  -0.05     0.00
  MONTH TO DATE    0.25                      1.55  -1.30     0.25
  SINCE JUN 1      0.49                      4.13  -3.64     5.64
  SINCE JAN 1      8.46                     10.91  -2.45    17.11

SNOWFALL (IN)
  YESTERDAY        0.0
  MONTH TO DATE    0.0
  SINCE JUN 1      0.0
  SINCE JUL 1      0.0

DEGREE DAYS
 HEATING
  YESTERDAY        0                         0      0        0
  MONTH TO DATE    0                         0      0        0
  SINCE JUN 1      0                         0      0        0
  SINCE JUL 1      0                         0      0        0

 COOLING
  YESTERDAY       25                        22      3       26
  MONTH TO DATE  580                       474    106      515
  SINCE JUN 1   1237                      1102    135     1156
  SINCE JAN 1   2855                      2357    498     2401
..................................................................


WIND (MPH)
  HIGHEST WIND SPEED    23   HIGHEST WIND DIRECTION    SE (130)
  HIGHEST GUST SPEED    29   HIGHEST GUST DIRECTION    SE (130)
  AVERAGE WIND SPEED     8.1



WEATHER CONDITIONS
 THE FOLLOWING WEATHER WAS RECORDED YESTERDAY.
  NO SIGNIFICANT WEATHER WAS OBSERVED.


RELATIVE HUMIDITY (PERCENT)
 HIGHEST    91
 LOWEST     37
 AVERAGE    64

..........................................................


THE MCALLEN CLIMATE NORMALS FOR TODAY
                         NORMAL    RECORD    YEAR
 MAXIMUM TEMPERATURE (F)   98       106      2009
 MINIMUM TEMPERATURE (F)   76        70      1989


SUNRISE AND SUNSET
JULY 23 2016..........SUNRISE   654 AM CDT   SUNSET   824 PM CDT
JULY 24 2016..........SUNRISE   655 AM CDT   SUNSET   824 PM CDT


-  INDICATES NEGATIVE NUMBERS.
R  INDICATES RECORD WAS SET OR TIED.
MM INDICATES DATA IS MISSING.
T  INDICATES TRACE AMOUNT.




$$
