000
CDUS46 KMFR 230047
CLIMFR


CLIMATE REPORT
NATIONAL WEATHER SERVICE MEDFORD, OR
437 PM PST WED NOV 22 2017


...................................

...THE MEDFORD OR CLIMATE SUMMARY FOR NOVEMBER 22 2017...
VALID TODAY AS OF 0400 PM LOCAL TIME.

CLIMATE NORMAL PERIOD 1981 TO 2010
CLIMATE RECORD PERIOD 1911 TO 2017


WEATHER ITEM   OBSERVED TIME   RECORD YEAR NORMAL DEPARTURE LAST
                VALUE   (LST)  VALUE       VALUE  FROM      YEAR
                                                  NORMAL
..................................................................
TEMPERATURE (F)
 TODAY
  MAXIMUM         72R   248 PM  68    1926  50     22       49
  MINIMUM         51    510 AM  18    1994  35     16       36
  AVERAGE         62                        43     19       43

PRECIPITATION (IN)
  TODAY            0.01          2.88 1953   0.11  -0.10     0.12
  MONTH TO DATE    2.22                      2.08   0.14     1.07
  SINCE OCT 1      3.11                      3.21  -0.10     6.56
  SINCE JAN 1     16.63                     13.92   2.71    16.58

SNOWFALL (IN)
  TODAY            0.0                       0.0    0.0      0.0
  MONTH TO DATE    0.0                       0.1   -0.1      0.0
  SINCE JUL 1      0.0                       0.1   -0.1      0.0
  SNOW DEPTH       0

DEGREE DAYS
 HEATING
  TODAY            3                        22    -19       22
  MONTH TO DATE  408                       422    -14      296
  SINCE SEP 1    779                       772      7      622
  SINCE JUL 1    779                       782     -3      624

 COOLING
  TODAY            0                         0      0        0
  MONTH TO DATE    0                         0      0        0
  SINCE SEP 1    156                       122     34      113
  SINCE JAN 1   1281                       829    452     1058
..................................................................


WIND (MPH)
  HIGHEST WIND SPEED    18   HIGHEST WIND DIRECTION    SE (130)
  HIGHEST GUST SPEED    21   HIGHEST GUST DIRECTION     S (190)
  AVERAGE WIND SPEED     4.1


SKY COVER
  POSSIBLE SUNSHINE  MM
  AVERAGE SKY COVER 0.6


WEATHER CONDITIONS
 THE FOLLOWING WEATHER WAS RECORDED TODAY.
  LIGHT RAIN
  FOG
  HAZE


RELATIVE HUMIDITY (PERCENT)
 HIGHEST   100          1200 AM
 LOWEST     57           200 PM
 AVERAGE    79

..........................................................


THE MEDFORD OR CLIMATE NORMALS FOR TOMORROW
                         NORMAL    RECORD    YEAR
 MAXIMUM TEMPERATURE (F)   50        71      1936
 MINIMUM TEMPERATURE (F)   35        19      1931


SUNRISE AND SUNSET
NOVEMBER 22 2017......SUNRISE   711 AM PST   SUNSET   444 PM PST
NOVEMBER 23 2017......SUNRISE   712 AM PST   SUNSET   443 PM PST


-  INDICATES NEGATIVE NUMBERS.
R  INDICATES RECORD WAS SET OR TIED.
MM INDICATES DATA IS MISSING.
T  INDICATES TRACE AMOUNT.




$$
