000
CDUS46 KMFR 200835
CLIMFR


CLIMATE REPORT
NATIONAL WEATHER SERVICE MEDFORD, OR
1235 AM PST MON FEB 20 2017


...................................

...THE MEDFORD OR CLIMATE SUMMARY FOR FEBRUARY 19 2017...

CLIMATE NORMAL PERIOD 1981 TO 2010
CLIMATE RECORD PERIOD 1911 TO 2017


WEATHER ITEM   OBSERVED TIME   RECORD YEAR NORMAL DEPARTURE LAST
                VALUE   (LST)  VALUE       VALUE  FROM      YEAR
                                                  NORMAL
..................................................................
TEMPERATURE (F)
 YESTERDAY
  MAXIMUM         50    343 PM  72    1995  55     -5       50
  MINIMUM         39    730 AM  20    1990  34      5       37
                                      1955
  AVERAGE         45                        45      0       44

PRECIPITATION (IN)
  YESTERDAY        0.17          0.86 1986   0.07   0.10     0.20
  MONTH TO DATE    3.09                      1.37   1.72     0.85
  SINCE OCT 1     19.67                     11.44   8.23    14.83
  SINCE JAN 1      7.98                      3.80   4.18     5.07

SNOWFALL (IN)
  YESTERDAY        0.0                       0.0    0.0      0.0
  MONTH TO DATE    0.0                       0.4   -0.4      1.2
  SINCE JUL 1     11.8                       3.4    8.4      1.9
  SNOW DEPTH       0

DEGREE DAYS
 HEATING
  YESTERDAY       20                        20      0       21
  MONTH TO DATE  333                       407    -74      316
  SINCE DEC 1   2058                      1970     88     1689
  SINCE JUL 1   2831                      2939   -108     2493

 COOLING
  YESTERDAY        0                         0      0        0
  MONTH TO DATE    0                         0      0        0
  SINCE DEC 1      0                         0      0        0
  SINCE JAN 1      0                         0      0        0
..................................................................


WIND (MPH)
  HIGHEST WIND SPEED    22   HIGHEST WIND DIRECTION    SW (220)
  HIGHEST GUST SPEED    27   HIGHEST GUST DIRECTION    SW (210)
  AVERAGE WIND SPEED     4.3


SKY COVER
  POSSIBLE SUNSHINE  MM
  AVERAGE SKY COVER 0.9


WEATHER CONDITIONS
 THE FOLLOWING WEATHER WAS RECORDED YESTERDAY.
  RAIN
  LIGHT RAIN
  FOG
  FOG W/VISIBILITY <= 1/4 MILE


RELATIVE HUMIDITY (PERCENT)
 HIGHEST   100           900 PM
 LOWEST     80          1200 PM
 AVERAGE    90

..........................................................


THE MEDFORD OR CLIMATE NORMALS FOR TODAY
                         NORMAL    RECORD    YEAR
 MAXIMUM TEMPERATURE (F)   56        72      1982
 MINIMUM TEMPERATURE (F)   34        18      1920


SUNRISE AND SUNSET
FEBRUARY 20 2017......SUNRISE   700 AM PST   SUNSET   551 PM PST
FEBRUARY 21 2017......SUNRISE   659 AM PST   SUNSET   552 PM PST


-  INDICATES NEGATIVE NUMBERS.
R  INDICATES RECORD WAS SET OR TIED.
MM INDICATES DATA IS MISSING.
T  INDICATES TRACE AMOUNT.




$$
