000
CDUS46 KMFR 010038
CLIMFR


CLIMATE REPORT
NATIONAL WEATHER SERVICE MEDFORD, OR
538 PM PDT TUE MAY 31 2016


...................................

...THE MEDFORD OR CLIMATE SUMMARY FOR MAY 31 2016...
VALID TODAY AS OF 0500 PM LOCAL TIME.

CLIMATE NORMAL PERIOD 1981 TO 2010
CLIMATE RECORD PERIOD 1911 TO 2016


WEATHER ITEM   OBSERVED TIME   RECORD YEAR NORMAL DEPARTURE LAST
                VALUE   (LST)  VALUE       VALUE  FROM      YEAR
                                                  NORMAL
..................................................................
TEMPERATURE (F)
 TODAY
  MAXIMUM         94    351 PM 100    2001  77     17       89
                                      1986
  MINIMUM         53    511 AM  32    1920  49      4       59
                                      1919
  AVERAGE         74                        63     11       74

PRECIPITATION (IN)
  TODAY            0.00          0.66 1949   0.04  -0.04     0.02
  MONTH TO DATE    0.33                      1.31  -0.98     0.33
  SINCE OCT 1     18.75                     16.48   2.27    13.68
  SINCE JAN 1      8.99                      8.84   0.15     6.83

SNOWFALL (IN)
  TODAY            0.0                       0.0    0.0      0.0
  MONTH TO DATE    0.0                       T      0.0      0.0
  SINCE JUL 1      1.9                       4.1   -2.2       T
  SNOW DEPTH       0

DEGREE DAYS
 HEATING
  TODAY            0                         4     -4        0
  MONTH TO DATE   91                       197   -106      107
  SINCE MAR 1    746                      1083   -337      796
  SINCE JUL 1   3420                      4197   -777     3236

 COOLING
  TODAY            9                         2      7        9
  MONTH TO DATE   44                        35      9       45
  SINCE MAR 1     61                        38     23       45
  SINCE JAN 1     61                        38     23       45
..................................................................


WIND (MPH)
  HIGHEST WIND SPEED    13   HIGHEST WIND DIRECTION     W (270)
  HIGHEST GUST SPEED    18   HIGHEST GUST DIRECTION     W (280)
  AVERAGE WIND SPEED     2.8


SKY COVER
  POSSIBLE SUNSHINE  MM
  AVERAGE SKY COVER 0.0


WEATHER CONDITIONS
 THE FOLLOWING WEATHER WAS RECORDED TODAY.
  NO SIGNIFICANT WEATHER WAS OBSERVED.


RELATIVE HUMIDITY (PERCENT)
 HIGHEST    77           400 AM
 LOWEST     14           300 PM
 AVERAGE    46

..........................................................


THE MEDFORD OR CLIMATE NORMALS FOR TOMORROW
                         NORMAL    RECORD    YEAR
 MAXIMUM TEMPERATURE (F)   77       102      1924
 MINIMUM TEMPERATURE (F)   49        36      1954
                                             1920
                                             1918


SUNRISE AND SUNSET
MAY 31 2016...........SUNRISE   537 AM PDT   SUNSET   842 PM PDT
JUNE  1 2016..........SUNRISE   537 AM PDT   SUNSET   842 PM PDT


-  INDICATES NEGATIVE NUMBERS.
R  INDICATES RECORD WAS SET OR TIED.
MM INDICATES DATA IS MISSING.
T  INDICATES TRACE AMOUNT.




$$
