000
CDUS46 KMFR 110837
CLIMFR


CLIMATE REPORT
NATIONAL WEATHER SERVICE MEDFORD, OR
1236 AM PST THU FEB 11 2016


...................................

...THE MEDFORD OR CLIMATE SUMMARY FOR FEBRUARY 10 2016...

CLIMATE NORMAL PERIOD 1981 TO 2010
CLIMATE RECORD PERIOD 1911 TO 2016


WEATHER ITEM   OBSERVED TIME   RECORD YEAR NORMAL DEPARTURE LAST
                VALUE   (LST)  VALUE       VALUE  FROM      YEAR
                                                  NORMAL
..................................................................
TEMPERATURE (F)
 YESTERDAY
  MAXIMUM         61    434 PM  69    2006  53      8       55
  MINIMUM         37    609 AM  16    1929  34      3       33
  AVERAGE         49                        44      5       44

PRECIPITATION (IN)
  YESTERDAY        0.00          0.58 1926   0.08  -0.08     0.00
  MONTH TO DATE    0.25                      0.72  -0.47     2.68
  SINCE OCT 1     14.23                     10.79   3.44    10.78
  SINCE JAN 1      4.47                      3.15   1.32     3.93

SNOWFALL (IN)
  YESTERDAY        0.0                       0.0    0.0      0.0
  MONTH TO DATE    1.2                       0.2    1.0      0.0
  SINCE JUL 1      1.9                       3.2   -1.3       T
  SNOW DEPTH       0

DEGREE DAYS
 HEATING
  YESTERDAY       16                        21     -5       21
  MONTH TO DATE  183                       221    -38      146
  SINCE DEC 1   1556                      1784   -228     1441
  SINCE JUL 1   2360                      2753   -393     2115

 COOLING
  YESTERDAY        0                         0      0        0
  MONTH TO DATE    0                         0      0        0
  SINCE DEC 1      0                         0      0        0
  SINCE JAN 1      0                         0      0        0
..................................................................


WIND (MPH)
  HIGHEST WIND SPEED     7   HIGHEST WIND DIRECTION    SE (140)
  HIGHEST GUST SPEED     7   HIGHEST GUST DIRECTION    SE (140)
  AVERAGE WIND SPEED     1.7


SKY COVER
  POSSIBLE SUNSHINE  MM
  AVERAGE SKY COVER 0.1


WEATHER CONDITIONS
 THE FOLLOWING WEATHER WAS RECORDED YESTERDAY.
  NO SIGNIFICANT WEATHER WAS OBSERVED.


RELATIVE HUMIDITY (PERCENT)
 HIGHEST    92           600 AM
 LOWEST     46           400 PM
 AVERAGE    69

..........................................................


THE MEDFORD OR CLIMATE NORMALS FOR TODAY
                         NORMAL    RECORD    YEAR
 MAXIMUM TEMPERATURE (F)   54        69      1996
 MINIMUM TEMPERATURE (F)   34        19      1976
                                             1929


SUNRISE AND SUNSET
FEBRUARY 11 2016......SUNRISE   714 AM PST   SUNSET   538 PM PST
FEBRUARY 12 2016......SUNRISE   712 AM PST   SUNSET   539 PM PST


-  INDICATES NEGATIVE NUMBERS.
R  INDICATES RECORD WAS SET OR TIED.
MM INDICATES DATA IS MISSING.
T  INDICATES TRACE AMOUNT.




$$
