000
CDUS46 KMFR 011209
CLIMFR

CLIMATE REPORT
NATIONAL WEATHER SERVICE MEDFORD, OR
505 AM PDT MON SEP 1 2014


...................................

...THE MEDFORD OR CLIMATE SUMMARY FOR AUGUST 31 2014...

CLIMATE NORMAL PERIOD 1981 TO 2010
CLIMATE RECORD PERIOD 1911 TO 2014


WEATHER ITEM   OBSERVED TIME   RECORD YEAR NORMAL DEPARTURE LAST
                VALUE   (LST)  VALUE       VALUE  FROM      YEAR
                                                  NORMAL
..................................................................
TEMPERATURE (F)
 YESTERDAY
  MAXIMUM         84    446 PM 104    1998  88     -4       96
  MINIMUM         58    544 AM  41    1975  54      4       59
                                      1932
  AVERAGE         71                        71      0       78

PRECIPITATION (IN)
  YESTERDAY        0.00          0.20 1944   0.02  -0.02     0.00
  MONTH TO DATE    0.63                      0.40   0.23     0.42
  SINCE SEP 1     15.83                     18.35  -2.52    17.30
  SINCE JAN 1     11.39                     10.14   1.25     4.55

SNOWFALL (IN)
  YESTERDAY        0.0                       0.0    0.0      0.0
  MONTH TO DATE    0.0                       0.0    0.0      0.0
  SINCE JUL 1      0.0                       0.0    0.0      0.0
  SNOW DEPTH       0

DEGREE DAYS
 HEATING
  YESTERDAY        0                         0      0        0
  MONTH TO DATE    0                         0      0        0
  SINCE JUN 1     22                        64    -42       35
  SINCE JUL 1      0                        10    -10        0

 COOLING
  YESTERDAY        6                         6      0       13
  MONTH TO DATE  376                       275    101      297
  SINCE JUN 1    958                       669    289      880
  SINCE JAN 1   1014                       707    307      915
..................................................................


WIND (MPH)
  HIGHEST WIND SPEED    16   HIGHEST WIND DIRECTION    NW (330)
  HIGHEST GUST SPEED    21   HIGHEST GUST DIRECTION     N (360)
  AVERAGE WIND SPEED     3.8


SKY COVER
  POSSIBLE SUNSHINE  MM
  AVERAGE SKY COVER 0.3


WEATHER CONDITIONS
 THE FOLLOWING WEATHER WAS RECORDED YESTERDAY.

  NO SIGNIFICANT WEATHER WAS OBSERVED.


RELATIVE HUMIDITY (PERCENT)
 HIGHEST    72           500 AM
 LOWEST     22           400 PM
 AVERAGE    47

..........................................................


THE MEDFORD OR CLIMATE NORMALS FOR TODAY
                         NORMAL    RECORD    YEAR
 MAXIMUM TEMPERATURE (F)   87       107      1998
                                             1988
 MINIMUM TEMPERATURE (F)   54        38      1924


SUNRISE AND SUNSET
SEPTEMBER  1 2014.....SUNRISE   637 AM PDT   SUNSET   745 PM PDT
SEPTEMBER  2 2014.....SUNRISE   638 AM PDT   SUNSET   744 PM PDT


-  INDICATES NEGATIVE NUMBERS.
R  INDICATES RECORD WAS SET OR TIED.
MM INDICATES DATA IS MISSING.
T  INDICATES TRACE AMOUNT.

&&

LOW TEMPERATURE SINCE MIDNIGHT...54 DEGREES
24-HOUR PRECIPITATION............0

$$
