000
CDUS46 KMFR 300036
CLIMFR


CLIMATE REPORT
NATIONAL WEATHER SERVICE MEDFORD, OR
536 PM PDT SAT AUG 29 2015


...................................

...THE MEDFORD OR CLIMATE SUMMARY FOR AUGUST 29 2015...
VALID TODAY AS OF 0500 PM LOCAL TIME.

CLIMATE NORMAL PERIOD 1981 TO 2010
CLIMATE RECORD PERIOD 1911 TO 2015


WEATHER ITEM   OBSERVED TIME   RECORD YEAR NORMAL DEPARTURE LAST
                VALUE   (LST)  VALUE       VALUE  FROM      YEAR
                                                  NORMAL
..................................................................
TEMPERATURE (F)
 TODAY
  MAXIMUM         81    357 PM 103    2007  88     -7       93
  MINIMUM         63    613 AM  40    1912  55      8       60
  AVERAGE         72                        71      1       77

PRECIPITATION (IN)
  TODAY            0.03          0.54 1983   0.02   0.01     0.00
  MONTH TO DATE    0.04                      0.37  -0.33     0.63
  SINCE OCT 1     14.32                     17.75  -3.43    13.07
  SINCE JAN 1      7.47                     10.11  -2.64    11.39

SNOWFALL (IN)
  TODAY            0.0                       0.0    0.0      0.0
  MONTH TO DATE    0.0                       0.0    0.0      0.0
  SINCE JUL 1      0.0                       0.0    0.0      0.0
  SNOW DEPTH       0

DEGREE DAYS
 HEATING
  TODAY            0                         0      0        0
  MONTH TO DATE    0                         0      0        0
  SINCE JUN 1     10                        60    -50       22
  SINCE JUL 1      0                         6     -6        0

 COOLING
  TODAY            7                         7      0       12
  MONTH TO DATE  343                       264     79      364
  SINCE JUN 1   1079                       658    421      946
  SINCE JAN 1   1124                       696    428     1002
..................................................................


WIND (MPH)
  HIGHEST WIND SPEED    23   HIGHEST WIND DIRECTION    SW (230)
  HIGHEST GUST SPEED    30   HIGHEST GUST DIRECTION    SW (230)
  AVERAGE WIND SPEED    11.0


SKY COVER
  POSSIBLE SUNSHINE  MM
  AVERAGE SKY COVER 0.1


WEATHER CONDITIONS
 THE FOLLOWING WEATHER WAS RECORDED TODAY.
  LIGHT RAIN
  HAZE


RELATIVE HUMIDITY (PERCENT)
 HIGHEST    67           700 AM
 LOWEST     26           400 PM
 AVERAGE    47

..........................................................


THE MEDFORD OR CLIMATE NORMALS FOR TOMORROW
                         NORMAL    RECORD    YEAR
 MAXIMUM TEMPERATURE (F)   88       106      1987
 MINIMUM TEMPERATURE (F)   54        40      1912


SUNRISE AND SUNSET
AUGUST 29 2015........SUNRISE   633 AM PDT   SUNSET   751 PM PDT
AUGUST 30 2015........SUNRISE   634 AM PDT   SUNSET   749 PM PDT


-  INDICATES NEGATIVE NUMBERS.
R  INDICATES RECORD WAS SET OR TIED.
MM INDICATES DATA IS MISSING.
T  INDICATES TRACE AMOUNT.




$$
