000
CDUS46 KMFR 211436
CLIMFR

CLIMATE REPORT
NATIONAL WEATHER SERVICE MEDFORD, OR
636 AM PST SAT JAN 21 2017


...................................

...THE MEDFORD OR CLIMATE SUMMARY FOR JANUARY 20 2017...

CLIMATE NORMAL PERIOD 1981 TO 2010
CLIMATE RECORD PERIOD 1911 TO 2017


WEATHER ITEM   OBSERVED TIME   RECORD YEAR NORMAL DEPARTURE LAST
                VALUE   (LST)  VALUE       VALUE  FROM      YEAR
                                                  NORMAL
..................................................................
TEMPERATURE (F)
 YESTERDAY
  MAXIMUM         53    109 PM  71    1961  48      5       44
  MINIMUM         40   1159 PM   8    1937  33      7       31
  AVERAGE         47                        41      6       38

PRECIPITATION (IN)
  YESTERDAY        0.01          2.20 1943   0.07  -0.06     0.00
  MONTH TO DATE    4.32                      1.70   2.62     2.59
  SINCE OCT 1     16.01                      9.34   6.67    12.35
  SINCE JAN 1      4.32                      1.70   2.62     2.59

SNOWFALL (IN)
  YESTERDAY        0.0                       0.1   -0.1      0.0
  MONTH TO DATE   11.4                       0.9   10.5      0.0
  SINCE JUL 1     11.8                       2.6    9.2      0.7
  SNOW DEPTH       0

DEGREE DAYS
 HEATING
  YESTERDAY       18                        24     -6       27
  MONTH TO DATE  592                       507     85      472
  SINCE DEC 1   1444                      1304    140     1172
  SINCE JUL 1   2217                      2273    -56     1976

 COOLING
  YESTERDAY        0                         0      0        0
  MONTH TO DATE    0                         0      0        0
  SINCE DEC 1      0                         0      0        0
  SINCE JAN 1      0                         0      0        0
..................................................................


WIND (MPH)
  HIGHEST WIND SPEED    21   HIGHEST WIND DIRECTION    SE (150)
  HIGHEST GUST SPEED    28   HIGHEST GUST DIRECTION    SE (150)
  AVERAGE WIND SPEED     6.6


SKY COVER
  POSSIBLE SUNSHINE  MM
  AVERAGE SKY COVER 0.9


WEATHER CONDITIONS
 THE FOLLOWING WEATHER WAS RECORDED YESTERDAY.
  LIGHT RAIN


RELATIVE HUMIDITY (PERCENT)
 HIGHEST    93          1100 PM
 LOWEST     50           200 PM
 AVERAGE    72

..........................................................


THE MEDFORD OR CLIMATE NORMALS FOR TODAY
                         NORMAL    RECORD    YEAR
 MAXIMUM TEMPERATURE (F)   49        71      1981
 MINIMUM TEMPERATURE (F)   33         1      1962


SUNRISE AND SUNSET
JANUARY 21 2017.......SUNRISE   734 AM PST   SUNSET   512 PM PST
JANUARY 22 2017.......SUNRISE   734 AM PST   SUNSET   513 PM PST


-  INDICATES NEGATIVE NUMBERS.
R  INDICATES RECORD WAS SET OR TIED.
MM INDICATES DATA IS MISSING.
T  INDICATES TRACE AMOUNT.

&&

LOW TEMPERATURE THIS MORNING...36 DEGREES
24-HOUR PRECIPITATION..........TRACE

$$
