000
CDUS44 KBMX 260857
CLIMGM


CLIMATE REPORT
NATIONAL WEATHER SERVICE BIRMINGHAM, AL
255 AM CST SUN FEB 26 2017


...................................

...THE MONTGOMERY CLIMATE SUMMARY FOR FEBRUARY 25 2017...

CLIMATE NORMAL PERIOD 1981 TO 2010
CLIMATE RECORD PERIOD 1872 TO 2017


WEATHER ITEM   OBSERVED TIME   RECORD YEAR NORMAL DEPARTURE LAST
                VALUE   (LST)  VALUE       VALUE  FROM      YEAR
                                                  NORMAL
..................................................................
TEMPERATURE (F)
 YESTERDAY
  MAXIMUM         69    225 PM  84    1918  65      4       61
  MINIMUM         45   1159 PM  22    1989  41      4       40
                                      1967
  AVERAGE         57                        53      4       51

PRECIPITATION (IN)
  YESTERDAY        0.00          3.63 1919   0.18  -0.18     0.00
  MONTH TO DATE    2.92                      4.71  -1.79     5.41
  SINCE DEC 1     18.20                     14.22   3.98    24.79
  SINCE JAN 1     14.09                      9.36   4.73    10.66

SNOWFALL (IN)
  YESTERDAY        0.0                       0.0    0.0      0.0
  MONTH TO DATE    0.0                       0.0    0.0      0.0
  SINCE DEC 1      0.0                       0.1   -0.1       T
  SINCE JUL 1      0.0                       0.1   -0.1       T
  SNOW DEPTH       0

DEGREE DAYS
 HEATING
  YESTERDAY        8                        12     -4       14
  MONTH TO DATE  152                       374   -222      299
  SINCE DEC 1    800                      1465   -665     1087
  SINCE JUL 1    975                      1836   -861     1274
..................................................................


WIND (MPH)
  HIGHEST WIND SPEED    26   HIGHEST WIND DIRECTION    NW (310)
  HIGHEST GUST SPEED    33   HIGHEST GUST DIRECTION    NW (320)
  AVERAGE WIND SPEED    11.7


SKY COVER
  AVERAGE SKY COVER 0.2


WEATHER CONDITIONS
 THE FOLLOWING WEATHER WAS RECORDED YESTERDAY.
  NO SIGNIFICANT WEATHER WAS OBSERVED.


RELATIVE HUMIDITY (PERCENT)
 HIGHEST    81           200 AM
 LOWEST     17           300 PM
 AVERAGE    49

..........................................................


THE MONTGOMERY CLIMATE NORMALS FOR TODAY
                         NORMAL    RECORD    YEAR
 MAXIMUM TEMPERATURE (F)   65        83      1962
 MINIMUM TEMPERATURE (F)   42        20      1967


SUNRISE AND SUNSET
FEBRUARY 26 2017......SUNRISE   616 AM CST   SUNSET   541 PM CST
FEBRUARY 27 2017......SUNRISE   615 AM CST   SUNSET   542 PM CST


-  INDICATES NEGATIVE NUMBERS.
R  INDICATES RECORD WAS SET OR TIED.
MM INDICATES DATA IS MISSING.
T  INDICATES TRACE AMOUNT.




$$
