000
CDUS44 KBMX 060724
CLIMGM


CLIMATE REPORT
NATIONAL WEATHER SERVICE BIRMINGHAM, AL
224 AM CDT MON JUL 6 2015


...................................

...THE MONTGOMERY CLIMATE SUMMARY FOR JULY 5 2015...

CLIMATE NORMAL PERIOD 1981 TO 2010
CLIMATE RECORD PERIOD 1994 TO 2015


WEATHER ITEM   OBSERVED TIME   RECORD YEAR NORMAL DEPARTURE LAST
                VALUE   (LST)  VALUE       VALUE  FROM      YEAR
                                                  NORMAL
..................................................................
TEMPERATURE (F)
 YESTERDAY
  MAXIMUM         84    116 PM 102    1877  92     -8       91
  MINIMUM         71   1159 PM  64    2014  71      0       64
                                      1882
  AVERAGE         78                        81     -3       78

PRECIPITATION (IN)
  YESTERDAY        0.30          2.03 1991   0.17   0.13     0.00
  MONTH TO DATE    1.99                      0.89   1.10      T
  SINCE JUN 1      5.98                      4.96   1.02     5.17
  SINCE JAN 1     26.48                     28.40  -1.92    34.06

DEGREE DAYS
 COOLING
  YESTERDAY       13                        16     -3       13
  MONTH TO DATE   81                        80      1       79
  SINCE JUN 1    578                       499     79      551
  SINCE JAN 1   1116                       838    278      917
..................................................................


WIND (MPH)
  HIGHEST WIND SPEED    13   HIGHEST WIND DIRECTION    SW (240)
  HIGHEST GUST SPEED    19   HIGHEST GUST DIRECTION    SW (230)
  AVERAGE WIND SPEED     4.5


SKY COVER
  AVERAGE SKY COVER 0.5


WEATHER CONDITIONS
 THE FOLLOWING WEATHER WAS RECORDED YESTERDAY.
  THUNDERSTORM
  HEAVY RAIN
  RAIN
  LIGHT RAIN
  FOG


RELATIVE HUMIDITY (PERCENT)
 HIGHEST    93          1200 AM
 LOWEST     69          1100 AM
 AVERAGE    81

..........................................................


THE MONTGOMERY CLIMATE NORMALS FOR TODAY
                         NORMAL    RECORD    YEAR
 MAXIMUM TEMPERATURE (F)   92       102      1881
 MINIMUM TEMPERATURE (F)   71        61      1970
                                             1882


SUNRISE AND SUNSET
JULY  6 2015..........SUNRISE   545 AM CDT   SUNSET   756 PM CDT
JULY  7 2015..........SUNRISE   545 AM CDT   SUNSET   756 PM CDT


-  INDICATES NEGATIVE NUMBERS.
R  INDICATES RECORD WAS SET OR TIED.
MM INDICATES DATA IS MISSING.
T  INDICATES TRACE AMOUNT.




$$
