000
CDUS44 KBMX 300803
CLIMGM


CLIMATE REPORT
NATIONAL WEATHER SERVICE BIRMINGHAM, AL
303 AM CDT MON MAR 30 2015


...................................

...THE MONTGOMERY CLIMATE SUMMARY FOR MARCH 29 2015...

CLIMATE NORMAL PERIOD 1981 TO 2010
CLIMATE RECORD PERIOD 1994 TO 2015


WEATHER ITEM   OBSERVED TIME   RECORD YEAR NORMAL DEPARTURE LAST
                VALUE   (LST)  VALUE       VALUE  FROM      YEAR
                                                  NORMAL
..................................................................
TEMPERATURE (F)
 YESTERDAY
  MAXIMUM         69    448 PM  89    2007  73     -4       70
  MINIMUM         42    543 AM  30    1955  48     -6       48
  AVERAGE         56                        60     -4       59

PRECIPITATION (IN)
  YESTERDAY        0.00          3.72 1991   0.18  -0.18     0.23
  MONTH TO DATE    1.90                      5.59  -3.69     5.52
  SINCE MAR 1      1.90                      5.59  -3.69     5.52
  SINCE JAN 1      9.56                     15.52  -5.96    13.19

SNOWFALL (IN)
  YESTERDAY        0.0                       0.0    0.0      0.0
  MONTH TO DATE    0.0                       0.3   -0.3      0.0
  SINCE MAR 1      0.0                       0.3   -0.3      0.0
  SINCE JUL 1      0.0                       0.4   -0.4      0.5
  SNOW DEPTH       0

DEGREE DAYS
 HEATING
  YESTERDAY        9                         6      3        6
  MONTH TO DATE  152                       244    -92      266
  SINCE MAR 1    152                       244    -92      266
  SINCE JUL 1   2122                      2116      6     2224

 COOLING
  YESTERDAY        0                         1     -1        0
  MONTH TO DATE   64                        24     40        3
  SINCE MAR 1     64                        24     40        3
  SINCE JAN 1     64                        30     34       10
..................................................................


WIND (MPH)
  HIGHEST WIND SPEED    14   HIGHEST WIND DIRECTION     E (100)
  HIGHEST GUST SPEED    18   HIGHEST GUST DIRECTION     E (110)
  AVERAGE WIND SPEED     6.7


SKY COVER
  AVERAGE SKY COVER 0.6


WEATHER CONDITIONS
 THE FOLLOWING WEATHER WAS RECORDED YESTERDAY.
  NO SIGNIFICANT WEATHER WAS OBSERVED.


RELATIVE HUMIDITY (PERCENT)
 HIGHEST    67          1000 PM
 LOWEST     27          1200 PM
 AVERAGE    47

..........................................................


THE MONTGOMERY CLIMATE NORMALS FOR TODAY
                         NORMAL    RECORD    YEAR
 MAXIMUM TEMPERATURE (F)   73        87      1896
 MINIMUM TEMPERATURE (F)   48        31      1964


SUNRISE AND SUNSET
MARCH 30 2015.........SUNRISE   637 AM CDT   SUNSET   704 PM CDT
MARCH 31 2015.........SUNRISE   635 AM CDT   SUNSET   705 PM CDT


-  INDICATES NEGATIVE NUMBERS.
R  INDICATES RECORD WAS SET OR TIED.
MM INDICATES DATA IS MISSING.
T  INDICATES TRACE AMOUNT.




$$
