000
CDUS44 KBMX 200734
CLIMGM


CLIMATE REPORT
NATIONAL WEATHER SERVICE BIRMINGHAM, AL
234 AM CDT THU JUL 20 2017


...................................

...THE MONTGOMERY CLIMATE SUMMARY FOR JULY 19 2017...

CLIMATE NORMAL PERIOD 1981 TO 2010
CLIMATE RECORD PERIOD 1872 TO 2017


WEATHER ITEM   OBSERVED TIME   RECORD YEAR NORMAL DEPARTURE LAST
                VALUE   (LST)  VALUE       VALUE  FROM      YEAR
                                                  NORMAL
..................................................................
TEMPERATURE (F)
 YESTERDAY
  MAXIMUM         97    214 PM 101    2006  92      5       97
                                      2000
                                      1913
  MINIMUM         74    515 AM  63    1923  72      2       74
  AVERAGE         86                        82      4       86

PRECIPITATION (IN)
  YESTERDAY        0.00          2.80 1893   0.18  -0.18      T
  MONTH TO DATE    1.95                      3.37  -1.42     3.72
  SINCE JUN 1     13.99                      7.44   6.55     6.45
  SINCE JAN 1     47.91                     30.88  17.03    28.68

DEGREE DAYS
 COOLING
  YESTERDAY       21                        17      4       21
  MONTH TO DATE  362                       317     45      375
  SINCE JUN 1    798                       736     62      893
  SINCE JAN 1   1380                      1075    305     1354
..................................................................


WIND (MPH)
  HIGHEST WIND SPEED    12   HIGHEST WIND DIRECTION     W (280)
  HIGHEST GUST SPEED    13   HIGHEST GUST DIRECTION     W (280)
  AVERAGE WIND SPEED     2.5


SKY COVER
  AVERAGE SKY COVER 0.1


WEATHER CONDITIONS
 THE FOLLOWING WEATHER WAS RECORDED YESTERDAY.
  FOG
  FOG W/VISIBILITY <= 1/4 MILE
  HAZE


RELATIVE HUMIDITY (PERCENT)
 HIGHEST    88          1200 AM
 LOWEST     43           100 PM
 AVERAGE    66

..........................................................


THE MONTGOMERY CLIMATE NORMALS FOR TODAY
                         NORMAL    RECORD    YEAR
 MAXIMUM TEMPERATURE (F)   92       104      2000
 MINIMUM TEMPERATURE (F)   72        59      2009


SUNRISE AND SUNSET
JULY 20 2017..........SUNRISE   553 AM CDT   SUNSET   751 PM CDT
JULY 21 2017..........SUNRISE   553 AM CDT   SUNSET   750 PM CDT


-  INDICATES NEGATIVE NUMBERS.
R  INDICATES RECORD WAS SET OR TIED.
MM INDICATES DATA IS MISSING.
T  INDICATES TRACE AMOUNT.




$$
