000
CDUS44 KBMX 240931
CLIMGM


CLIMATE REPORT
NATIONAL WEATHER SERVICE BIRMINGHAM, AL
430 AM CDT THU APR 24 2014


...................................

...THE MONTGOMERY CLIMATE SUMMARY FOR APRIL 23 2014...

CLIMATE NORMAL PERIOD 1981 TO 2010
CLIMATE RECORD PERIOD 1872 TO 2014


WEATHER ITEM   OBSERVED TIME   RECORD YEAR NORMAL DEPARTURE LAST
                VALUE   (LST)  VALUE       VALUE  FROM      YEAR
                                                  NORMAL
..................................................................
TEMPERATURE (F)
 YESTERDAY
  MAXIMUM         85    207 PM  90    1896  78      7       80
  MINIMUM         58    125 AM  36    1993  54      4       56
  AVERAGE         72                        66      6       68

PRECIPITATION (IN)
  YESTERDAY        0.00          1.56 1909   0.11  -0.11     0.00
  MONTH TO DATE    7.94                      3.25   4.69     3.88
  SINCE MAR 1     13.46                      9.20   4.26     7.25
  SINCE JAN 1     21.13                     19.13   2.00    24.02

SNOWFALL (IN)
  YESTERDAY        0.0                       0.0    0.0      0.0
  MONTH TO DATE    0.0                       0.0    0.0      0.0
  SINCE MAR 1      0.0                       0.3   -0.3      0.0
  SINCE JUL 1      0.5                       0.4    0.1      0.0
  SNOW DEPTH       0

DEGREE DAYS
 HEATING
  YESTERDAY        0                         2     -2        0
  MONTH TO DATE   59                        87    -28       67
  SINCE MAR 1    339                       342     -3      437
  SINCE JUL 1   2297                      2214     83     1915

 COOLING
  YESTERDAY        7                         3      4        3
  MONTH TO DATE   41                        47     -6       73
  SINCE MAR 1     44                        70    -26       84
  SINCE JAN 1     51                        76    -25      106
..................................................................


WIND (MPH)
  HIGHEST WIND SPEED    10   HIGHEST WIND DIRECTION    NW (300)
  HIGHEST GUST SPEED    15   HIGHEST GUST DIRECTION     N (350)
  AVERAGE WIND SPEED     2.6


SKY COVER
  AVERAGE SKY COVER 0.3


WEATHER CONDITIONS
 THE FOLLOWING WEATHER WAS RECORDED YESTERDAY.
  FOG
  FOG W/VISIBILITY <= 1/4 MILE


RELATIVE HUMIDITY (PERCENT)
 HIGHEST    97          1200 AM
 LOWEST     34           100 PM
 AVERAGE    66

..........................................................


THE MONTGOMERY CLIMATE NORMALS FOR TODAY
                         NORMAL    RECORD    YEAR
 MAXIMUM TEMPERATURE (F)   79        91      1925
 MINIMUM TEMPERATURE (F)   54        36      1986


SUNRISE AND SUNSET
APRIL 24 2014.........SUNRISE   606 AM CDT   SUNSET   722 PM CDT
APRIL 25 2014.........SUNRISE   605 AM CDT   SUNSET   722 PM CDT


-  INDICATES NEGATIVE NUMBERS.
R  INDICATES RECORD WAS SET OR TIED.
MM INDICATES DATA IS MISSING.
T  INDICATES TRACE AMOUNT.




$$
