000
CDUS44 KBMX 201001
CLIMGM


CLIMATE REPORT
NATIONAL WEATHER SERVICE BIRMINGHAM, AL
458 AM CDT SUN APR 20 2014


...................................

...THE MONTGOMERY CLIMATE SUMMARY FOR APRIL 19 2014...

CLIMATE NORMAL PERIOD 1981 TO 2010
CLIMATE RECORD PERIOD 1872 TO 2014


WEATHER ITEM   OBSERVED TIME   RECORD YEAR NORMAL DEPARTURE LAST
                VALUE   (LST)  VALUE       VALUE  FROM      YEAR
                                                  NORMAL
..................................................................
TEMPERATURE (F)
 YESTERDAY
  MAXIMUM         75    334 PM  89    2006  77     -2       75
  MINIMUM         54    554 AM  34    1983  52      2       45
  AVERAGE         65                        65      0       60

PRECIPITATION (IN)
  YESTERDAY        0.09          1.69 1880   0.13  -0.04     0.76
  MONTH TO DATE    7.94                      2.78   5.16     3.88
  SINCE MAR 1     13.46                      8.73   4.73     7.25
  SINCE JAN 1     21.13                     18.66   2.47    24.02

SNOWFALL (IN)
  YESTERDAY        0.0                       0.0    0.0      0.0
  MONTH TO DATE    0.0                       0.0    0.0      0.0
  SINCE MAR 1      0.0                       0.3   -0.3      0.0
  SINCE JUL 1      0.5                       0.4    0.1      0.0
  SNOW DEPTH       0

DEGREE DAYS
 HEATING
  YESTERDAY        0                         3     -3        5
  MONTH TO DATE   59                        78    -19       49
  SINCE MAR 1    339                       333      6      419
  SINCE JUL 1   2297                      2205     92     1897

 COOLING
  YESTERDAY        0                         3     -3        0
  MONTH TO DATE   27                        35     -8       69
  SINCE MAR 1     30                        58    -28       80
  SINCE JAN 1     37                        64    -27      102
..................................................................


WIND (MPH)
  HIGHEST WIND SPEED    22   HIGHEST WIND DIRECTION     N (20)
  HIGHEST GUST SPEED    30   HIGHEST GUST DIRECTION     N (20)
  AVERAGE WIND SPEED    10.2


SKY COVER
  AVERAGE SKY COVER 0.8


WEATHER CONDITIONS
 THE FOLLOWING WEATHER WAS RECORDED YESTERDAY.
  RAIN
  LIGHT RAIN
  FOG


RELATIVE HUMIDITY (PERCENT)
 HIGHEST    93           400 AM
 LOWEST     49           300 PM
 AVERAGE    71

..........................................................


THE MONTGOMERY CLIMATE NORMALS FOR TODAY
                         NORMAL    RECORD    YEAR
 MAXIMUM TEMPERATURE (F)   78        90      1994
 MINIMUM TEMPERATURE (F)   53        38      2013
                                             1953


SUNRISE AND SUNSET
APRIL 20 2014.........SUNRISE   611 AM CDT   SUNSET   719 PM CDT
APRIL 21 2014.........SUNRISE   610 AM CDT   SUNSET   719 PM CDT


-  INDICATES NEGATIVE NUMBERS.
R  INDICATES RECORD WAS SET OR TIED.
MM INDICATES DATA IS MISSING.
T  INDICATES TRACE AMOUNT.




$$
