000
CDUS44 KBMX 220834
CLIMGM


CLIMATE REPORT
NATIONAL WEATHER SERVICE BIRMINGHAM, AL
333 AM CDT FRI SEP 22 2017


...................................

...THE MONTGOMERY CLIMATE SUMMARY FOR SEPTEMBER 21 2017...

CLIMATE NORMAL PERIOD 1981 TO 2010
CLIMATE RECORD PERIOD 1872 TO 2017


WEATHER ITEM   OBSERVED TIME   RECORD YEAR NORMAL DEPARTURE LAST
                VALUE   (LST)  VALUE       VALUE  FROM      YEAR
                                                  NORMAL
..................................................................
TEMPERATURE (F)
 YESTERDAY
  MAXIMUM         94    341 PM 100    1925  86      8       95
  MINIMUM         72    617 AM  46    1918  64      8       72
  AVERAGE         83                        75      8       84

PRECIPITATION (IN)
  YESTERDAY        0.00          4.00 1969   0.13  -0.13     0.00
  MONTH TO DATE    2.22                      2.86  -0.64     2.24
  SINCE SEP 1      2.22                      2.86  -0.64     2.24
  SINCE JAN 1     60.82                     39.57  21.25    35.28

DEGREE DAYS
 HEATING
  YESTERDAY        0                         0      0        0
  MONTH TO DATE    1                         0      1        0
  SINCE SEP 1      1                         0      1        0
  SINCE JUL 1      1                         0      1        0

 COOLING
  YESTERDAY       18                        10      8       19
  MONTH TO DATE  248                       267    -19      384
  SINCE SEP 1    248                       267    -19      384
  SINCE JAN 1   2416                      2056    360     2613
..................................................................


WIND (MPH)
  HIGHEST WIND SPEED     9   HIGHEST WIND DIRECTION     N (360)
  HIGHEST GUST SPEED    15   HIGHEST GUST DIRECTION     N (340)
  AVERAGE WIND SPEED     2.3


SKY COVER
  AVERAGE SKY COVER 0.0


WEATHER CONDITIONS
 THE FOLLOWING WEATHER WAS RECORDED YESTERDAY.
  FOG
  HAZE


RELATIVE HUMIDITY (PERCENT)
 HIGHEST    90           300 AM
 LOWEST     39           100 PM
 AVERAGE    65

..........................................................


THE MONTGOMERY CLIMATE NORMALS FOR TODAY
                         NORMAL    RECORD    YEAR
 MAXIMUM TEMPERATURE (F)   86        99      1925
 MINIMUM TEMPERATURE (F)   63        44      1983


SUNRISE AND SUNSET
SEPTEMBER 22 2017.....SUNRISE   634 AM CDT   SUNSET   642 PM CDT
SEPTEMBER 23 2017.....SUNRISE   635 AM CDT   SUNSET   641 PM CDT


-  INDICATES NEGATIVE NUMBERS.
R  INDICATES RECORD WAS SET OR TIED.
MM INDICATES DATA IS MISSING.
T  INDICATES TRACE AMOUNT.




$$
