000
CDUS44 KBMX 270735
CLIMGM


CLIMATE REPORT
NATIONAL WEATHER SERVICE BIRMINGHAM, AL
234 AM CDT WED JUL 27 2016


...................................

...THE MONTGOMERY CLIMATE SUMMARY FOR JULY 26 2016...

CLIMATE NORMAL PERIOD 1981 TO 2010
CLIMATE RECORD PERIOD 1872 TO 2016


WEATHER ITEM   OBSERVED TIME   RECORD YEAR NORMAL DEPARTURE LAST
                VALUE   (LST)  VALUE       VALUE  FROM      YEAR
                                                  NORMAL
..................................................................
TEMPERATURE (F)
 YESTERDAY
  MAXIMUM         96   1234 PM 100    1987  92      4       95
  MINIMUM         74    506 AM  63    1911  72      2       75
  AVERAGE         85                        82      3       85

PRECIPITATION (IN)
  YESTERDAY        0.53          1.74 1958   0.15   0.38     0.00
                                      1930
  MONTH TO DATE    5.60                      4.51   1.09     4.50
  SINCE JUN 1      8.33                      8.58  -0.25     8.49
  SINCE JAN 1     30.56                     32.02  -1.46    28.99

DEGREE DAYS
 COOLING
  YESTERDAY       20                        17      3       20
  MONTH TO DATE  521                       436     85      508
  SINCE JUN 1   1039                       855    184     1005
  SINCE JAN 1   1500                      1194    306     1543
..................................................................


WIND (MPH)
  HIGHEST WIND SPEED    21   HIGHEST WIND DIRECTION     S (170)
  HIGHEST GUST SPEED    27   HIGHEST GUST DIRECTION     S (170)
  AVERAGE WIND SPEED     6.9


SKY COVER
  AVERAGE SKY COVER 0.3


WEATHER CONDITIONS
 THE FOLLOWING WEATHER WAS RECORDED YESTERDAY.
  THUNDERSTORM
  HEAVY RAIN
  RAIN
  LIGHT RAIN


RELATIVE HUMIDITY (PERCENT)
 HIGHEST    91           700 PM
 LOWEST     52          1200 PM
 AVERAGE    72

..........................................................


THE MONTGOMERY CLIMATE NORMALS FOR TODAY
                         NORMAL    RECORD    YEAR
 MAXIMUM TEMPERATURE (F)   92       101      1987
 MINIMUM TEMPERATURE (F)   72        62      1911


SUNRISE AND SUNSET
JULY 27 2016..........SUNRISE   557 AM CDT   SUNSET   746 PM CDT
JULY 28 2016..........SUNRISE   558 AM CDT   SUNSET   746 PM CDT


-  INDICATES NEGATIVE NUMBERS.
R  INDICATES RECORD WAS SET OR TIED.
MM INDICATES DATA IS MISSING.
T  INDICATES TRACE AMOUNT.




$$
