000
CDUS41 KPBZ 162218
CLIMGW


CLIMATE REPORT
NATIONAL WEATHER SERVICE PITTSBURGH PA
517 PM EST SAT DEC 16 2017


...................................

...THE MORGANTOWN WV CLIMATE SUMMARY FOR DECEMBER 16 2017...
VALID TODAY AS OF 0500 PM LOCAL TIME.

CLIMATE NORMAL PERIOD 1981 TO 2010
CLIMATE RECORD PERIOD 1872 TO 2017


WEATHER ITEM   OBSERVED TIME   RECORD YEAR NORMAL DEPARTURE LAST
                VALUE   (LST)  VALUE       VALUE  FROM      YEAR
                                                  NORMAL
..................................................................
TEMPERATURE (F)
 TODAY
  MAXIMUM         45    359 PM  68    1940  42      3       34
  MINIMUM         28    116 AM  -5    1914  27      1        5
  AVERAGE         37                        34      3       20

PRECIPITATION (IN)
  TODAY            0.00          0.70 1995   0.09  -0.09     0.00
  MONTH TO DATE    0.56                      1.59  -1.03     1.53
  SINCE JUN 1     25.35                     23.32   2.03    26.89
  SINCE JAN 1     48.44                     40.51   7.93    42.93

DEGREE DAYS
 HEATING
  TODAY           28                        31     -3       45
  MONTH TO DATE  480                       454     26      509
  SINCE DEC 1    480                       454     26      509
  SINCE JUL 1   1375                      1502   -127     1195

 COOLING
  TODAY            0                         0      0        0
  MONTH TO DATE    0                         0      0        0
  SINCE DEC 1      0                         0      0        0
  SINCE JAN 1    919                       814    105     1283
..................................................................


WIND (MPH)
  RESULTANT WIND SPEED   7   RESULTANT WIND DIRECTION  SW (220)
  HIGHEST WIND SPEED    15   HIGHEST WIND DIRECTION     S (200)
  HIGHEST GUST SPEED    22   HIGHEST GUST DIRECTION    SW (230)
  AVERAGE WIND SPEED     8.2


SKY COVER
  POSSIBLE SUNSHINE  MM
  AVERAGE SKY COVER 0.7


WEATHER CONDITIONS
 THE FOLLOWING WEATHER WAS RECORDED TODAY.
  HAZE


RELATIVE HUMIDITY (PERCENT)
 HIGHEST    69           800 AM
 LOWEST     41           500 PM
 AVERAGE    55

..........................................................


THE MORGANTOWN WV CLIMATE NORMALS FOR TOMORROW
                         NORMAL    RECORD    YEAR
 MAXIMUM TEMPERATURE (F)   42        68      1984
 MINIMUM TEMPERATURE (F)   27         2      1951


SUNRISE AND SUNSET
DECEMBER 16 2017......SUNRISE   734 AM EST   SUNSET   457 PM EST
DECEMBER 17 2017......SUNRISE   735 AM EST   SUNSET   457 PM EST


-  INDICATES NEGATIVE NUMBERS.
R  INDICATES RECORD WAS SET OR TIED.
MM INDICATES DATA IS MISSING.
T  INDICATES TRACE AMOUNT.




$$
