000
CDUS41 KPBZ 271228
CLIMGW


CLIMATE REPORT
NATIONAL WEATHER SERVICE PITTSBURGH PA
828 AM EDT TUE SEP 27 2016


...................................

...THE MORGANTOWN WV CLIMATE SUMMARY FOR SEPTEMBER 27 2016...
VALID AS OF 0800 AM LOCAL TIME.

CLIMATE NORMAL PERIOD 1981 TO 2010
CLIMATE RECORD PERIOD 1948 TO 2016


WEATHER ITEM   OBSERVED TIME   RECORD YEAR NORMAL DEPARTURE LAST
                VALUE   (LST)  VALUE       VALUE  FROM      YEAR
                                                  NORMAL
..................................................................
TEMPERATURE (F)
 TODAY
  MAXIMUM         62   1210 AM  88    1998
  MINIMUM         53    312 AM  35    1991  50      3       62

PRECIPITATION (IN)
  TODAY            0.00         MM      MM   0.11  -0.11     0.00
  MONTH TO DATE    1.23                      2.89  -1.66     1.71
  SINCE JUN 1     16.63                     15.17   1.46    13.55
  SINCE JAN 1     32.67                     32.36   0.31    30.80

DEGREE DAYS
 HEATING
  TODAY            7

 COOLING
  TODAY            0
..................................................................





WEATHER CONDITIONS
 THE FOLLOWING WEATHER WAS RECORDED TODAY.
  NO SIGNIFICANT WEATHER WAS OBSERVED.


RELATIVE HUMIDITY (PERCENT)
 HIGHEST    93           300 AM

..........................................................


THE MORGANTOWN WV CLIMATE NORMALS FOR TOMORROW
                         NORMAL    RECORD    YEAR
 MAXIMUM TEMPERATURE (F)   71        90      1959
 MINIMUM TEMPERATURE (F)   50        34      1957


SUNRISE AND SUNSET
SEPTEMBER 27 2016.....SUNRISE   712 AM EDT   SUNSET   708 PM EDT
SEPTEMBER 28 2016.....SUNRISE   713 AM EDT   SUNSET   706 PM EDT


-  INDICATES NEGATIVE NUMBERS.
R  INDICATES RECORD WAS SET OR TIED.
MM INDICATES DATA IS MISSING.
T  INDICATES TRACE AMOUNT.




$$
