000
CDUS41 KPBZ 240703
CLIMGW


CLIMATE REPORT
NATIONAL WEATHER SERVICE PITTSBURGH PA
303 AM EDT WED AUG 24 2016


...................................

...THE MORGANTOWN WV CLIMATE SUMMARY FOR AUGUST 23 2016...

CLIMATE NORMAL PERIOD 1981 TO 2010
CLIMATE RECORD PERIOD 1948 TO 2016


WEATHER ITEM   OBSERVED TIME   RECORD YEAR NORMAL DEPARTURE LAST
                VALUE   (LST)  VALUE       VALUE  FROM      YEAR
                                                  NORMAL
..................................................................
TEMPERATURE (F)
 YESTERDAY
  MAXIMUM         83    353 PM  93    1959  82      1       83
  MINIMUM         58    621 AM  44    1973  61     -3       60
  AVERAGE         71                        72     -1       72

PRECIPITATION (IN)
  YESTERDAY        0.00         MM      MM   0.11  -0.11     0.00
  MONTH TO DATE    3.37                      2.68   0.69     2.00
  SINCE JUN 1     14.74                     11.41   3.33    11.75
  SINCE JAN 1     30.78                     28.60   2.18    29.00

DEGREE DAYS
 HEATING
  YESTERDAY        0                         0      0        0
  MONTH TO DATE    0                         0      0        0
  SINCE JUN 1     10                        34    -24       13
  SINCE JUL 1      0                         3     -3        0

 COOLING
  YESTERDAY        6                         7     -1        7
  MONTH TO DATE  273                       175     98      214
  SINCE JUN 1    838                       592    246      768
  SINCE JAN 1    912                       659    253      952
..................................................................


WIND (MPH)
  HIGHEST WIND SPEED     9   HIGHEST WIND DIRECTION     S (200)
  HIGHEST GUST SPEED    13   HIGHEST GUST DIRECTION     S (190)
  AVERAGE WIND SPEED     1.7


SKY COVER
  POSSIBLE SUNSHINE  MM
  AVERAGE SKY COVER 0.2


WEATHER CONDITIONS
 THE FOLLOWING WEATHER WAS RECORDED YESTERDAY.
  NO SIGNIFICANT WEATHER WAS OBSERVED.


RELATIVE HUMIDITY (PERCENT)
 HIGHEST    93           300 AM
 LOWEST     40           500 PM
 AVERAGE    67

..........................................................


THE MORGANTOWN WV CLIMATE NORMALS FOR TODAY
                         NORMAL    RECORD    YEAR
 MAXIMUM TEMPERATURE (F)   82        93      1993
 MINIMUM TEMPERATURE (F)   61        44      1971


SUNRISE AND SUNSET
AUGUST 24 2016........SUNRISE   641 AM EDT   SUNSET   802 PM EDT
AUGUST 25 2016........SUNRISE   642 AM EDT   SUNSET   801 PM EDT


-  INDICATES NEGATIVE NUMBERS.
R  INDICATES RECORD WAS SET OR TIED.
MM INDICATES DATA IS MISSING.
T  INDICATES TRACE AMOUNT.




$$
