000
CDUS41 KPBZ 282216
CLIMGW


CLIMATE REPORT
NATIONAL WEATHER SERVICE PITTSBURGH PA
515 PM EST SAT FEB 28 2015


...................................

...THE MORGANTOWN WV CLIMATE SUMMARY FOR FEBRUARY 28 2015...
VALID TODAY AS OF 0500 PM LOCAL TIME.

CLIMATE NORMAL PERIOD 1981 TO 2010
CLIMATE RECORD PERIOD 1948 TO 2015


WEATHER ITEM   OBSERVED TIME   RECORD YEAR NORMAL DEPARTURE LAST
                VALUE   (LST)  VALUE       VALUE  FROM      YEAR
                                                  NORMAL
..................................................................
TEMPERATURE (F)
 TODAY
  MAXIMUM         32    359 PM  69    1948  46    -14       32
  MINIMUM          5    709 AM   3    2014  28    -23        3
  AVERAGE         19                        37    -18       18

PRECIPITATION (IN)
  TODAY            0.00         MM      MM   0.10  -0.10     0.00
  MONTH TO DATE    1.73                      2.60  -0.87     3.35
  SINCE JUN 1     30.52                     30.05   0.47    33.60
  SINCE JAN 1      4.29                      5.41  -1.12     5.17

DEGREE DAYS
 HEATING
  TODAY           46                        28     18       47
  MONTH TO DATE 1141                       862    279     1008
  SINCE DEC 1   3094                      2841    253     3009
  SINCE JUL 1   4124                      3889    235     4126

 COOLING
  TODAY            0                         0      0        0
  MONTH TO DATE    0                         0      0        0
  SINCE DEC 1      0                         0      0        1
  SINCE JAN 1      0                         0      0        0
..................................................................


WIND (MPH)
  RESULTANT WIND SPEED   2   RESULTANT WIND DIRECTION  NE (50)
  HIGHEST WIND SPEED     9   HIGHEST WIND DIRECTION    NE (60)
  HIGHEST GUST SPEED    13   HIGHEST GUST DIRECTION    NE (50)
  AVERAGE WIND SPEED     2.7


SKY COVER
  POSSIBLE SUNSHINE  MM
  AVERAGE SKY COVER 0.3


WEATHER CONDITIONS
 THE FOLLOWING WEATHER WAS RECORDED TODAY.
  NO SIGNIFICANT WEATHER WAS OBSERVED.


RELATIVE HUMIDITY (PERCENT)
 HIGHEST    76           300 AM
 LOWEST     28           200 PM
 AVERAGE    52

..........................................................


THE MORGANTOWN WV CLIMATE NORMALS FOR TOMORROW
                         NORMAL    RECORD    YEAR
 MAXIMUM TEMPERATURE (F)   47        75      1972
 MINIMUM TEMPERATURE (F)   28         9      1980


SUNRISE AND SUNSET
FEBRUARY 28 2015......SUNRISE   655 AM EST   SUNSET   610 PM EST
MARCH  1 2015.........SUNRISE   653 AM EST   SUNSET   612 PM EST


-  INDICATES NEGATIVE NUMBERS.
R  INDICATES RECORD WAS SET OR TIED.
MM INDICATES DATA IS MISSING.
T  INDICATES TRACE AMOUNT.




$$
