000
CDUS41 KPBZ 220701
CLIMGW


CLIMATE REPORT
NATIONAL WEATHER SERVICE PITTSBURGH PA
301 AM EDT SUN OCT 2  2017


...................................

...THE MORGANTOWN WV CLIMATE SUMMARY FOR OCTOBER 21 2017...

CLIMATE NORMAL PERIOD 1981 TO 2010
CLIMATE RECORD PERIOD 1872 TO 2017


WEATHER ITEM   OBSERVED TIME   RECORD YEAR NORMAL DEPARTURE LAST
                VALUE   (LST)  VALUE       VALUE  FROM      YEAR
                                                  NORMAL
..................................................................
TEMPERATURE (F)
 YESTERDAY
  MAXIMUM         78    223 PM  84    1920  63     15       67
  MINIMUM         43    459 AM  19    1952  42      1       49
  AVERAGE         61                        53      8       58

PRECIPITATION (IN)
  YESTERDAY        0.00          2.60 1873   0.08  -0.08     2.24
  MONTH TO DATE    1.26                      1.87  -0.61     4.72
  SINCE JUN 1     18.63                     17.36   1.27    23.31
  SINCE JAN 1     41.72                     34.55   7.17    39.35

DEGREE DAYS
 HEATING
  YESTERDAY        4                        13     -9        7
  MONTH TO DATE   75                       205   -130       77
  SINCE SEP 1    140                       291   -151       81
  SINCE JUL 1    142                       302   -160       81

 COOLING
  YESTERDAY        0                         0      0        0
  MONTH TO DATE   54                        10     44       45
  SINCE SEP 1    166                       102     64      267
  SINCE JAN 1    919                       811    108     1278
..................................................................


WIND (MPH)
  HIGHEST WIND SPEED    10   HIGHEST WIND DIRECTION     S (160)
  HIGHEST GUST SPEED    12   HIGHEST GUST DIRECTION     S (160)
  AVERAGE WIND SPEED     1.9


SKY COVER
  POSSIBLE SUNSHINE  MM
  AVERAGE SKY COVER 0.0


WEATHER CONDITIONS
 THE FOLLOWING WEATHER WAS RECORDED YESTERDAY.
  NO SIGNIFICANT WEATHER WAS OBSERVED.


RELATIVE HUMIDITY (PERCENT)
 HIGHEST    77           800 AM
 LOWEST     33           100 PM
 AVERAGE    55

..........................................................


THE MORGANTOWN WV CLIMATE NORMALS FOR TODAY
                         NORMAL    RECORD    YEAR
 MAXIMUM TEMPERATURE (F)   63        87      1894
 MINIMUM TEMPERATURE (F)   42        19      1930


SUNRISE AND SUNSET
OCTOBER 22 2017.......SUNRISE   737 AM EDT   SUNSET   630 PM EDT
OCTOBER 23 2017.......SUNRISE   738 AM EDT   SUNSET   629 PM EDT


-  INDICATES NEGATIVE NUMBERS.
R  INDICATES RECORD WAS SET OR TIED.
MM INDICATES DATA IS MISSING.
T  INDICATES TRACE AMOUNT.




$$
