000
CDUS41 KPBZ 222218
CLIMGW


CLIMATE REPORT
NATIONAL WEATHER SERVICE PITTSBURGH PA
517 PM EST MON DEC 22 2014


...................................

...THE MORGANTOWN WV CLIMATE SUMMARY FOR DECEMBER 22 2014...
VALID TODAY AS OF 0500 PM LOCAL TIME.

CLIMATE NORMAL PERIOD 1981 TO 2010
CLIMATE RECORD PERIOD 1948 TO 2014


WEATHER ITEM   OBSERVED TIME   RECORD YEAR NORMAL DEPARTURE LAST
                VALUE   (LST)  VALUE       VALUE  FROM      YEAR
                                                  NORMAL
..................................................................
TEMPERATURE (F)
 TODAY
  MAXIMUM         46   1252 PM  74    2013  41      5       74
  MINIMUM         30    645 AM -10    1989  26      4       57
  AVERAGE         38                        33      5       66

PRECIPITATION (IN)
  TODAY            T            MM      MM   0.09  -0.09     0.22
  MONTH TO DATE    2.47                      2.12   0.35     3.24
  SINCE JUN 1     25.81                     23.85   1.96    27.14
  SINCE JAN 1     41.30                     41.04   0.26    39.78

DEGREE DAYS
 HEATING
  TODAY           27                        32     -5        0
  MONTH TO DATE  608                       643    -35      558
  SINCE DEC 1    608                       643    -35      558
  SINCE JUL 1   1638                      1691    -53     1675

 COOLING
  TODAY            0                         0      0        1
  MONTH TO DATE    0                         0      0        1
  SINCE DEC 1      0                         0      0        1
  SINCE JAN 1    981                       814    167      907
..................................................................


WIND (MPH)
  RESULTANT WIND SPEED   6   RESULTANT WIND DIRECTION   E (110)
  HIGHEST WIND SPEED    12   HIGHEST WIND DIRECTION     E (110)
  HIGHEST GUST SPEED    15   HIGHEST GUST DIRECTION     E (100)
  AVERAGE WIND SPEED     6.0


SKY COVER
  POSSIBLE SUNSHINE  MM
  AVERAGE SKY COVER 0.5


WEATHER CONDITIONS
 THE FOLLOWING WEATHER WAS RECORDED TODAY.
  LIGHT RAIN


RELATIVE HUMIDITY (PERCENT)
 HIGHEST    69          1200 AM
 LOWEST     53          1200 PM
 AVERAGE    61

..........................................................


THE MORGANTOWN WV CLIMATE NORMALS FOR TOMORROW
                         NORMAL    RECORD    YEAR
 MAXIMUM TEMPERATURE (F)   41        62      1990
 MINIMUM TEMPERATURE (F)   25        -3      1989


SUNRISE AND SUNSET
DECEMBER 22 2014......SUNRISE   737 AM EST   SUNSET   459 PM EST
DECEMBER 23 2014......SUNRISE   738 AM EST   SUNSET   500 PM EST


-  INDICATES NEGATIVE NUMBERS.
R  INDICATES RECORD WAS SET OR TIED.
MM INDICATES DATA IS MISSING.
T  INDICATES TRACE AMOUNT.




$$
