000
CDUS41 KPBZ 282112
CLIMGW


CLIMATE REPORT
NATIONAL WEATHER SERVICE PITTSBURGH PA
511 PM EDT FRI APR 28 2017


...................................

...THE MORGANTOWN WV CLIMATE SUMMARY FOR APRIL 28 2017...
VALID TODAY AS OF 0500 PM LOCAL TIME.

CLIMATE NORMAL PERIOD 1981 TO 2010
CLIMATE RECORD PERIOD 1948 TO 2017


WEATHER ITEM   OBSERVED TIME   RECORD YEAR NORMAL DEPARTURE LAST
                VALUE   (LST)  VALUE       VALUE  FROM      YEAR
                                                  NORMAL
..................................................................
TEMPERATURE (F)
 TODAY
  MAXIMUM         78    339 PM  91    1986  68     10       73
  MINIMUM         50    556 AM  28    1947  45      5       54
  AVERAGE         64                        57      7       64

PRECIPITATION (IN)
  TODAY            0.00         MM      MM   0.12  -0.12     0.74
  MONTH TO DATE    4.77                      3.29   1.48     3.47
  SINCE JUN 1     46.36                     36.99   9.37    34.23
  SINCE JAN 1     16.95                     12.35   4.60    10.69

DEGREE DAYS
 HEATING
  TODAY            1                         9     -8        1
  MONTH TO DATE  197                       363   -166      314
  SINCE MAR 1    855                      1075   -220      762
  SINCE JUL 1   3868                      4964  -1096     3856

 COOLING
  TODAY            0                         1     -1        0
  MONTH TO DATE   23                        10     13        5
  SINCE MAR 1     25                        12     13        6
  SINCE JAN 1     28                        12     16        6
..................................................................


WIND (MPH)
  RESULTANT WIND SPEED   2   RESULTANT WIND DIRECTION   E (100)
  HIGHEST WIND SPEED    10   HIGHEST WIND DIRECTION     S (170)
  HIGHEST GUST SPEED    17   HIGHEST GUST DIRECTION     N (350)
  AVERAGE WIND SPEED     2.0


SKY COVER
  POSSIBLE SUNSHINE  MM
  AVERAGE SKY COVER 0.3


WEATHER CONDITIONS
 THE FOLLOWING WEATHER WAS RECORDED TODAY.
  FOG
  FOG W/VISIBILITY <= 1/4 MILE


RELATIVE HUMIDITY (PERCENT)
 HIGHEST   100           700 AM
 LOWEST     39           200 PM
 AVERAGE    70

..........................................................


THE MORGANTOWN WV CLIMATE NORMALS FOR TOMORROW
                         NORMAL    RECORD    YEAR
 MAXIMUM TEMPERATURE (F)   68        85      1970
 MINIMUM TEMPERATURE (F)   46        31      1967


SUNRISE AND SUNSET
APRIL 28 2017.........SUNRISE   624 AM EDT   SUNSET   811 PM EDT
APRIL 29 2017.........SUNRISE   623 AM EDT   SUNSET   812 PM EDT


-  INDICATES NEGATIVE NUMBERS.
R  INDICATES RECORD WAS SET OR TIED.
MM INDICATES DATA IS MISSING.
T  INDICATES TRACE AMOUNT.




$$
