000
CDUS43 KFSD 010646
CLIMHE


CLIMATE REPORT
NATIONAL WEATHER SERVICE SIOUX FALLS SD
1244 AM CST SUN FEB 1 2015


...................................

...THE MITCHELL SD CLIMATE SUMMARY FOR JANUARY 31 2015...

CLIMATE NORMAL PERIOD 1981 TO 2010
CLIMATE RECORD PERIOD 1893 TO 2015


WEATHER ITEM   OBSERVED TIME   RECORD YEAR NORMAL DEPARTURE LAST
                VALUE   (LST)  VALUE       VALUE  FROM      YEAR
                                                  NORMAL
..................................................................
TEMPERATURE (F)
 YESTERDAY
  MAXIMUM         28   1258 AM  57    2009  30     -2       24
  MINIMUM         16   1159 PM -26    1918  10      6        4
  AVERAGE         22                        20      2       14

PRECIPITATION (IN)
  YESTERDAY        0.13          0.28 1981   0.01   0.12     0.00
  MONTH TO DATE    0.53                      0.22   0.31     0.17
  SINCE DEC 1      1.75                      0.67   1.08     0.82
  SINCE JAN 1      0.53                      0.22   0.31     0.17

SNOWFALL (IN)
  YESTERDAY        0.6           5.0  1981  MM     MM        0.0
  MONTH TO DATE    5.8                      MM     MM        0.8
  SINCE DEC 1     13.5                      MM     MM       12.2
  SINCE JUL 1     19.1                      MM     MM       16.2
  SNOW DEPTH       0

DEGREE DAYS
 HEATING
  YESTERDAY       43                        45     -2       51
  MONTH TO DATE 1313                      1433   -120     1449
  SINCE DEC 1   2538                      2799   -261     3055
  SINCE JUL 1   4194                      4367   -173     4563

 COOLING
  YESTERDAY        0                         0      0        0
  MONTH TO DATE    0                         0      0        0
  SINCE DEC 1      0                         0      0        0
  SINCE JAN 1      0                         0      0        0
..................................................................


WIND (MPH)
  HIGHEST WIND SPEED    25   HIGHEST WIND DIRECTION     N (10)
  HIGHEST GUST SPEED    28   HIGHEST GUST DIRECTION     N (20)
  AVERAGE WIND SPEED    14.6


SKY COVER
  POSSIBLE SUNSHINE  MM
  AVERAGE SKY COVER 0.7


WEATHER CONDITIONS
 THE FOLLOWING WEATHER WAS RECORDED YESTERDAY.
  LT FREEZING RAIN
  LIGHT SNOW
  FOG


RELATIVE HUMIDITY (PERCENT)
 HIGHEST   100          1000 AM
 LOWEST     84           500 PM
 AVERAGE    92

..........................................................


THE MITCHELL SD CLIMATE NORMALS FOR TODAY
                         NORMAL    RECORD    YEAR
 MAXIMUM TEMPERATURE (F)   30        59      1931
 MINIMUM TEMPERATURE (F)   10       -31      1996


SUNRISE AND SUNSET
FEBRUARY  1 2015......SUNRISE   749 AM CST   SUNSET   543 PM CST
FEBRUARY  2 2015......SUNRISE   748 AM CST   SUNSET   544 PM CST


-  INDICATES NEGATIVE NUMBERS.
R  INDICATES RECORD WAS SET OR TIED.
MM INDICATES DATA IS MISSING.
T  INDICATES TRACE AMOUNT.




$$
