000
CDUS43 KTOP 200631
CLIMHK


CLIMATE REPORT
NATIONAL WEATHER SERVICE TOPEKA KS
131 AM CDT SUN AUG 20 2017


...................................

...THE MANHATTAN KS CLIMATE SUMMARY FOR AUGUST 19 2017...

CLIMATE NORMAL PERIOD 1981 TO 2010
CLIMATE RECORD PERIOD 9999 TO 9999


WEATHER ITEM   OBSERVED NORMAL DEPARTURE LAST
                VALUE   VALUE  FROM      YEAR
                               NORMAL
...............................................
TEMPERATURE (F)
 YESTERDAY
  MAXIMUM         93     89      4       92
  MINIMUM         62     65     -3       67
  AVERAGE         78     77      1       80

PRECIPITATION (IN)
  YESTERDAY        0.00   0.16  -0.16     1.85
  MONTH TO DATE    4.99   2.36   2.63     4.03
  SINCE JUN 1      8.88  11.42  -2.54     8.99
  SINCE JAN 1     22.74  22.62   0.12    24.27

DEGREE DAYS
 HEATING
  YESTERDAY        0      0      0        0
  MONTH TO DATE    0      0      0        0
  SINCE JUN 1      2     12    -10        0
  SINCE JUL 1      0      1     -1        0

 COOLING
  YESTERDAY       13     12      1       15
  MONTH TO DATE  164    251    -87      276
  SINCE JUN 1   1032    957     75     1233
  SINCE JAN 1   1166   1057    109     1343
...............................................


WIND (MPH)
  HIGHEST WIND SPEED    15   HIGHEST WIND DIRECTION     S (170)
  HIGHEST GUST SPEED    21   HIGHEST GUST DIRECTION     S (160)
  AVERAGE WIND SPEED     5.6


SKY COVER
  AVERAGE SKY COVER 0.0


WEATHER CONDITIONS
 THE FOLLOWING WEATHER WAS RECORDED YESTERDAY.
  FOG
  FOG W/VISIBILITY <= 1/4 MILE


RELATIVE HUMIDITY (PERCENT)
 HIGHEST   100
 LOWEST     52
 AVERAGE    76

..........................................................


THE MANHATTAN KS CLIMATE NORMALS FOR TODAY
                         NORMAL
 MAXIMUM TEMPERATURE (F)   89
 MINIMUM TEMPERATURE (F)   64


SUNRISE AND SUNSET
AUGUST 20 2017........SUNRISE   645 AM CDT   SUNSET   815 PM CDT
AUGUST 21 2017........SUNRISE   646 AM CDT   SUNSET   813 PM CDT


-  INDICATES NEGATIVE NUMBERS.
R  INDICATES RECORD WAS SET OR TIED.
MM INDICATES DATA IS MISSING.
T  INDICATES TRACE AMOUNT.




$$
