000
CDUS43 KTOP 240638
CLIMHK


CLIMATE REPORT
NATIONAL WEATHER SERVICE TOPEKA KS
1236 AM CST TUE JAN 24 2017


...................................

...THE MANHATTAN KS CLIMATE SUMMARY FOR JANUARY 23 2017...

CLIMATE NORMAL PERIOD 1981 TO 2010
CLIMATE RECORD PERIOD 9999 TO 9999


WEATHER ITEM   OBSERVED NORMAL DEPARTURE LAST
                VALUE   VALUE  FROM      YEAR
                               NORMAL
...............................................
TEMPERATURE (F)
 YESTERDAY
  MAXIMUM         55     41     14       33
  MINIMUM         21     17      4       16
  AVERAGE         38     29      9       25

PRECIPITATION (IN)
  YESTERDAY        0.00   0.02  -0.02     0.00
  MONTH TO DATE    1.38   0.36   1.02     0.56
  SINCE DEC 1      2.32   1.38   0.94     3.65
  SINCE JAN 1      1.38   0.36   1.02     0.56

DEGREE DAYS
 HEATING
  YESTERDAY       27     36     -9       40
  MONTH TO DATE  780    843    -63      765
  SINCE DEC 1   1857   1909    -52     1600
  SINCE JUL 1   2467   2984   -517     2339

 COOLING
  YESTERDAY        0      0      0        0
  MONTH TO DATE    0      0      0        0
  SINCE DEC 1      0      0      0        0
  SINCE JAN 1      0      0      0        0
...............................................


WIND (MPH)
  HIGHEST WIND SPEED    14   HIGHEST WIND DIRECTION     E (80)
  HIGHEST GUST SPEED    17   HIGHEST GUST DIRECTION     E (80)
  AVERAGE WIND SPEED     3.8


SKY COVER
  AVERAGE SKY COVER 0.0


WEATHER CONDITIONS
 THE FOLLOWING WEATHER WAS RECORDED YESTERDAY.
  FOG


RELATIVE HUMIDITY (PERCENT)
 HIGHEST    96
 LOWEST     46
 AVERAGE    71

..........................................................


THE MANHATTAN KS CLIMATE NORMALS FOR TODAY
                         NORMAL
 MAXIMUM TEMPERATURE (F)   41
 MINIMUM TEMPERATURE (F)   17


SUNRISE AND SUNSET
JANUARY 24 2017.......SUNRISE   739 AM CST   SUNSET   539 PM CST
JANUARY 25 2017.......SUNRISE   739 AM CST   SUNSET   540 PM CST


-  INDICATES NEGATIVE NUMBERS.
R  INDICATES RECORD WAS SET OR TIED.
MM INDICATES DATA IS MISSING.
T  INDICATES TRACE AMOUNT.




$$
