405
CDUS43 KTOP 010634
CLIMHK


CLIMATE REPORT
NATIONAL WEATHER SERVICE TOPEKA KS
133 AM CDT SAT OCT 1 2016


...................................

...THE MANHATTAN KS CLIMATE SUMMARY FOR SEPTEMBER 30 2016...

CLIMATE NORMAL PERIOD 1981 TO 2010
CLIMATE RECORD PERIOD 9999 TO 9999


WEATHER ITEM   OBSERVED NORMAL DEPARTURE LAST
                VALUE   VALUE  FROM      YEAR
                               NORMAL
...............................................
TEMPERATURE (F)
 YESTERDAY
  MAXIMUM         76     75      1       74
  MINIMUM         43     49     -6       51
  AVERAGE         60     62     -2       63

PRECIPITATION (IN)
  YESTERDAY        0.00   0.08  -0.08     0.00
  MONTH TO DATE    3.62   3.17   0.45     4.50
  SINCE SEP 1      3.62   3.17   0.45     4.50
  SINCE JAN 1     30.78  27.71   3.07    29.46

DEGREE DAYS
 HEATING
  YESTERDAY        5      6     -1        2
  MONTH TO DATE   25     67    -42       15
  SINCE SEP 1     25     67    -42       15
  SINCE JUL 1     25     70    -45       15

 COOLING
  YESTERDAY        0      2     -2        0
  MONTH TO DATE  243    154     89      313
  SINCE SEP 1    243    154     89      313
  SINCE JAN 1   1699   1337    362     1571
...............................................


WIND (MPH)
  HIGHEST WIND SPEED    10   HIGHEST WIND DIRECTION    NE (40)
  HIGHEST GUST SPEED    14   HIGHEST GUST DIRECTION     E (80)
  AVERAGE WIND SPEED     1.4


SKY COVER
  AVERAGE SKY COVER 0.0


WEATHER CONDITIONS
 THE FOLLOWING WEATHER WAS RECORDED YESTERDAY.
  FOG


RELATIVE HUMIDITY (PERCENT)
 HIGHEST   100
 LOWEST     41
 AVERAGE    71

..........................................................


THE MANHATTAN KS CLIMATE NORMALS FOR TODAY
                         NORMAL
 MAXIMUM TEMPERATURE (F)   74
 MINIMUM TEMPERATURE (F)   48


SUNRISE AND SUNSET
OCTOBER  1 2016.......SUNRISE   723 AM CDT   SUNSET   708 PM CDT
OCTOBER  2 2016.......SUNRISE   724 AM CDT   SUNSET   707 PM CDT


-  INDICATES NEGATIVE NUMBERS.
R  INDICATES RECORD WAS SET OR TIED.
MM INDICATES DATA IS MISSING.
T  INDICATES TRACE AMOUNT.




$$
