000
CDUS43 KTOP 030648
CLIMHK


CLIMATE REPORT
NATIONAL WEATHER SERVICE TOPEKA KS
147 AM CDT TUE MAY 3 2016


...................................

...THE MANHATTAN KS CLIMATE SUMMARY FOR MAY 2 2016...

CLIMATE NORMAL PERIOD 1981 TO 2010
CLIMATE RECORD PERIOD 9999 TO 9999


WEATHER ITEM   OBSERVED NORMAL DEPARTURE LAST
                VALUE   VALUE  FROM      YEAR
                               NORMAL
...............................................
TEMPERATURE (F)
 YESTERDAY
  MAXIMUM         66     72     -6       83
  MINIMUM         44     47     -3       57
  AVERAGE         55     59     -4       70

PRECIPITATION (IN)
  YESTERDAY        0.00   0.14  -0.14      T
  MONTH TO DATE    T      0.29  -0.29      T
  SINCE MAR 1      8.42   5.29   3.13     2.78
  SINCE JAN 1      9.40   7.01   2.39     4.24

DEGREE DAYS
 HEATING
  YESTERDAY       10      7      3        0
  MONTH TO DATE   22     14      8        3
  SINCE MAR 1    726   1035   -309      828
  SINCE JUL 1   4023   5195  -1172     5022

 COOLING
  YESTERDAY        0      1     -1        5
  MONTH TO DATE    0      2     -2        5
  SINCE MAR 1     28     19      9       13
  SINCE JAN 1     28     19      9       13
...............................................


WIND (MPH)
  HIGHEST WIND SPEED    12   HIGHEST WIND DIRECTION    NE (30)
  HIGHEST GUST SPEED    17   HIGHEST GUST DIRECTION     N (10)
  AVERAGE WIND SPEED     3.1


SKY COVER
  AVERAGE SKY COVER 0.7


WEATHER CONDITIONS
 THE FOLLOWING WEATHER WAS RECORDED YESTERDAY.
  NO SIGNIFICANT WEATHER WAS OBSERVED.


RELATIVE HUMIDITY (PERCENT)
 HIGHEST    86
 LOWEST     37
 AVERAGE    62

..........................................................


THE MANHATTAN KS CLIMATE NORMALS FOR TODAY
                         NORMAL
 MAXIMUM TEMPERATURE (F)   72
 MINIMUM TEMPERATURE (F)   47


SUNRISE AND SUNSET
MAY  3 2016...........SUNRISE   625 AM CDT   SUNSET   822 PM CDT
MAY  4 2016...........SUNRISE   624 AM CDT   SUNSET   823 PM CDT


-  INDICATES NEGATIVE NUMBERS.
R  INDICATES RECORD WAS SET OR TIED.
MM INDICATES DATA IS MISSING.
T  INDICATES TRACE AMOUNT.




$$
