782
CDUS43 KTOP 170644
CLIMHK


CLIMATE REPORT
NATIONAL WEATHER SERVICE TOPEKA KS
143 AM CDT TUE OCT 17 2017


...................................

...THE MANHATTAN KS CLIMATE SUMMARY FOR OCTOBER 16 2017...

CLIMATE NORMAL PERIOD 1981 TO 2010
CLIMATE RECORD PERIOD 9999 TO 9999


WEATHER ITEM   OBSERVED NORMAL DEPARTURE LAST
                VALUE   VALUE  FROM      YEAR
                               NORMAL
...............................................
TEMPERATURE (F)
 YESTERDAY
  MAXIMUM         74     68      6       88
  MINIMUM         35     42     -7       58
  AVERAGE         55     55      0       73

PRECIPITATION (IN)
  YESTERDAY        0.00   0.08  -0.08     0.00
  MONTH TO DATE    3.24   1.26   1.98     1.56
  SINCE SEP 1      4.11   4.43  -0.32     5.18
  SINCE JAN 1     27.67  28.97  -1.30    32.34

DEGREE DAYS
 HEATING
  YESTERDAY       10     10      0        0
  MONTH TO DATE   77    131    -54       75
  SINCE SEP 1     96    198   -102      100
  SINCE JUL 1     96    201   -105      100

 COOLING
  YESTERDAY        0      0      0        8
  MONTH TO DATE   51     21     30       20
  SINCE SEP 1    305    175    130      263
  SINCE JAN 1   1560   1358    202     1719
...............................................


WIND (MPH)
  HIGHEST WIND SPEED    20   HIGHEST WIND DIRECTION    SW (210)
  HIGHEST GUST SPEED    24   HIGHEST GUST DIRECTION     S (200)
  AVERAGE WIND SPEED     6.9


SKY COVER
  AVERAGE SKY COVER 0.0


WEATHER CONDITIONS
 THE FOLLOWING WEATHER WAS RECORDED YESTERDAY.
  NO SIGNIFICANT WEATHER WAS OBSERVED.


RELATIVE HUMIDITY (PERCENT)
 HIGHEST   100
 LOWEST     29
 AVERAGE    65

..........................................................


THE MANHATTAN KS CLIMATE NORMALS FOR TODAY
                         NORMAL
 MAXIMUM TEMPERATURE (F)   68
 MINIMUM TEMPERATURE (F)   42


SUNRISE AND SUNSET
OCTOBER 17 2017.......SUNRISE   739 AM CDT   SUNSET   645 PM CDT
OCTOBER 18 2017.......SUNRISE   740 AM CDT   SUNSET   643 PM CDT


-  INDICATES NEGATIVE NUMBERS.
R  INDICATES RECORD WAS SET OR TIED.
MM INDICATES DATA IS MISSING.
T  INDICATES TRACE AMOUNT.




$$
