000
CDUS43 KTOP 232140
CLIMHK


CLIMATE REPORT
NATIONAL WEATHER SERVICE TOPEKA KS
439 PM CDT TUE AUG 23 2016


...................................

...THE MANHATTAN KS CLIMATE SUMMARY FOR AUGUST 23 2016...
VALID TODAY AS OF 0400 PM LOCAL TIME.

CLIMATE NORMAL PERIOD 1981 TO 2010
CLIMATE RECORD PERIOD 9999 TO 9999


WEATHER ITEM   OBSERVED NORMAL DEPARTURE LAST
                VALUE   VALUE  FROM      YEAR
                               NORMAL
...............................................
TEMPERATURE (F)
 TODAY
  MAXIMUM         89     88      1       77
  MINIMUM         71     64      7       54
  AVERAGE         80     76      4       66

PRECIPITATION (IN)
  TODAY            0.00   0.16  -0.16     0.12
  MONTH TO DATE    4.03   3.00   1.03     2.91
  SINCE JUN 1      8.99  12.06  -3.07    10.30
  SINCE JAN 1     24.27  23.26   1.01    24.52

DEGREE DAYS
 HEATING
  TODAY            0      0      0        0
  MONTH TO DATE    0      0      0        0
  SINCE JUN 1      0     12    -12        0
  SINCE JUL 1      0      1     -1        0

 COOLING
  TODAY           15     11      4        1
  MONTH TO DATE  303    297      6      273
  SINCE JUN 1   1260   1003    257     1114
  SINCE JAN 1   1370   1103    267     1195
...............................................


WIND (MPH)
  HIGHEST WIND SPEED    25   HIGHEST WIND DIRECTION     S (190)
  HIGHEST GUST SPEED    34   HIGHEST GUST DIRECTION     S (190)
  AVERAGE WIND SPEED    12.3



WEATHER CONDITIONS
 THE FOLLOWING WEATHER WAS RECORDED TODAY.
  NO SIGNIFICANT WEATHER WAS OBSERVED.


RELATIVE HUMIDITY (PERCENT)
 HIGHEST    93
 LOWEST     59
 AVERAGE    76

..........................................................


THE MANHATTAN KS CLIMATE NORMALS FOR TOMORROW
                         NORMAL
 MAXIMUM TEMPERATURE (F)   88
 MINIMUM TEMPERATURE (F)   63


SUNRISE AND SUNSET
AUGUST 23 2016........SUNRISE   648 AM CDT   SUNSET   810 PM CDT
AUGUST 24 2016........SUNRISE   649 AM CDT   SUNSET   808 PM CDT


-  INDICATES NEGATIVE NUMBERS.
R  INDICATES RECORD WAS SET OR TIED.
MM INDICATES DATA IS MISSING.
T  INDICATES TRACE AMOUNT.




$$
