000
CDUS43 KTOP 230635
CLIMHK


CLIMATE REPORT
NATIONAL WEATHER SERVICE TOPEKA KS
135 AM CDT SAT MAY 23 2015


...................................

...THE MANHATTAN KS CLIMATE SUMMARY FOR MAY 22 2015...

CLIMATE NORMAL PERIOD 1981 TO 2010
CLIMATE RECORD PERIOD 9999 TO 9999


WEATHER ITEM   OBSERVED NORMAL DEPARTURE LAST
                VALUE   VALUE  FROM      YEAR
                               NORMAL
...............................................
TEMPERATURE (F)
 YESTERDAY
  MAXIMUM         66     78    -12       76
  MINIMUM         45     53     -8       63
  AVERAGE         56     66    -10       70

PRECIPITATION (IN)
  YESTERDAY        0.01   0.18  -0.17     0.03
  MONTH TO DATE    7.67   2.93   4.74     0.73
  SINCE MAR 1     10.45   7.93   2.52     3.21
  SINCE JAN 1     11.91   9.65   2.26     4.43

DEGREE DAYS
 HEATING
  YESTERDAY        9      3      6        0
  MONTH TO DATE   97    107    -10      118
  SINCE MAR 1    922   1128   -206     1210
  SINCE JUL 1   5116   5288   -172     5741

 COOLING
  YESTERDAY        0      3     -3        5
  MONTH TO DATE   53     44      9       94
  SINCE MAR 1     61     61      0      124
  SINCE JAN 1     61     61      0      124
...............................................


WIND (MPH)
  HIGHEST WIND SPEED    16   HIGHEST WIND DIRECTION    SE (140)
  HIGHEST GUST SPEED    21   HIGHEST GUST DIRECTION     S (160)
  AVERAGE WIND SPEED     5.4


SKY COVER
  AVERAGE SKY COVER 0.6


WEATHER CONDITIONS
 THE FOLLOWING WEATHER WAS RECORDED YESTERDAY.
  LIGHT RAIN


RELATIVE HUMIDITY (PERCENT)
 HIGHEST   100
 LOWEST     56
 AVERAGE    78

..........................................................


THE MANHATTAN KS CLIMATE NORMALS FOR TODAY
                         NORMAL
 MAXIMUM TEMPERATURE (F)   78
 MINIMUM TEMPERATURE (F)   54


SUNRISE AND SUNSET
MAY 23 2015...........SUNRISE   607 AM CDT   SUNSET   840 PM CDT
MAY 24 2015...........SUNRISE   607 AM CDT   SUNSET   841 PM CDT


-  INDICATES NEGATIVE NUMBERS.
R  INDICATES RECORD WAS SET OR TIED.
MM INDICATES DATA IS MISSING.
T  INDICATES TRACE AMOUNT.




$$
