000
CDUS43 KTOP 160637
CLIMHK


CLIMATE REPORT
NATIONAL WEATHER SERVICE TOPEKA KS
1234 AM CST TUE JAN 16 2018


...................................

...THE MANHATTAN KS CLIMATE SUMMARY FOR JANUARY 15 2018...

CLIMATE NORMAL PERIOD 1981 TO 2010
CLIMATE RECORD PERIOD 9999 TO 9999


WEATHER ITEM   OBSERVED NORMAL DEPARTURE LAST
                VALUE   VALUE  FROM      YEAR
                               NORMAL
...............................................
TEMPERATURE (F)
 YESTERDAY
  MAXIMUM         38     40     -2       33
  MINIMUM          3     17    -14       30
  AVERAGE         21     28     -7       32

PRECIPITATION (IN)
  YESTERDAY        T      0.02  -0.02     0.43
  MONTH TO DATE    0.32   0.18   0.14     0.62
  SINCE DEC 1      0.43   1.20  -0.77     1.56
  SINCE JAN 1      0.32   0.18   0.14     0.62

DEGREE DAYS
 HEATING
  YESTERDAY       44     37      7       33
  MONTH TO DATE  565    555     10      582
  SINCE DEC 1   1548   1621    -73     1659
  SINCE JUL 1   2430   2696   -266     2269

 COOLING
  YESTERDAY        0      0      0        0
  MONTH TO DATE    0      0      0        0
  SINCE DEC 1      0      0      0        0
  SINCE JAN 1      0      0      0        0
...............................................


WIND (MPH)
  HIGHEST WIND SPEED    18   HIGHEST WIND DIRECTION     N (360)
  HIGHEST GUST SPEED    27   HIGHEST GUST DIRECTION    NW (330)
  AVERAGE WIND SPEED     9.7


SKY COVER
  AVERAGE SKY COVER 0.5


WEATHER CONDITIONS
 THE FOLLOWING WEATHER WAS RECORDED YESTERDAY.
  LIGHT RAIN
  LIGHT SNOW


RELATIVE HUMIDITY (PERCENT)
 HIGHEST    85
 LOWEST     53
 AVERAGE    69

..........................................................


THE MANHATTAN KS CLIMATE NORMALS FOR TODAY
                         NORMAL
 MAXIMUM TEMPERATURE (F)   41
 MINIMUM TEMPERATURE (F)   17


SUNRISE AND SUNSET
JANUARY 16 2018.......SUNRISE   744 AM CST   SUNSET   529 PM CST
JANUARY 17 2018.......SUNRISE   744 AM CST   SUNSET   530 PM CST


-  INDICATES NEGATIVE NUMBERS.
R  INDICATES RECORD WAS SET OR TIED.
MM INDICATES DATA IS MISSING.
T  INDICATES TRACE AMOUNT.




$$
