000
CDUS43 KTOP 010636
CLIMHK


CLIMATE REPORT
NATIONAL WEATHER SERVICE TOPEKA KS
1232 AM CST WED MAR 1 2017


...................................

...THE MANHATTAN KS CLIMATE SUMMARY FOR FEBRUARY 28 2017...

CLIMATE NORMAL PERIOD 1981 TO 2010
CLIMATE RECORD PERIOD 9999 TO 9999


WEATHER ITEM   OBSERVED NORMAL DEPARTURE LAST
                VALUE   VALUE  FROM      YEAR
                               NORMAL
...............................................
TEMPERATURE (F)
 YESTERDAY
  MAXIMUM         61     50     11       65
  MINIMUM         42     24     18       29
  AVERAGE         52     37     15       47

PRECIPITATION (IN)
  YESTERDAY        0.01   0.04  -0.03     0.00
  MONTH TO DATE    0.42   1.07  -0.65     0.42
  SINCE DEC 1      2.74   2.74   0.00     4.07
  SINCE JAN 1      1.80   1.72   0.08     0.98

DEGREE DAYS
 HEATING
  YESTERDAY       13     28    -15       18
  MONTH TO DATE  615    894   -279      720
  SINCE DEC 1   2674   3085   -411     2542
  SINCE JUL 1   3284   4160   -876     3281

 COOLING
  YESTERDAY        0      0      0        0
  MONTH TO DATE    0      0      0        0
  SINCE DEC 1      0      0      0        0
  SINCE JAN 1      0      0      0        0
...............................................


WIND (MPH)
  HIGHEST WIND SPEED    23   HIGHEST WIND DIRECTION    SW (210)
  HIGHEST GUST SPEED    29   HIGHEST GUST DIRECTION    SW (220)
  AVERAGE WIND SPEED    10.3


SKY COVER
  AVERAGE SKY COVER 0.3


WEATHER CONDITIONS
 THE FOLLOWING WEATHER WAS RECORDED YESTERDAY.
  LIGHT RAIN
  FOG
  HAZE


RELATIVE HUMIDITY (PERCENT)
 HIGHEST   100
 LOWEST     32
 AVERAGE    66

..........................................................


THE MANHATTAN KS CLIMATE NORMALS FOR TODAY
                         NORMAL
 MAXIMUM TEMPERATURE (F)   50
 MINIMUM TEMPERATURE (F)   25


SUNRISE AND SUNSET
MARCH  1 2017.........SUNRISE   659 AM CST   SUNSET   620 PM CST
MARCH  2 2017.........SUNRISE   657 AM CST   SUNSET   621 PM CST


-  INDICATES NEGATIVE NUMBERS.
R  INDICATES RECORD WAS SET OR TIED.
MM INDICATES DATA IS MISSING.
T  INDICATES TRACE AMOUNT.

$$
