000
CDUS46 KMFR 310036
CLIMHS


CLIMATE REPORT
NATIONAL WEATHER SERVICE MEDFORD, OR
536 PM PDT TUE AUG 30 2016


...................................

...THE MT SHASTA CITY CA CLIMATE SUMMARY FOR AUGUST 30 2016...
VALID TODAY AS OF 0500 PM LOCAL TIME.

CLIMATE NORMAL PERIOD 1981 TO 2010
CLIMATE RECORD PERIOD 1908 TO 2016


WEATHER ITEM   OBSERVED TIME   RECORD YEAR NORMAL DEPARTURE LAST
                VALUE   (LST)  VALUE       VALUE  FROM      YEAR
                                                  NORMAL
..................................................................
TEMPERATURE (F)
 TODAY
  MAXIMUM         84    245 PM  97    1915  82      2       78
  MINIMUM         53    604 AM  32    1927  46      7       41
  AVERAGE         69                        64      5       60

PRECIPITATION (IN)
  TODAY            T             1.05 1984   0.01  -0.01     0.00
  MONTH TO DATE    T                         0.32  -0.32     0.02
  SINCE OCT 1     42.31                     42.52  -0.21    36.42
  SINCE JAN 1     32.82                     27.31   5.51    16.90

SNOWFALL (IN)
  TODAY           MM                         0.0   MM       MM
  MONTH TO DATE   MM                         0.0   MM       MM
  SINCE JUL 1     MM                         0.0   MM       MM
  SNOW DEPTH      MM

DEGREE DAYS
 HEATING
  TODAY            0                         3     -3        5
  MONTH TO DATE    0                        42    -42        6
  SINCE JUN 1    102                       217   -115       32
  SINCE JUL 1     15                        75    -60       11

 COOLING
  TODAY            4                         2      2        0
  MONTH TO DATE  187                        89     98      135
  SINCE JUN 1    469                       249    220      488
  SINCE JAN 1    477                       257    220      493
..................................................................


WIND (MPH)
  HIGHEST WIND SPEED     7   HIGHEST WIND DIRECTION    NE (60)
  HIGHEST GUST SPEED    12   HIGHEST GUST DIRECTION    SE (130)
  AVERAGE WIND SPEED     0.6


SKY COVER
  POSSIBLE SUNSHINE  MM
  AVERAGE SKY COVER 0.1


WEATHER CONDITIONS
 THE FOLLOWING WEATHER WAS RECORDED TODAY.
  NO SIGNIFICANT WEATHER WAS OBSERVED.


RELATIVE HUMIDITY (PERCENT)
 HIGHEST    56           900 AM
 LOWEST     19           200 PM

..........................................................


THE MT SHASTA CITY CA CLIMATE NORMALS FOR TOMORROW
                         NORMAL    RECORD    YEAR
 MAXIMUM TEMPERATURE (F)   82        96      1950
 MINIMUM TEMPERATURE (F)   46        34      1999


SUNRISE AND SUNSET
AUGUST 30 2016........SUNRISE   634 AM PDT   SUNSET   744 PM PDT
AUGUST 31 2016........SUNRISE   635 AM PDT   SUNSET   743 PM PDT


-  INDICATES NEGATIVE NUMBERS.
R  INDICATES RECORD WAS SET OR TIED.
MM INDICATES DATA IS MISSING.
T  INDICATES TRACE AMOUNT.




$$
