000
CDUS46 KMFR 200835
CLIMHS


CLIMATE REPORT
NATIONAL WEATHER SERVICE MEDFORD, OR
135 AM PDT MON OCT 20 2014


...................................

...THE MT SHASTA CITY CA CLIMATE SUMMARY FOR OCTOBER 19 2014...

CLIMATE NORMAL PERIOD 1981 TO 2010
CLIMATE RECORD PERIOD 1908 TO 2014


WEATHER ITEM   OBSERVED TIME   RECORD YEAR NORMAL DEPARTURE LAST
                VALUE   (LST)  VALUE       VALUE  FROM      YEAR
                                                  NORMAL
..................................................................
TEMPERATURE (F)
 YESTERDAY
  MAXIMUM         67    257 PM  80    1974  65      2       76
  MINIMUM         43   1252 AM  23    1912  36      7       33
  AVERAGE         55                        50      5       55

PRECIPITATION (IN)
  YESTERDAY        0.00          3.53 2004   0.09  -0.09     0.00
  MONTH TO DATE    1.34                      1.00   0.34     0.06
  SINCE SEP 1      3.90                      1.67   2.23     1.77
  SINCE JAN 1     16.18                     29.00 -12.82     8.95

SNOWFALL (IN)
  YESTERDAY       MM                         0.0   MM       MM
  MONTH TO DATE   MM                         0.0   MM       MM
  SINCE JUL 1     MM                         0.0   MM       MM
  SNOW DEPTH      MM

DEGREE DAYS
 HEATING
  YESTERDAY       10                        15     -5       10
  MONTH TO DATE  132                       220    -88      294
  SINCE SEP 1    207                       382   -175      459
  SINCE JUL 1    212                       457   -245      471

 COOLING
  YESTERDAY        0                         0      0        0
  MONTH TO DATE    0                         0      0        0
  SINCE SEP 1     49                        27     22       47
  SINCE JAN 1    547                       287    260      474
..................................................................


WIND (MPH)
  HIGHEST WIND SPEED     9   HIGHEST WIND DIRECTION     E (90)
  HIGHEST GUST SPEED    16   HIGHEST GUST DIRECTION     E (80)
  AVERAGE WIND SPEED     1.2


SKY COVER
  POSSIBLE SUNSHINE  MM
  AVERAGE SKY COVER 0.4


WEATHER CONDITIONS
 THE FOLLOWING WEATHER WAS RECORDED YESTERDAY.
  NO SIGNIFICANT WEATHER WAS OBSERVED.


RELATIVE HUMIDITY (PERCENT)
 HIGHEST    96          1200 AM
 LOWEST     52           300 PM

..........................................................


THE MT SHASTA CITY CA CLIMATE NORMALS FOR TODAY
                         NORMAL    RECORD    YEAR
 MAXIMUM TEMPERATURE (F)   64        81      1921
                                             1964
 MINIMUM TEMPERATURE (F)   36        22      1990


SUNRISE AND SUNSET
OCTOBER 20 2014.......SUNRISE   727 AM PDT   SUNSET   621 PM PDT
OCTOBER 21 2014.......SUNRISE   728 AM PDT   SUNSET   619 PM PDT


-  INDICATES NEGATIVE NUMBERS.
R  INDICATES RECORD WAS SET OR TIED.
MM INDICATES DATA IS MISSING.
T  INDICATES TRACE AMOUNT.




$$
