000
CDUS46 KMFR 310840
CLIMHS


CLIMATE REPORT
NATIONAL WEATHER SERVICE MEDFORD, OR
139 AM PDT MON AUG 31 2015


...................................

...THE MT SHASTA CITY CA CLIMATE SUMMARY FOR AUGUST 30 2015...

CLIMATE NORMAL PERIOD 1981 TO 2010
CLIMATE RECORD PERIOD 1908 TO 2015


WEATHER ITEM   OBSERVED TIME   RECORD YEAR NORMAL DEPARTURE LAST
                VALUE   (LST)  VALUE       VALUE  FROM      YEAR
                                                  NORMAL
..................................................................
TEMPERATURE (F)
 YESTERDAY
  MAXIMUM         78    129 PM  97    1915  82     -4       76
  MINIMUM         41    502 AM  32    1927  46     -5       54
  AVERAGE         60                        64     -4       65

PRECIPITATION (IN)
  YESTERDAY        0.00          1.05 1984   0.01  -0.01     0.00
  MONTH TO DATE    0.02                      0.32  -0.30     0.21
  SINCE OCT 1     36.42                     42.52  -6.10    13.39
  SINCE JAN 1     16.90                     27.31 -10.41    12.28

SNOWFALL (IN)
  YESTERDAY       MM                         0.0   MM       MM
  MONTH TO DATE   MM                         0.0   MM       MM
  SINCE JUL 1     MM                         0.0   MM       MM
  SNOW DEPTH      MM

DEGREE DAYS
 HEATING
  YESTERDAY        5                         3      2        0
  MONTH TO DATE    6                        42    -36        1
  SINCE JUN 1     32                       217   -185       58
  SINCE JUL 1     11                        75    -64        2

 COOLING
  YESTERDAY        0                         2     -2        0
  MONTH TO DATE  135                        89     46      141
  SINCE JUN 1    488                       249    239      489
  SINCE JAN 1    493                       257    236      498
..................................................................


WIND (MPH)
  HIGHEST WIND SPEED     8   HIGHEST WIND DIRECTION    NW (320)
  HIGHEST GUST SPEED    16   HIGHEST GUST DIRECTION     W (290)
  AVERAGE WIND SPEED     1.4


SKY COVER
  POSSIBLE SUNSHINE  MM
  AVERAGE SKY COVER 0.1


WEATHER CONDITIONS
 THE FOLLOWING WEATHER WAS RECORDED YESTERDAY.
  NO SIGNIFICANT WEATHER WAS OBSERVED.


RELATIVE HUMIDITY (PERCENT)
 HIGHEST    83           300 AM
 LOWEST     29           200 PM

..........................................................


THE MT SHASTA CITY CA CLIMATE NORMALS FOR TODAY
                         NORMAL    RECORD    YEAR
 MAXIMUM TEMPERATURE (F)   82        96      1950
 MINIMUM TEMPERATURE (F)   46        34      1999


SUNRISE AND SUNSET
AUGUST 31 2015........SUNRISE   634 AM PDT   SUNSET   744 PM PDT
SEPTEMBER  1 2015.....SUNRISE   635 AM PDT   SUNSET   742 PM PDT


-  INDICATES NEGATIVE NUMBERS.
R  INDICATES RECORD WAS SET OR TIED.
MM INDICATES DATA IS MISSING.
T  INDICATES TRACE AMOUNT.




$$
