000
CDUS46 KMFR 240837
CLIMHS


CLIMATE REPORT
NATIONAL WEATHER SERVICE MEDFORD, OR
137 AM PDT WED MAY 24 2017


...................................

...THE MT SHASTA CITY CA CLIMATE SUMMARY FOR MAY 23 2017...

CLIMATE NORMAL PERIOD 1981 TO 2010
CLIMATE RECORD PERIOD 1908 TO 2017


WEATHER ITEM   OBSERVED TIME   RECORD YEAR NORMAL DEPARTURE LAST
                VALUE   (LST)  VALUE       VALUE  FROM      YEAR
                                                  NORMAL
..................................................................
TEMPERATURE (F)
 YESTERDAY
  MAXIMUM         92R   151 PM  90    2003  71     21       64
  MINIMUM         49    505 AM  28    1911  41      8       41
  AVERAGE         71                        56     15       53

PRECIPITATION (IN)
  YESTERDAY        0.00          1.71 1990   0.08  -0.08     0.03
  MONTH TO DATE    0.17                      1.66  -1.49     1.23
  SINCE OCT 1     58.11                     40.05  18.06    39.86
  SINCE JAN 1     36.95                     24.84  12.11    30.37

SNOWFALL (IN)
  YESTERDAY       MM                         0.0   MM       MM
  MONTH TO DATE   MM                         0.3   MM       MM
  SINCE JUL 1     MM                        91.8   MM       MM
  SNOW DEPTH      MM

DEGREE DAYS
 HEATING
  YESTERDAY        0                         9     -9       12
  MONTH TO DATE  213                       269    -56      191
  SINCE MAR 1   1393                      1509   -116     1181
  SINCE JUL 1   5290                      5484   -194     4696

 COOLING
  YESTERDAY        6                         0      6        0
  MONTH TO DATE   10                         0     10        4
  SINCE MAR 1     10                         0     10        4
  SINCE JAN 1     10                         0     10        4
..................................................................


WIND (MPH)
  HIGHEST WIND SPEED     6   HIGHEST WIND DIRECTION    NE (60)
  HIGHEST GUST SPEED    12   HIGHEST GUST DIRECTION    SE (130)
  AVERAGE WIND SPEED     0.4


SKY COVER
  POSSIBLE SUNSHINE  MM
  AVERAGE SKY COVER 0.0


WEATHER CONDITIONS
 THE FOLLOWING WEATHER WAS RECORDED YESTERDAY.
  NO SIGNIFICANT WEATHER WAS OBSERVED.


RELATIVE HUMIDITY (PERCENT)
 HIGHEST    74           300 AM
 LOWEST     19          1200 PM

..........................................................


THE MT SHASTA CITY CA CLIMATE NORMALS FOR TODAY
                         NORMAL    RECORD    YEAR
 MAXIMUM TEMPERATURE (F)   71        90      1992
 MINIMUM TEMPERATURE (F)   42        26      1953


SUNRISE AND SUNSET
MAY 24 2017...........SUNRISE   543 AM PDT   SUNSET   830 PM PDT
MAY 25 2017...........SUNRISE   542 AM PDT   SUNSET   831 PM PDT


-  INDICATES NEGATIVE NUMBERS.
R  INDICATES RECORD WAS SET OR TIED.
MM INDICATES DATA IS MISSING.
T  INDICATES TRACE AMOUNT.




$$
