000
CDUS46 KMFR 010835
CLIMHS


CLIMATE REPORT
NATIONAL WEATHER SERVICE MEDFORD, OR
135 AM PDT SAT OCT 1 2016


...................................

...THE MT SHASTA CITY CA CLIMATE SUMMARY FOR SEPTEMBER 30 2016...

CLIMATE NORMAL PERIOD 1981 TO 2010
CLIMATE RECORD PERIOD 1908 TO 2016


WEATHER ITEM   OBSERVED TIME   RECORD YEAR NORMAL DEPARTURE LAST
                VALUE   (LST)  VALUE       VALUE  FROM      YEAR
                                                  NORMAL
..................................................................
TEMPERATURE (F)
 YESTERDAY
  MAXIMUM         68    239 PM  91    2010  74     -6       70
  MINIMUM         39   1159 PM  25    1929  40     -1       38
  AVERAGE         54                        57     -3       54

PRECIPITATION (IN)
  YESTERDAY        0.00          0.55 1911   0.03  -0.03     0.00
  MONTH TO DATE    0.08                      0.67  -0.59     0.28
  SINCE OCT 1     42.39                     43.21  -0.82    36.70
  SINCE JAN 1     32.90                     28.00   4.90    17.18

SNOWFALL (IN)
  YESTERDAY       MM                         0.0   MM       MM
  MONTH TO DATE   MM                         0.0   MM       MM
  SINCE JUL 1     MM                         0.0   MM       MM
  SNOW DEPTH      MM

DEGREE DAYS
 HEATING
  YESTERDAY       11                         8      3       11
  MONTH TO DATE  104                       161    -57      124
  SINCE SEP 1    104                       162    -58      124
  SINCE JUL 1    119                       237   -118      135

 COOLING
  YESTERDAY        0                         0      0        0
  MONTH TO DATE   35                        27      8       45
  SINCE SEP 1     35                        27      8       45
  SINCE JAN 1    513                       287    226      539
..................................................................


WIND (MPH)
  HIGHEST WIND SPEED    10   HIGHEST WIND DIRECTION     E (90)
  HIGHEST GUST SPEED    21   HIGHEST GUST DIRECTION     E (80)
  AVERAGE WIND SPEED     3.0


SKY COVER
  POSSIBLE SUNSHINE  MM
  AVERAGE SKY COVER 0.0


WEATHER CONDITIONS
 THE FOLLOWING WEATHER WAS RECORDED YESTERDAY.
  NO SIGNIFICANT WEATHER WAS OBSERVED.


RELATIVE HUMIDITY (PERCENT)
 HIGHEST    60          1200 AM
 LOWEST     27           500 PM

..........................................................


THE MT SHASTA CITY CA CLIMATE NORMALS FOR TODAY
                         NORMAL    RECORD    YEAR
 MAXIMUM TEMPERATURE (F)   73        92      1952
 MINIMUM TEMPERATURE (F)   40        26      1950


SUNRISE AND SUNSET
OCTOBER  1 2016.......SUNRISE   707 AM PDT   SUNSET   650 PM PDT
OCTOBER  2 2016.......SUNRISE   708 AM PDT   SUNSET   648 PM PDT


-  INDICATES NEGATIVE NUMBERS.
R  INDICATES RECORD WAS SET OR TIED.
MM INDICATES DATA IS MISSING.
T  INDICATES TRACE AMOUNT.




$$
