000
CDUS46 KMFR 130838
CLIMHS


CLIMATE REPORT
NATIONAL WEATHER SERVICE MEDFORD, OR
1238 AM PST SAT FEB 13 2016


...................................

...THE MT SHASTA CITY CA CLIMATE SUMMARY FOR FEBRUARY 12 2016...

CLIMATE NORMAL PERIOD 1981 TO 2010
CLIMATE RECORD PERIOD 1908 TO 2016


WEATHER ITEM   OBSERVED TIME   RECORD YEAR NORMAL DEPARTURE LAST
                VALUE   (LST)  VALUE       VALUE  FROM      YEAR
                                                  NORMAL
..................................................................
TEMPERATURE (F)
 YESTERDAY
  MAXIMUM         64    312 PM  65    1996  48     16       60
  MINIMUM         35    714 AM   7    1922  28      7       31
  AVERAGE         50                        38     12       46

PRECIPITATION (IN)
  YESTERDAY        0.00          3.04 1954   0.24  -0.24     0.00
  MONTH TO DATE    0.13                      2.90  -2.77    10.10
  SINCE OCT 1     22.62                     25.17  -2.55    30.10
  SINCE JAN 1     13.13                      9.96   3.17    10.58

SNOWFALL (IN)
  YESTERDAY       MM                         0.7   MM       MM
  MONTH TO DATE   MM                         8.2   MM       MM
  SINCE JUL 1     MM                        61.5   MM       MM
  SNOW DEPTH      MM

DEGREE DAYS
 HEATING
  YESTERDAY       15                        27    -12       19
  MONTH TO DATE  257                       332    -75      239
  SINCE DEC 1   2029                      2161   -132     1653
  SINCE JUL 1   3161                      3558   -397     2663

 COOLING
  YESTERDAY        0                         0      0        0
  MONTH TO DATE    0                         0      0        0
  SINCE DEC 1      0                         0      0        0
  SINCE JAN 1      0                         0      0        0
..................................................................


WIND (MPH)
  HIGHEST WIND SPEED     7   HIGHEST WIND DIRECTION    NW (310)
  HIGHEST GUST SPEED    13   HIGHEST GUST DIRECTION    SE (120)
  AVERAGE WIND SPEED     1.9


SKY COVER
  POSSIBLE SUNSHINE  MM
  AVERAGE SKY COVER 0.0


WEATHER CONDITIONS
 THE FOLLOWING WEATHER WAS RECORDED YESTERDAY.
  NO SIGNIFICANT WEATHER WAS OBSERVED.


RELATIVE HUMIDITY (PERCENT)
 HIGHEST    85           800 AM
 LOWEST     44           300 PM

..........................................................


THE MT SHASTA CITY CA CLIMATE NORMALS FOR TODAY
                         NORMAL    RECORD    YEAR
 MAXIMUM TEMPERATURE (F)   48        67      1996
 MINIMUM TEMPERATURE (F)   28         1      1949


SUNRISE AND SUNSET
FEBRUARY 13 2016......SUNRISE   707 AM PST   SUNSET   540 PM PST
FEBRUARY 14 2016......SUNRISE   706 AM PST   SUNSET   542 PM PST


-  INDICATES NEGATIVE NUMBERS.
R  INDICATES RECORD WAS SET OR TIED.
MM INDICATES DATA IS MISSING.
T  INDICATES TRACE AMOUNT.




$$
