000
CDUS46 KMFR 210837
CLIMHS


CLIMATE REPORT
NATIONAL WEATHER SERVICE MEDFORD, OR
137 AM PDT THU AUG 21 2014


...................................

...THE MT SHASTA CITY CA CLIMATE SUMMARY FOR AUGUST 20 2014...

CLIMATE NORMAL PERIOD 1981 TO 2010
CLIMATE RECORD PERIOD 1908 TO 2014


WEATHER ITEM   OBSERVED TIME   RECORD YEAR NORMAL DEPARTURE LAST
                VALUE   (LST)  VALUE       VALUE  FROM      YEAR
                                                  NORMAL
..................................................................
TEMPERATURE (F)
 YESTERDAY
  MAXIMUM         86    241 PM  99    1950  85      1       91
  MINIMUM         53    555 AM  38    1928  48      5       59
  AVERAGE         70                        66      4       75

PRECIPITATION (IN)
  YESTERDAY        0.00          1.20 1997   0.01  -0.01     0.00
  MONTH TO DATE    0.21                      0.20   0.01     0.00
  SINCE SEP 1     15.10                     43.07 -27.97    27.88
  SINCE JAN 1     12.28                     27.19 -14.91     7.18

SNOWFALL (IN)
  YESTERDAY       MM                         0.0   MM       MM
  MONTH TO DATE   MM                         0.0   MM       MM
  SINCE JUL 1     MM                         0.0   MM       MM
  SNOW DEPTH      MM

DEGREE DAYS
 HEATING
  YESTERDAY        0                         1     -1        0
  MONTH TO DATE    1                        20    -19        8
  SINCE JUN 1     58                       195   -137       95
  SINCE JUL 1      2                        53    -51        8

 COOLING
  YESTERDAY        5                         2      3       10
  MONTH TO DATE  114                        69     45       70
  SINCE JUN 1    462                       229    233      392
  SINCE JAN 1    471                       237    234      401
..................................................................


WIND (MPH)
  HIGHEST WIND SPEED     8   HIGHEST WIND DIRECTION     W (290)
  HIGHEST GUST SPEED    13   HIGHEST GUST DIRECTION     W (280)
  AVERAGE WIND SPEED     2.0


SKY COVER
  POSSIBLE SUNSHINE  MM
  AVERAGE SKY COVER 0.2


WEATHER CONDITIONS
 THE FOLLOWING WEATHER WAS RECORDED YESTERDAY.
  NO SIGNIFICANT WEATHER WAS OBSERVED.


RELATIVE HUMIDITY (PERCENT)
 HIGHEST    83           500 AM
 LOWEST     33           200 PM

..........................................................


THE MT SHASTA CITY CA CLIMATE NORMALS FOR TODAY
                         NORMAL    RECORD    YEAR
 MAXIMUM TEMPERATURE (F)   84        95      2009
                                             1950
 MINIMUM TEMPERATURE (F)   47        33      1927


SUNRISE AND SUNSET
AUGUST 21 2014........SUNRISE   625 AM PDT   SUNSET   759 PM PDT
AUGUST 22 2014........SUNRISE   626 AM PDT   SUNSET   758 PM PDT


-  INDICATES NEGATIVE NUMBERS.
R  INDICATES RECORD WAS SET OR TIED.
MM INDICATES DATA IS MISSING.
T  INDICATES TRACE AMOUNT.




$$
