000
CDUS46 KMFR 300842
CLIMHS


CLIMATE REPORT
NATIONAL WEATHER SERVICE MEDFORD, OR
141 AM PDT TUE JUN 30 2015


...................................

...THE MT SHASTA CITY CA CLIMATE SUMMARY FOR JUNE 29 2015...

CLIMATE NORMAL PERIOD 1981 TO 2010
CLIMATE RECORD PERIOD 1908 TO 2015


WEATHER ITEM   OBSERVED TIME   RECORD YEAR NORMAL DEPARTURE LAST
                VALUE   (LST)  VALUE       VALUE  FROM      YEAR
                                                  NORMAL
..................................................................
TEMPERATURE (F)
 YESTERDAY
  MAXIMUM         94    231 PM  96    1974  81     13       86
  MINIMUM         52    345 AM  31    1963  48      4       50
  AVERAGE         73                        65      8       68

PRECIPITATION (IN)
  YESTERDAY        0.00          0.66 1992   0.03  -0.03     0.00
  MONTH TO DATE    0.23                      1.18  -0.95     0.04
  SINCE OCT 1     34.90                     41.79  -6.89    12.94
  SINCE JAN 1     15.38                     26.58 -11.20    11.83

SNOWFALL (IN)
  YESTERDAY       MM                         0.0   MM       MM
  MONTH TO DATE   MM                         0.0   MM       MM
  SINCE JUL 1     MM                        91.8   MM        0.0
  SNOW DEPTH      MM

DEGREE DAYS
 HEATING
  YESTERDAY        0                         3     -3        0
  MONTH TO DATE   21                       139   -118       56
  SINCE JUN 1     21                       139   -118       56
  SINCE JUL 1   4170                      5691  -1521     4908

 COOLING
  YESTERDAY        8                         2      6        3
  MONTH TO DATE  162                        38    124       50
  SINCE JUN 1    162                        38    124       50
  SINCE JAN 1    167                        46    121       59
..................................................................


WIND (MPH)
  HIGHEST WIND SPEED     7   HIGHEST WIND DIRECTION    SE (130)
  HIGHEST GUST SPEED    12   HIGHEST GUST DIRECTION    SE (130)
  AVERAGE WIND SPEED     1.1


SKY COVER
  POSSIBLE SUNSHINE  MM
  AVERAGE SKY COVER 0.0


WEATHER CONDITIONS
 THE FOLLOWING WEATHER WAS RECORDED YESTERDAY.
  NO SIGNIFICANT WEATHER WAS OBSERVED.


RELATIVE HUMIDITY (PERCENT)
 HIGHEST    67          1200 AM
 LOWEST     12           300 PM

..........................................................


THE MT SHASTA CITY CA CLIMATE NORMALS FOR TODAY
                         NORMAL    RECORD    YEAR
 MAXIMUM TEMPERATURE (F)   82        99      2013
                                             1915
 MINIMUM TEMPERATURE (F)   49        37      1968


SUNRISE AND SUNSET
JUNE 30 2015..........SUNRISE   539 AM PDT   SUNSET   846 PM PDT
JULY  1 2015..........SUNRISE   540 AM PDT   SUNSET   846 PM PDT


-  INDICATES NEGATIVE NUMBERS.
R  INDICATES RECORD WAS SET OR TIED.
MM INDICATES DATA IS MISSING.
T  INDICATES TRACE AMOUNT.




$$
