000
CDUS46 KMFR 050036
CLIMHS


CLIMATE REPORT
NATIONAL WEATHER SERVICE MEDFORD, OR
435 PM PST WED MAR 4 2015


...................................

...THE MT SHASTA CITY CA CLIMATE SUMMARY FOR MARCH 4 2015...
VALID TODAY AS OF 0400 PM LOCAL TIME.

CLIMATE NORMAL PERIOD 1981 TO 2010
CLIMATE RECORD PERIOD 1908 TO 2015


WEATHER ITEM   OBSERVED TIME   RECORD YEAR NORMAL DEPARTURE LAST
                VALUE   (LST)  VALUE       VALUE  FROM      YEAR
                                                  NORMAL
..................................................................
TEMPERATURE (F)
 TODAY
  MAXIMUM         62    206 PM  68    1936  52     10       53
  MINIMUM         22    647 AM  14    1912  29     -7       36
  AVERAGE         42                        40      2       45

PRECIPITATION (IN)
  TODAY            0.00          2.12 1978   0.25  -0.25     0.00
  MONTH TO DATE    0.00                      1.03  -1.03     1.00
  SINCE OCT 1     30.16                     30.53  -0.37     8.15
  SINCE JAN 1     10.64                     15.32  -4.68     7.04

SNOWFALL (IN)
  TODAY           MM                         0.6   MM       MM
  MONTH TO DATE   MM                         2.3   MM       MM
  SINCE JUL 1     MM                        75.2   MM        0.0
  SNOW DEPTH      MM

DEGREE DAYS
 HEATING
  TODAY           23                        24     -1       20
  MONTH TO DATE   93                        99     -6       82
  SINCE MAR 1     93                        99     -6       82
  SINCE JUL 1   3059                      4074  -1015     3698

 COOLING
  TODAY            0                         0      0        0
  MONTH TO DATE    0                         0      0        0
  SINCE MAR 1      0                         0      0        0
  SINCE JAN 1      0                         0      0        0
..................................................................


WIND (MPH)
  HIGHEST WIND SPEED     8   HIGHEST WIND DIRECTION     W (290)
  HIGHEST GUST SPEED    12   HIGHEST GUST DIRECTION     W (290)
  AVERAGE WIND SPEED     1.7


SKY COVER
  POSSIBLE SUNSHINE  MM
  AVERAGE SKY COVER 0.0


WEATHER CONDITIONS
 THE FOLLOWING WEATHER WAS RECORDED TODAY.
  HAZE


RELATIVE HUMIDITY (PERCENT)
 HIGHEST    81           300 AM
 LOWEST     21           200 PM

..........................................................


THE MT SHASTA CITY CA CLIMATE NORMALS FOR TOMORROW
                         NORMAL    RECORD    YEAR
 MAXIMUM TEMPERATURE (F)   52        68      1972
 MINIMUM TEMPERATURE (F)   29        10      1918


SUNRISE AND SUNSET
MARCH  4 2015.........SUNRISE   639 AM PST   SUNSET   603 PM PST
MARCH  5 2015.........SUNRISE   638 AM PST   SUNSET   605 PM PST


-  INDICATES NEGATIVE NUMBERS.
R  INDICATES RECORD WAS SET OR TIED.
MM INDICATES DATA IS MISSING.
T  INDICATES TRACE AMOUNT.




$$
