000
CDUS42 KMFL 290824
CLIMIA


CLIMATE REPORT
NATIONAL WEATHER SERVICE MIAMI, FL
423 AM EDT MON MAY 29 2017


...................................

...THE MIAMI CLIMATE SUMMARY FOR MAY 28 2017...

CLIMATE NORMAL PERIOD 1981 TO 2010
CLIMATE RECORD PERIOD 1895 TO 2017


WEATHER ITEM   OBSERVED TIME   RECORD YEAR NORMAL DEPARTURE LAST
                VALUE   (LST)  VALUE       VALUE  FROM      YEAR
                                                  NORMAL
..................................................................
TEMPERATURE (F)
 YESTERDAY
  MAXIMUM         98R   318 PM  93    1996  88     10       85
  MINIMUM         77    630 AM  60    1937  75      2       76
  AVERAGE         88                        82      6       81

PRECIPITATION (IN)
  YESTERDAY        0.00          5.26 1936   0.25  -0.25     0.00
  MONTH TO DATE    2.69                      4.58  -1.89     8.27
  SINCE NOV 1     16.75                     19.90  -3.15    37.76
  SINCE JAN 1     13.48                     14.59  -1.11    20.39

SNOWFALL (IN)
  YESTERDAY        0.0
  MONTH TO DATE    0.0
  SINCE MAR 1      0.0
  SINCE JUL 1      0.0
  SNOW DEPTH       0

DEGREE DAYS
 HEATING
  YESTERDAY        0                         0      0        0
  MONTH TO DATE    0                         0      0        0
  SINCE MAR 1      3                        12     -9        0
  SINCE JUL 1     17                       128   -111       67

 COOLING
  YESTERDAY       23                        16      7       16
  MONTH TO DATE  479                       412     67      425
  SINCE MAR 1   1146                       983    163     1156
  SINCE JAN 1   1640                      1305    335     1413
..................................................................


WIND (MPH)
  HIGHEST WIND SPEED    14   HIGHEST WIND DIRECTION     W (260)
  HIGHEST GUST SPEED    23   HIGHEST GUST DIRECTION    SE (150)
  AVERAGE WIND SPEED     5.7


SKY COVER
  POSSIBLE SUNSHINE  MM
  AVERAGE SKY COVER 0.3


WEATHER CONDITIONS
 THE FOLLOWING WEATHER WAS RECORDED YESTERDAY.
  NO SIGNIFICANT WEATHER WAS OBSERVED.


RELATIVE HUMIDITY (PERCENT)
 HIGHEST    76
 LOWEST     33
 AVERAGE    55

..........................................................


THE MIAMI CLIMATE NORMALS FOR TODAY
                         NORMAL    RECORD    YEAR
 MAXIMUM TEMPERATURE (F)   88        94      1951
 MINIMUM TEMPERATURE (F)   75        58      1937


SUNRISE AND SUNSET
MAY 29 2017...........SUNRISE   630 AM EDT   SUNSET   807 PM EDT
MAY 30 2017...........SUNRISE   630 AM EDT   SUNSET   808 PM EDT


-  INDICATES NEGATIVE NUMBERS.
R  INDICATES RECORD WAS SET OR TIED.
MM INDICATES DATA IS MISSING.
T  INDICATES TRACE AMOUNT.




$$
