000
CDUS42 KMFL 242016
CLIMIA


CLIMATE REPORT
NATIONAL WEATHER SERVICE MIAMI, FL
415 PM EDT MON APR 24 2017


...................................

...THE MIAMI CLIMATE SUMMARY FOR APRIL 24 2017...
VALID TODAY AS OF 0400 PM LOCAL TIME.

CLIMATE NORMAL PERIOD 1981 TO 2010
CLIMATE RECORD PERIOD 1895 TO 2017


WEATHER ITEM   OBSERVED TIME   RECORD YEAR NORMAL DEPARTURE LAST
                VALUE   (LST)  VALUE       VALUE  FROM      YEAR
                                                  NORMAL
..................................................................
TEMPERATURE (F)
 TODAY
  MAXIMUM         89    233 PM  94    1991  84      5       86
  MINIMUM         70    549 AM  56    1940  70      0       68
  AVERAGE         80                        77      3       77

PRECIPITATION (IN)
  TODAY            0.00          7.25 1982   0.10  -0.10     0.00
  MONTH TO DATE    2.16                      2.55  -0.39     1.09
  SINCE NOV 1     14.06                     14.73  -0.67    29.49
  SINCE JAN 1     10.79                      9.42   1.37    12.12

SNOWFALL (IN)
  TODAY            0.0
  MONTH TO DATE    0.0
  SINCE MAR 1      0.0
  SINCE JUL 1      0.0
  SNOW DEPTH       0

DEGREE DAYS
 HEATING
  TODAY            0                         0      0        0
  MONTH TO DATE    0                         0      0        0
  SINCE MAR 1      3                        11     -8        0
  SINCE JUL 1     17                       127   -110       67

 COOLING
  TODAY           15                        12      3       12
  MONTH TO DATE  298                       250     48      283
  SINCE MAR 1    569                       497     72      647
  SINCE JAN 1   1063                       819    244      904
..................................................................


WIND (MPH)
  HIGHEST WIND SPEED    18   HIGHEST WIND DIRECTION     W (260)
  HIGHEST GUST SPEED    26   HIGHEST GUST DIRECTION     W (250)
  AVERAGE WIND SPEED     7.8


SKY COVER
  AVERAGE SKY COVER 0.7


WEATHER CONDITIONS
 THE FOLLOWING WEATHER WAS RECORDED TODAY.
  FOG
  FOG W/VISIBILITY <= 1/4 MILE


RELATIVE HUMIDITY (PERCENT)
 HIGHEST   100
 LOWEST     41
 AVERAGE    71

..........................................................


THE MIAMI CLIMATE NORMALS FOR TOMORROW
                         NORMAL    RECORD    YEAR
 MAXIMUM TEMPERATURE (F)   84        93      1971
 MINIMUM TEMPERATURE (F)   70        54      1943


SUNRISE AND SUNSET
APRIL 24 2017.........SUNRISE   650 AM EDT   SUNSET   749 PM EDT
APRIL 25 2017.........SUNRISE   649 AM EDT   SUNSET   749 PM EDT


-  INDICATES NEGATIVE NUMBERS.
R  INDICATES RECORD WAS SET OR TIED.
MM INDICATES DATA IS MISSING.
T  INDICATES TRACE AMOUNT.




$$
