000
CDUS42 KMFL 220838
CLIMIA


CLIMATE REPORT
NATIONAL WEATHER SERVICE MIAMI, FL
437 AM EDT MON SEP 22 2014


...................................

...THE MIAMI CLIMATE SUMMARY FOR SEPTEMBER 21 2014...

CLIMATE NORMAL PERIOD 1981 TO 2010
CLIMATE RECORD PERIOD 1839 TO 2014


WEATHER ITEM   OBSERVED TIME   RECORD YEAR NORMAL DEPARTURE LAST
                VALUE   (LST)  VALUE       VALUE  FROM      YEAR
                                                  NORMAL
..................................................................
TEMPERATURE (F)
 YESTERDAY
  MAXIMUM         88    230 PM  93    1989  89     -1       87
                                      1987
  MINIMUM         73    353 AM  69    1938  76     -3       75
  AVERAGE         81                        83     -2       81

PRECIPITATION (IN)
  YESTERDAY        0.02          6.52 1940   0.34  -0.32     0.01
  MONTH TO DATE    5.44                      6.93  -1.49     7.88
  SINCE JUN 1     44.42                     31.98  12.44    31.19
  SINCE JAN 1     54.57                     47.33   7.24    50.56

SNOWFALL (IN)
  YESTERDAY        0.0
  MONTH TO DATE    0.0
  SINCE SEP 1      0.0
  SINCE JUL 1      0.0
  SNOW DEPTH       0

DEGREE DAYS
 HEATING
  YESTERDAY        0                         0      0
  MONTH TO DATE    0                         0      0
  SINCE SEP 1      0                         0      0
  SINCE JUL 1      0                         0      0

 COOLING
  YESTERDAY       16                        18     -2
  MONTH TO DATE  378                       380     -2
  SINCE SEP 1    378                       380     -2
  SINCE JAN 1   3673                      3455    218
..................................................................


WIND (MPH)
  HIGHEST WIND SPEED    13   HIGHEST WIND DIRECTION     N (340)
  HIGHEST GUST SPEED    20   HIGHEST GUST DIRECTION     N (340)
  AVERAGE WIND SPEED     3.0


SKY COVER
  POSSIBLE SUNSHINE  64 PERCENT
  AVERAGE SKY COVER 0.7


WEATHER CONDITIONS
 THE FOLLOWING WEATHER WAS RECORDED YESTERDAY.
  THUNDERSTORM
  LIGHT RAIN


RELATIVE HUMIDITY (PERCENT)
 HIGHEST    94
 LOWEST     55
 AVERAGE    75

..........................................................


THE MIAMI CLIMATE NORMALS FOR TODAY
                         NORMAL    RECORD    YEAR
 MAXIMUM TEMPERATURE (F)   89        94      1990
                                             1896
 MINIMUM TEMPERATURE (F)   76        64      1938


SUNRISE AND SUNSET
SEPTEMBER 22 2014.....SUNRISE   710 AM EDT   SUNSET   718 PM EDT
SEPTEMBER 23 2014.....SUNRISE   710 AM EDT   SUNSET   716 PM EDT


-  INDICATES NEGATIVE NUMBERS.
R  INDICATES RECORD WAS SET OR TIED.
MM INDICATES DATA IS MISSING.
T  INDICATES TRACE AMOUNT.




$$
