000
CDUS42 KMFL 050938
CLIMIA


CLIMATE REPORT
NATIONAL WEATHER SERVICE MIAMI, FL
437 AM EST MON DEC 5 2016


...................................

...THE MIAMI CLIMATE SUMMARY FOR DECEMBER 4 2016...

CLIMATE NORMAL PERIOD 1981 TO 2010
CLIMATE RECORD PERIOD 1895 TO 2016


WEATHER ITEM   OBSERVED TIME   RECORD YEAR NORMAL DEPARTURE LAST
                VALUE   (LST)  VALUE       VALUE  FROM      YEAR
                                                  NORMAL
..................................................................
TEMPERATURE (F)
 YESTERDAY
  MAXIMUM         81    224 PM  88    1900  79      2       76
  MINIMUM         73    443 AM  42    1939  65      8       70
                                      1903
  AVERAGE         77                        72      5       73

PRECIPITATION (IN)
  YESTERDAY        0.00          3.73 2015   0.07  -0.07     3.73
  MONTH TO DATE    0.27                      0.29  -0.02     5.54
  SINCE NOV 1      1.21                      3.56  -2.35    13.09
  SINCE JAN 1     63.87                     60.15   3.72    57.79

SNOWFALL (IN)
  YESTERDAY        0.0
  MONTH TO DATE    0.0
  SINCE DEC 1      0.0
  SINCE JUL 1      0.0
  SNOW DEPTH       0

DEGREE DAYS
 HEATING
  YESTERDAY        0                         0      0        0
  MONTH TO DATE    0                         0      0        0
  SINCE DEC 1      0                         0      0        0
  SINCE JUL 1      0                         3     -3        0

 COOLING
  YESTERDAY       12                         8      4        8
  MONTH TO DATE   52                        32     20       46
  SINCE DEC 1     52                        32     20       46
  SINCE JAN 1   4635                      4404    231     4979
..................................................................


WIND (MPH)
  HIGHEST WIND SPEED    18   HIGHEST WIND DIRECTION     E (110)
  HIGHEST GUST SPEED    24   HIGHEST GUST DIRECTION    SE (130)
  AVERAGE WIND SPEED    11.8


SKY COVER
  POSSIBLE SUNSHINE  44 PERCENT
  AVERAGE SKY COVER 0.7


WEATHER CONDITIONS
 THE FOLLOWING WEATHER WAS RECORDED YESTERDAY.
  NO SIGNIFICANT WEATHER WAS OBSERVED.


RELATIVE HUMIDITY (PERCENT)
 HIGHEST    87
 LOWEST     62
 AVERAGE    75

..........................................................


THE MIAMI CLIMATE NORMALS FOR TODAY
                         NORMAL    RECORD    YEAR
 MAXIMUM TEMPERATURE (F)   79        87      1978
 MINIMUM TEMPERATURE (F)   65        45      1968
                                             1957
                                             1939


SUNRISE AND SUNSET
DECEMBER  5 2016......SUNRISE   654 AM EST   SUNSET   530 PM EST
DECEMBER  6 2016......SUNRISE   655 AM EST   SUNSET   530 PM EST


-  INDICATES NEGATIVE NUMBERS.
R  INDICATES RECORD WAS SET OR TIED.
MM INDICATES DATA IS MISSING.
T  INDICATES TRACE AMOUNT.




$$
