000
CDUS42 KMFL 010923
CLIMIA


CLIMATE REPORT
NATIONAL WEATHER SERVICE MIAMI, FL
422 AM EST WED MAR 1 2017


...................................

...THE MIAMI CLIMATE SUMMARY FOR FEBRUARY 28 2017...

CLIMATE NORMAL PERIOD 1981 TO 2010
CLIMATE RECORD PERIOD 1895 TO 2017


WEATHER ITEM   OBSERVED TIME   RECORD YEAR NORMAL DEPARTURE LAST
                VALUE   (LST)  VALUE       VALUE  FROM      YEAR
                                                  NORMAL
..................................................................
TEMPERATURE (F)
 YESTERDAY
  MAXIMUM         83    245 PM  89    1956  79      4       73
  MINIMUM         74    639 AM  37    1942  64     10       59
  AVERAGE         79                        71      8       66

PRECIPITATION (IN)
  YESTERDAY        0.00          2.32 1933   0.08  -0.08     0.00
  MONTH TO DATE    1.31                      2.25  -0.94     2.85
  SINCE NOV 1      7.98                      9.18  -1.20    27.79
  SINCE JAN 1      4.71                      3.87   0.84    10.42

SNOWFALL (IN)
  YESTERDAY        0.0
  MONTH TO DATE    0.0
  SINCE DEC 1      0.0
  SINCE JUL 1      0.0
  SNOW DEPTH       0

DEGREE DAYS
 HEATING
  YESTERDAY        0                         1     -1        0
  MONTH TO DATE    0                        28    -28       27
  SINCE DEC 1     14                       113    -99       67
  SINCE JUL 1     14                       116   -102       67

 COOLING
  YESTERDAY       14                         7      7        1
  MONTH TO DATE  236                       171     65      130
  SINCE DEC 1    865                       525    340      639
  SINCE JAN 1    494                       322    172      251
..................................................................


WIND (MPH)
  HIGHEST WIND SPEED    21   HIGHEST WIND DIRECTION     E (100)
  HIGHEST GUST SPEED    26   HIGHEST GUST DIRECTION    SE (120)
  AVERAGE WIND SPEED    13.0


SKY COVER
  POSSIBLE SUNSHINE  69 PERCENT
  AVERAGE SKY COVER 0.5


WEATHER CONDITIONS
 THE FOLLOWING WEATHER WAS RECORDED YESTERDAY.
  NO SIGNIFICANT WEATHER WAS OBSERVED.


RELATIVE HUMIDITY (PERCENT)
 HIGHEST    87
 LOWEST     58
 AVERAGE    73

..........................................................


THE MIAMI CLIMATE NORMALS FOR TODAY
                         NORMAL    RECORD    YEAR
 MAXIMUM TEMPERATURE (F)   79        88      2011
 MINIMUM TEMPERATURE (F)   64        39      1920


SUNRISE AND SUNSET
MARCH  1 2017.........SUNRISE   644 AM EST   SUNSET   623 PM EST
MARCH  2 2017.........SUNRISE   643 AM EST   SUNSET   624 PM EST


-  INDICATES NEGATIVE NUMBERS.
R  INDICATES RECORD WAS SET OR TIED.
MM INDICATES DATA IS MISSING.
T  INDICATES TRACE AMOUNT.




$$
