248
CDUS42 KMFL 212117
CLIMIA


CLIMATE REPORT
NATIONAL WEATHER SERVICE MIAMI, FL
417 PM EST SAT JAN 21 2017


...................................

...THE MIAMI CLIMATE SUMMARY FOR JANUARY 21 2017...
VALID TODAY AS OF 0400 PM LOCAL TIME.

CLIMATE NORMAL PERIOD 1981 TO 2010
CLIMATE RECORD PERIOD 1895 TO 2017


WEATHER ITEM   OBSERVED TIME   RECORD YEAR NORMAL DEPARTURE LAST
                VALUE   (LST)  VALUE       VALUE  FROM      YEAR
                                                  NORMAL
..................................................................
TEMPERATURE (F)
 TODAY
  MAXIMUM         84    150 PM  85    1990  76      8       75
                                      1989
                                      1953
  MINIMUM         64    538 AM  34    1985  60      4       54
  AVERAGE         74                        68      6       65

PRECIPITATION (IN)
  TODAY            0.00          1.31 1956   0.06  -0.06     0.00
  MONTH TO DATE    1.54                      1.06   0.48     3.94
  SINCE NOV 1      4.81                      6.37  -1.56    21.31
  SINCE JAN 1      1.54                      1.06   0.48     3.94

SNOWFALL (IN)
  TODAY            0.0
  MONTH TO DATE    0.0
  SINCE DEC 1      0.0
  SINCE JUL 1      0.0
  SNOW DEPTH      MM

DEGREE DAYS
 HEATING
  TODAY            0                         2     -2        0
  MONTH TO DATE    6                        42    -36       16
  SINCE DEC 1      6                        76    -70       16
  SINCE JUL 1      6                        79    -73       16

 COOLING
  TODAY            9                         5      4        0
  MONTH TO DATE  198                       105     93       91
  SINCE DEC 1    569                       308    261      479
  SINCE JAN 1    198                       105     93       91
..................................................................


WIND (MPH)
  HIGHEST WIND SPEED    18   HIGHEST WIND DIRECTION     S (170)
  HIGHEST GUST SPEED    28   HIGHEST GUST DIRECTION     S (190)
  AVERAGE WIND SPEED    MM


SKY COVER
  AVERAGE SKY COVER  MM


WEATHER CONDITIONS
 THE FOLLOWING WEATHER WAS RECORDED TODAY.
  FOG


RELATIVE HUMIDITY (PERCENT)
 HIGHEST    MM
 LOWEST     MM
 AVERAGE    MM

..........................................................


THE MIAMI CLIMATE NORMALS FOR TOMORROW
                         NORMAL    RECORD    YEAR
 MAXIMUM TEMPERATURE (F)   76        86      2010
                                             1990
 MINIMUM TEMPERATURE (F)   60        30      1985


SUNRISE AND SUNSET
JANUARY 21 2017.......SUNRISE   709 AM EST   SUNSET   557 PM EST
JANUARY 22 2017.......SUNRISE   708 AM EST   SUNSET   557 PM EST


-  INDICATES NEGATIVE NUMBERS.
R  INDICATES RECORD WAS SET OR TIED.
MM INDICATES DATA IS MISSING.
T  INDICATES TRACE AMOUNT.




$$
