000
CDUS42 KMFL 202116
CLIMIA


CLIMATE REPORT
NATIONAL WEATHER SERVICE MIAMI, FL
415 PM EST MON NOV 20 2017


...................................

...THE MIAMI CLIMATE SUMMARY FOR NOVEMBER 20 2017...
VALID TODAY AS OF 0400 PM LOCAL TIME.

CLIMATE NORMAL PERIOD 1981 TO 2010
CLIMATE RECORD PERIOD 1895 TO 2017


WEATHER ITEM   OBSERVED TIME   RECORD YEAR NORMAL DEPARTURE LAST
                VALUE   (LST)  VALUE       VALUE  FROM      YEAR
                                                  NORMAL
..................................................................
TEMPERATURE (F)
 TODAY
  MAXIMUM         80    338 PM  87    1986  81     -1       78
  MINIMUM         70    838 AM  43    1914  67      3       63
  AVERAGE         75                        74      1       71

PRECIPITATION (IN)
  TODAY            T             1.29 1992   0.09  -0.09     0.00
  MONTH TO DATE    2.92                      2.41   0.51     0.88
  SINCE NOV 1      2.92                      2.41   0.51     0.88
  SINCE JAN 1     80.97                     59.00  21.97    63.54

SNOWFALL (IN)
  TODAY            0.0
  MONTH TO DATE    0.0
  SINCE SEP 1      0.0
  SINCE JUL 1      0.0
  SNOW DEPTH       0

DEGREE DAYS
 HEATING
  TODAY            0                         0      0        0
  MONTH TO DATE    0                         0      0        0
  SINCE SEP 1      0                         0      0        0
  SINCE JUL 1      0                         0      0        0

 COOLING
  TODAY           10                         9      1        6
  MONTH TO DATE  262                       214     48      202
  SINCE SEP 1   1363                      1211    152     1258
  SINCE JAN 1   4937                      4286    651     4490
..................................................................


WIND (MPH)
  HIGHEST WIND SPEED    18   HIGHEST WIND DIRECTION    NE (60)
  HIGHEST GUST SPEED    25   HIGHEST GUST DIRECTION    NE (60)
  AVERAGE WIND SPEED     8.3


SKY COVER
  AVERAGE SKY COVER 0.5


WEATHER CONDITIONS
 THE FOLLOWING WEATHER WAS RECORDED TODAY.
  LIGHT RAIN


RELATIVE HUMIDITY (PERCENT)
 HIGHEST    90
 LOWEST     67
 AVERAGE    79

..........................................................


THE MIAMI CLIMATE NORMALS FOR TOMORROW
                         NORMAL    RECORD    YEAR
 MAXIMUM TEMPERATURE (F)   81        87      1986
 MINIMUM TEMPERATURE (F)   67        36      1914


SUNRISE AND SUNSET
NOVEMBER 20 2017......SUNRISE   643 AM EST   SUNSET   531 PM EST
NOVEMBER 21 2017......SUNRISE   644 AM EST   SUNSET   530 PM EST


-  INDICATES NEGATIVE NUMBERS.
R  INDICATES RECORD WAS SET OR TIED.
MM INDICATES DATA IS MISSING.
T  INDICATES TRACE AMOUNT.




$$
