000
CDUS42 KMFL 272016
CLIMIA


CLIMATE REPORT
NATIONAL WEATHER SERVICE MIAMI, FL
416 PM EDT MON JUL 27 2015


...................................

...THE MIAMI CLIMATE SUMMARY FOR JULY 27 2015...
VALID TODAY AS OF 0400 PM LOCAL TIME.

CLIMATE NORMAL PERIOD 1981 TO 2010
CLIMATE RECORD PERIOD 1895 TO 2015


WEATHER ITEM   OBSERVED TIME   RECORD YEAR NORMAL DEPARTURE LAST
                VALUE   (LST)  VALUE       VALUE  FROM      YEAR
                                                  NORMAL
..................................................................
TEMPERATURE (F)
 TODAY
  MAXIMUM         93    148 PM  95    1993  91      2       93
                                      1990
  MINIMUM         76    346 AM  71    1946  78     -2       78
                                      1940
                                      1937
  AVERAGE         85                        84      1       86

PRECIPITATION (IN)
  TODAY            0.00          1.64 1947   0.20  -0.20     0.00
  MONTH TO DATE    3.86                      5.68  -1.82     8.97
  SINCE JUN 1      7.46                     15.35  -7.89    28.59
  SINCE JAN 1     18.96                     30.70 -11.74    38.74

SNOWFALL (IN)
  TODAY            0.0
  MONTH TO DATE    0.0
  SINCE JUN 1      0.0
  SINCE JUL 1      0.0
  SNOW DEPTH       0

DEGREE DAYS
 HEATING
  TODAY            0                         0      0        0
  MONTH TO DATE    0                         0      0        0
  SINCE JUN 1      0                         0      0        0
  SINCE JUL 1      0                         0      0        0

 COOLING
  TODAY           20                        20      0       21
  MONTH TO DATE  533                       513     20      509
  SINCE JUN 1   1098                      1045     53     1011
  SINCE JAN 1   2775                      2401    374     2585
..................................................................


WIND (MPH)
  HIGHEST WIND SPEED    18   HIGHEST WIND DIRECTION    SW (220)
  HIGHEST GUST SPEED    25   HIGHEST GUST DIRECTION     S (200)
  AVERAGE WIND SPEED     8.3


SKY COVER
  AVERAGE SKY COVER 0.5


WEATHER CONDITIONS
 THE FOLLOWING WEATHER WAS RECORDED TODAY.
  NO SIGNIFICANT WEATHER WAS OBSERVED.


RELATIVE HUMIDITY (PERCENT)
 HIGHEST    88
 LOWEST     49
 AVERAGE    69

..........................................................


THE MIAMI CLIMATE NORMALS FOR TOMORROW
                         NORMAL    RECORD    YEAR
 MAXIMUM TEMPERATURE (F)   91        96      1999
                                             1990
 MINIMUM TEMPERATURE (F)   78        68      1939


SUNRISE AND SUNSET
JULY 27 2015..........SUNRISE   645 AM EDT   SUNSET   810 PM EDT
JULY 28 2015..........SUNRISE   645 AM EDT   SUNSET   810 PM EDT


-  INDICATES NEGATIVE NUMBERS.
R  INDICATES RECORD WAS SET OR TIED.
MM INDICATES DATA IS MISSING.
T  INDICATES TRACE AMOUNT.




$$
