000
CDUS42 KMFL 040832
CLIMIA


CLIMATE REPORT
NATIONAL WEATHER SERVICE MIAMI, FL
432 AM EDT FRI SEP 4 2015


...................................

...THE MIAMI CLIMATE SUMMARY FOR SEPTEMBER 3 2015...

CLIMATE NORMAL PERIOD 1981 TO 2010
CLIMATE RECORD PERIOD 1895 TO 2015


WEATHER ITEM   OBSERVED TIME   RECORD YEAR NORMAL DEPARTURE LAST
                VALUE   (LST)  VALUE       VALUE  FROM      YEAR
                                                  NORMAL
..................................................................
TEMPERATURE (F)
 YESTERDAY
  MAXIMUM         93   1142 AM  96    2007  90      3       88
  MINIMUM         80    854 PM  70    1928  77      3       75
  AVERAGE         87                        84      3       82

PRECIPITATION (IN)
  YESTERDAY        0.02          3.45 1959   0.32  -0.30     0.62
  MONTH TO DATE    1.19                      0.98   0.21     0.88
  SINCE JUN 1     19.72                     26.03  -6.31    39.86
  SINCE JAN 1     31.22                     41.38 -10.16    50.01

SNOWFALL (IN)
  YESTERDAY        0.0
  MONTH TO DATE    0.0
  SINCE SEP 1      0.0
  SINCE JUL 1      0.0
  SNOW DEPTH       0

DEGREE DAYS
 HEATING
  YESTERDAY        0                         0      0        0
  MONTH TO DATE    0                         0      0        0
  SINCE SEP 1      0                         0      0        0
  SINCE JUL 1      0                         0      0        0

 COOLING
  YESTERDAY       22                        18      4       17
  MONTH TO DATE   62                        56      6       57
  SINCE SEP 1     62                        56      6       57
  SINCE JAN 1   3540                      3131    409     3352
..................................................................


WIND (MPH)
  HIGHEST WIND SPEED    15   HIGHEST WIND DIRECTION    SE (140)
  HIGHEST GUST SPEED    22   HIGHEST GUST DIRECTION    SE (150)
  AVERAGE WIND SPEED     4.5


SKY COVER
  POSSIBLE SUNSHINE  56 PERCENT
  AVERAGE SKY COVER 0.7


WEATHER CONDITIONS
 THE FOLLOWING WEATHER WAS RECORDED YESTERDAY.
  NO SIGNIFICANT WEATHER WAS OBSERVED.


RELATIVE HUMIDITY (PERCENT)
 HIGHEST    94
 LOWEST     60
 AVERAGE    77

..........................................................


THE MIAMI CLIMATE NORMALS FOR TODAY
                         NORMAL    RECORD    YEAR
 MAXIMUM TEMPERATURE (F)   90        95      2010
 MINIMUM TEMPERATURE (F)   77        69      1939
                                             1902


SUNRISE AND SUNSET
SEPTEMBER  4 2015.....SUNRISE   702 AM EDT   SUNSET   737 PM EDT
SEPTEMBER  5 2015.....SUNRISE   703 AM EDT   SUNSET   736 PM EDT


-  INDICATES NEGATIVE NUMBERS.
R  INDICATES RECORD WAS SET OR TIED.
MM INDICATES DATA IS MISSING.
T  INDICATES TRACE AMOUNT.




$$
