000
CDUS42 KMFL 160822
CLIMIA


CLIMATE REPORT
NATIONAL WEATHER SERVICE MIAMI, FL
422 AM EDT WED APR 16 2014


...................................

...THE MIAMI CLIMATE SUMMARY FOR APRIL 15 2014...

CLIMATE NORMAL PERIOD 1981 TO 2010
CLIMATE RECORD PERIOD 1839 TO 2014


WEATHER ITEM   OBSERVED TIME   RECORD YEAR NORMAL DEPARTURE LAST
                VALUE   (LST)  VALUE       VALUE  FROM      YEAR
                                                  NORMAL
..................................................................
TEMPERATURE (F)
 YESTERDAY
  MAXIMUM         88    231 PM  93    1975  83      5       86
  MINIMUM         76    626 AM  44    1940  68      8       75
  AVERAGE         82                        76      6

PRECIPITATION (IN)
  YESTERDAY        0.02          6.60 1897   0.10  -0.08     0.03
  MONTH TO DATE    0.24                      1.55  -1.31     2.26
  SINCE OCT 1     23.19                     20.06   3.13    12.89
  SINCE JAN 1      5.92                      8.42  -2.50     5.46

SNOWFALL (IN)
  YESTERDAY        0.0
  MONTH TO DATE    0.0
  SINCE MAR 1      0.0
  SINCE JUL 1      0.0
  SNOW DEPTH       0

DEGREE DAYS
 HEATING
  YESTERDAY        0                         0      0
  MONTH TO DATE    0                         0      0
  SINCE MAR 1      0                        11    -11
  SINCE JUL 1     61                       127    -66

 COOLING
  YESTERDAY       17                        11      6
  MONTH TO DATE  175                       148     27
  SINCE MAR 1    452                       395     57
  SINCE JAN 1    873                       717    156
..................................................................


WIND (MPH)
  HIGHEST WIND SPEED    22   HIGHEST WIND DIRECTION    SW (210)
  HIGHEST GUST SPEED    29   HIGHEST GUST DIRECTION    SW (210)
  AVERAGE WIND SPEED     9.9


SKY COVER
  POSSIBLE SUNSHINE  MM
  AVERAGE SKY COVER 0.5


WEATHER CONDITIONS
 THE FOLLOWING WEATHER WAS RECORDED YESTERDAY.
  THUNDERSTORM
  LIGHT RAIN


RELATIVE HUMIDITY (PERCENT)
 HIGHEST    87
 LOWEST     59
 AVERAGE    73

..........................................................


THE MIAMI CLIMATE NORMALS FOR TODAY
                         NORMAL    RECORD    YEAR
 MAXIMUM TEMPERATURE (F)   83        93      1965
 MINIMUM TEMPERATURE (F)   68        49      1950


SUNRISE AND SUNSET
APRIL 16 2014.........SUNRISE   657 AM EDT   SUNSET   745 PM EDT
APRIL 17 2014.........SUNRISE   656 AM EDT   SUNSET   745 PM EDT


-  INDICATES NEGATIVE NUMBERS.
R  INDICATES RECORD WAS SET OR TIED.
MM INDICATES DATA IS MISSING.
T  INDICATES TRACE AMOUNT.




$$
