000
CDUS42 KMFL 060925
CLIMIA


CLIMATE REPORT
NATIONAL WEATHER SERVICE MIAMI, FL
425 AM EST SAT FEB 6 2016


...................................

...THE MIAMI CLIMATE SUMMARY FOR FEBRUARY 5 2016...

CLIMATE NORMAL PERIOD 1981 TO 2010
CLIMATE RECORD PERIOD 1895 TO 2016


WEATHER ITEM   OBSERVED TIME   RECORD YEAR NORMAL DEPARTURE LAST
                VALUE   (LST)  VALUE       VALUE  FROM      YEAR
                                                  NORMAL
..................................................................
TEMPERATURE (F)
 YESTERDAY
  MAXIMUM         74    249 AM  85    1949  77     -3       74
                                      1903
  MINIMUM         59    826 AM  35    1958  61     -2       63
  AVERAGE         67                        69     -2       69

PRECIPITATION (IN)
  YESTERDAY        0.31          1.65 1987   0.08   0.23     0.60
  MONTH TO DATE    0.99                      0.38   0.61     0.62
  SINCE NOV 1     25.93                      7.31  18.62     5.55
  SINCE JAN 1      8.56                      2.00   6.56     1.57

SNOWFALL (IN)
  YESTERDAY        0.0
  MONTH TO DATE    0.0
  SINCE DEC 1      0.0
  SINCE JUL 1      0.0
  SNOW DEPTH       0

DEGREE DAYS
 HEATING
  YESTERDAY        0                         1     -1        0
  MONTH TO DATE    0                         5     -5        0
  SINCE DEC 1     40                        92    -52       30
  SINCE JUL 1     40                        95    -55       41

 COOLING
  YESTERDAY        2                         5     -3        4
  MONTH TO DATE   46                        25     21       28
  SINCE DEC 1    555                       379    176      450
  SINCE JAN 1    167                       176     -9      230
..................................................................


WIND (MPH)
  HIGHEST WIND SPEED    18   HIGHEST WIND DIRECTION     N (340)
  HIGHEST GUST SPEED    27   HIGHEST GUST DIRECTION    NW (320)
  AVERAGE WIND SPEED     8.9


SKY COVER
  POSSIBLE SUNSHINE  65 PERCENT
  AVERAGE SKY COVER 1.0


WEATHER CONDITIONS
 THE FOLLOWING WEATHER WAS RECORDED YESTERDAY.
  HEAVY RAIN
  RAIN
  LIGHT RAIN
  FOG


RELATIVE HUMIDITY (PERCENT)
 HIGHEST    87
 LOWEST     46
 AVERAGE    67

..........................................................


THE MIAMI CLIMATE NORMALS FOR TODAY
                         NORMAL    RECORD    YEAR
 MAXIMUM TEMPERATURE (F)   77        87      1985
 MINIMUM TEMPERATURE (F)   61        32      1947
                                             1917


SUNRISE AND SUNSET
FEBRUARY  6 2016......SUNRISE   703 AM EST   SUNSET   608 PM EST
FEBRUARY  7 2016......SUNRISE   702 AM EST   SUNSET   609 PM EST


-  INDICATES NEGATIVE NUMBERS.
R  INDICATES RECORD WAS SET OR TIED.
MM INDICATES DATA IS MISSING.
T  INDICATES TRACE AMOUNT.




$$
