000
CDUS42 KMFL 210830
CLIMIA


CLIMATE REPORT
NATIONAL WEATHER SERVICE MIAMI, FL
430 AM EDT FRI JUL 21 2017


...................................

...THE MIAMI CLIMATE SUMMARY FOR JULY 20 2017...

CLIMATE NORMAL PERIOD 1981 TO 2010
CLIMATE RECORD PERIOD 1895 TO 2017


WEATHER ITEM   OBSERVED TIME   RECORD YEAR NORMAL DEPARTURE LAST
                VALUE   (LST)  VALUE       VALUE  FROM      YEAR
                                                  NORMAL
..................................................................
TEMPERATURE (F)
 YESTERDAY
  MAXIMUM         90    517 PM  96    1907  91     -1       92
  MINIMUM         79    525 AM  67    1929  78      1       82
  AVERAGE         85                        84      1       87

PRECIPITATION (IN)
  YESTERDAY        0.06          1.89 1926   0.19  -0.13      T
  MONTH TO DATE    8.75                      4.35   4.40     2.42
  SINCE JUN 1     24.72                     14.02  10.70    11.14
  SINCE JAN 1     38.20                     29.37   8.83    31.53

SNOWFALL (IN)
  YESTERDAY        0.0
  MONTH TO DATE    0.0
  SINCE JUN 1      0.0
  SINCE JUL 1      0.0
  SNOW DEPTH       0

DEGREE DAYS
 HEATING
  YESTERDAY        0                         0      0        0
  MONTH TO DATE    0                         0      0        0
  SINCE JUN 1      0                         0      0        0
  SINCE JUL 1      0                         0      0        0

 COOLING
  YESTERDAY       20                        19      1       22
  MONTH TO DATE  422                       379     43      407
  SINCE JUN 1    991                       911     80      968
  SINCE JAN 1   2695                      2267    428     2430
..................................................................


WIND (MPH)
  HIGHEST WIND SPEED    13   HIGHEST WIND DIRECTION    SE (140)
  HIGHEST GUST SPEED    17   HIGHEST GUST DIRECTION    SE (140)
  AVERAGE WIND SPEED     3.5


SKY COVER
  POSSIBLE SUNSHINE  43 PERCENT
  AVERAGE SKY COVER 0.7


WEATHER CONDITIONS
 THE FOLLOWING WEATHER WAS RECORDED YESTERDAY.
  THUNDERSTORM
  LIGHT RAIN


RELATIVE HUMIDITY (PERCENT)
 HIGHEST    85
 LOWEST     59
 AVERAGE    72

..........................................................


THE MIAMI CLIMATE NORMALS FOR TODAY
                         NORMAL    RECORD    YEAR
 MAXIMUM TEMPERATURE (F)   91       100      1942
 MINIMUM TEMPERATURE (F)   78        69      1902


SUNRISE AND SUNSET
JULY 21 2017..........SUNRISE   642 AM EDT   SUNSET   813 PM EDT
JULY 22 2017..........SUNRISE   643 AM EDT   SUNSET   812 PM EDT


-  INDICATES NEGATIVE NUMBERS.
R  INDICATES RECORD WAS SET OR TIED.
MM INDICATES DATA IS MISSING.
T  INDICATES TRACE AMOUNT.




$$
