000
CDUS43 KIND 210537
CLIMIE


CLIMATE REPORT
NATIONAL WEATHER SERVICE INDIANAPOLIS IN
136 AM EDT TUE OCT 21 2014


...................................

...THE MUNCIE IN CLIMATE SUMMARY FOR OCTOBER 20 2014...

CLIMATE NORMAL PERIOD 1981 TO 2010
CLIMATE RECORD PERIOD 9999 TO 9999


WEATHER ITEM   OBSERVED TIME   NORMAL DEPARTURE LAST
                VALUE   (LST)  VALUE  FROM      YEAR
                                      NORMAL
......................................................
TEMPERATURE (F)
 YESTERDAY
  MAXIMUM         65    431 PM  63      2       63
  MINIMUM         47    109 AM  42      5       42
  AVERAGE         56            52      4       53

PRECIPITATION (IN)
  YESTERDAY        0.14          0.09   0.05     0.00
  MONTH TO DATE    2.41          1.93   0.48     2.26
  SINCE SEP 1      5.98          4.89   1.09     6.05
  SINCE JAN 1     34.40         32.80   1.60    30.93

DEGREE DAYS
 HEATING
  YESTERDAY        9            13     -4       12
  MONTH TO DATE  208           204      4      147
  SINCE SEP 1    322           295     27      230
  SINCE JUL 1    348           305     43      256

 COOLING
  YESTERDAY        0             0      0        0
  MONTH TO DATE    9            13     -4       34
  SINCE SEP 1     76           118    -42      158
  SINCE JAN 1    831           952   -121      973
......................................................


WIND (MPH)
  HIGHEST WIND SPEED    18   HIGHEST WIND DIRECTION     W (250)
  HIGHEST GUST SPEED    24   HIGHEST GUST DIRECTION    SW (240)
  AVERAGE WIND SPEED     8.6


SKY COVER
  AVERAGE SKY COVER 0.6


WEATHER CONDITIONS
 THE FOLLOWING WEATHER WAS RECORDED YESTERDAY.
  THUNDERSTORM
  HEAVY RAIN
  LIGHT RAIN
  FOG


RELATIVE HUMIDITY (PERCENT)
 HIGHEST    93          1200 PM
 LOWEST     56           400 PM
 AVERAGE    75

..........................................................


THE MUNCIE IN CLIMATE NORMALS FOR TODAY
                         NORMAL
 MAXIMUM TEMPERATURE (F)   63
 MINIMUM TEMPERATURE (F)   42


SUNRISE AND SUNSET
OCTOBER 21 2014.......SUNRISE   759 AM EDT   SUNSET   653 PM EDT
OCTOBER 22 2014.......SUNRISE   800 AM EDT   SUNSET   652 PM EDT


-  INDICATES NEGATIVE NUMBERS.
R  INDICATES RECORD WAS SET OR TIED.
MM INDICATES DATA IS MISSING.
T  INDICATES TRACE AMOUNT.




$$
