000
CDUS43 KIND 230532
CLIMIE


CLIMATE REPORT
NATIONAL WEATHER SERVICE INDIANAPOLIS IN
131 AM EDT SAT AUG 23 2014


...................................

...THE MUNCIE IN CLIMATE SUMMARY FOR AUGUST 22 2014...

CLIMATE NORMAL PERIOD 1981 TO 2010
CLIMATE RECORD PERIOD 9999 TO 9999


WEATHER ITEM   OBSERVED TIME   NORMAL DEPARTURE LAST
                VALUE   (LST)  VALUE  FROM      YEAR
                                      NORMAL
......................................................
TEMPERATURE (F)
 YESTERDAY
  MAXIMUM         84    403 PM  83      1       81
  MINIMUM         70    844 AM  62      8       65
  AVERAGE         77            72      5       73

PRECIPITATION (IN)
  YESTERDAY        1.21          0.10   1.11     0.16
  MONTH TO DATE    6.00          2.32   3.68     1.34
  SINCE JUN 1     13.59         11.36   2.23     8.14
  SINCE JAN 1     28.36         26.93   1.43    23.95

DEGREE DAYS
 HEATING
  YESTERDAY        0             0      0        0
  MONTH TO DATE    8             0      8       19
  SINCE JUN 1     34            27      7       40
  SINCE JUL 1     26             3     23       26

 COOLING
  YESTERDAY       12             8      4        8
  MONTH TO DATE  139           178    -39      116
  SINCE JUN 1    537           688   -151      552
  SINCE JAN 1    652           771   -119      720
......................................................


WIND (MPH)
  HIGHEST WIND SPEED    16   HIGHEST WIND DIRECTION    NW (330)
  HIGHEST GUST SPEED    22   HIGHEST GUST DIRECTION    NW (330)
  AVERAGE WIND SPEED     5.9


SKY COVER
  AVERAGE SKY COVER 0.3


WEATHER CONDITIONS
 THE FOLLOWING WEATHER WAS RECORDED YESTERDAY.
  THUNDERSTORM
  HEAVY RAIN
  RAIN
  LIGHT RAIN
  FOG


RELATIVE HUMIDITY (PERCENT)
 HIGHEST    93          1000 AM
 LOWEST     69           200 PM
 AVERAGE    81

..........................................................


THE MUNCIE IN CLIMATE NORMALS FOR TODAY
                         NORMAL
 MAXIMUM TEMPERATURE (F)   83
 MINIMUM TEMPERATURE (F)   62


SUNRISE AND SUNSET
AUGUST 23 2014........SUNRISE   700 AM EDT   SUNSET   827 PM EDT
AUGUST 24 2014........SUNRISE   701 AM EDT   SUNSET   826 PM EDT


-  INDICATES NEGATIVE NUMBERS.
R  INDICATES RECORD WAS SET OR TIED.
MM INDICATES DATA IS MISSING.
T  INDICATES TRACE AMOUNT.




$$
