000
CDUS43 KIND 250541
CLIMIE


CLIMATE REPORT
NATIONAL WEATHER SERVICE INDIANAPOLIS IN
140 AM EDT MON SEP 25 2017


...................................

...THE MUNCIE IN CLIMATE SUMMARY FOR SEPTEMBER 24 2017...

CLIMATE NORMAL PERIOD 1981 TO 2010
CLIMATE RECORD PERIOD 9999 TO 9999


WEATHER ITEM   OBSERVED TIME   NORMAL DEPARTURE LAST
                VALUE   (LST)  VALUE  FROM      YEAR
                                      NORMAL
......................................................
TEMPERATURE (F)
 YESTERDAY
  MAXIMUM         92    317 PM  74     18       79
  MINIMUM         59    648 AM  50      9       64
  AVERAGE         76            62     14       72

PRECIPITATION (IN)
  YESTERDAY        0.00          0.09  -0.09     0.00
  MONTH TO DATE    1.84          2.42  -0.58     2.74
  SINCE SEP 1      1.84          2.42  -0.58     2.74
  SINCE JAN 1     36.73         30.33   6.40    32.02

DEGREE DAYS
 HEATING
  YESTERDAY        0             5     -5        0
  MONTH TO DATE   40            55    -15        0
  SINCE SEP 1     40            55    -15        0
  SINCE JUL 1     43            65    -22        3

 COOLING
  YESTERDAY       11             2      9        7
  MONTH TO DATE  127            95     32      180
  SINCE SEP 1    127            95     32      180
  SINCE JAN 1   1005           929     76     1280
......................................................


WIND (MPH)
  HIGHEST WIND SPEED    14   HIGHEST WIND DIRECTION    SE (120)
  HIGHEST GUST SPEED    17   HIGHEST GUST DIRECTION    SE (140)
  AVERAGE WIND SPEED     2.6


SKY COVER
  AVERAGE SKY COVER 0.0


WEATHER CONDITIONS
 THE FOLLOWING WEATHER WAS RECORDED YESTERDAY.
  NO SIGNIFICANT WEATHER WAS OBSERVED.


RELATIVE HUMIDITY (PERCENT)
 HIGHEST    90           200 AM
 LOWEST     23           300 PM
 AVERAGE    57

..........................................................


THE MUNCIE IN CLIMATE NORMALS FOR TODAY
                         NORMAL
 MAXIMUM TEMPERATURE (F)   73
 MINIMUM TEMPERATURE (F)   50


SUNRISE AND SUNSET
SEPTEMBER 25 2017.....SUNRISE   732 AM EDT   SUNSET   733 PM EDT
SEPTEMBER 26 2017.....SUNRISE   733 AM EDT   SUNSET   732 PM EDT


-  INDICATES NEGATIVE NUMBERS.
R  INDICATES RECORD WAS SET OR TIED.
MM INDICATES DATA IS MISSING.
T  INDICATES TRACE AMOUNT.




$$
