000
CDUS43 KIND 180534
CLIMIE


CLIMATE REPORT
NATIONAL WEATHER SERVICE INDIANAPOLIS IN
134 AM EDT THU SEP 18 2014


...................................

...THE MUNCIE IN CLIMATE SUMMARY FOR SEPTEMBER 17 2014...

CLIMATE NORMAL PERIOD 1981 TO 2010
CLIMATE RECORD PERIOD 9999 TO 9999


WEATHER ITEM   OBSERVED TIME   NORMAL DEPARTURE LAST
                VALUE   (LST)  VALUE  FROM      YEAR
                                      NORMAL
......................................................
TEMPERATURE (F)
 YESTERDAY
  MAXIMUM         67    525 PM  77    -10       74
  MINIMUM         41    545 AM  54    -13       43
  AVERAGE         54            65    -11       59

PRECIPITATION (IN)
  YESTERDAY        0.00          0.10  -0.10     0.00
  MONTH TO DATE    3.27          1.77   1.50     1.18
  SINCE SEP 1      3.27          1.77   1.50     1.18
  SINCE JAN 1     31.69         29.68   2.01    26.06

DEGREE DAYS
 HEATING
  YESTERDAY       11             3      8        6
  MONTH TO DATE   62            27     35       41
  SINCE SEP 1     62            27     35       41
  SINCE JUL 1     88            37     51       67

 COOLING
  YESTERDAY        0             3     -3        0
  MONTH TO DATE   59            78    -19      101
  SINCE SEP 1     59            78    -19      101
  SINCE JAN 1    814           912    -98      916
......................................................


WIND (MPH)
  HIGHEST WIND SPEED     9   HIGHEST WIND DIRECTION     W (250)
  HIGHEST GUST SPEED    12   HIGHEST GUST DIRECTION     W (280)
  AVERAGE WIND SPEED     1.4


SKY COVER
  AVERAGE SKY COVER 0.2


WEATHER CONDITIONS
 THE FOLLOWING WEATHER WAS RECORDED YESTERDAY.
  FOG
  HAZE


RELATIVE HUMIDITY (PERCENT)
 HIGHEST    96           500 AM
 LOWEST     48           300 PM
 AVERAGE    72

..........................................................


THE MUNCIE IN CLIMATE NORMALS FOR TODAY
                         NORMAL
 MAXIMUM TEMPERATURE (F)   76
 MINIMUM TEMPERATURE (F)   53


SUNRISE AND SUNSET
SEPTEMBER 18 2014.....SUNRISE   725 AM EDT   SUNSET   745 PM EDT
SEPTEMBER 19 2014.....SUNRISE   726 AM EDT   SUNSET   744 PM EDT


-  INDICATES NEGATIVE NUMBERS.
R  INDICATES RECORD WAS SET OR TIED.
MM INDICATES DATA IS MISSING.
T  INDICATES TRACE AMOUNT.




$$
