000
CDUS43 KIND 260532
CLIMIE


CLIMATE REPORT
NATIONAL WEATHER SERVICE INDIANAPOLIS IN
1231 AM EST MON JAN 26 2015


...................................

...THE MUNCIE IN CLIMATE SUMMARY FOR JANUARY 25 2015...

CLIMATE NORMAL PERIOD 1981 TO 2010
CLIMATE RECORD PERIOD 9999 TO 9999


WEATHER ITEM   OBSERVED TIME   NORMAL DEPARTURE LAST
                VALUE   (LST)  VALUE  FROM      YEAR
                                      NORMAL
......................................................
TEMPERATURE (F)
 YESTERDAY
  MAXIMUM         36    243 AM  34      2       30
  MINIMUM         20   1159 PM  19      1        5
  AVERAGE         28            26      2       18

PRECIPITATION (IN)
  YESTERDAY        0.23          0.07   0.16     0.02
  MONTH TO DATE    1.91          1.77   0.14     0.53
  SINCE DEC 1      3.74          4.65  -0.91     5.19
  SINCE JAN 1      1.91          1.77   0.14     0.53

DEGREE DAYS
 HEATING
  YESTERDAY       37            39     -2       47
  MONTH TO DATE 1009           966     43     1030
  SINCE DEC 1   1968          2029    -61     2119
  SINCE JUL 1   3321          3164    157     3370

 COOLING
  YESTERDAY        0             0      0        0
  MONTH TO DATE    0             0      0        0
  SINCE DEC 1      0             0      0        0
  SINCE JAN 1      0             0      0        0
......................................................


WIND (MPH)
  HIGHEST WIND SPEED    24   HIGHEST WIND DIRECTION    NE (60)
  HIGHEST GUST SPEED    32   HIGHEST GUST DIRECTION    NE (60)
  AVERAGE WIND SPEED    11.2


SKY COVER
  AVERAGE SKY COVER 0.7


WEATHER CONDITIONS
 THE FOLLOWING WEATHER WAS RECORDED YESTERDAY.
  LIGHT RAIN
  HEAVY SNOW
  SNOW
  LIGHT SNOW
  FOG
  FOG W/VISIBILITY <= 1/4 MILE
  HAZE


RELATIVE HUMIDITY (PERCENT)
 HIGHEST    96          1000 AM
 LOWEST     81           700 PM
 AVERAGE    89

..........................................................


THE MUNCIE IN CLIMATE NORMALS FOR TODAY
                         NORMAL
 MAXIMUM TEMPERATURE (F)   34
 MINIMUM TEMPERATURE (F)   19


SUNRISE AND SUNSET
JANUARY 26 2015.......SUNRISE   756 AM EST   SUNSET   553 PM EST
JANUARY 27 2015.......SUNRISE   755 AM EST   SUNSET   554 PM EST


-  INDICATES NEGATIVE NUMBERS.
R  INDICATES RECORD WAS SET OR TIED.
MM INDICATES DATA IS MISSING.
T  INDICATES TRACE AMOUNT.




$$
