000
CDUS43 KIND 300532
CLIMIE


CLIMATE REPORT
NATIONAL WEATHER SERVICE INDIANAPOLIS IN
132 AM EDT WED JUL 30 2014


...................................

...THE MUNCIE IN CLIMATE SUMMARY FOR JULY 29 2014...

CLIMATE NORMAL PERIOD 1981 TO 2010
CLIMATE RECORD PERIOD 9999 TO 9999


WEATHER ITEM   OBSERVED TIME   NORMAL DEPARTURE LAST
                VALUE   (LST)  VALUE  FROM      YEAR
                                      NORMAL
......................................................
TEMPERATURE (F)
 YESTERDAY
  MAXIMUM         74    409 PM  84    -10       77
  MINIMUM         47    529 AM  64    -17       56
  AVERAGE         61            74    -13       67

PRECIPITATION (IN)
  YESTERDAY        0.01          0.12  -0.11     0.00
  MONTH TO DATE    2.13          4.13  -2.00     1.63
  SINCE JUN 1      7.59          8.79  -1.20     6.61
  SINCE JAN 1     22.36         24.36  -2.00    22.42

DEGREE DAYS
 HEATING
  YESTERDAY        4             0      4        0
  MONTH TO DATE   18             0     18        7
  SINCE JUN 1     26            24      2       21
  SINCE JUL 1     18             0     18        7

 COOLING
  YESTERDAY        0             9     -9        2
  MONTH TO DATE  145           279   -134      224
  SINCE JUN 1    390           495   -105      430
  SINCE JAN 1    505           578    -73      598
......................................................


WIND (MPH)
  HIGHEST WIND SPEED    16   HIGHEST WIND DIRECTION     W (280)
  HIGHEST GUST SPEED    20   HIGHEST GUST DIRECTION     W (290)
  AVERAGE WIND SPEED     5.0


SKY COVER
  AVERAGE SKY COVER 0.2


WEATHER CONDITIONS
 THE FOLLOWING WEATHER WAS RECORDED YESTERDAY.
  LIGHT RAIN


RELATIVE HUMIDITY (PERCENT)
 HIGHEST    93           400 AM
 LOWEST     49           200 PM
 AVERAGE    71

..........................................................


THE MUNCIE IN CLIMATE NORMALS FOR TODAY
                         NORMAL
 MAXIMUM TEMPERATURE (F)   84
 MINIMUM TEMPERATURE (F)   64


SUNRISE AND SUNSET
JULY 30 2014..........SUNRISE   637 AM EDT   SUNSET   858 PM EDT
JULY 31 2014..........SUNRISE   638 AM EDT   SUNSET   857 PM EDT


-  INDICATES NEGATIVE NUMBERS.
R  INDICATES RECORD WAS SET OR TIED.
MM INDICATES DATA IS MISSING.
T  INDICATES TRACE AMOUNT.




$$
