000
CDUS43 KMKX 140717
CLIMKE


CLIMATE REPORT
NATIONAL WEATHER SERVICE IN MILWAUKEE
116 AM CST THU DEC 14 2017


...................................

...THE MILWAUKEE WI CLIMATE SUMMARY FOR DECEMBER 13 2017...

CLIMATE NORMAL PERIOD 1981 TO 2010
CLIMATE RECORD PERIOD 1871 TO 2017


WEATHER ITEM   OBSERVED TIME   RECORD YEAR NORMAL DEPARTURE LAST
                VALUE   (LST)  VALUE       VALUE  FROM      YEAR
                                                  NORMAL
..................................................................
TEMPERATURE (F)
 YESTERDAY
  MAXIMUM         33   1252 PM  60    2015  33      0       15
  MINIMUM         20   1159 PM -14    1903  21     -1        5
  AVERAGE         27                        27      0       10

PRECIPITATION (IN)
  YESTERDAY        0.07          1.59 1928   0.06   0.01     0.00
  MONTH TO DATE    0.24                      0.97  -0.73     0.86
  SINCE DEC 1      0.24                      0.97  -0.73     0.86
  SINCE JAN 1     33.87                     33.69   0.18    28.19

SNOWFALL (IN)
  YESTERDAY        1.2          10.8  1885   0.4    0.8      0.0
  MONTH TO DATE    2.4                       4.0   -1.6      9.6
  SINCE DEC 1      2.4                       4.0   -1.6      9.6
  SINCE JUL 1      2.6                       6.7   -4.1      9.6
  SNOW DEPTH       T

DEGREE DAYS
 HEATING
  YESTERDAY       38                        38      0       55
  MONTH TO DATE  419                       466    -47      479
  SINCE DEC 1    419                       466    -47      479
  SINCE JUL 1   1524                      1831   -307     1309

 COOLING
  YESTERDAY        0                         0      0        0
  MONTH TO DATE    0                         0      0        0
  SINCE DEC 1      0                         0      0        0
  SINCE JAN 1    772                       641    131      991
..................................................................


WIND (MPH)
  HIGHEST WIND SPEED    26   HIGHEST WIND DIRECTION     N (10)
  HIGHEST GUST SPEED    39   HIGHEST GUST DIRECTION     N (360)
  AVERAGE WIND SPEED    12.1


SKY COVER
  POSSIBLE SUNSHINE  MM
  AVERAGE SKY COVER 1.0


WEATHER CONDITIONS
 THE FOLLOWING WEATHER WAS RECORDED YESTERDAY.
  SNOW
  LIGHT SNOW
  FOG
  HAZE
  BLOWING SNOW


RELATIVE HUMIDITY (PERCENT)
 HIGHEST    92           300 PM
 LOWEST     49          1200 AM
 AVERAGE    71

..........................................................


THE MILWAUKEE WI CLIMATE NORMALS FOR TODAY
                         NORMAL    RECORD    YEAR
 MAXIMUM TEMPERATURE (F)   33        60      1975
 MINIMUM TEMPERATURE (F)   20       -13      1901


SUNRISE AND SUNSET
DECEMBER 14 2017......SUNRISE   715 AM CST   SUNSET   418 PM CST
DECEMBER 15 2017......SUNRISE   716 AM CST   SUNSET   418 PM CST


-  INDICATES NEGATIVE NUMBERS.
R  INDICATES RECORD WAS SET OR TIED.
MM INDICATES DATA IS MISSING.
T  INDICATES TRACE AMOUNT.




$$
