000
CDUS43 KMKX 241245
CLIMKE


CLIMATE REPORT
NATIONAL WEATHER SERVICE IN MILWAUKEE
745 AM CDT THU JUL 24 2014


...................................

...THE MILWAUKEE WI CLIMATE SUMMARY FOR JULY 23 2014...

CLIMATE NORMAL PERIOD 1981 TO 2010
CLIMATE RECORD PERIOD 1871 TO 2014


WEATHER ITEM   OBSERVED TIME   RECORD YEAR NORMAL DEPARTURE LAST
                VALUE   (LST)  VALUE       VALUE  FROM      YEAR
                                                  NORMAL
..................................................................
TEMPERATURE (F)
 YESTERDAY
  MAXIMUM         69   1204 PM  99    2012  80    -11       76
                                      1940
  MINIMUM         57   1159 PM  50    1876  64     -7       62
  AVERAGE         63                        72     -9       69

PRECIPITATION (IN)
  YESTERDAY        0.00          2.19 1935   0.12  -0.12      T
  MONTH TO DATE    1.89                      2.76  -0.87     1.00
  SINCE JUN 1      8.23                      6.66   1.57     6.80
  SINCE JAN 1     19.18                     19.30  -0.12    26.31

SNOWFALL (IN)
  YESTERDAY        0.0           0.0    MM   0.0    0.0      0.0
  MONTH TO DATE    0.0                       0.0    0.0      0.0
  SINCE JUN 1      0.0                       0.0    0.0      0.0
  SINCE JUL 1      0.0                       0.0    0.0      0.0
  SNOW DEPTH       0

DEGREE DAYS
 HEATING
  YESTERDAY        2                         0      2        0
  MONTH TO DATE   14                         4     10        3
  SINCE JUN 1     88                        88      0       90
  SINCE JUL 1     14                         4     10        3

 COOLING
  YESTERDAY        0                         7     -7        4
  MONTH TO DATE   98                       160    -62      229
  SINCE JUN 1    188                       280    -92      328
  SINCE JAN 1    206                       310   -104      367
..................................................................


WIND (MPH)
  HIGHEST WIND SPEED    20   HIGHEST WIND DIRECTION     N (20)
  HIGHEST GUST SPEED    26   HIGHEST GUST DIRECTION    NE (30)
  AVERAGE WIND SPEED    11.8


SKY COVER
  POSSIBLE SUNSHINE  MM
  AVERAGE SKY COVER 0.2


WEATHER CONDITIONS
 THE FOLLOWING WEATHER WAS RECORDED YESTERDAY.
  NO SIGNIFICANT WEATHER WAS OBSERVED.


RELATIVE HUMIDITY (PERCENT)
 HIGHEST    84          1200 AM
 LOWEST     59          1200 PM
 AVERAGE    72

..........................................................


THE MILWAUKEE WI CLIMATE NORMALS FOR TODAY
                         NORMAL    RECORD    YEAR
 MAXIMUM TEMPERATURE (F)   80       105      1934
 MINIMUM TEMPERATURE (F)   64        51      2000
                                             1876


SUNRISE AND SUNSET
JULY 24 2014..........SUNRISE   534 AM CDT   SUNSET   821 PM CDT
JULY 25 2014..........SUNRISE   535 AM CDT   SUNSET   820 PM CDT


-  INDICATES NEGATIVE NUMBERS.
R  INDICATES RECORD WAS SET OR TIED.
MM INDICATES DATA IS MISSING.
T  INDICATES TRACE AMOUNT.




$$
