000
CDUS43 KMKX 270044
CLIMKE


CLIMATE REPORT
NATIONAL WEATHER SERVICE IN MILWAUKEE
643 PM CST FRI DEC 26 2014


...................................

...THE MILWAUKEE WI CLIMATE SUMMARY FOR DECEMBER 26 2014...
VALID TODAY AS OF 0600 PM LOCAL TIME.

CLIMATE NORMAL PERIOD 1981 TO 2010
CLIMATE RECORD PERIOD 1871 TO 2014


WEATHER ITEM   OBSERVED TIME   RECORD YEAR NORMAL DEPARTURE LAST
                VALUE   (LST)  VALUE       VALUE  FROM      YEAR
                                                  NORMAL
..................................................................
TEMPERATURE (F)
 TODAY
  MAXIMUM         49   1237 PM  51    2008  30     19       28
                                      1936
  MINIMUM         38    824 AM -14    1962  17     21       14
  AVERAGE         44                        24     20       21

PRECIPITATION (IN)
  TODAY            0.00          1.33 1888   0.06  -0.06      T
  MONTH TO DATE    1.01                      1.76  -0.75     1.69
  SINCE DEC 1      1.01                      1.76  -0.75     1.69
  SINCE JAN 1     32.09                     34.48  -2.39    39.92

SNOWFALL (IN)
  TODAY            0.0           8.4  1984   0.4   -0.4      0.1
  MONTH TO DATE    0.5                       8.6   -8.1     18.1
  SINCE DEC 1      0.5                       8.6   -8.1     18.1
  SINCE JUL 1      5.3                      11.3   -6.0     20.1
  SNOW DEPTH       0

DEGREE DAYS
 HEATING
  TODAY           21                        41    -20       44
  MONTH TO DATE  821                       985   -164     1123
  SINCE DEC 1    821                       985   -164     1123
  SINCE JUL 1   2392                      2350     42     2498

 COOLING
  TODAY            0                         0      0        0
  MONTH TO DATE    0                         0      0        0
  SINCE DEC 1      0                         0      0        0
  SINCE JAN 1    464                       641   -177      688
..................................................................


WIND (MPH)
  HIGHEST WIND SPEED    16   HIGHEST WIND DIRECTION    SW (230)
  HIGHEST GUST SPEED    22   HIGHEST GUST DIRECTION    SW (220)
  AVERAGE WIND SPEED    10.3


SKY COVER
  POSSIBLE SUNSHINE  MM
  AVERAGE SKY COVER 0.6


WEATHER CONDITIONS
 THE FOLLOWING WEATHER WAS RECORDED TODAY.
  NO SIGNIFICANT WEATHER WAS OBSERVED.


RELATIVE HUMIDITY (PERCENT)
 HIGHEST    82           100 AM
 LOWEST     56           100 PM
 AVERAGE    69

..........................................................


THE MILWAUKEE WI CLIMATE NORMALS FOR TOMORROW
                         NORMAL    RECORD    YEAR
 MAXIMUM TEMPERATURE (F)   30        55      1946
 MINIMUM TEMPERATURE (F)   17       -17      1886


SUNRISE AND SUNSET
DECEMBER 26 2014......SUNRISE   722 AM CST   SUNSET   423 PM CST
DECEMBER 27 2014......SUNRISE   722 AM CST   SUNSET   424 PM CST


-  INDICATES NEGATIVE NUMBERS.
R  INDICATES RECORD WAS SET OR TIED.
MM INDICATES DATA IS MISSING.
T  INDICATES TRACE AMOUNT.




$$
