000
CDUS43 KMKX 270642
CLIMKE


CLIMATE REPORT
NATIONAL WEATHER SERVICE IN MILWAUKEE
141 AM CDT TUE SEP 27 2016


...................................

...THE MILWAUKEE WI CLIMATE SUMMARY FOR SEPTEMBER 26 2016...

CLIMATE NORMAL PERIOD 1981 TO 2010
CLIMATE RECORD PERIOD 1871 TO 2016


WEATHER ITEM   OBSERVED TIME   RECORD YEAR NORMAL DEPARTURE LAST
                VALUE   (LST)  VALUE       VALUE  FROM      YEAR
                                                  NORMAL
..................................................................
TEMPERATURE (F)
 YESTERDAY
  MAXIMUM         68    402 PM  88    1998  67      1       70
  MINIMUM         55   1020 PM  34    1928  50      5       59
  AVERAGE         62                        59      3       65

PRECIPITATION (IN)
  YESTERDAY        0.00          1.33 1996   0.10  -0.10     0.00
  MONTH TO DATE    3.66                      2.78   0.88     3.81
  SINCE SEP 1      3.66                      2.78   0.88     3.81
  SINCE JAN 1     21.32                     26.96  -5.64    21.56

SNOWFALL (IN)
  YESTERDAY        0.0           T    1942   0.0    0.0      0.0
  MONTH TO DATE    0.0                       0.0    0.0      0.0
  SINCE SEP 1      0.0                       0.0    0.0      0.0
  SINCE JUL 1      0.0                       0.0    0.0      0.0
  SNOW DEPTH       0

DEGREE DAYS
 HEATING
  YESTERDAY        3                         7     -4        0
  MONTH TO DATE    3                        93    -90       33
  SINCE SEP 1      3                        93    -90       33
  SINCE JUL 1      5                       119   -114       81

 COOLING
  YESTERDAY        0                         1     -1        0
  MONTH TO DATE  141                        66     75      126
  SINCE SEP 1    141                        66     75      126
  SINCE JAN 1    977                       631    346      613
..................................................................


WIND (MPH)
  HIGHEST WIND SPEED    24   HIGHEST WIND DIRECTION     W (270)
  HIGHEST GUST SPEED    35   HIGHEST GUST DIRECTION     W (250)
  AVERAGE WIND SPEED    13.6


SKY COVER
  POSSIBLE SUNSHINE  MM
  AVERAGE SKY COVER 0.4


WEATHER CONDITIONS
 THE FOLLOWING WEATHER WAS RECORDED YESTERDAY.
  NO SIGNIFICANT WEATHER WAS OBSERVED.


RELATIVE HUMIDITY (PERCENT)
 HIGHEST    72           100 AM
 LOWEST     29           500 PM
 AVERAGE    51

..........................................................


THE MILWAUKEE WI CLIMATE NORMALS FOR TODAY
                         NORMAL    RECORD    YEAR
 MAXIMUM TEMPERATURE (F)   67        88      1891
 MINIMUM TEMPERATURE (F)   50        31      1942


SUNRISE AND SUNSET
SEPTEMBER 27 2016.....SUNRISE   645 AM CDT   SUNSET   639 PM CDT
SEPTEMBER 28 2016.....SUNRISE   646 AM CDT   SUNSET   637 PM CDT


-  INDICATES NEGATIVE NUMBERS.
R  INDICATES RECORD WAS SET OR TIED.
MM INDICATES DATA IS MISSING.
T  INDICATES TRACE AMOUNT.




$$
