000
CDUS43 KGRR 311337
CLIMKG


CLIMATE REPORT
NATIONAL WEATHER SERVICE GRAND RAPIDS, MI
936 AM EDT TUE MAY 31 2016


...................................

...THE MUSKEGON MI CLIMATE SUMMARY FOR MAY 31 2016...
VALID AS OF 0900 AM LOCAL TIME.

CLIMATE NORMAL PERIOD 1981 TO 2010
CLIMATE RECORD PERIOD 1896 TO 2016


WEATHER ITEM   OBSERVED TIME   RECORD YEAR NORMAL DEPARTURE LAST
                VALUE   (LST)  VALUE       VALUE  FROM      YEAR
                                                  NORMAL
..................................................................
TEMPERATURE (F)
 TODAY
  MAXIMUM         70    753 AM  87    1988  71     -1       66
                                      1969
  MINIMUM         48    443 AM  35    1910  52     -4       46
  AVERAGE         59                        62     -3       56

PRECIPITATION (IN)
  TODAY            0.00          1.44 1958   0.10  -0.10     0.00
  MONTH TO DATE    2.38                      3.25  -0.87     3.29
  SINCE MAR 1      9.72                      8.41   1.31     9.14
  SINCE JAN 1     13.93                     12.27   1.66    12.43

SNOWFALL (IN)
  TODAY            0.0           0.0    MM   0.0    0.0      0.0
  MONTH TO DATE    0.0                       0.0    0.0      0.0
  SINCE MAR 1      7.3                      11.3   -4.0      4.0
  SINCE JUL 1     61.8                      93.7  -31.9     92.1
  SNOW DEPTH       0

DEGREE DAYS
 HEATING
  TODAY            6                         5      1        9
  MONTH TO DATE  261                       277    -16      211
  SINCE MAR 1   1605                      1762   -157     1753
  SINCE JUL 1   5625                      6494   -869     6878

 COOLING
  TODAY            0                         2     -2        0
  MONTH TO DATE   41                        25     16       39
  SINCE MAR 1     41                        29     12       39
  SINCE JAN 1     41                        29     12       39
..................................................................


WIND (MPH)
  RESULTANT WIND SPEED   1   RESULTANT WIND DIRECTION   E (70)
  HIGHEST WIND SPEED     6   HIGHEST WIND DIRECTION    NE (30)
  HIGHEST GUST SPEED     7   HIGHEST GUST DIRECTION    NE (40)
  AVERAGE WIND SPEED     0.9


SKY COVER
  AVERAGE SKY COVER 0.2


WEATHER CONDITIONS
 THE FOLLOWING WEATHER WAS RECORDED TODAY.
  FOG
  HAZE


RELATIVE HUMIDITY (PERCENT)
 HIGHEST    87          1200 AM
 LOWEST     53           800 AM
 AVERAGE    70

..........................................................


THE MUSKEGON MI CLIMATE NORMALS FOR TOMORROW
                         NORMAL    RECORD    YEAR
 MAXIMUM TEMPERATURE (F)   72        88      2014
                                             1988
 MINIMUM TEMPERATURE (F)   52        36      1926


SUNRISE AND SUNSET
MAY 31 2016...........SUNRISE   608 AM EDT   SUNSET   918 PM EDT
JUNE  1 2016..........SUNRISE   608 AM EDT   SUNSET   918 PM EDT


-  INDICATES NEGATIVE NUMBERS.
R  INDICATES RECORD WAS SET OR TIED.
MM INDICATES DATA IS MISSING.
T  INDICATES TRACE AMOUNT.




$$
