000
CDUS44 KMEG 312148
CLIMKL


CLIMATE REPORT
NATIONAL WEATHER SERVICE MEMPHIS TN
447 PM CDT TUE MAY 31 2016


...................................

...THE JACKSON CLIMATE SUMMARY FOR MAY 31 2016...
VALID TODAY AS OF 0400 PM LOCAL TIME.

CLIMATE NORMAL PERIOD 1981 TO 2010
CLIMATE RECORD PERIOD 1948 TO 2016


WEATHER ITEM   OBSERVED TIME   RECORD YEAR NORMAL DEPARTURE LAST
                VALUE   (LST)  VALUE       VALUE  FROM      YEAR
                                                  NORMAL
..................................................................
TEMPERATURE (F)
 TODAY
  MAXIMUM         83    259 PM  95    1988  84     -1       75
                                      1953
                                      1951
  MINIMUM         68    529 AM  45    1984  61      7       63
  AVERAGE         76                        72      4       69

PRECIPITATION (IN)
  TODAY            0.00          2.49 2001   0.18  -0.18     0.57
  MONTH TO DATE    3.77                      5.69  -1.92     5.89
  SINCE MAR 1     19.62                     15.30   4.32    15.89
  SINCE JAN 1     25.24                     23.54   1.70    21.78

SNOWFALL (IN)
  TODAY            0.0

DEGREE DAYS
 HEATING
  TODAY            0                         0      0        0
  MONTH TO DATE   64                        46     18       39
  SINCE MAR 1    511                       688   -177      664
  SINCE JUL 1   2879                      3572   -693     3837

 COOLING
  TODAY           11                         8      3        4
  MONTH TO DATE  140                       156    -16      170
  SINCE MAR 1    184                       214    -30      231
  SINCE JAN 1    184                       215    -31      231
..................................................................


WIND (MPH)
  HIGHEST WIND SPEED    14   HIGHEST WIND DIRECTION    SW (230)
  HIGHEST GUST SPEED    18   HIGHEST GUST DIRECTION    SW (230)
  AVERAGE WIND SPEED     2.4


SKY COVER
  POSSIBLE SUNSHINE  MM
  AVERAGE SKY COVER 0.4


WEATHER CONDITIONS
 THE FOLLOWING WEATHER WAS RECORDED TODAY.
  NO SIGNIFICANT WEATHER WAS OBSERVED.


RELATIVE HUMIDITY (PERCENT)
 HIGHEST    90          1200 AM
 LOWEST     55           300 PM
 AVERAGE    73

..........................................................


THE JACKSON CLIMATE NORMALS FOR TOMORROW
                         NORMAL    RECORD    YEAR
 MAXIMUM TEMPERATURE (F)   84        96      1951
 MINIMUM TEMPERATURE (F)   62        44      1966


SUNRISE AND SUNSET
MAY 31 2016...........SUNRISE   542 AM CDT   SUNSET   806 PM CDT
JUNE  1 2016..........SUNRISE   541 AM CDT   SUNSET   806 PM CDT


-  INDICATES NEGATIVE NUMBERS.
R  INDICATES RECORD WAS SET OR TIED.
MM INDICATES DATA IS MISSING.
T  INDICATES TRACE AMOUNT.




$$
