000
CDUS44 KMEG 080734
CLIMKL


CLIMATE REPORT
NATIONAL WEATHER SERVICE MEMPHIS TN
133 AM CST THU DEC 8 2016


...................................

...THE JACKSON CLIMATE SUMMARY FOR DECEMBER 7 2016...

CLIMATE NORMAL PERIOD 1981 TO 2010
CLIMATE RECORD PERIOD 1948 TO 2016


WEATHER ITEM   OBSERVED TIME   RECORD YEAR NORMAL DEPARTURE LAST
                VALUE   (LST)  VALUE       VALUE  FROM      YEAR
                                                  NORMAL
..................................................................
TEMPERATURE (F)
 YESTERDAY
  MAXIMUM         46    318 PM  72    1980  53     -7       60
                                      1966
  MINIMUM         35    721 AM  10    1950  33      2       31
  AVERAGE         41                        43     -2       46

PRECIPITATION (IN)
  YESTERDAY        0.00          2.10 1978   0.19  -0.19     0.00
  MONTH TO DATE    1.19                      1.28  -0.09     0.29
  SINCE DEC 1      1.19                      1.28  -0.09     0.29
  SINCE JAN 1     40.74                     49.20  -8.46    43.36

DEGREE DAYS
 HEATING
  YESTERDAY       24                        22      2       19
  MONTH TO DATE  152                       151      1      148
  SINCE DEC 1    152                       151      1      148
  SINCE JUL 1    536                       818   -282      623

 COOLING
  YESTERDAY        0                         0      0        0
  MONTH TO DATE    0                         0      0        0
  SINCE DEC 1      0                         0      0        0
  SINCE JAN 1   2092                      1697    395     1855
..................................................................


WIND (MPH)
  HIGHEST WIND SPEED    14   HIGHEST WIND DIRECTION     N (350)
  HIGHEST GUST SPEED    18   HIGHEST GUST DIRECTION     N (360)
  AVERAGE WIND SPEED     6.5


SKY COVER
  POSSIBLE SUNSHINE  MM
  AVERAGE SKY COVER 0.7


WEATHER CONDITIONS
 THE FOLLOWING WEATHER WAS RECORDED YESTERDAY.
  FOG


RELATIVE HUMIDITY (PERCENT)
 HIGHEST   100           600 AM
 LOWEST     60          1000 PM
 AVERAGE    80

..........................................................


THE JACKSON CLIMATE NORMALS FOR TODAY
                         NORMAL    RECORD    YEAR
 MAXIMUM TEMPERATURE (F)   52        71      2007
                                             1966
 MINIMUM TEMPERATURE (F)   32        11      2006


SUNRISE AND SUNSET
DECEMBER  8 2016......SUNRISE   653 AM CST   SUNSET   442 PM CST
DECEMBER  9 2016......SUNRISE   654 AM CST   SUNSET   443 PM CST


-  INDICATES NEGATIVE NUMBERS.
R  INDICATES RECORD WAS SET OR TIED.
MM INDICATES DATA IS MISSING.
T  INDICATES TRACE AMOUNT.




$$
