006
CDUS44 KMEG 220642
CLIMKL


CLIMATE REPORT
NATIONAL WEATHER SERVICE MEMPHIS TN
142 AM CDT FRI MAY 22 2015


...................................

...THE JACKSON CLIMATE SUMMARY FOR MAY 21 2015...

CLIMATE NORMAL PERIOD 1981 TO 2010
CLIMATE RECORD PERIOD 1948 TO 2015


WEATHER ITEM   OBSERVED TIME   RECORD YEAR NORMAL DEPARTURE LAST
                VALUE   (LST)  VALUE       VALUE  FROM      YEAR
                                                  NORMAL
..................................................................
TEMPERATURE (F)
 YESTERDAY
  MAXIMUM         60    555 PM  93    1962  81    -21       84
  MINIMUM         45   1159 PM  41    1954  59    -14       62
  AVERAGE         53                        70    -17       73

PRECIPITATION (IN)
  YESTERDAY        0.00          2.70 1949   0.18  -0.18     0.00
                                      1949
                                      2013
  MONTH TO DATE    2.86                      3.89  -1.03     3.17
  SINCE MAR 1     12.86                     13.50  -0.64    13.20
  SINCE JAN 1     18.75                     21.74  -2.99    21.36

SNOWFALL (IN)
  YESTERDAY        0.0          MM      MM   0.0    0.0      0.0
  MONTH TO DATE    0.0                       0.0    0.0      0.0
  SINCE MAR 1      4.4                       0.4    4.0      0.8
  SINCE JUL 1      5.9                       4.6    1.3      1.3
  SNOW DEPTH       0

DEGREE DAYS
 HEATING
  YESTERDAY       12                         1     11        0
  MONTH TO DATE   33                        40     -7       59
  SINCE MAR 1    658                       682    -24      851
  SINCE JUL 1   3831                      3566    265     4147

 COOLING
  YESTERDAY        0                         6     -6        8
  MONTH TO DATE  102                        88     14      109
  SINCE MAR 1    163                       146     17      146
  SINCE JAN 1    163                       147     16      146
..................................................................


WIND (MPH)
  HIGHEST WIND SPEED    17   HIGHEST WIND DIRECTION     N (10)
  HIGHEST GUST SPEED    21   HIGHEST GUST DIRECTION     N (10)
  AVERAGE WIND SPEED     8.4


SKY COVER
  POSSIBLE SUNSHINE  MM
  AVERAGE SKY COVER 0.8


WEATHER CONDITIONS
 THE FOLLOWING WEATHER WAS RECORDED YESTERDAY.
  FOG


RELATIVE HUMIDITY (PERCENT)
 HIGHEST    93          1000 PM
 LOWEST     60           600 PM
 AVERAGE    77

..........................................................


THE JACKSON CLIMATE NORMALS FOR TODAY
                         NORMAL    RECORD    YEAR
 MAXIMUM TEMPERATURE (F)   81        92      1987
                                             1975
                                             1972
 MINIMUM TEMPERATURE (F)   59        42      2002


SUNRISE AND SUNSET
MAY 22 2015...........SUNRISE   546 AM CDT   SUNSET   759 PM CDT
MAY 23 2015...........SUNRISE   546 AM CDT   SUNSET   800 PM CDT


-  INDICATES NEGATIVE NUMBERS.
R  INDICATES RECORD WAS SET OR TIED.
MM INDICATES DATA IS MISSING.
T  INDICATES TRACE AMOUNT.




$$
