000
CDUS44 KMEG 220630
CLIMKL


CLIMATE REPORT
NATIONAL WEATHER SERVICE MEMPHIS TN
130 AM CDT MON MAY 22 2017


...................................

...THE JACKSON CLIMATE SUMMARY FOR MAY 21 2017...

CLIMATE NORMAL PERIOD 1981 TO 2010
CLIMATE RECORD PERIOD 1948 TO 2017


WEATHER ITEM   OBSERVED TIME   RECORD YEAR NORMAL DEPARTURE LAST
                VALUE   (LST)  VALUE       VALUE  FROM      YEAR
                                                  NORMAL
..................................................................
TEMPERATURE (F)
 YESTERDAY
  MAXIMUM         81    243 PM  93    1962  81      0       76
  MINIMUM         59   1143 PM  41    1954  59      0       54
  AVERAGE         70                        70      0       65

PRECIPITATION (IN)
  YESTERDAY        0.00          2.70 1949   0.18  -0.18     0.00
                                      1949
                                      2013
  MONTH TO DATE    1.44                      3.89  -2.45     2.50
  SINCE MAR 1     14.89                     13.50   1.39    18.35
  SINCE JAN 1     19.72                     21.74  -2.02    23.97

DEGREE DAYS
 HEATING
  YESTERDAY        0                         1     -1        0
  MONTH TO DATE   39                        40     -1       64
  SINCE MAR 1    477                       682   -205      511
  SINCE JUL 1   2517                      3566  -1049     2879

 COOLING
  YESTERDAY        5                         6     -1        0
  MONTH TO DATE  100                        88     12       50
  SINCE MAR 1    202                       146     56       94
  SINCE JAN 1    204                       147     57       94
..................................................................


WIND (MPH)
  HIGHEST WIND SPEED    15   HIGHEST WIND DIRECTION    NW (320)
  HIGHEST GUST SPEED    19   HIGHEST GUST DIRECTION    NW (310)
  AVERAGE WIND SPEED     5.9


SKY COVER
  POSSIBLE SUNSHINE  MM
  AVERAGE SKY COVER 0.6


WEATHER CONDITIONS
 THE FOLLOWING WEATHER WAS RECORDED YESTERDAY.
  NO SIGNIFICANT WEATHER WAS OBSERVED.


RELATIVE HUMIDITY (PERCENT)
 HIGHEST   100           100 AM
 LOWEST     39           400 PM
 AVERAGE    70

..........................................................


THE JACKSON CLIMATE NORMALS FOR TODAY
                         NORMAL    RECORD    YEAR
 MAXIMUM TEMPERATURE (F)   81        92      1987
                                             1975
                                             1972
 MINIMUM TEMPERATURE (F)   59        42      2015
                                             2002


SUNRISE AND SUNSET
MAY 22 2017...........SUNRISE   546 AM CDT   SUNSET   759 PM CDT
MAY 23 2017...........SUNRISE   545 AM CDT   SUNSET   800 PM CDT


-  INDICATES NEGATIVE NUMBERS.
R  INDICATES RECORD WAS SET OR TIED.
MM INDICATES DATA IS MISSING.
T  INDICATES TRACE AMOUNT.




$$
