000
CDUS44 KMEG 230738
CLIMKL


CLIMATE REPORT
NATIONAL WEATHER SERVICE MEMPHIS TN
137 AM CST THU FEB 23 2017


...................................

...THE JACKSON CLIMATE SUMMARY FOR FEBRUARY 22 2017...

CLIMATE NORMAL PERIOD 1981 TO 2010
CLIMATE RECORD PERIOD 1948 TO 2017


WEATHER ITEM   OBSERVED TIME   RECORD YEAR NORMAL DEPARTURE LAST
                VALUE   (LST)  VALUE       VALUE  FROM      YEAR
                                                  NORMAL
..................................................................
TEMPERATURE (F)
 YESTERDAY
  MAXIMUM         72    237 PM  73    2000  55     17       53
                                      1985
  MINIMUM         56    353 AM   5    1978  34     22       47
  AVERAGE         64                        44     20       50

PRECIPITATION (IN)
  YESTERDAY        0.00          1.31 1994   0.15  -0.15     0.01
  MONTH TO DATE    1.53                      3.29  -1.76     2.41
  SINCE DEC 1     11.63                     12.71  -1.08     9.60
  SINCE JAN 1      4.45                      7.36  -2.91     4.45

DEGREE DAYS
 HEATING
  YESTERDAY        1                        21    -20       15
  MONTH TO DATE  304                       517   -213      471
  SINCE DEC 1   1594                      2099   -505     1761
  SINCE JUL 1   1978                      2766   -788     2236

 COOLING
  YESTERDAY        0                         0      0        0
  MONTH TO DATE    2                         0      2        0
  SINCE DEC 1      4                         1      3        9
  SINCE JAN 1      2                         0      2        0
..................................................................


WIND (MPH)
  HIGHEST WIND SPEED    13   HIGHEST WIND DIRECTION     N (340)
  HIGHEST GUST SPEED    14   HIGHEST GUST DIRECTION     E (110)
  AVERAGE WIND SPEED     4.7


SKY COVER
  POSSIBLE SUNSHINE  MM
  AVERAGE SKY COVER 0.5


WEATHER CONDITIONS
 THE FOLLOWING WEATHER WAS RECORDED YESTERDAY.
  FOG


RELATIVE HUMIDITY (PERCENT)
 HIGHEST   100          1200 AM
 LOWEST     66           300 PM
 AVERAGE    83

..........................................................


THE JACKSON CLIMATE NORMALS FOR TODAY
                         NORMAL    RECORD    YEAR
 MAXIMUM TEMPERATURE (F)   55        81      1982
 MINIMUM TEMPERATURE (F)   34        17      1989


SUNRISE AND SUNSET
FEBRUARY 23 2017......SUNRISE   633 AM CST   SUNSET   546 PM CST
FEBRUARY 24 2017......SUNRISE   632 AM CST   SUNSET   547 PM CST


-  INDICATES NEGATIVE NUMBERS.
R  INDICATES RECORD WAS SET OR TIED.
MM INDICATES DATA IS MISSING.
T  INDICATES TRACE AMOUNT.


$$
