000
CDUS42 KMLB 040631
CLIMLB


CLIMATE REPORT
NATIONAL WEATHER SERVICE MELBOURNE FL
230 AM EDT TUE AUG 4 2015


...................................

...THE MELBOURNE CLIMATE SUMMARY FOR AUGUST 3 2015...

CLIMATE NORMAL PERIOD 1981 TO 2010
CLIMATE RECORD PERIOD 1939 TO 2015


WEATHER ITEM   OBSERVED TIME   RECORD YEAR NORMAL DEPARTURE LAST
                VALUE   (LST)  VALUE       VALUE  FROM      YEAR
                                                  NORMAL
..................................................................
TEMPERATURE (F)
 YESTERDAY
  MAXIMUM         86   1031 AM  95    1962  91     -5       88
                                      1954
  MINIMUM         73    550 AM  68    1976  73      0       80
                                      1972
  AVERAGE         80                        82     -2       84

PRECIPITATION (IN)
  YESTERDAY        0.00          1.38 1997   0.23  -0.23     0.10
  MONTH TO DATE    0.28                      0.71  -0.43     0.10
  SINCE JUN 1     17.19                     13.38   3.81    17.36
  SINCE JAN 1     30.04                     26.88   3.16    33.58

SNOWFALL (IN)
  YESTERDAY        0.0
  MONTH TO DATE    0.0
  SINCE JUL 1      0.0

DEGREE DAYS
 HEATING
  YESTERDAY        0                         0      0        0
  MONTH TO DATE    0                         0      0        0
  SINCE JUN 1      0                         0      0        0
  SINCE JUL 1      0                         0      0        0

 COOLING
  YESTERDAY       15                        17     -2       19
  MONTH TO DATE   48                        51     -3       58
  SINCE JUN 1   1059                      1029     30     1069
  SINCE JAN 1   2171                      1755    416     1962
..................................................................


WIND (MPH)
  HIGHEST WIND SPEED    24   HIGHEST WIND DIRECTION     W (260)
  HIGHEST GUST SPEED    29   HIGHEST GUST DIRECTION     W (260)
  AVERAGE WIND SPEED     9.8


SKY COVER
  AVERAGE SKY COVER 0.2


WEATHER CONDITIONS
 THE FOLLOWING WEATHER WAS RECORDED YESTERDAY.
  NO SIGNIFICANT WEATHER WAS OBSERVED.


RELATIVE HUMIDITY (PERCENT)
 HIGHEST    93           200 AM
 LOWEST     57          1000 AM
 AVERAGE    75

..........................................................


THE MELBOURNE CLIMATE NORMALS FOR TODAY
                         NORMAL    RECORD    YEAR
 MAXIMUM TEMPERATURE (F)   91        96      1962
                                             1950
 MINIMUM TEMPERATURE (F)   73        68      1992


SUNRISE AND SUNSET
AUGUST  4 2015........SUNRISE   647 AM EDT   SUNSET   811 PM EDT
AUGUST  5 2015........SUNRISE   647 AM EDT   SUNSET   810 PM EDT


-  INDICATES NEGATIVE NUMBERS.
R  INDICATES RECORD WAS SET OR TIED.
MM INDICATES DATA IS MISSING.
T  INDICATES TRACE AMOUNT.




$$
