000
CDUS42 KMLB 030632
CLIMLB


CLIMATE REPORT
NATIONAL WEATHER SERVICE MELBOURNE FL
131 AM EST SAT DEC 3 2016


...................................

...THE MELBOURNE CLIMATE SUMMARY FOR DECEMBER 2 2016...

CLIMATE NORMAL PERIOD 1981 TO 2010
CLIMATE RECORD PERIOD 1939 TO 2016


WEATHER ITEM   OBSERVED TIME   RECORD YEAR NORMAL DEPARTURE LAST
                VALUE   (LST)  VALUE       VALUE  FROM      YEAR
                                                  NORMAL
..................................................................
TEMPERATURE (F)
 YESTERDAY
  MAXIMUM         74    222 PM  86    2015  76     -2       86
  MINIMUM         58   1159 PM  34    1974  56      2       68
  AVERAGE         66                        66      0       77

PRECIPITATION (IN)
  YESTERDAY        0.00          0.66 2015   0.08  -0.08     0.66
  MONTH TO DATE    0.00                      0.17  -0.17     0.74
  SINCE DEC 1      0.00                      0.17  -0.17     0.74
  SINCE JAN 1     59.32                     49.60   9.72    50.24

SNOWFALL (IN)
  YESTERDAY        0.0
  MONTH TO DATE    0.0
  SINCE JUL 1      0.0

DEGREE DAYS
 HEATING
  YESTERDAY        0                         3     -3        0
  MONTH TO DATE    0                         6     -6        0
  SINCE DEC 1      0                         6     -6        0
  SINCE JUL 1     19                        48    -29        5

 COOLING
  YESTERDAY        1                         3     -2       12
  MONTH TO DATE   13                         6      7       22
  SINCE DEC 1     13                         6      7       22
  SINCE JAN 1   3741                      3201    540     3929
..................................................................


WIND (MPH)
  HIGHEST WIND SPEED    17   HIGHEST WIND DIRECTION     N (10)
  HIGHEST GUST SPEED    23   HIGHEST GUST DIRECTION     N (10)
  AVERAGE WIND SPEED     9.9


SKY COVER
  AVERAGE SKY COVER 0.0


WEATHER CONDITIONS
 THE FOLLOWING WEATHER WAS RECORDED YESTERDAY.
  NO SIGNIFICANT WEATHER WAS OBSERVED.


RELATIVE HUMIDITY (PERCENT)
 HIGHEST   100           300 AM
 LOWEST     57          1200 PM
 AVERAGE    79

..........................................................


THE MELBOURNE CLIMATE NORMALS FOR TODAY
                         NORMAL    RECORD    YEAR
 MAXIMUM TEMPERATURE (F)   75        85      1983
 MINIMUM TEMPERATURE (F)   56        36      1974
                                             1957


SUNRISE AND SUNSET
DECEMBER  3 2016......SUNRISE   659 AM EST   SUNSET   526 PM EST
DECEMBER  4 2016......SUNRISE   659 AM EST   SUNSET   527 PM EST


-  INDICATES NEGATIVE NUMBERS.
R  INDICATES RECORD WAS SET OR TIED.
MM INDICATES DATA IS MISSING.
T  INDICATES TRACE AMOUNT.




$$
