000
CDUS42 KMLB 150648
CLIMLB


CLIMATE REPORT
NATIONAL WEATHER SERVICE MELBOURNE FL
138 AM EST FRI DEC 15 2017


...................................

...THE MELBOURNE CLIMATE SUMMARY FOR DECEMBER 14 2017...

CLIMATE NORMAL PERIOD 1981 TO 2010
CLIMATE RECORD PERIOD 1939 TO 2017


WEATHER ITEM   OBSERVED TIME   RECORD YEAR NORMAL DEPARTURE LAST
                VALUE   (LST)  VALUE       VALUE  FROM      YEAR
                                                  NORMAL
..................................................................
TEMPERATURE (F)
 YESTERDAY
  MAXIMUM         76    325 PM  85    2015  74      2       83
                                      1961
  MINIMUM         42    237 AM  26    1962  53    -11       62
  AVERAGE         59                        63     -4       73

PRECIPITATION (IN)
  YESTERDAY        0.00          0.91 2003   0.08  -0.08     0.00
  MONTH TO DATE    1.07                      1.18  -0.11     0.21
  SINCE DEC 1      1.07                      1.18  -0.11     0.21
  SINCE JAN 1     65.73                     50.61  15.12    59.53

SNOWFALL (IN)
  YESTERDAY        0.0
  MONTH TO DATE    0.0
  SINCE JUL 1      0.0

DEGREE DAYS
 HEATING
  YESTERDAY        6                         4      2        0
  MONTH TO DATE   52                        48      4        7
  SINCE DEC 1     52                        48      4        7
  SINCE JUL 1     65                        90    -25       26

 COOLING
  YESTERDAY        0                         2     -2        8
  MONTH TO DATE   63                        41     22       83
  SINCE DEC 1     63                        41     22       83
  SINCE JAN 1   4149                      3236    913     3811
..................................................................


WIND (MPH)
  HIGHEST WIND SPEED    15   HIGHEST WIND DIRECTION    SW (220)
  HIGHEST GUST SPEED    20   HIGHEST GUST DIRECTION    SW (220)
  AVERAGE WIND SPEED     6.9


SKY COVER
  AVERAGE SKY COVER 0.1


WEATHER CONDITIONS
 THE FOLLOWING WEATHER WAS RECORDED YESTERDAY.
  NO SIGNIFICANT WEATHER WAS OBSERVED.


RELATIVE HUMIDITY (PERCENT)
 HIGHEST    80           800 AM
 LOWEST     43           300 PM
 AVERAGE    62

..........................................................


THE MELBOURNE CLIMATE NORMALS FOR TODAY
                         NORMAL    RECORD    YEAR
 MAXIMUM TEMPERATURE (F)   73        86      2007
 MINIMUM TEMPERATURE (F)   53        28      2010


SUNRISE AND SUNSET
DECEMBER 15 2017......SUNRISE   707 AM EST   SUNSET   529 PM EST
DECEMBER 16 2017......SUNRISE   707 AM EST   SUNSET   529 PM EST


-  INDICATES NEGATIVE NUMBERS.
R  INDICATES RECORD WAS SET OR TIED.
MM INDICATES DATA IS MISSING.
T  INDICATES TRACE AMOUNT.




$$
