000
CDUS42 KMLB 142131
CLIMLB


CLIMATE REPORT
NATIONAL WEATHER SERVICE MELBOURNE FL
430 PM EST SUN FEB 14 2016


...................................

...THE MELBOURNE CLIMATE SUMMARY FOR FEBRUARY 14 2016...
VALID TODAY AS OF 0400 PM LOCAL TIME.

CLIMATE NORMAL PERIOD 1981 TO 2010
CLIMATE RECORD PERIOD 1939 TO 2016


WEATHER ITEM   OBSERVED TIME   RECORD YEAR NORMAL DEPARTURE LAST
                VALUE   (LST)  VALUE       VALUE  FROM      YEAR
                                                  NORMAL
..................................................................
TEMPERATURE (F)
 TODAY
  MAXIMUM         70   1234 PM  87    2009  74     -4       63
  MINIMUM         46    532 AM  28    1996  52     -6       40
  AVERAGE         58                        63     -5       52

PRECIPITATION (IN)
  TODAY            0.00          0.85 2013   0.10  -0.10     0.00
  MONTH TO DATE    1.31                      1.23   0.08     2.27
  SINCE DEC 1     12.83                      6.07   6.76     6.37
  SINCE JAN 1      9.14                      3.50   5.64     4.75

SNOWFALL (IN)
  TODAY            0.0
  MONTH TO DATE    0.0
  SINCE JUL 1      0.0

DEGREE DAYS
 HEATING
  TODAY            7                         4      3       13
  MONTH TO DATE   95                        68     27       73
  SINCE DEC 1    273                       395   -122      276
  SINCE JUL 1    278                       437   -159      341

 COOLING
  TODAY            0                         2     -2        0
  MONTH TO DATE   33                        28      5        3
  SINCE DEC 1    353                       148    205      201
  SINCE JAN 1     69                        72     -3       70
..................................................................


WIND (MPH)
  HIGHEST WIND SPEED    15   HIGHEST WIND DIRECTION    NE (50)
  HIGHEST GUST SPEED    19   HIGHEST GUST DIRECTION    NE (40)
  AVERAGE WIND SPEED     9.8


SKY COVER
  AVERAGE SKY COVER 0.3


WEATHER CONDITIONS
 THE FOLLOWING WEATHER WAS RECORDED TODAY.
  NO SIGNIFICANT WEATHER WAS OBSERVED.


RELATIVE HUMIDITY (PERCENT)
 HIGHEST    83           800 AM
 LOWEST     49          1100 AM
 AVERAGE    66

..........................................................


THE MELBOURNE CLIMATE NORMALS FOR TOMORROW
                         NORMAL    RECORD    YEAR
 MAXIMUM TEMPERATURE (F)   74        88      1939
 MINIMUM TEMPERATURE (F)   52        29      1943


SUNRISE AND SUNSET
FEBRUARY 14 2016......SUNRISE   701 AM EST   SUNSET   612 PM EST
FEBRUARY 15 2016......SUNRISE   701 AM EST   SUNSET   613 PM EST


-  INDICATES NEGATIVE NUMBERS.
R  INDICATES RECORD WAS SET OR TIED.
MM INDICATES DATA IS MISSING.
T  INDICATES TRACE AMOUNT.




$$
