000
CDUS42 KMLB 010631
CLIMLB


CLIMATE REPORT
NATIONAL WEATHER SERVICE MELBOURNE FL
229 AM EDT SUN MAY 1 2016


...................................

...THE MELBOURNE CLIMATE SUMMARY FOR APRIL 30 2016...

CLIMATE NORMAL PERIOD 1981 TO 2010
CLIMATE RECORD PERIOD 1939 TO 2016


WEATHER ITEM   OBSERVED TIME   RECORD YEAR NORMAL DEPARTURE LAST
                VALUE   (LST)  VALUE       VALUE  FROM      YEAR
                                                  NORMAL
..................................................................
TEMPERATURE (F)
 YESTERDAY
  MAXIMUM         84    111 PM  93    1964  83      1       82
  MINIMUM         68    522 AM  46    1967  63      5       64
  AVERAGE         76                        73      3       73

PRECIPITATION (IN)
  YESTERDAY        0.00          1.32 1979   0.06  -0.06     0.00
  MONTH TO DATE    1.34                      2.13  -0.79     3.74
  SINCE MAR 1      4.42                      5.41  -0.99     4.17
  SINCE JAN 1     14.28                     10.21   4.07    10.28

SNOWFALL (IN)
  YESTERDAY        0.0
  MONTH TO DATE    0.0
  SINCE JUL 1      0.0

DEGREE DAYS
 HEATING
  YESTERDAY        0                         0      0        0
  MONTH TO DATE    3                        15    -12        0
  SINCE MAR 1     20                        87    -67       14
  SINCE JUL 1    341                       576   -235      424

 COOLING
  YESTERDAY       11                         8      3        8
  MONTH TO DATE  234                       178     56      372
  SINCE MAR 1    470                       277    193      611
  SINCE JAN 1    560                       375    185      709
..................................................................


WIND (MPH)
  HIGHEST WIND SPEED    18   HIGHEST WIND DIRECTION     E (110)
  HIGHEST GUST SPEED    23   HIGHEST GUST DIRECTION     E (110)
  AVERAGE WIND SPEED     8.6


SKY COVER
  AVERAGE SKY COVER 0.0


WEATHER CONDITIONS
 THE FOLLOWING WEATHER WAS RECORDED YESTERDAY.
  NO SIGNIFICANT WEATHER WAS OBSERVED.


RELATIVE HUMIDITY (PERCENT)
 HIGHEST    97           600 AM
 LOWEST     58           100 PM
 AVERAGE    78

..........................................................


THE MELBOURNE CLIMATE NORMALS FOR TODAY
                         NORMAL    RECORD    YEAR
 MAXIMUM TEMPERATURE (F)   83        94      2002
 MINIMUM TEMPERATURE (F)   63        50      1992


SUNRISE AND SUNSET
MAY  1 2016...........SUNRISE   642 AM EDT   SUNSET   757 PM EDT
MAY  2 2016...........SUNRISE   641 AM EDT   SUNSET   758 PM EDT


-  INDICATES NEGATIVE NUMBERS.
R  INDICATES RECORD WAS SET OR TIED.
MM INDICATES DATA IS MISSING.
T  INDICATES TRACE AMOUNT.




$$
