000
CDUS42 KMLB 212015
CLIMLB


CLIMATE REPORT
NATIONAL WEATHER SERVICE MELBOURNE FL
415 PM EDT SAT OCT 21 2017


...................................

...THE MELBOURNE CLIMATE SUMMARY FOR OCTOBER 21 2017...
VALID TODAY AS OF 0400 PM LOCAL TIME.

CLIMATE NORMAL PERIOD 1981 TO 2010
CLIMATE RECORD PERIOD 1939 TO 2017


WEATHER ITEM   OBSERVED TIME   RECORD YEAR NORMAL DEPARTURE LAST
                VALUE   (LST)  VALUE       VALUE  FROM      YEAR
                                                  NORMAL
..................................................................
TEMPERATURE (F)
 TODAY
  MAXIMUM         85    109 PM  91    1942  83      2       86
  MINIMUM         78    629 AM  46    1989  67     11       67
  AVERAGE         82                        75      7       77

PRECIPITATION (IN)
  TODAY            T             2.21 1959   0.15  -0.15     0.00
  MONTH TO DATE   10.33                      3.78   6.55     6.32
  SINCE SEP 1     31.27                     11.42  19.85    20.49
  SINCE JAN 1     58.96                     45.27  13.69    59.05

SNOWFALL (IN)
  TODAY            0.0
  MONTH TO DATE    0.0
  SINCE JUL 1      0.0

DEGREE DAYS
 HEATING
  TODAY            0                         0      0        0
  MONTH TO DATE    0                         0      0        0
  SINCE SEP 1      0                         0      0        0
  SINCE JUL 1      0                         0      0        0

 COOLING
  TODAY           17                        10      7       12
  MONTH TO DATE  357                       256    101      302
  SINCE SEP 1    886                       722    164      813
  SINCE JAN 1   3774                      2948    826     3461
..................................................................


WIND (MPH)
  HIGHEST WIND SPEED    20   HIGHEST WIND DIRECTION     E (70)
  HIGHEST GUST SPEED    26   HIGHEST GUST DIRECTION     E (70)
  AVERAGE WIND SPEED    15.0


SKY COVER
  AVERAGE SKY COVER 0.5


WEATHER CONDITIONS
 THE FOLLOWING WEATHER WAS RECORDED TODAY.
  LIGHT RAIN


RELATIVE HUMIDITY (PERCENT)
 HIGHEST    74           300 AM
 LOWEST     55          1100 AM
 AVERAGE    65

..........................................................


THE MELBOURNE CLIMATE NORMALS FOR TOMORROW
                         NORMAL    RECORD    YEAR
 MAXIMUM TEMPERATURE (F)   83        92      2013
 MINIMUM TEMPERATURE (F)   66        50      1976


SUNRISE AND SUNSET
OCTOBER 21 2017.......SUNRISE   727 AM EDT   SUNSET   647 PM EDT
OCTOBER 22 2017.......SUNRISE   727 AM EDT   SUNSET   646 PM EDT


-  INDICATES NEGATIVE NUMBERS.
R  INDICATES RECORD WAS SET OR TIED.
MM INDICATES DATA IS MISSING.
T  INDICATES TRACE AMOUNT.




$$
