810
CDUS42 KMLB 260635
CLIMLB


CLIMATE REPORT
NATIONAL WEATHER SERVICE MELBOURNE FL
235 AM EDT THU MAY 26 2016


...................................

...THE MELBOURNE CLIMATE SUMMARY FOR MAY 25 2016...

CLIMATE NORMAL PERIOD 1981 TO 2010
CLIMATE RECORD PERIOD 1939 TO 2016


WEATHER ITEM   OBSERVED TIME   RECORD YEAR NORMAL DEPARTURE LAST
                VALUE   (LST)  VALUE       VALUE  FROM      YEAR
                                                  NORMAL
..................................................................
TEMPERATURE (F)
 YESTERDAY
  MAXIMUM         85   1056 AM  95    2000  87     -2       88
  MINIMUM         75   1159 PM  58    1992  69      6       79
  AVERAGE         80                        78      2       84

PRECIPITATION (IN)
  YESTERDAY        0.00          2.01 2001   0.15  -0.15     0.00
  MONTH TO DATE    6.99                      2.37   4.62     1.38
  SINCE MAR 1     11.41                      7.78   3.63     5.55
  SINCE JAN 1     21.27                     12.58   8.69    11.66

SNOWFALL (IN)
  YESTERDAY        0.0
  MONTH TO DATE    0.0
  SINCE JUL 1      0.0

DEGREE DAYS
 HEATING
  YESTERDAY        0                         0      0        0
  MONTH TO DATE    0                         0      0        0
  SINCE MAR 1     20                        87    -67       14
  SINCE JUL 1    341                       576   -235      424

 COOLING
  YESTERDAY       15                        13      2       19
  MONTH TO DATE  289                       270     19      311
  SINCE MAR 1    759                       547    212      922
  SINCE JAN 1    849                       645    204     1020
..................................................................


WIND (MPH)
  HIGHEST WIND SPEED    17   HIGHEST WIND DIRECTION     E (80)
  HIGHEST GUST SPEED    21   HIGHEST GUST DIRECTION     E (70)
  AVERAGE WIND SPEED    11.2


SKY COVER
  AVERAGE SKY COVER 0.1


WEATHER CONDITIONS
 THE FOLLOWING WEATHER WAS RECORDED YESTERDAY.
  NO SIGNIFICANT WEATHER WAS OBSERVED.


RELATIVE HUMIDITY (PERCENT)
 HIGHEST    64           200 AM
 LOWEST     48          1100 AM
 AVERAGE    56

..........................................................


THE MELBOURNE CLIMATE NORMALS FOR TODAY
                         NORMAL    RECORD    YEAR
 MAXIMUM TEMPERATURE (F)   87        95      1962
 MINIMUM TEMPERATURE (F)   69        54      1979


SUNRISE AND SUNSET
MAY 26 2016...........SUNRISE   628 AM EDT   SUNSET   812 PM EDT
MAY 27 2016...........SUNRISE   627 AM EDT   SUNSET   813 PM EDT


-  INDICATES NEGATIVE NUMBERS.
R  INDICATES RECORD WAS SET OR TIED.
MM INDICATES DATA IS MISSING.
T  INDICATES TRACE AMOUNT.




$$
