000
CDUS43 KDVN 300911
CLIMLI


CLIMATE REPORT
NATIONAL WEATHER SERVICE QUAD CITIES IA IL
410 AM CDT THU JUL 30 2015


...................................

...THE MOLINE IL CLIMATE SUMMARY FOR JULY 29 2015...

CLIMATE NORMAL PERIOD 1981 TO 2010
CLIMATE RECORD PERIOD 1872 TO 2015


WEATHER ITEM   OBSERVED TIME   RECORD YEAR NORMAL DEPARTURE LAST
                VALUE   (LST)  VALUE       VALUE  FROM      YEAR
                                                  NORMAL
..................................................................
TEMPERATURE (F)
 YESTERDAY
  MAXIMUM         86    301 PM 104    1916  85      1       81
  MINIMUM         65   1151 PM  49    1981  65      0       51
                                      1971
  AVERAGE         76                        75      1       66

PRECIPITATION (IN)
  YESTERDAY        T             1.88 1970   0.12  -0.12     0.00
  MONTH TO DATE    4.79                      4.04   0.75     1.78
  SINCE JUN 1     15.69                      8.53   7.16    12.69
  SINCE JAN 1     24.63                     22.39   2.24    24.25

SNOWFALL (IN)
  YESTERDAY        0.0          MM      MM   0.0    0.0      0.0
  MONTH TO DATE    0.0                       0.0    0.0      0.0
  SINCE JUN 1      0.0                       0.0    0.0      0.0
  SINCE JUL 1      0.0                       0.0    0.0      0.0
  SNOW DEPTH       0

DEGREE DAYS
 HEATING
  YESTERDAY        0                         0      0        0
  MONTH TO DATE    4                         0      4        4
  SINCE JUN 1     11                        19     -8        8
  SINCE JUL 1      4                         0      4        4

 COOLING
  YESTERDAY       11                        10      1        1
  MONTH TO DATE  263                       306    -43      160
  SINCE JUN 1    470                       520    -50      389
  SINCE JAN 1    551                       596    -45      494
..................................................................


WIND (MPH)
  HIGHEST WIND SPEED    17   HIGHEST WIND DIRECTION     W (280)
  HIGHEST GUST SPEED    23   HIGHEST GUST DIRECTION     W (280)
  AVERAGE WIND SPEED     8.1


SKY COVER
  POSSIBLE SUNSHINE  MM
  AVERAGE SKY COVER 0.1


WEATHER CONDITIONS
 THE FOLLOWING WEATHER WAS RECORDED YESTERDAY.
  LIGHT RAIN


RELATIVE HUMIDITY (PERCENT)
 HIGHEST    88          1200 AM
 LOWEST     35           200 PM
 AVERAGE    62

..........................................................


THE MOLINE IL CLIMATE NORMALS FOR TODAY
                         NORMAL    RECORD    YEAR
 MAXIMUM TEMPERATURE (F)   85       102      1931
                                             1913
 MINIMUM TEMPERATURE (F)   65        46      1971


SUNRISE AND SUNSET
JULY 30 2015..........SUNRISE   555 AM CDT   SUNSET   822 PM CDT
JULY 31 2015..........SUNRISE   556 AM CDT   SUNSET   821 PM CDT


-  INDICATES NEGATIVE NUMBERS.
R  INDICATES RECORD WAS SET OR TIED.
MM INDICATES DATA IS MISSING.
T  INDICATES TRACE AMOUNT.




$$
