000
CDUS43 KDVN 220927
CLIMLI


CLIMATE REPORT
NATIONAL WEATHER SERVICE QUAD CITIES IA IL
419 AM CDT FRI SEP 22 2017


...................................

...THE MOLINE IL CLIMATE SUMMARY FOR SEPTEMBER 21 2017...

CLIMATE NORMAL PERIOD 1981 TO 2010
CLIMATE RECORD PERIOD 1872 TO 2017


WEATHER ITEM   OBSERVED TIME   RECORD YEAR NORMAL DEPARTURE LAST
                VALUE   (LST)  VALUE       VALUE  FROM      YEAR
                                                  NORMAL
..................................................................
TEMPERATURE (F)
 YESTERDAY
  MAXIMUM         86    505 PM  92    2007  75     11       84
                                      1940
  MINIMUM         69    509 AM  32    1991  51     18       66
  AVERAGE         78                        63     15       75

PRECIPITATION (IN)
  YESTERDAY        1.03          3.32 1947   0.11   0.92     0.00
  MONTH TO DATE    2.28                      2.24   0.04     0.89
  SINCE SEP 1      2.28                      2.24   0.04     0.89
  SINCE JAN 1     28.40                     29.40  -1.00    30.31

SNOWFALL (IN)
  YESTERDAY        0.0          MM      MM   0.0    0.0      0.0
  MONTH TO DATE    0.0                       0.0    0.0      0.0
  SINCE SEP 1      0.0                       0.0    0.0      0.0
  SINCE JUL 1      0.0                       0.0    0.0      0.0
  SNOW DEPTH       0

DEGREE DAYS
 HEATING
  YESTERDAY        0                         4     -4        0
  MONTH TO DATE   27                        43    -16        1
  SINCE SEP 1     27                        43    -16        1
  SINCE JUL 1     28                        51    -23        2

 COOLING
  YESTERDAY       13                         2     11       10
  MONTH TO DATE   81                        91    -10      148
  SINCE SEP 1     81                        91    -10      148
  SINCE JAN 1    892                       974    -82     1221
..................................................................


WIND (MPH)
  HIGHEST WIND SPEED    40   HIGHEST WIND DIRECTION     W (270)
  HIGHEST GUST SPEED    51   HIGHEST GUST DIRECTION     W (270)
  AVERAGE WIND SPEED     8.6


SKY COVER
  POSSIBLE SUNSHINE  MM
  AVERAGE SKY COVER 0.5


WEATHER CONDITIONS
 THE FOLLOWING WEATHER WAS RECORDED YESTERDAY.
  THUNDERSTORM
  HEAVY RAIN
  RAIN
  LIGHT RAIN
  FOG


RELATIVE HUMIDITY (PERCENT)
 HIGHEST    90          1200 AM
 LOWEST     45          1100 AM
 AVERAGE    68

..........................................................


THE MOLINE IL CLIMATE NORMALS FOR TODAY
                         NORMAL    RECORD    YEAR
 MAXIMUM TEMPERATURE (F)   74        95      1937
 MINIMUM TEMPERATURE (F)   51        32      1995


SUNRISE AND SUNSET
SEPTEMBER 22 2017.....SUNRISE   650 AM CDT   SUNSET   659 PM CDT
SEPTEMBER 23 2017.....SUNRISE   651 AM CDT   SUNSET   657 PM CDT


-  INDICATES NEGATIVE NUMBERS.
R  INDICATES RECORD WAS SET OR TIED.
MM INDICATES DATA IS MISSING.
T  INDICATES TRACE AMOUNT.




$$
