000
CDUS43 KDVN 270928
CLIMLI


CLIMATE REPORT
NATIONAL WEATHER SERVICE QUAD CITIES IA IL
426 AM CDT TUE SEP 27 2016


...................................

...THE MOLINE IL CLIMATE SUMMARY FOR SEPTEMBER 26 2016...

CLIMATE NORMAL PERIOD 1981 TO 2010
CLIMATE RECORD PERIOD 1872 TO 2016


WEATHER ITEM   OBSERVED TIME   RECORD YEAR NORMAL DEPARTURE LAST
                VALUE   (LST)  VALUE       VALUE  FROM      YEAR
                                                  NORMAL
..................................................................
TEMPERATURE (F)
 YESTERDAY
  MAXIMUM         72    346 PM  90    1891  73     -1       81
  MINIMUM         52    622 AM  32    1940  49      3       54
  AVERAGE         62                        61      1       68

PRECIPITATION (IN)
  YESTERDAY        0.00          2.12 1959   0.10  -0.10     0.00
  MONTH TO DATE    1.21                      2.73  -1.52     3.01
  SINCE SEP 1      1.21                      2.73  -1.52     3.01
  SINCE JAN 1     30.63                     29.89   0.74    31.48

SNOWFALL (IN)
  YESTERDAY        0.0          MM      MM   0.0    0.0      0.0
  MONTH TO DATE    0.0                       0.0    0.0      0.0
  SINCE SEP 1      0.0                       0.0    0.0      0.0
  SINCE JUL 1      0.0                       0.0    0.0       T
  SNOW DEPTH       0

DEGREE DAYS
 HEATING
  YESTERDAY        3                         6     -3        0
  MONTH TO DATE    4                        69    -65       26
  SINCE SEP 1      4                        69    -65       26
  SINCE JUL 1      5                        77    -72       33

 COOLING
  YESTERDAY        0                         2     -2        3
  MONTH TO DATE  189                       101     88      204
  SINCE SEP 1    189                       101     88      204
  SINCE JAN 1   1262                       984    278      992
..................................................................


WIND (MPH)
  HIGHEST WIND SPEED    29   HIGHEST WIND DIRECTION     W (270)
  HIGHEST GUST SPEED    36   HIGHEST GUST DIRECTION     W (270)
  AVERAGE WIND SPEED    12.1


SKY COVER
  POSSIBLE SUNSHINE  MM
  AVERAGE SKY COVER 0.0


WEATHER CONDITIONS
 THE FOLLOWING WEATHER WAS RECORDED YESTERDAY.
  HAZE


RELATIVE HUMIDITY (PERCENT)
 HIGHEST    83           600 AM
 LOWEST     24           400 PM
 AVERAGE    54

..........................................................


THE MOLINE IL CLIMATE NORMALS FOR TODAY
                         NORMAL    RECORD    YEAR
 MAXIMUM TEMPERATURE (F)   72        90      1990
 MINIMUM TEMPERATURE (F)   49        30      1942


SUNRISE AND SUNSET
SEPTEMBER 27 2016.....SUNRISE   655 AM CDT   SUNSET   650 PM CDT
SEPTEMBER 28 2016.....SUNRISE   656 AM CDT   SUNSET   648 PM CDT


-  INDICATES NEGATIVE NUMBERS.
R  INDICATES RECORD WAS SET OR TIED.
MM INDICATES DATA IS MISSING.
T  INDICATES TRACE AMOUNT.




$$
