000
CDUS43 KDVN 020921
CLIMLI


CLIMATE REPORT
NATIONAL WEATHER SERVICE QUAD CITIES IA IL
420 AM CDT WED SEP 2 2015


...................................

...THE MOLINE IL CLIMATE SUMMARY FOR SEPTEMBER 1 2015...

CLIMATE NORMAL PERIOD 1981 TO 2010
CLIMATE RECORD PERIOD 1872 TO 2015


WEATHER ITEM   OBSERVED TIME   RECORD YEAR NORMAL DEPARTURE LAST
                VALUE   (LST)  VALUE       VALUE  FROM      YEAR
                                                  NORMAL
..................................................................
TEMPERATURE (F)
 YESTERDAY
  MAXIMUM         91    325 PM  99    1953  82      9       82
                                      1913
  MINIMUM         71    555 AM  41    1967  60     11       65
  AVERAGE         81                        71     10       74

PRECIPITATION (IN)
  YESTERDAY        0.00          2.53 1905   0.12  -0.12     0.30
  MONTH TO DATE    0.00                      0.12  -0.12     0.30
  SINCE SEP 1      0.00                      0.12  -0.12     0.30
  SINCE JAN 1     28.47                     27.28   1.19    28.87

SNOWFALL (IN)
  YESTERDAY        0.0          MM      MM   0.0    0.0      0.0
  MONTH TO DATE    0.0                       0.0    0.0      0.0
  SINCE SEP 1      0.0                       0.0    0.0      0.0
  SINCE JUL 1      T                         0.0    0.0      0.0
  SNOW DEPTH       0

DEGREE DAYS
 HEATING
  YESTERDAY        0                         1     -1        0
  MONTH TO DATE    0                         1     -1        0
  SINCE SEP 1      0                         1     -1        0
  SINCE JUL 1      7                         9     -2        5

 COOLING
  YESTERDAY       16                         7      9        9
  MONTH TO DATE   16                         7      9        9
  SINCE SEP 1     16                         7      9        9
  SINCE JAN 1    804                       890    -86      775
..................................................................


WIND (MPH)
  HIGHEST WIND SPEED    14   HIGHEST WIND DIRECTION     S (200)
  HIGHEST GUST SPEED    17   HIGHEST GUST DIRECTION    SW (220)
  AVERAGE WIND SPEED     5.4


SKY COVER
  POSSIBLE SUNSHINE  MM
  AVERAGE SKY COVER 0.0


WEATHER CONDITIONS
 THE FOLLOWING WEATHER WAS RECORDED YESTERDAY.
  FOG
  HAZE


RELATIVE HUMIDITY (PERCENT)
 HIGHEST    90           600 AM
 LOWEST     52           200 PM
 AVERAGE    71

..........................................................


THE MOLINE IL CLIMATE NORMALS FOR TODAY
                         NORMAL    RECORD    YEAR
 MAXIMUM TEMPERATURE (F)   82        99      1953
 MINIMUM TEMPERATURE (F)   60        38      1946


SUNRISE AND SUNSET
SEPTEMBER  2 2015.....SUNRISE   629 AM CDT   SUNSET   734 PM CDT
SEPTEMBER  3 2015.....SUNRISE   630 AM CDT   SUNSET   732 PM CDT


-  INDICATES NEGATIVE NUMBERS.
R  INDICATES RECORD WAS SET OR TIED.
MM INDICATES DATA IS MISSING.
T  INDICATES TRACE AMOUNT.




$$
