000
CDUS45 KBYZ 262328
CLIMLS


CLIMATE REPORT
NATIONAL WEATHER SERVICE BILLINGS MT
426 PM MST FRI DEC 26 2014


...................................

...THE MILES CITY MT CLIMATE SUMMARY FOR DECEMBER 26 2014...
VALID TODAY AS OF 0400 PM LOCAL TIME.

CLIMATE NORMAL PERIOD 1981 TO 2010
CLIMATE RECORD PERIOD 1937 TO 2014


WEATHER ITEM   OBSERVED TIME   RECORD YEAR NORMAL DEPARTURE LAST
                VALUE   (LST)  VALUE       VALUE  FROM      YEAR
                                                  NORMAL
..................................................................
TEMPERATURE (F)
 TODAY
  MAXIMUM         27    148 PM  54    1976  29     -2       37
  MINIMUM         19    852 AM -25    1996   8     11       24
  AVERAGE         23                        19      4       31

PRECIPITATION (IN)
  TODAY            0.00          0.28        0.01  -0.01     0.00
  MONTH TO DATE    0.14                      0.23  -0.09     0.59
  SINCE OCT 1      0.97                      1.54  -0.57     1.66
  SINCE JAN 1     13.25                     12.38   0.87    17.09

DEGREE DAYS
 HEATING
  TODAY           42                        46     -4       34
  MONTH TO DATE  914                      1152   -238     1395
  SINCE DEC 1    914                      1152   -238     1395
  SINCE JUL 1   2744                      2951   -207     3102

 COOLING
  TODAY            0                         0      0        0
  MONTH TO DATE    0                         0      0        0
  SINCE DEC 1      0                         0      0        0
  SINCE JAN 1    648                       730    -82      877
..................................................................


WIND (MPH)
  HIGHEST WIND SPEED    12   HIGHEST WIND DIRECTION     S (180)
  HIGHEST GUST SPEED    14   HIGHEST GUST DIRECTION     S (190)
  AVERAGE WIND SPEED     5.9


SKY COVER
  POSSIBLE SUNSHINE  MM
  AVERAGE SKY COVER 0.7


WEATHER CONDITIONS
 THE FOLLOWING WEATHER WAS RECORDED TODAY.
  NO SIGNIFICANT WEATHER WAS OBSERVED.


RELATIVE HUMIDITY (PERCENT)
 HIGHEST    92           500 AM
 LOWEST     75          1200 PM
 AVERAGE    84

..........................................................


THE MILES CITY MT CLIMATE NORMALS FOR TOMORROW
                         NORMAL    RECORD    YEAR
 MAXIMUM TEMPERATURE (F)   29        55      1956
 MINIMUM TEMPERATURE (F)    8       -17      1965


SUNRISE AND SUNSET
DECEMBER 26 2014......SUNRISE   746 AM MST   SUNSET   422 PM MST
DECEMBER 27 2014......SUNRISE   746 AM MST   SUNSET   423 PM MST


-  INDICATES NEGATIVE NUMBERS.
R  INDICATES RECORD WAS SET OR TIED.
MM INDICATES DATA IS MISSING.
T  INDICATES TRACE AMOUNT.





&&

THIS IS AN AUTOMATED...UNATTENDED WEATHER STATION AND MAY
UNDERESTIMATE WINTER PRECIPITATION.

$$
