000
CDUS45 KBYZ 010937
CLIMLS


CLIMATE REPORT
NATIONAL WEATHER SERVICE BILLINGS MT
336 AM MDT TUE SEP 1 2015


...................................

...THE MILES CITY MT CLIMATE SUMMARY FOR AUGUST 31 2015...

CLIMATE NORMAL PERIOD 1981 TO 2010
CLIMATE RECORD PERIOD 1937 TO 2015


WEATHER ITEM   OBSERVED TIME   RECORD YEAR NORMAL DEPARTURE LAST
                VALUE   (LST)  VALUE       VALUE  FROM      YEAR
                                                  NORMAL
..................................................................
TEMPERATURE (F)
 YESTERDAY
  MAXIMUM         83    425 PM 101    1983  82      1       76
  MINIMUM         53    557 AM  42    1994  53      0       57
  AVERAGE         68                        68      0       67

PRECIPITATION (IN)
  YESTERDAY        0.00          1.04 1986   0.03  -0.03     0.01
  MONTH TO DATE    0.76                      0.91  -0.15     2.22
  SINCE OCT 1      8.07                     11.36  -3.29    13.67
  SINCE JAN 1      7.06                      9.76  -2.70    11.99

DEGREE DAYS
 HEATING
  YESTERDAY        0                         2     -2        0
  MONTH TO DATE   41                        19     22       33
  SINCE JUN 1     66                       123    -57      128
  SINCE JUL 1     41                        34      7       34

 COOLING
  YESTERDAY        3                         5     -2        2
  MONTH TO DATE  280                       257     23      240
  SINCE JUN 1    738                       652     86      561
  SINCE JAN 1    739                       672     67      595
..................................................................


WIND (MPH)
  HIGHEST WIND SPEED    30   HIGHEST WIND DIRECTION     N (340)
  HIGHEST GUST SPEED    35   HIGHEST GUST DIRECTION    NW (330)
  AVERAGE WIND SPEED     7.9


SKY COVER
  POSSIBLE SUNSHINE  MM
  AVERAGE SKY COVER 0.0


WEATHER CONDITIONS
 THE FOLLOWING WEATHER WAS RECORDED YESTERDAY.
  FOG
  HAZE


RELATIVE HUMIDITY (PERCENT)
 HIGHEST    83           600 AM
 LOWEST     24           400 PM
 AVERAGE    54

..........................................................


THE MILES CITY MT CLIMATE NORMALS FOR TODAY
                         NORMAL    RECORD    YEAR
 MAXIMUM TEMPERATURE (F)   82       106      1983
 MINIMUM TEMPERATURE (F)   53        38      1974


SUNRISE AND SUNSET
SEPTEMBER  1 2015.....SUNRISE   623 AM MDT   SUNSET   743 PM MDT
SEPTEMBER  2 2015.....SUNRISE   625 AM MDT   SUNSET   741 PM MDT


-  INDICATES NEGATIVE NUMBERS.
R  INDICATES RECORD WAS SET OR TIED.
MM INDICATES DATA IS MISSING.
T  INDICATES TRACE AMOUNT.





&&

THIS IS AN AUTOMATED...UNATTENDED WEATHER STATION AND MAY
UNDERESTIMATE WINTER PRECIPITATION.

$$
