000
CDUS45 KBYZ 172324
CLIMLS


CLIMATE REPORT
NATIONAL WEATHER SERVICE BILLINGS MT
422 PM MST TUE JAN 17 2017


...................................

...THE MILES CITY MT CLIMATE SUMMARY FOR JANUARY 17 2017...
VALID TODAY AS OF 0400 PM LOCAL TIME.

CLIMATE NORMAL PERIOD 1981 TO 2010
CLIMATE RECORD PERIOD 1937 TO 2017


WEATHER ITEM   OBSERVED TIME   RECORD YEAR NORMAL DEPARTURE LAST
                VALUE   (LST)  VALUE       VALUE  FROM      YEAR
                                                  NORMAL
..................................................................
TEMPERATURE (F)
 TODAY
  MAXIMUM         30    351 PM  56    1946  30      0       11
  MINIMUM         -2    348 AM -28    1943   9    -11       -5
  AVERAGE         14                        19     -5        3

PRECIPITATION (IN)
  TODAY            0.00          0.12 1971   0.01  -0.01     0.00
  MONTH TO DATE    0.04                      0.20  -0.16     0.13
  SINCE OCT 1      1.13                      1.80  -0.67     1.39
  SINCE JAN 1      0.04                      0.20  -0.16     0.13

DEGREE DAYS
 HEATING
  TODAY           51                        46      5       62
  MONTH TO DATE 1072                       783    289      809
  SINCE DEC 1   2651                      2168    483     1999
  SINCE JUL 1   3966                      3967     -1     3427

 COOLING
  TODAY            0                         0      0        0
  MONTH TO DATE    0                         0      0        0
  SINCE DEC 1      0                         0      0        0
  SINCE JAN 1      0                         0      0        0
..................................................................


WIND (MPH)
  HIGHEST WIND SPEED    14   HIGHEST WIND DIRECTION     S (160)
  HIGHEST GUST SPEED    18   HIGHEST GUST DIRECTION     S (190)
  AVERAGE WIND SPEED     8.9


SKY COVER
  POSSIBLE SUNSHINE  MM
  AVERAGE SKY COVER 0.0


WEATHER CONDITIONS
 THE FOLLOWING WEATHER WAS RECORDED TODAY.
  NO SIGNIFICANT WEATHER WAS OBSERVED.


RELATIVE HUMIDITY (PERCENT)
 HIGHEST    80           300 AM
 LOWEST     58           200 PM
 AVERAGE    69

..........................................................


THE MILES CITY MT CLIMATE NORMALS FOR TOMORROW
                         NORMAL    RECORD    YEAR
 MAXIMUM TEMPERATURE (F)   30        51      1981
 MINIMUM TEMPERATURE (F)    9       -32      1943
                                             1892


SUNRISE AND SUNSET
JANUARY 17 2017.......SUNRISE   741 AM MST   SUNSET   447 PM MST
JANUARY 18 2017.......SUNRISE   741 AM MST   SUNSET   448 PM MST


-  INDICATES NEGATIVE NUMBERS.
R  INDICATES RECORD WAS SET OR TIED.
MM INDICATES DATA IS MISSING.
T  INDICATES TRACE AMOUNT.





&&

THIS IS AN AUTOMATED...UNATTENDED WEATHER STATION AND MAY
UNDERESTIMATE WINTER PRECIPITATION.

$$
