000
CDUS45 KBYZ 280939
CLIMLS


CLIMATE REPORT
NATIONAL WEATHER SERVICE BILLINGS MT
337 AM MDT TUE JUL 28 2015


...................................

...THE MILES CITY MT CLIMATE SUMMARY FOR JULY 27 2015...

CLIMATE NORMAL PERIOD 1981 TO 2010
CLIMATE RECORD PERIOD 1937 TO 2015


WEATHER ITEM   OBSERVED TIME   RECORD YEAR NORMAL DEPARTURE LAST
                VALUE   (LST)  VALUE       VALUE  FROM      YEAR
                                                  NORMAL
..................................................................
TEMPERATURE (F)
 YESTERDAY
  MAXIMUM         91    212 PM 104    2006  90      1       86
                                      1998
  MINIMUM         56   1159 PM  51    1969  61     -5       52
  AVERAGE         74                        76     -2       69

PRECIPITATION (IN)
  YESTERDAY        0.44          1.14 1993   0.04   0.40     0.00
  MONTH TO DATE    0.90                      1.45  -0.55     0.09
  SINCE OCT 1      7.31                     10.26  -2.95    11.45
  SINCE JAN 1      6.30                      8.66  -2.36     9.77

DEGREE DAYS
 HEATING
  YESTERDAY        0                         0      0        0
  MONTH TO DATE    0                        10    -10        1
  SINCE JUN 1     25                        99    -74       95
  SINCE JUL 1      0                        10    -10        1

 COOLING
  YESTERDAY        9                        11     -2        4
  MONTH TO DATE  272                       247     25      241
  SINCE JUN 1    434                       354     80      278
  SINCE JAN 1    435                       374     61      312
..................................................................


WIND (MPH)
  HIGHEST WIND SPEED    58   HIGHEST WIND DIRECTION    NW (300)
  HIGHEST GUST SPEED    75   HIGHEST GUST DIRECTION    NW (300)
  AVERAGE WIND SPEED    13.3


SKY COVER
  POSSIBLE SUNSHINE  MM
  AVERAGE SKY COVER 0.2


WEATHER CONDITIONS
 THE FOLLOWING WEATHER WAS RECORDED YESTERDAY.
  THUNDERSTORM
  HEAVY RAIN
  RAIN
  LIGHT RAIN
  FOG


RELATIVE HUMIDITY (PERCENT)
 HIGHEST   100           800 PM
 LOWEST     34           300 PM
 AVERAGE    67

..........................................................


THE MILES CITY MT CLIMATE NORMALS FOR TODAY
                         NORMAL    RECORD    YEAR
 MAXIMUM TEMPERATURE (F)   90       108      1999
                                             1947
 MINIMUM TEMPERATURE (F)   61        52      2009
                                             1971


SUNRISE AND SUNSET
JULY 28 2015..........SUNRISE   540 AM MDT   SUNSET   840 PM MDT
JULY 29 2015..........SUNRISE   541 AM MDT   SUNSET   838 PM MDT


-  INDICATES NEGATIVE NUMBERS.
R  INDICATES RECORD WAS SET OR TIED.
MM INDICATES DATA IS MISSING.
T  INDICATES TRACE AMOUNT.





&&

THIS IS AN AUTOMATED...UNATTENDED WEATHER STATION AND MAY
UNDERESTIMATE WINTER PRECIPITATION.

$$
