000
CDUS45 KBYZ 230723
CLIMLS


CLIMATE REPORT
NATIONAL WEATHER SERVICE BILLINGS MT
1223 AM MST THU NOV 23 2017


...................................

...THE MILES CITY MT CLIMATE SUMMARY FOR NOVEMBER 22 2017...

CLIMATE NORMAL PERIOD 1981 TO 2010
CLIMATE RECORD PERIOD 1937 TO 2017


WEATHER ITEM   OBSERVED TIME   RECORD YEAR NORMAL DEPARTURE LAST
                VALUE   (LST)  VALUE       VALUE  FROM      YEAR
                                                  NORMAL
..................................................................
TEMPERATURE (F)
 YESTERDAY
  MAXIMUM         68R   220 PM  68    1954  39     29       52
  MINIMUM         29    100 AM -14    2003  18     11       24
  AVERAGE         49                        29     20       38

PRECIPITATION (IN)
  YESTERDAY        0.00          0.18 1981   0.02  -0.02     0.00
  MONTH TO DATE    0.21                      0.32  -0.11      T
  SINCE OCT 1      0.93                      1.24  -0.31     0.97
  SINCE JAN 1      6.07                     12.08  -6.01    14.43

DEGREE DAYS
 HEATING
  YESTERDAY       16                        36    -20       27
  MONTH TO DATE  765                       678     87      423
  SINCE SEP 1   1556                      1455    101     1051
  SINCE JUL 1   1560                      1489     71     1065

 COOLING
  YESTERDAY        0                         0      0        0
  MONTH TO DATE    0                         0      0        0
  SINCE SEP 1     91                        58     33       62
  SINCE JAN 1    985                       730    255      873
..................................................................


WIND (MPH)
  HIGHEST WIND SPEED    25   HIGHEST WIND DIRECTION     W (280)
  HIGHEST GUST SPEED    31   HIGHEST GUST DIRECTION     W (280)
  AVERAGE WIND SPEED    10.6


SKY COVER
  POSSIBLE SUNSHINE  MM
  AVERAGE SKY COVER 0.3


WEATHER CONDITIONS
 THE FOLLOWING WEATHER WAS RECORDED YESTERDAY.
  NO SIGNIFICANT WEATHER WAS OBSERVED.


RELATIVE HUMIDITY (PERCENT)
 HIGHEST    92          1200 AM
 LOWEST     45           200 PM
 AVERAGE    69

..........................................................


THE MILES CITY MT CLIMATE NORMALS FOR TODAY
                         NORMAL    RECORD    YEAR
 MAXIMUM TEMPERATURE (F)   39        62      2005
                                             1957
 MINIMUM TEMPERATURE (F)   17       -19      1985


SUNRISE AND SUNSET
NOVEMBER 23 2017......SUNRISE   717 AM MST   SUNSET   423 PM MST
NOVEMBER 24 2017......SUNRISE   718 AM MST   SUNSET   422 PM MST


-  INDICATES NEGATIVE NUMBERS.
R  INDICATES RECORD WAS SET OR TIED.
MM INDICATES DATA IS MISSING.
T  INDICATES TRACE AMOUNT.




$$
