000
CDUS45 KBYZ 220939
CLIMLS


CLIMATE REPORT
NATIONAL WEATHER SERVICE BILLINGS MT
331 AM MDT FRI AUG 22 2014


...................................

...THE MILES CITY MT CLIMATE SUMMARY FOR AUGUST 21 2014...

CLIMATE NORMAL PERIOD 1981 TO 2010
CLIMATE RECORD PERIOD 1937 TO 2014


WEATHER ITEM   OBSERVED TIME   RECORD YEAR NORMAL DEPARTURE LAST
                VALUE   (LST)  VALUE       VALUE  FROM      YEAR
                                                  NORMAL
..................................................................
TEMPERATURE (F)
 YESTERDAY
  MAXIMUM         78    217 PM 102    2010  86     -8       88
                                      1995
  MINIMUM         57    255 AM  41    1966  57      0       61
  AVERAGE         68                        72     -4       75

PRECIPITATION (IN)
  YESTERDAY        0.02          0.36 2002   0.03  -0.01     0.00
  MONTH TO DATE    0.62                      0.66  -0.04     1.58
  SINCE OCT 1     12.07                     11.11   0.96    15.23
  SINCE JAN 1     10.39                      9.51   0.88    13.70

SNOWFALL (IN)
  YESTERDAY       MM
  MONTH TO DATE   MM
  SINCE JUN 1     MM
  SINCE JUL 1     MM
  SNOW DEPTH      MM

DEGREE DAYS
 HEATING
  YESTERDAY        0                         1     -1        0
  MONTH TO DATE    0                         5     -5        0
  SINCE JUN 1     95                       106    -11       59
  SINCE JUL 1      1                        17    -16        0

 COOLING
  YESTERDAY        3                         7     -4       10
  MONTH TO DATE  220                       198     22      171
  SINCE JUN 1    541                       593    -52      583
  SINCE JAN 1    575                       613    -38      596
..................................................................


WIND (MPH)
  HIGHEST WIND SPEED    20   HIGHEST WIND DIRECTION    NW (300)
  HIGHEST GUST SPEED    24   HIGHEST GUST DIRECTION    NW (300)
  AVERAGE WIND SPEED     7.0


SKY COVER
  POSSIBLE SUNSHINE  MM
  AVERAGE SKY COVER 0.7


WEATHER CONDITIONS
 THE FOLLOWING WEATHER WAS RECORDED YESTERDAY.
  LIGHT RAIN


RELATIVE HUMIDITY (PERCENT)
 HIGHEST    87           700 PM
 LOWEST     46           100 PM
 AVERAGE    67

..........................................................


THE MILES CITY MT CLIMATE NORMALS FOR TODAY
                         NORMAL    RECORD    YEAR
 MAXIMUM TEMPERATURE (F)   86       103      1971
 MINIMUM TEMPERATURE (F)   57        35      1966


SUNRISE AND SUNSET
AUGUST 22 2014........SUNRISE   611 AM MDT   SUNSET   801 PM MDT
AUGUST 23 2014........SUNRISE   612 AM MDT   SUNSET   759 PM MDT


-  INDICATES NEGATIVE NUMBERS.
R  INDICATES RECORD WAS SET OR TIED.
MM INDICATES DATA IS MISSING.
T  INDICATES TRACE AMOUNT.





&&

THIS IS AN AUTOMATED...UNATTENDED WEATHER STATION AND MAY
UNDERESTIMATE WINTER PRECIPITATION.

$$
