000
CDUS45 KBYZ 272326
CLIMLS


CLIMATE REPORT
NATIONAL WEATHER SERVICE BILLINGS MT
425 PM MST MON FEB 27 2017


...................................

...THE MILES CITY MT CLIMATE SUMMARY FOR FEBRUARY 27 2017...
VALID TODAY AS OF 0400 PM LOCAL TIME.

CLIMATE NORMAL PERIOD 1981 TO 2010
CLIMATE RECORD PERIOD 1937 TO 2017


WEATHER ITEM   OBSERVED TIME   RECORD YEAR NORMAL DEPARTURE LAST
                VALUE   (LST)  VALUE       VALUE  FROM      YEAR
                                                  NORMAL
..................................................................
TEMPERATURE (F)
 TODAY
  MAXIMUM         28    307 PM  73    1992  40    -12       66
  MINIMUM         21    513 AM -24    1960  17      4       29
  AVERAGE         25                        28     -3       48

PRECIPITATION (IN)
  TODAY            0.00          0.31 1948   0.01  -0.01     0.05
  MONTH TO DATE    0.39                      0.22   0.17     0.40
  SINCE OCT 1      1.55                      2.14  -0.59     2.00
  SINCE JAN 1      0.46                      0.54  -0.08     0.74

DEGREE DAYS
 HEATING
  TODAY           40                        37      3       17
  MONTH TO DATE  992                      1101   -109      740
  SINCE DEC 1   4201                      3898    303     3213
  SINCE JUL 1   5516                      5697   -181     4641

 COOLING
  TODAY            0                         0      0        0
  MONTH TO DATE    0                         0      0        0
  SINCE DEC 1      0                         0      0        0
  SINCE JAN 1      0                         0      0        0
..................................................................


WIND (MPH)
  HIGHEST WIND SPEED    18   HIGHEST WIND DIRECTION    NE (40)
  HIGHEST GUST SPEED    22   HIGHEST GUST DIRECTION    NE (30)
  AVERAGE WIND SPEED    10.7


SKY COVER
  POSSIBLE SUNSHINE  MM
  AVERAGE SKY COVER 0.9


WEATHER CONDITIONS
 THE FOLLOWING WEATHER WAS RECORDED TODAY.
  NO SIGNIFICANT WEATHER WAS OBSERVED.


RELATIVE HUMIDITY (PERCENT)
 HIGHEST    84           500 AM
 LOWEST     63           100 PM
 AVERAGE    74

..........................................................


THE MILES CITY MT CLIMATE NORMALS FOR TOMORROW
                         NORMAL    RECORD    YEAR
 MAXIMUM TEMPERATURE (F)   40        69      1992
 MINIMUM TEMPERATURE (F)   17       -27      1962


SUNRISE AND SUNSET
FEBRUARY 27 2017......SUNRISE   646 AM MST   SUNSET   547 PM MST
FEBRUARY 28 2017......SUNRISE   644 AM MST   SUNSET   549 PM MST


-  INDICATES NEGATIVE NUMBERS.
R  INDICATES RECORD WAS SET OR TIED.
MM INDICATES DATA IS MISSING.
T  INDICATES TRACE AMOUNT.





&&

THIS IS AN AUTOMATED...UNATTENDED WEATHER STATION AND MAY
UNDERESTIMATE WINTER PRECIPITATION.

$$
