000
CDUS45 KBYZ 300723
CLIMLS


CLIMATE REPORT
NATIONAL WEATHER SERVICE BILLINGS MT
123 AM MDT TUE MAY 30 2017


...................................

...THE MILES CITY MT CLIMATE SUMMARY FOR MAY 29 2017...

CLIMATE NORMAL PERIOD 1981 TO 2010
CLIMATE RECORD PERIOD 1937 TO 2017


WEATHER ITEM   OBSERVED TIME   RECORD YEAR NORMAL DEPARTURE LAST
                VALUE   (LST)  VALUE       VALUE  FROM      YEAR
                                                  NORMAL
..................................................................
TEMPERATURE (F)
 YESTERDAY
  MAXIMUM         73    454 PM 100    1988  72      1       79
  MINIMUM         39    437 AM  31    1947  47     -8       45
  AVERAGE         56                        60     -4       62

PRECIPITATION (IN)
  YESTERDAY        0.00          1.22 2013   0.08  -0.08     0.00
  MONTH TO DATE    0.43                      2.01  -1.58     1.56
  SINCE OCT 1      3.53                      6.13  -2.60     8.25
  SINCE JAN 1      2.44                      4.53  -2.09     6.99

DEGREE DAYS
 HEATING
  YESTERDAY        9                         6      3        3
  MONTH TO DATE  239                       290    -51      221
  SINCE MAR 1   1538                      1802   -264     1383
  SINCE JUL 1   7090                      7536   -446     6076

 COOLING
  YESTERDAY        0                         1     -1        0
  MONTH TO DATE   18                        16      2       22
  SINCE MAR 1     18                        17      1       24
  SINCE JAN 1     18                        17      1       24
..................................................................


WIND (MPH)
  HIGHEST WIND SPEED    23   HIGHEST WIND DIRECTION     N (340)
  HIGHEST GUST SPEED    31   HIGHEST GUST DIRECTION    NW (310)
  AVERAGE WIND SPEED    11.5


SKY COVER
  POSSIBLE SUNSHINE  MM
  AVERAGE SKY COVER 0.0


WEATHER CONDITIONS
 THE FOLLOWING WEATHER WAS RECORDED YESTERDAY.
  NO SIGNIFICANT WEATHER WAS OBSERVED.


RELATIVE HUMIDITY (PERCENT)
 HIGHEST    59           400 AM
 LOWEST     16           300 PM
 AVERAGE    38

..........................................................


THE MILES CITY MT CLIMATE NORMALS FOR TODAY
                         NORMAL    RECORD    YEAR
 MAXIMUM TEMPERATURE (F)   73        98      1984
 MINIMUM TEMPERATURE (F)   48        36      1982


SUNRISE AND SUNSET
MAY 30 2017...........SUNRISE   516 AM MDT   SUNSET   847 PM MDT
MAY 31 2017...........SUNRISE   515 AM MDT   SUNSET   848 PM MDT


-  INDICATES NEGATIVE NUMBERS.
R  INDICATES RECORD WAS SET OR TIED.
MM INDICATES DATA IS MISSING.
T  INDICATES TRACE AMOUNT.




$$
