000
CDUS45 KBYZ 051032
CLIMLS


CLIMATE REPORT
NATIONAL WEATHER SERVICE BILLINGS MT
331 AM MST THU MAR 5 2015


...................................

...THE MILES CITY MT CLIMATE SUMMARY FOR MARCH 4 2015...

CLIMATE NORMAL PERIOD 1981 TO 2010
CLIMATE RECORD PERIOD 1937 TO 2015


WEATHER ITEM   OBSERVED TIME   RECORD YEAR NORMAL DEPARTURE LAST
                VALUE   (LST)  VALUE       VALUE  FROM      YEAR
                                                  NORMAL
..................................................................
TEMPERATURE (F)
 YESTERDAY
  MAXIMUM         24    432 PM  68    1987  42    -18       31
  MINIMUM         -4    648 AM -24    1989  18    -22       13
  AVERAGE         10                        30    -20       22

PRECIPITATION (IN)
  YESTERDAY        0.00          0.26        0.01  -0.01     0.01
  MONTH TO DATE    T                         0.05  -0.05     0.04
  SINCE OCT 1      1.36                      2.20  -0.84     1.97
  SINCE JAN 1      0.35                      0.60  -0.25     0.29

DEGREE DAYS
 HEATING
  YESTERDAY       55                        35     20       43
  MONTH TO DATE  185                       142     43      243
  SINCE MAR 1    185                       142     43      243
  SINCE JUL 1   5655                      5876   -221     6282

 COOLING
  YESTERDAY        0                         0      0        0
  MONTH TO DATE    0                         0      0        0
  SINCE MAR 1      0                         0      0        0
  SINCE JAN 1      0                         0      0        0
..................................................................


WIND (MPH)
  HIGHEST WIND SPEED    17   HIGHEST WIND DIRECTION    NW (320)
  HIGHEST GUST SPEED    23   HIGHEST GUST DIRECTION     W (290)
  AVERAGE WIND SPEED     7.1


SKY COVER
  POSSIBLE SUNSHINE  MM
  AVERAGE SKY COVER 0.3


WEATHER CONDITIONS
 THE FOLLOWING WEATHER WAS RECORDED YESTERDAY.
  NO SIGNIFICANT WEATHER WAS OBSERVED.


RELATIVE HUMIDITY (PERCENT)
 HIGHEST    91           200 AM
 LOWEST     28           700 PM
 AVERAGE    60

..........................................................


THE MILES CITY MT CLIMATE NORMALS FOR TODAY
                         NORMAL    RECORD    YEAR
 MAXIMUM TEMPERATURE (F)   42        73      1987
 MINIMUM TEMPERATURE (F)   19       -24      1947


SUNRISE AND SUNSET
MARCH  5 2015.........SUNRISE   636 AM MST   SUNSET   555 PM MST
MARCH  6 2015.........SUNRISE   634 AM MST   SUNSET   556 PM MST


-  INDICATES NEGATIVE NUMBERS.
R  INDICATES RECORD WAS SET OR TIED.
MM INDICATES DATA IS MISSING.
T  INDICATES TRACE AMOUNT.





&&

THIS IS AN AUTOMATED...UNATTENDED WEATHER STATION AND MAY
UNDERESTIMATE WINTER PRECIPITATION.

$$
