000
CDUS45 KBYZ 252235
CLIMLS


CLIMATE REPORT
NATIONAL WEATHER SERVICE BILLINGS MT
435 PM MDT FRI JUL 25 2014


...................................

...THE MILES CITY MT CLIMATE SUMMARY FOR JULY 25 2014...
VALID TODAY AS OF 400 PM LOCAL TIME.

CLIMATE NORMAL PERIOD 1981 TO 2010
CLIMATE RECORD PERIOD 1937 TO 2014


WEATHER ITEM   OBSERVED TIME   RECORD YEAR NORMAL DEPARTURE LAST
                VALUE   (LST)  VALUE       VALUE  FROM      YEAR
                                                  NORMAL
..................................................................
TEMPERATURE (F)
 TODAY
  MAXIMUM         91    259 PM 102    1983  90      1       81
  MINIMUM         53    520 AM  51    1985  61     -8       58
  AVERAGE         72                        75     -3       70

PRECIPITATION (IN)
  TODAY            0.00          2.12 1979   0.05  -0.05     0.00
  MONTH TO DATE    0.09                      1.36  -1.27     0.62
  SINCE OCT 1     11.45                     10.17   1.28    13.18
  SINCE JAN 1      9.77                      8.57   1.20    11.65

SNOWFALL (IN)
  TODAY           MM
  MONTH TO DATE   MM
  SINCE JUN 1     MM
  SINCE JUL 1     MM
  SNOW DEPTH      MM

DEGREE DAYS
 HEATING
  TODAY            0                         0      0        0
  MONTH TO DATE    1                        10     -9        0
  SINCE JUN 1     95                        99     -4       59
  SINCE JUL 1      1                        10     -9        0

 COOLING
  TODAY            7                        11     -4        5
  MONTH TO DATE  234                       225      9      289
  SINCE JUN 1    271                       332    -61      382
  SINCE JAN 1    305                       352    -47      395
..................................................................


WIND (MPH)
  HIGHEST WIND SPEED    29   HIGHEST WIND DIRECTION     W (270)
  HIGHEST GUST SPEED    38   HIGHEST GUST DIRECTION     W (270)
  AVERAGE WIND SPEED     9.4


SKY COVER
  POSSIBLE SUNSHINE  MM
  AVERAGE SKY COVER 0.0


WEATHER CONDITIONS
 THE FOLLOWING WEATHER WAS RECORDED TODAY.
  NO SIGNIFICANT WEATHER WAS OBSERVED.


RELATIVE HUMIDITY (PERCENT)
 HIGHEST    89           400 AM
 LOWEST     10           300 PM
 AVERAGE    50

..........................................................


THE MILES CITY MT CLIMATE NORMALS FOR TOMORROW
                         NORMAL    RECORD    YEAR
 MAXIMUM TEMPERATURE (F)   90       104      1959
                                             1931
                                             1933
 MINIMUM TEMPERATURE (F)   61        47      1971


SUNRISE AND SUNSET
JULY 25 2014..........SUNRISE   537 AM MDT   SUNSET   843 PM MDT
JULY 26 2014..........SUNRISE   538 AM MDT   SUNSET   842 PM MDT


-  INDICATES NEGATIVE NUMBERS.
R  INDICATES RECORD WAS SET OR TIED.
MM INDICATES DATA IS MISSING.
T  INDICATES TRACE AMOUNT.





&&

THIS IS AN AUTOMATED...UNATTENDED WEATHER STATION AND MAY
UNDERESTIMATE WINTER PRECIPITATION.

$$
