000
CDUS41 KCAR 300532
CLIMLT


CLIMATE REPORT
NATIONAL WEATHER SERVICE CARIBOU, ME
128 AM EDT TUE JUN 30 2015


...................................

...THE MILLINOCKET ME CLIMATE SUMMARY FOR JUNE 29 2015...

CLIMATE NORMAL PERIOD 1981 TO 2010
CLIMATE RECORD PERIOD 1903 TO 2015


WEATHER ITEM   OBSERVED TIME   RECORD YEAR NORMAL DEPARTURE LAST
                VALUE   (LST)  VALUE       VALUE  FROM      YEAR
                                                  NORMAL
..................................................................
TEMPERATURE (F)
 YESTERDAY
  MAXIMUM         66    636 PM  95    1944  77    -11       88
  MINIMUM         51    348 AM  42    1970  57     -6       55
  AVERAGE         59                        67     -8       72

PRECIPITATION (IN)
  YESTERDAY        0.03          1.79 1922   0.13  -0.10     0.00
  MONTH TO DATE    4.52                      3.93   0.59     4.57
  SINCE JUN 1      4.52                      3.93   0.59     4.57
  SINCE JAN 1     16.21                     19.00  -2.79    18.47

SNOWFALL (IN)
  YESTERDAY       MM            MM      MM  MM     MM       MM
  MONTH TO DATE   MM                        MM     MM       MM
  SINCE JUN 1     MM                        MM     MM       MM
  SINCE JUL 1     MM                        MM     MM       MM
  SNOW DEPTH      MM

DEGREE DAYS
 HEATING
  YESTERDAY        6                         1      5        0
  MONTH TO DATE  160                       114     46       76
  SINCE JUN 1    160                       114     46       76
  SINCE JUL 1   8449                      8404     45     8531

 COOLING
  YESTERDAY        0                         3     -3        7
  MONTH TO DATE   18                        47    -29       49
  SINCE JUN 1     18                        47    -29       49
  SINCE JAN 1     52                        53     -1       51
..................................................................


WIND (MPH)
  HIGHEST WIND SPEED    13   HIGHEST WIND DIRECTION    NW (310)
  HIGHEST GUST SPEED    17   HIGHEST GUST DIRECTION    NW (330)
  AVERAGE WIND SPEED     4.6


SKY COVER
  POSSIBLE SUNSHINE  MM
  AVERAGE SKY COVER 0.9


WEATHER CONDITIONS
 THE FOLLOWING WEATHER WAS RECORDED YESTERDAY.
  LIGHT RAIN
  FOG


RELATIVE HUMIDITY (PERCENT)
 HIGHEST    96           300 AM
 LOWEST     63          1200 PM
 AVERAGE    80

..........................................................


THE MILLINOCKET ME CLIMATE NORMALS FOR TODAY
                         NORMAL    RECORD    YEAR
 MAXIMUM TEMPERATURE (F)   77        95      1931
 MINIMUM TEMPERATURE (F)   57        41      1936


SUNRISE AND SUNSET
JUNE 30 2015..........SUNRISE   449 AM EDT   SUNSET   828 PM EDT
JULY  1 2015..........SUNRISE   449 AM EDT   SUNSET   828 PM EDT


-  INDICATES NEGATIVE NUMBERS.
R  INDICATES RECORD WAS SET OR TIED.
MM INDICATES DATA IS MISSING.
T  INDICATES TRACE AMOUNT.




$$
