000
CDUS41 KCAR 200528
CLIMLT


CLIMATE REPORT
NATIONAL WEATHER SERVICE CARIBOU, ME
1227 AM EST SAT DEC 20 2014


...................................

...THE MILLINOCKET ME CLIMATE SUMMARY FOR DECEMBER 19 2014...

CLIMATE NORMAL PERIOD 1981 TO 2010
CLIMATE RECORD PERIOD 1903 TO 2014


WEATHER ITEM   OBSERVED TIME   RECORD YEAR NORMAL DEPARTURE LAST
                VALUE   (LST)  VALUE       VALUE  FROM      YEAR
                                                  NORMAL
..................................................................
TEMPERATURE (F)
 YESTERDAY
  MAXIMUM         29    245 PM  55    2000  29      0       26
  MINIMUM         13    858 PM -24    1919  13      0        8
  AVERAGE         21                        21      0       17

PRECIPITATION (IN)
  YESTERDAY        0.00          1.44 1951   0.10  -0.10      T
  MONTH TO DATE    4.45                      2.51   1.94     0.81
  SINCE DEC 1      4.45                      2.51   1.94     0.81
  SINCE JAN 1     37.92                     41.66  -3.74    36.52

SNOWFALL (IN)
  YESTERDAY       MM            MM      MM  MM     MM       MM
  MONTH TO DATE   MM                        MM     MM       MM
  SINCE DEC 1     MM                        MM     MM       MM
  SINCE JUL 1     MM                        MM     MM       MM
  SNOW DEPTH      MM

DEGREE DAYS
 HEATING
  YESTERDAY       44                        44      0       48
  MONTH TO DATE  734                       767    -33      876
  SINCE DEC 1    734                       767    -33      876
  SINCE JUL 1   2330                      2610   -280     2568

 COOLING
  YESTERDAY        0                         0      0        0
  MONTH TO DATE    0                         0      0        0
  SINCE DEC 1      0                         0      0        0
  SINCE JAN 1    375                       268    107      380
..................................................................


WIND (MPH)
  HIGHEST WIND SPEED    16   HIGHEST WIND DIRECTION    NW (310)
  HIGHEST GUST SPEED    20   HIGHEST GUST DIRECTION    NW (310)
  AVERAGE WIND SPEED     5.8


SKY COVER
  POSSIBLE SUNSHINE  MM
  AVERAGE SKY COVER 0.5


WEATHER CONDITIONS
 THE FOLLOWING WEATHER WAS RECORDED YESTERDAY.
  FOG
  HAZE


RELATIVE HUMIDITY (PERCENT)
 HIGHEST    92           800 PM
 LOWEST     75           900 AM
 AVERAGE    84

..........................................................


THE MILLINOCKET ME CLIMATE NORMALS FOR TODAY
                         NORMAL    RECORD    YEAR
 MAXIMUM TEMPERATURE (F)   29        50      1936
 MINIMUM TEMPERATURE (F)   12       -24      1922


SUNRISE AND SUNSET
DECEMBER 20 2014......SUNRISE   712 AM EST   SUNSET   353 PM EST
DECEMBER 21 2014......SUNRISE   712 AM EST   SUNSET   353 PM EST


-  INDICATES NEGATIVE NUMBERS.
R  INDICATES RECORD WAS SET OR TIED.
MM INDICATES DATA IS MISSING.
T  INDICATES TRACE AMOUNT.




$$
