000
CDUS41 KCAR 240536
CLIMLT


CLIMATE REPORT
NATIONAL WEATHER SERVICE CARIBOU, ME
131 AM EDT WED AUG 24 2016


...................................

...THE MILLINOCKET ME CLIMATE SUMMARY FOR AUGUST 23 2016...

CLIMATE NORMAL PERIOD 1981 TO 2010
CLIMATE RECORD PERIOD 1903 TO 2016


WEATHER ITEM   OBSERVED TIME   RECORD YEAR NORMAL DEPARTURE LAST
                VALUE   (LST)  VALUE       VALUE  FROM      YEAR
                                                  NORMAL
..................................................................
TEMPERATURE (F)
 YESTERDAY
  MAXIMUM         78    222 PM  98    1976  76      2       81
  MINIMUM         56    520 AM  40    1975  54      2       58
  AVERAGE         67                        65      2       70

PRECIPITATION (IN)
  YESTERDAY        0.00          1.02 1955   0.15  -0.15     0.00
  MONTH TO DATE    4.14                      2.89   1.25     3.65
  SINCE JUN 1      9.29                     10.81  -1.52    11.68
  SINCE JAN 1     22.90                     25.88  -2.98    23.37

SNOWFALL (IN)
  YESTERDAY       MM            MM      MM  MM     MM       MM
  MONTH TO DATE   MM                        MM     MM       MM
  SINCE JUN 1     MM                        MM     MM       MM
  SINCE JUL 1     MM                        MM     MM       MM
  SNOW DEPTH      MM

DEGREE DAYS
 HEATING
  YESTERDAY        0                         2     -2        0
  MONTH TO DATE    4                        31    -27        0
  SINCE JUN 1    153                       171    -18      181
  SINCE JUL 1     37                        55    -18       21

 COOLING
  YESTERDAY        2                         2      0        5
  MONTH TO DATE   81                        63     18      118
  SINCE JUN 1    265                       229     36      242
  SINCE JAN 1    271                       235     36      276
..................................................................


WIND (MPH)
  HIGHEST WIND SPEED    17   HIGHEST WIND DIRECTION    NW (310)
  HIGHEST GUST SPEED    26   HIGHEST GUST DIRECTION     W (290)
  AVERAGE WIND SPEED     7.3


SKY COVER
  POSSIBLE SUNSHINE  MM
  AVERAGE SKY COVER 0.2


WEATHER CONDITIONS
 THE FOLLOWING WEATHER WAS RECORDED YESTERDAY.
  NO SIGNIFICANT WEATHER WAS OBSERVED.


RELATIVE HUMIDITY (PERCENT)
 HIGHEST    78           900 PM
 LOWEST     35           200 PM
 AVERAGE    57

..........................................................


THE MILLINOCKET ME CLIMATE NORMALS FOR TODAY
                         NORMAL    RECORD    YEAR
 MAXIMUM TEMPERATURE (F)   76        88      2014
                                             1925
 MINIMUM TEMPERATURE (F)   54        35      1923


SUNRISE AND SUNSET
AUGUST 24 2016........SUNRISE   547 AM EDT   SUNSET   726 PM EDT
AUGUST 25 2016........SUNRISE   548 AM EDT   SUNSET   725 PM EDT


-  INDICATES NEGATIVE NUMBERS.
R  INDICATES RECORD WAS SET OR TIED.
MM INDICATES DATA IS MISSING.
T  INDICATES TRACE AMOUNT.




$$
