000
CDUS41 KCAR 250532
CLIMLT


CLIMATE REPORT
NATIONAL WEATHER SERVICE CARIBOU, ME
131 AM EDT SAT MAR 25 2017


...................................

...THE MILLINOCKET ME CLIMATE SUMMARY FOR MARCH 24 2017...

CLIMATE NORMAL PERIOD 1981 TO 2010
CLIMATE RECORD PERIOD 1903 TO 2017


WEATHER ITEM   OBSERVED TIME   RECORD YEAR NORMAL DEPARTURE LAST
                VALUE   (LST)  VALUE       VALUE  FROM      YEAR
                                                  NORMAL
..................................................................
TEMPERATURE (F)
 YESTERDAY
  MAXIMUM         29    646 PM  67    1979  40    -11       25
  MINIMUM          9    312 AM -10    1932  21    -12       17
  AVERAGE         19                        31    -12       21

PRECIPITATION (IN)
  YESTERDAY        T             1.11 1903   0.12  -0.12      T
  MONTH TO DATE    1.16                      2.21  -1.05     1.94
  SINCE MAR 1      1.16                      2.21  -1.05     1.94
  SINCE JAN 1      6.35                      7.32  -0.97     7.25

SNOWFALL (IN)
  YESTERDAY       MM            MM      MM  MM     MM       MM
  MONTH TO DATE   MM                        MM     MM       MM
  SINCE MAR 1     MM                        MM     MM       MM
  SINCE JUL 1     MM                        MM     MM       MM
  SNOW DEPTH      MM

DEGREE DAYS
 HEATING
  YESTERDAY       46                        34     12       44
  MONTH TO DATE 1061                       916    145      889
  SINCE MAR 1   1061                       916    145      889
  SINCE JUL 1   6556                      6968   -412     5853

 COOLING
  YESTERDAY        0                         0      0        0
  MONTH TO DATE    0                         0      0        0
  SINCE MAR 1      0                         0      0        0
  SINCE JAN 1      0                         0      0        0
..................................................................


WIND (MPH)
  HIGHEST WIND SPEED    13   HIGHEST WIND DIRECTION     S (170)
  HIGHEST GUST SPEED    22   HIGHEST GUST DIRECTION     S (170)
  AVERAGE WIND SPEED     2.1


SKY COVER
  POSSIBLE SUNSHINE  MM
  AVERAGE SKY COVER 0.7


WEATHER CONDITIONS
 THE FOLLOWING WEATHER WAS RECORDED YESTERDAY.
  LIGHT SNOW
  FOG


RELATIVE HUMIDITY (PERCENT)
 HIGHEST   100          1000 PM
 LOWEST     38          1100 AM
 AVERAGE    69

..........................................................


THE MILLINOCKET ME CLIMATE NORMALS FOR TODAY
                         NORMAL    RECORD    YEAR
 MAXIMUM TEMPERATURE (F)   41        69      1910
 MINIMUM TEMPERATURE (F)   21        -9      2014


SUNRISE AND SUNSET
MARCH 25 2017.........SUNRISE   628 AM EDT   SUNSET   654 PM EDT
MARCH 26 2017.........SUNRISE   626 AM EDT   SUNSET   655 PM EDT


-  INDICATES NEGATIVE NUMBERS.
R  INDICATES RECORD WAS SET OR TIED.
MM INDICATES DATA IS MISSING.
T  INDICATES TRACE AMOUNT.




$$
