000
CDUS41 KCAR 190546
CLIMLT


CLIMATE REPORT
NATIONAL WEATHER SERVICE CARIBOU, ME
142 AM EDT THU OCT 19 2017


...................................

...THE MILLINOCKET ME CLIMATE SUMMARY FOR OCTOBER 18 2017...

CLIMATE NORMAL PERIOD 1981 TO 2010
CLIMATE RECORD PERIOD 1903 TO 2017


WEATHER ITEM   OBSERVED TIME   RECORD YEAR NORMAL DEPARTURE LAST
                VALUE   (LST)  VALUE       VALUE  FROM      YEAR
                                                  NORMAL
..................................................................
TEMPERATURE (F)
 YESTERDAY
  MAXIMUM         64    123 PM  83    1947  54     10       56
  MINIMUM         36   1159 PM  21    1978  35      1       40
  AVERAGE         50                        45      5       48

PRECIPITATION (IN)
  YESTERDAY        0.00          1.28 1927   0.13  -0.13     0.02
  MONTH TO DATE    1.61                      2.50  -0.89     0.39
  SINCE SEP 1      5.03                      6.22  -1.19     1.58
  SINCE JAN 1     29.67                     33.15  -3.48    24.58

SNOWFALL (IN)
  YESTERDAY       MM            MM      MM  MM     MM       MM
  MONTH TO DATE   MM                        MM     MM       MM
  SINCE SEP 1     MM                        MM     MM       MM
  SINCE JUL 1     MM                        MM     MM       MM
  SNOW DEPTH      MM

DEGREE DAYS
 HEATING
  YESTERDAY       15                        20     -5       17
  MONTH TO DATE  215                       313    -98      259
  SINCE SEP 1    336                       562   -226      434
  SINCE JUL 1    435                       641   -206      474

 COOLING
  YESTERDAY        0                         0      0        0
  MONTH TO DATE    0                         0      0        0
  SINCE SEP 1     47                        17     30       43
  SINCE JAN 1    263                       268     -5      350
..................................................................


WIND (MPH)
  HIGHEST WIND SPEED    22   HIGHEST WIND DIRECTION    NW (310)
  HIGHEST GUST SPEED    34   HIGHEST GUST DIRECTION    NW (310)
  AVERAGE WIND SPEED     4.8


SKY COVER
  POSSIBLE SUNSHINE  MM
  AVERAGE SKY COVER 0.1


WEATHER CONDITIONS
 THE FOLLOWING WEATHER WAS RECORDED YESTERDAY.
  NO SIGNIFICANT WEATHER WAS OBSERVED.


RELATIVE HUMIDITY (PERCENT)
 HIGHEST    92           600 AM
 LOWEST     17           300 PM
 AVERAGE    55

..........................................................


THE MILLINOCKET ME CLIMATE NORMALS FOR TODAY
                         NORMAL    RECORD    YEAR
 MAXIMUM TEMPERATURE (F)   54        78      1963
 MINIMUM TEMPERATURE (F)   35        16      1972


SUNRISE AND SUNSET
OCTOBER 19 2017.......SUNRISE   657 AM EDT   SUNSET   542 PM EDT
OCTOBER 20 2017.......SUNRISE   658 AM EDT   SUNSET   540 PM EDT


-  INDICATES NEGATIVE NUMBERS.
R  INDICATES RECORD WAS SET OR TIED.
MM INDICATES DATA IS MISSING.
T  INDICATES TRACE AMOUNT.




$$
