000
CDUS41 KCAR 210526
CLIMLT


CLIMATE REPORT
NATIONAL WEATHER SERVICE CARIBOU, ME
126 AM EDT TUE OCT 21 2014


...................................

...THE MILLINOCKET ME CLIMATE SUMMARY FOR OCTOBER 20 2014...

CLIMATE NORMAL PERIOD 1981 TO 2010
CLIMATE RECORD PERIOD 1903 TO 2014


WEATHER ITEM   OBSERVED TIME   RECORD YEAR NORMAL DEPARTURE LAST
                VALUE   (LST)  VALUE       VALUE  FROM      YEAR
                                                  NORMAL
..................................................................
TEMPERATURE (F)
 YESTERDAY
  MAXIMUM         49    320 PM  78    1963  53     -4       59
  MINIMUM         35    706 PM  18    1972  35      0       46
  AVERAGE         42                        44     -2       53

PRECIPITATION (IN)
  YESTERDAY        0.00          2.28 2006   0.13  -0.13     0.02
  MONTH TO DATE    3.46                      2.75   0.71     1.01
  SINCE SEP 1      4.06                      6.47  -2.41     5.69
  SINCE JAN 1     29.20                     33.40  -4.20    31.18

SNOWFALL (IN)
  YESTERDAY       MM            MM      MM  MM     MM       MM
  MONTH TO DATE   MM                        MM     MM       MM
  SINCE SEP 1     MM                        MM     MM       MM
  SINCE JUL 1     MM                        MM     MM       MM
  SNOW DEPTH      MM

DEGREE DAYS
 HEATING
  YESTERDAY       23                        21      2       12
  MONTH TO DATE  244                       355   -111      229
  SINCE SEP 1    480                       604   -124      430
  SINCE JUL 1    508                       683   -175      475

 COOLING
  YESTERDAY        0                         0      0        0
  MONTH TO DATE    4                         0      4        0
  SINCE SEP 1     47                        17     30       28
  SINCE JAN 1    375                       268    107      380
..................................................................


WIND (MPH)
  HIGHEST WIND SPEED    21   HIGHEST WIND DIRECTION    NW (300)
  HIGHEST GUST SPEED    29   HIGHEST GUST DIRECTION     W (290)
  AVERAGE WIND SPEED     8.4


SKY COVER
  POSSIBLE SUNSHINE  MM
  AVERAGE SKY COVER 0.5


WEATHER CONDITIONS
 THE FOLLOWING WEATHER WAS RECORDED YESTERDAY.
  NO SIGNIFICANT WEATHER WAS OBSERVED.


RELATIVE HUMIDITY (PERCENT)
 HIGHEST    79          1200 AM
 LOWEST     39           200 PM
 AVERAGE    59

..........................................................


THE MILLINOCKET ME CLIMATE NORMALS FOR TODAY
                         NORMAL    RECORD    YEAR
 MAXIMUM TEMPERATURE (F)   53        77      1963
 MINIMUM TEMPERATURE (F)   35        15      1972


SUNRISE AND SUNSET
OCTOBER 21 2014.......SUNRISE   659 AM EDT   SUNSET   539 PM EDT
OCTOBER 22 2014.......SUNRISE   701 AM EDT   SUNSET   537 PM EDT


-  INDICATES NEGATIVE NUMBERS.
R  INDICATES RECORD WAS SET OR TIED.
MM INDICATES DATA IS MISSING.
T  INDICATES TRACE AMOUNT.




$$
