000
CDUS41 KCAR 280530
CLIMLT


CLIMATE REPORT
NATIONAL WEATHER SERVICE CARIBOU, ME
129 AM EDT WED SEP 28 2016


...................................

...THE MILLINOCKET ME CLIMATE SUMMARY FOR SEPTEMBER 27 2016...

CLIMATE NORMAL PERIOD 1981 TO 2010
CLIMATE RECORD PERIOD 1903 TO 2016


WEATHER ITEM   OBSERVED TIME   RECORD YEAR NORMAL DEPARTURE LAST
                VALUE   (LST)  VALUE       VALUE  FROM      YEAR
                                                  NORMAL
..................................................................
TEMPERATURE (F)
 YESTERDAY
  MAXIMUM         60    344 PM  85    1908  63     -3       71
  MINIMUM         45   1216 AM  23    1939  42      3       37
  AVERAGE         53                        52      1       54

PRECIPITATION (IN)
  YESTERDAY        0.02          2.23 1977   0.13  -0.11     0.00
  MONTH TO DATE    1.19                      3.27  -2.08     2.55
  SINCE SEP 1      1.19                      3.27  -2.08     2.55
  SINCE JAN 1     24.19                     30.20  -6.01    28.15

SNOWFALL (IN)
  YESTERDAY       MM            MM      MM  MM     MM       MM
  MONTH TO DATE   MM                        MM     MM       MM
  SINCE SEP 1     MM                        MM     MM       MM
  SINCE JUL 1     MM                        MM     MM       MM
  SNOW DEPTH      MM

DEGREE DAYS
 HEATING
  YESTERDAY       12                        13     -1       11
  MONTH TO DATE  131                       209    -78       97
  SINCE SEP 1    131                       209    -78       97
  SINCE JUL 1    171                       288   -117      118

 COOLING
  YESTERDAY        0                         0      0        0
  MONTH TO DATE   43                        15     28       86
  SINCE SEP 1     43                        15     28       86
  SINCE JAN 1    350                       266     84      398
..................................................................


WIND (MPH)
  HIGHEST WIND SPEED    13   HIGHEST WIND DIRECTION     E (80)
  HIGHEST GUST SPEED    16   HIGHEST GUST DIRECTION    NE (50)
  AVERAGE WIND SPEED     4.1


SKY COVER
  POSSIBLE SUNSHINE  MM
  AVERAGE SKY COVER 0.8


WEATHER CONDITIONS
 THE FOLLOWING WEATHER WAS RECORDED YESTERDAY.
  LIGHT RAIN


RELATIVE HUMIDITY (PERCENT)
 HIGHEST    93           400 AM
 LOWEST     62           300 PM
 AVERAGE    78

..........................................................


THE MILLINOCKET ME CLIMATE NORMALS FOR TODAY
                         NORMAL    RECORD    YEAR
 MAXIMUM TEMPERATURE (F)   62        85      2014
 MINIMUM TEMPERATURE (F)   42        23      1922


SUNRISE AND SUNSET
SEPTEMBER 28 2016.....SUNRISE   630 AM EDT   SUNSET   620 PM EDT
SEPTEMBER 29 2016.....SUNRISE   631 AM EDT   SUNSET   618 PM EDT


-  INDICATES NEGATIVE NUMBERS.
R  INDICATES RECORD WAS SET OR TIED.
MM INDICATES DATA IS MISSING.
T  INDICATES TRACE AMOUNT.




$$
