000
CDUS41 KCAR 050528
CLIMLT


CLIMATE REPORT
NATIONAL WEATHER SERVICE CARIBOU, ME
127 AM EDT THU MAY 5 2016


...................................

...THE MILLINOCKET ME CLIMATE SUMMARY FOR MAY 4 2016...

CLIMATE NORMAL PERIOD 1981 TO 2010
CLIMATE RECORD PERIOD 1903 TO 2016


WEATHER ITEM   OBSERVED TIME   RECORD YEAR NORMAL DEPARTURE LAST
                VALUE   (LST)  VALUE       VALUE  FROM      YEAR
                                                  NORMAL
..................................................................
TEMPERATURE (F)
 YESTERDAY
  MAXIMUM         53    404 PM  85    1944  61     -8       83
  MINIMUM         42    645 AM  24    1948  39      3       42
  AVERAGE         48                        50     -2       63

PRECIPITATION (IN)
  YESTERDAY        0.01          1.76 1971   0.12  -0.11     0.00
  MONTH TO DATE    0.39                      0.45  -0.06     0.00
  SINCE MAR 1      6.41                      7.07  -0.66     3.92
  SINCE JAN 1     11.72                     12.18  -0.46     7.15

SNOWFALL (IN)
  YESTERDAY       MM            MM      MM  MM     MM       MM
  MONTH TO DATE   MM                        MM     MM       MM
  SINCE MAR 1     MM                        MM     MM       MM
  SINCE JUL 1     MM                        MM     MM       MM
  SNOW DEPTH      MM

DEGREE DAYS
 HEATING
  YESTERDAY       17                        16      1        2
  MONTH TO DATE   80                        65     15       38
  SINCE MAR 1   1954                      1934     20     2045
  SINCE JUL 1   6918                      7986  -1068     8090

 COOLING
  YESTERDAY        0                         0      0        0
  MONTH TO DATE    0                         0      0        0
  SINCE MAR 1      0                         0      0        0
  SINCE JAN 1      0                         0      0        0
..................................................................


WIND (MPH)
  HIGHEST WIND SPEED    13   HIGHEST WIND DIRECTION     E (100)
  HIGHEST GUST SPEED    16   HIGHEST GUST DIRECTION     E (110)
  AVERAGE WIND SPEED     5.5


SKY COVER
  POSSIBLE SUNSHINE  MM
  AVERAGE SKY COVER 1.0


WEATHER CONDITIONS
 THE FOLLOWING WEATHER WAS RECORDED YESTERDAY.
  LIGHT RAIN


RELATIVE HUMIDITY (PERCENT)
 HIGHEST    89           100 AM
 LOWEST     54           300 PM
 AVERAGE    72

..........................................................


THE MILLINOCKET ME CLIMATE NORMALS FOR TODAY
                         NORMAL    RECORD    YEAR
 MAXIMUM TEMPERATURE (F)   61        87      1944
 MINIMUM TEMPERATURE (F)   39        22      1911


SUNRISE AND SUNSET
MAY  5 2016...........SUNRISE   516 AM EDT   SUNSET   748 PM EDT
MAY  6 2016...........SUNRISE   515 AM EDT   SUNSET   749 PM EDT


-  INDICATES NEGATIVE NUMBERS.
R  INDICATES RECORD WAS SET OR TIED.
MM INDICATES DATA IS MISSING.
T  INDICATES TRACE AMOUNT.




$$
