000
CDUS41 KCAR 212138
CLIMLT


CLIMATE REPORT
NATIONAL WEATHER SERVICE CARIBOU, ME
438 PM EST TUE FEB 21 2017


...................................

...THE MILLINOCKET ME CLIMATE SUMMARY FOR FEBRUARY 21 2017...
VALID TODAY AS OF 0400 PM LOCAL TIME.

CLIMATE NORMAL PERIOD 1981 TO 2010
CLIMATE RECORD PERIOD 1903 TO 2017


WEATHER ITEM   OBSERVED TIME   RECORD YEAR NORMAL DEPARTURE LAST
                VALUE   (LST)  VALUE       VALUE  FROM      YEAR
                                                  NORMAL
..................................................................
TEMPERATURE (F)
 TODAY
  MAXIMUM         38    332 PM  62    1994  31      7       43
  MINIMUM          6    712 AM -24    1993  10     -4       26
  AVERAGE         22                        20      2       35

PRECIPITATION (IN)
  TODAY            0.00          1.35 1912   0.08  -0.08      T
  MONTH TO DATE    1.35                      1.49  -0.14     1.77
  SINCE DEC 1      7.57                      7.95  -0.38     8.24
  SINCE JAN 1      4.26                      4.42  -0.16     3.84

SNOWFALL (IN)
  TODAY           MM            MM      MM  MM     MM       MM
  MONTH TO DATE   MM                        MM     MM       MM
  SINCE DEC 1     MM                        MM     MM       MM
  SINCE JUL 1     MM                        MM     MM       MM
  SNOW DEPTH      MM

DEGREE DAYS
 HEATING
  TODAY           43                        45     -2       30
  MONTH TO DATE 1036                      1005     31      883
  SINCE DEC 1   3741                      3908   -167     3160
  SINCE JUL 1   5291                      5751   -460     4701

 COOLING
  TODAY            0                         0      0        0
  MONTH TO DATE    0                         0      0        0
  SINCE DEC 1      0                         0      0        0
  SINCE JAN 1      0                         0      0        0
..................................................................


WIND (MPH)
  HIGHEST WIND SPEED     9   HIGHEST WIND DIRECTION     S (160)
  HIGHEST GUST SPEED    14   HIGHEST GUST DIRECTION     S (160)
  AVERAGE WIND SPEED     3.2


SKY COVER
  POSSIBLE SUNSHINE  MM
  AVERAGE SKY COVER 0.0


WEATHER CONDITIONS
 THE FOLLOWING WEATHER WAS RECORDED TODAY.
  FOG


RELATIVE HUMIDITY (PERCENT)
 HIGHEST    83           800 AM
 LOWEST     24           200 PM
 AVERAGE    54

..........................................................


THE MILLINOCKET ME CLIMATE NORMALS FOR TOMORROW
                         NORMAL    RECORD    YEAR
 MAXIMUM TEMPERATURE (F)   31        54      1912
 MINIMUM TEMPERATURE (F)   11       -25      1993


SUNRISE AND SUNSET
FEBRUARY 21 2017......SUNRISE   627 AM EST   SUNSET   511 PM EST
FEBRUARY 22 2017......SUNRISE   625 AM EST   SUNSET   512 PM EST


-  INDICATES NEGATIVE NUMBERS.
R  INDICATES RECORD WAS SET OR TIED.
MM INDICATES DATA IS MISSING.
T  INDICATES TRACE AMOUNT.




$$
