000
CDUS41 KCAR 290527
CLIMLT


CLIMATE REPORT
NATIONAL WEATHER SERVICE CARIBOU, ME
127 AM EDT SAT AUG 29 2015


...................................

...THE MILLINOCKET ME CLIMATE SUMMARY FOR AUGUST 28 2015...

CLIMATE NORMAL PERIOD 1981 TO 2010
CLIMATE RECORD PERIOD 1903 TO 2015


WEATHER ITEM   OBSERVED TIME   RECORD YEAR NORMAL DEPARTURE LAST
                VALUE   (LST)  VALUE       VALUE  FROM      YEAR
                                                  NORMAL
..................................................................
TEMPERATURE (F)
 YESTERDAY
  MAXIMUM         77    359 PM  94    1952  75      2       77
  MINIMUM         58    523 AM  32    1915  53      5       58
  AVERAGE         68                        64      4       68

PRECIPITATION (IN)
  YESTERDAY        0.00          2.99 2011   0.13  -0.13      T
  MONTH TO DATE    5.88                      3.58   2.30     2.26
  SINCE JUN 1     13.91                     11.50   2.41    11.24
  SINCE JAN 1     25.60                     26.57  -0.97    25.14

SNOWFALL (IN)
  YESTERDAY       MM            MM      MM  MM     MM       MM
  MONTH TO DATE    0.0                      MM     MM       MM
  SINCE JUN 1      0.0                      MM     MM       MM
  SINCE JUL 1      0.0                      MM     MM       MM
  SNOW DEPTH      MM

DEGREE DAYS
 HEATING
  YESTERDAY        0                         3     -3        0
  MONTH TO DATE    0                        44    -44       13
  SINCE JUN 1    181                       184     -3       98
  SINCE JUL 1     21                        68    -47       22

 COOLING
  YESTERDAY        3                         2      1        3
  MONTH TO DATE  144                        73     71       92
  SINCE JUN 1    268                       239     29      324
  SINCE JAN 1    302                       245     57      326
..................................................................


WIND (MPH)
  HIGHEST WIND SPEED    14   HIGHEST WIND DIRECTION    NW (310)
  HIGHEST GUST SPEED    19   HIGHEST GUST DIRECTION     W (290)
  AVERAGE WIND SPEED     4.7


SKY COVER
  POSSIBLE SUNSHINE  MM
  AVERAGE SKY COVER 0.0


WEATHER CONDITIONS
 THE FOLLOWING WEATHER WAS RECORDED YESTERDAY.
  NO SIGNIFICANT WEATHER WAS OBSERVED.


RELATIVE HUMIDITY (PERCENT)
 HIGHEST    93           500 AM
 LOWEST     49           200 PM
 AVERAGE    71

..........................................................


THE MILLINOCKET ME CLIMATE NORMALS FOR TODAY
                         NORMAL    RECORD    YEAR
 MAXIMUM TEMPERATURE (F)   74        92      2010
 MINIMUM TEMPERATURE (F)   53        32      1986


SUNRISE AND SUNSET
AUGUST 29 2015........SUNRISE   552 AM EDT   SUNSET   719 PM EDT
AUGUST 30 2015........SUNRISE   553 AM EDT   SUNSET   717 PM EDT


-  INDICATES NEGATIVE NUMBERS.
R  INDICATES RECORD WAS SET OR TIED.
MM INDICATES DATA IS MISSING.
T  INDICATES TRACE AMOUNT.




$$
