000
CDUS44 KSHV 060833
CLIMLU


CLIMATE REPORT
NATIONAL WEATHER SERVICE SHREVEPORT, LA
257 AM CDT FRI MAY 6 2016


...................................

...THE MONROE CLIMATE SUMMARY FOR MAY 5 2016...

CLIMATE NORMAL PERIOD 1981 TO 2010
CLIMATE RECORD PERIOD 1930 TO 2016


WEATHER ITEM   OBSERVED TIME   RECORD YEAR NORMAL DEPARTURE LAST
                VALUE   (LST)  VALUE       VALUE  FROM      YEAR
                                                  NORMAL
..................................................................
TEMPERATURE (F)
 YESTERDAY
  MAXIMUM         78    419 PM  93    1952  83     -5       85
  MINIMUM         53    511 AM  42    2013  60     -7       64
  AVERAGE         66                        71     -5       75

PRECIPITATION (IN)
  YESTERDAY        0.00          3.93 1989   0.17  -0.17     0.00
  MONTH TO DATE    0.50                      0.85  -0.35     0.00
  SINCE DEC 1     48.20                     25.00  23.20    22.95
  SINCE JAN 1     41.81                     19.71  22.10    18.47

SNOWFALL (IN)
  YESTERDAY        0.0
  MONTH TO DATE    0.0
  SINCE MAR 1      0.0
  SINCE JUL 1      T
  SNOW DEPTH       0

DEGREE DAYS
 HEATING
  YESTERDAY        0                         0      0        0
  MONTH TO DATE    0                         3     -3        0
  SINCE MAR 1    166                       333   -167      308
  SINCE JUL 1   1594                      2227   -633     2512

 COOLING
  YESTERDAY        1                         7     -6       10
  MONTH TO DATE   17                        31    -14       24
  SINCE MAR 1    158                       167     -9      168
  SINCE JAN 1    166                       178    -12      168
..................................................................


WIND (MPH)
  HIGHEST WIND SPEED    16   HIGHEST WIND DIRECTION     N (360)
  HIGHEST GUST SPEED    21   HIGHEST GUST DIRECTION     N (10)
  AVERAGE WIND SPEED     5.7


SKY COVER
  POSSIBLE SUNSHINE  MM
  AVERAGE SKY COVER 0.0


WEATHER CONDITIONS
 THE FOLLOWING WEATHER WAS RECORDED YESTERDAY.
  NO SIGNIFICANT WEATHER WAS OBSERVED.


RELATIVE HUMIDITY (PERCENT)
 HIGHEST    86          1100 PM
 LOWEST     32           300 PM
 AVERAGE    59

..........................................................


THE MONROE CLIMATE NORMALS FOR TODAY
                         NORMAL    RECORD    YEAR
 MAXIMUM TEMPERATURE (F)   83        93      1952
 MINIMUM TEMPERATURE (F)   60        47      2013


SUNRISE AND SUNSET
MAY  6 2016...........SUNRISE   616 AM CDT   SUNSET   753 PM CDT
MAY  7 2016...........SUNRISE   615 AM CDT   SUNSET   754 PM CDT


-  INDICATES NEGATIVE NUMBERS.
R  INDICATES RECORD WAS SET OR TIED.
MM INDICATES DATA IS MISSING.
T  INDICATES TRACE AMOUNT.




$$
