000
CDUS44 KSHV 050841
CLIMLU


CLIMATE REPORT
NATIONAL WEATHER SERVICE SHREVEPORT, LA
240 AM CST THU MAR 5 2015


...................................

...THE MONROE CLIMATE SUMMARY FOR MARCH 4 2015...

CLIMATE NORMAL PERIOD 1981 TO 2010
CLIMATE RECORD PERIOD 1930 TO 2015


WEATHER ITEM   OBSERVED TIME   RECORD YEAR NORMAL DEPARTURE LAST
                VALUE   (LST)  VALUE       VALUE  FROM      YEAR
                                                  NORMAL
..................................................................
TEMPERATURE (F)
 YESTERDAY
  MAXIMUM         80    330 PM  85    1938  66     14       36
  MINIMUM         35   1159 PM  18    2002  44     -9       24
  AVERAGE         58                        55      3       30

PRECIPITATION (IN)
  YESTERDAY        0.01          2.55 1992   0.17  -0.16     0.00
  MONTH TO DATE    0.39                      0.67  -0.28     0.49
  SINCE DEC 1     14.63                     15.60  -0.97     8.18
  SINCE JAN 1     10.15                     10.31  -0.16     4.92

SNOWFALL (IN)
  YESTERDAY        0.0
  MONTH TO DATE    0.0
  SINCE MAR 1      0.0
  SINCE JUL 1      3.5
  SNOW DEPTH       0

DEGREE DAYS
 HEATING
  YESTERDAY        7                        11     -4       35
  MONTH TO DATE   57                        44     13       78
  SINCE MAR 1     57                        44     13       78
  SINCE JUL 1   2261                      1938    323     2404

 COOLING
  YESTERDAY        0                         1     -1        0
  MONTH TO DATE    0                         2     -2        1
  SINCE MAR 1      0                         2     -2        1
  SINCE JAN 1      0                        13    -13        3
..................................................................


WIND (MPH)
  HIGHEST WIND SPEED    26   HIGHEST WIND DIRECTION     N (360)
  HIGHEST GUST SPEED    33   HIGHEST GUST DIRECTION     S (200)
  AVERAGE WIND SPEED    12.7


SKY COVER
  POSSIBLE SUNSHINE  MM
  AVERAGE SKY COVER 0.8


WEATHER CONDITIONS
 THE FOLLOWING WEATHER WAS RECORDED YESTERDAY.
  LIGHT RAIN
  LIGHT SNOW
  FOG
  HAZE


RELATIVE HUMIDITY (PERCENT)
 HIGHEST   100           100 AM
 LOWEST     62           200 PM
 AVERAGE    81

..........................................................


THE MONROE CLIMATE NORMALS FOR TODAY
                         NORMAL    RECORD    YEAR
 MAXIMUM TEMPERATURE (F)   66        84      1955
 MINIMUM TEMPERATURE (F)   44        19      1978


SUNRISE AND SUNSET
MARCH  5 2015.........SUNRISE   631 AM CST   SUNSET   608 PM CST
MARCH  6 2015.........SUNRISE   630 AM CST   SUNSET   609 PM CST


-  INDICATES NEGATIVE NUMBERS.
R  INDICATES RECORD WAS SET OR TIED.
MM INDICATES DATA IS MISSING.
T  INDICATES TRACE AMOUNT.




$$
