000
CDUS44 KSHV 250745
CLIMLU


CLIMATE REPORT
NATIONAL WEATHER SERVICE SHREVEPORT, LA
245 AM CDT MON MAY 25 2015


...................................

...THE MONROE CLIMATE SUMMARY FOR MAY 24 2015...

CLIMATE NORMAL PERIOD 1981 TO 2010
CLIMATE RECORD PERIOD 1930 TO 2015


WEATHER ITEM   OBSERVED TIME   RECORD YEAR NORMAL DEPARTURE LAST
                VALUE   (LST)  VALUE       VALUE  FROM      YEAR
                                                  NORMAL
..................................................................
TEMPERATURE (F)
 YESTERDAY
  MAXIMUM         86    115 PM  95    2010  87     -1       88
                                      1996
  MINIMUM         70    527 AM  49    1931  65      5       66
  AVERAGE         78                        76      2       77

PRECIPITATION (IN)
  YESTERDAY        0.01          1.33 2005   0.16  -0.15     0.00
  MONTH TO DATE    5.39                      4.05   1.34     5.36
  SINCE DEC 1     28.34                     28.20   0.14    25.77
  SINCE JAN 1     23.86                     22.91   0.95    22.51

SNOWFALL (IN)
  YESTERDAY        0.0
  MONTH TO DATE    0.0
  SINCE MAR 1      0.4
  SINCE JUL 1      3.9
  SNOW DEPTH       0

DEGREE DAYS
 HEATING
  YESTERDAY        0                         0      0        0
  MONTH TO DATE    3                         3      0       23
  SINCE MAR 1    311                       333    -22      513
  SINCE JUL 1   2515                      2227    288     2839

 COOLING
  YESTERDAY       13                        11      2       12
  MONTH TO DATE  198                       204     -6      163
  SINCE MAR 1    342                       340      2      249
  SINCE JAN 1    342                       351     -9      251
..................................................................


WIND (MPH)
  HIGHEST WIND SPEED    22   HIGHEST WIND DIRECTION     S (180)
  HIGHEST GUST SPEED    32   HIGHEST GUST DIRECTION     S (190)
  AVERAGE WIND SPEED     7.2


SKY COVER
  POSSIBLE SUNSHINE  MM
  AVERAGE SKY COVER 0.6


WEATHER CONDITIONS
 THE FOLLOWING WEATHER WAS RECORDED YESTERDAY.
  THUNDERSTORM
  LIGHT RAIN
  HAZE


RELATIVE HUMIDITY (PERCENT)
 HIGHEST   100           500 AM
 LOWEST     65          1200 PM
 AVERAGE    83

..........................................................


THE MONROE CLIMATE NORMALS FOR TODAY
                         NORMAL    RECORD    YEAR
 MAXIMUM TEMPERATURE (F)   88        95      1963
 MINIMUM TEMPERATURE (F)   65        53      2001
                                             1935


SUNRISE AND SUNSET
MAY 25 2015...........SUNRISE   604 AM CDT   SUNSET   806 PM CDT
MAY 26 2015...........SUNRISE   604 AM CDT   SUNSET   807 PM CDT


-  INDICATES NEGATIVE NUMBERS.
R  INDICATES RECORD WAS SET OR TIED.
MM INDICATES DATA IS MISSING.
T  INDICATES TRACE AMOUNT.




$$
