000
CDUS44 KSHV 230845
CLIMLU


CLIMATE REPORT
NATIONAL WEATHER SERVICE SHREVEPORT, LA
244 AM CST THU NOV 23 2017


...................................

...THE MONROE CLIMATE SUMMARY FOR NOVEMBER 22 2017...

CLIMATE NORMAL PERIOD 1981 TO 2010
CLIMATE RECORD PERIOD 1930 TO 2017


WEATHER ITEM   OBSERVED TIME   RECORD YEAR NORMAL DEPARTURE LAST
                VALUE   (LST)  VALUE       VALUE  FROM      YEAR
                                                  NORMAL
..................................................................
TEMPERATURE (F)
 YESTERDAY
  MAXIMUM         59    229 PM  81    1910  66     -7       74
  MINIMUM         34   1159 PM  24    1964  43     -9       38
  AVERAGE         47                        54     -7       56

PRECIPITATION (IN)
  YESTERDAY        0.00          2.65 1979   0.16  -0.16     0.00
  MONTH TO DATE    1.53                      3.44  -1.91     0.25
  SINCE DEC 1     55.23                     52.62   2.61    67.61
  SINCE JAN 1     50.40                     47.33   3.07    61.22

SNOWFALL (IN)
  YESTERDAY        0.0
  MONTH TO DATE    0.0
  SINCE SEP 1      0.0
  SINCE JUL 1      0.0
  SNOW DEPTH       0

DEGREE DAYS
 HEATING
  YESTERDAY       18                        11      7        9
  MONTH TO DATE  141                       181    -40      117
  SINCE SEP 1    221                       271    -50      133
  SINCE JUL 1    221                       271    -50      133

 COOLING
  YESTERDAY        0                         0      0        0
  MONTH TO DATE   68                        22     46       26
  SINCE SEP 1    597                       499     98      678
  SINCE JAN 1   2624                      2506    118     2732
..................................................................


WIND (MPH)
  HIGHEST WIND SPEED    20   HIGHEST WIND DIRECTION    NE (30)
  HIGHEST GUST SPEED    26   HIGHEST GUST DIRECTION     N (10)
  AVERAGE WIND SPEED    10.0


SKY COVER
  POSSIBLE SUNSHINE  MM
  AVERAGE SKY COVER 0.1


WEATHER CONDITIONS
 THE FOLLOWING WEATHER WAS RECORDED YESTERDAY.
  NO SIGNIFICANT WEATHER WAS OBSERVED.


RELATIVE HUMIDITY (PERCENT)
 HIGHEST    89          1200 AM
 LOWEST     35           400 PM
 AVERAGE    62

..........................................................


THE MONROE CLIMATE NORMALS FOR TODAY
                         NORMAL    RECORD    YEAR
 MAXIMUM TEMPERATURE (F)   66        84      2010
                                             1973
 MINIMUM TEMPERATURE (F)   42        20      1903


SUNRISE AND SUNSET
NOVEMBER 23 2017......SUNRISE   645 AM CST   SUNSET   504 PM CST
NOVEMBER 24 2017......SUNRISE   646 AM CST   SUNSET   504 PM CST


-  INDICATES NEGATIVE NUMBERS.
R  INDICATES RECORD WAS SET OR TIED.
MM INDICATES DATA IS MISSING.
T  INDICATES TRACE AMOUNT.




$$
