000
CDUS44 KSHV 290744
CLIMLU


CLIMATE REPORT
NATIONAL WEATHER SERVICE SHREVEPORT, LA
244 AM CDT WED MAR 29 2017


...................................

...THE MONROE CLIMATE SUMMARY FOR MARCH 28 2017...

CLIMATE NORMAL PERIOD 1981 TO 2010
CLIMATE RECORD PERIOD 1930 TO 2017


WEATHER ITEM   OBSERVED TIME   RECORD YEAR NORMAL DEPARTURE LAST
                VALUE   (LST)  VALUE       VALUE  FROM      YEAR
                                                  NORMAL
..................................................................
TEMPERATURE (F)
 YESTERDAY
  MAXIMUM         83    414 PM  87    1963  73     10       67
  MINIMUM         67    227 AM  32    2013  49     18       47
                                      1937
  AVERAGE         75                        61     14       57

PRECIPITATION (IN)
  YESTERDAY        0.00          1.14 2014   0.14  -0.14     0.00
  MONTH TO DATE    3.47                      4.27  -0.80    23.52
  SINCE DEC 1     17.71                     19.20  -1.49    37.32
  SINCE JAN 1     12.88                     13.91  -1.03    30.93

SNOWFALL (IN)
  YESTERDAY        0.0
  MONTH TO DATE    0.0
  SINCE MAR 1      0.0
  SINCE JUL 1      0.2
  SNOW DEPTH       0

DEGREE DAYS
 HEATING
  YESTERDAY        0                         6     -6        8
  MONTH TO DATE  165                       236    -71      128
  SINCE MAR 1    165                       236    -71      128
  SINCE JUL 1   1361                      2130   -769     1556

 COOLING
  YESTERDAY       10                         2      8        0
  MONTH TO DATE   81                        27     54       26
  SINCE MAR 1     81                        27     54       26
  SINCE JAN 1    140                        38    102       34
..................................................................


WIND (MPH)
  HIGHEST WIND SPEED    13   HIGHEST WIND DIRECTION    SE (130)
  HIGHEST GUST SPEED    16   HIGHEST GUST DIRECTION    SE (130)
  AVERAGE WIND SPEED     3.8


SKY COVER
  POSSIBLE SUNSHINE  MM
  AVERAGE SKY COVER 0.6


WEATHER CONDITIONS
 THE FOLLOWING WEATHER WAS RECORDED YESTERDAY.
  FOG


RELATIVE HUMIDITY (PERCENT)
 HIGHEST    93           100 AM
 LOWEST     55           100 PM
 AVERAGE    74

..........................................................


THE MONROE CLIMATE NORMALS FOR TODAY
                         NORMAL    RECORD    YEAR
 MAXIMUM TEMPERATURE (F)   74        89      1963
 MINIMUM TEMPERATURE (F)   49        30      1955


SUNRISE AND SUNSET
MARCH 29 2017.........SUNRISE   700 AM CDT   SUNSET   726 PM CDT
MARCH 30 2017.........SUNRISE   658 AM CDT   SUNSET   727 PM CDT


-  INDICATES NEGATIVE NUMBERS.
R  INDICATES RECORD WAS SET OR TIED.
MM INDICATES DATA IS MISSING.
T  INDICATES TRACE AMOUNT.




$$
