000
CDUS44 KSHV 192132
CLIMLU


CLIMATE REPORT
NATIONAL WEATHER SERVICE SHREVEPORT, LA
432 PM CDT FRI SEP 19 2014


...................................

...THE MONROE CLIMATE SUMMARY FOR SEPTEMBER 19 2014...
VALID TODAY AS OF 0400 PM LOCAL TIME.

CLIMATE NORMAL PERIOD 1981 TO 2010
CLIMATE RECORD PERIOD 1930 TO 2014


WEATHER ITEM   OBSERVED TIME   RECORD YEAR NORMAL DEPARTURE LAST
                VALUE   (LST)  VALUE       VALUE  FROM      YEAR
                                                  NORMAL
..................................................................
TEMPERATURE (F)
 TODAY
  MAXIMUM         90    240 PM 102    2010  88      2       96
  MINIMUM         66    543 AM  48    1981  63      3       70
  AVERAGE         78                        76      2       83

PRECIPITATION (IN)
  TODAY            0.00          2.56 1992   0.10  -0.10     0.00
  MONTH TO DATE    1.25                      2.28  -1.03     0.32
  SINCE DEC 1     43.74                     43.05   0.69    37.33
  SINCE JAN 1     40.48                     37.76   2.72    32.60

DEGREE DAYS
 HEATING
  TODAY            0                         0      0        0
  MONTH TO DATE    0                         0      0        0
  SINCE SEP 1      0                         0      0        0
  SINCE JUL 1      0                         0      0        0

 COOLING
  TODAY           13                        11      2       18
  MONTH TO DATE  277                       260     17      343
  SINCE SEP 1    277                       260     17      343
  SINCE JAN 1   2028                      2267   -239     2188
..................................................................


WIND (MPH)
  HIGHEST WIND SPEED     9   HIGHEST WIND DIRECTION     E (90)
  HIGHEST GUST SPEED    15   HIGHEST GUST DIRECTION     E (80)
  AVERAGE WIND SPEED     2.7


SKY COVER
  POSSIBLE SUNSHINE  MM
  AVERAGE SKY COVER 0.2


WEATHER CONDITIONS
 THE FOLLOWING WEATHER WAS RECORDED TODAY.
  FOG


RELATIVE HUMIDITY (PERCENT)
 HIGHEST   100           300 AM
 LOWEST     50           300 PM
 AVERAGE    75

..........................................................


THE MONROE CLIMATE NORMALS FOR TOMORROW
                         NORMAL    RECORD    YEAR
 MAXIMUM TEMPERATURE (F)   88       102      2005
 MINIMUM TEMPERATURE (F)   63        49      1961


SUNRISE AND SUNSET
SEPTEMBER 19 2014.....SUNRISE   654 AM CDT   SUNSET   709 PM CDT
SEPTEMBER 20 2014.....SUNRISE   655 AM CDT   SUNSET   707 PM CDT


-  INDICATES NEGATIVE NUMBERS.
R  INDICATES RECORD WAS SET OR TIED.
MM INDICATES DATA IS MISSING.
T  INDICATES TRACE AMOUNT.




$$
