000
CDUS44 KSHV 252134
CLIMLU


CLIMATE REPORT
NATIONAL WEATHER SERVICE SHREVEPORT, LA
431 PM CDT SAT OCT 25 2014


...................................

...THE MONROE CLIMATE SUMMARY FOR OCTOBER 25 2014...
VALID TODAY AS OF 0400 PM LOCAL TIME.

CLIMATE NORMAL PERIOD 1981 TO 2010
CLIMATE RECORD PERIOD 1930 TO 2014


WEATHER ITEM   OBSERVED TIME   RECORD YEAR NORMAL DEPARTURE LAST
                VALUE   (LST)  VALUE       VALUE  FROM      YEAR
                                                  NORMAL
..................................................................
TEMPERATURE (F)
 TODAY
  MAXIMUM         82    259 PM  93    1931  76      6       63
  MINIMUM         48    702 AM  32    1952  50     -2       41
  AVERAGE         65                        63      2       52

PRECIPITATION (IN)
  TODAY            0.00          1.99 1996   0.17  -0.17     0.00
  MONTH TO DATE    3.19                      3.89  -0.70     2.86
  SINCE DEC 1     46.93                     48.29  -1.36    42.18
  SINCE JAN 1     43.67                     43.00   0.67    37.45

SNOWFALL (IN)
  TODAY            0.0
  MONTH TO DATE    0.0
  SINCE SEP 1      0.0
  SINCE JUL 1      0.0
  SNOW DEPTH       0

DEGREE DAYS
 HEATING
  TODAY            0                         4     -4       13
  MONTH TO DATE   36                        56    -20       55
  SINCE SEP 1     36                        62    -26       55
  SINCE JUL 1     36                        62    -26       55

 COOLING
  TODAY            0                         2     -2        0
  MONTH TO DATE  122                       108     14      111
  SINCE SEP 1    514                       465     49      564
  SINCE JAN 1   2265                      2472   -207     2409
..................................................................


WIND (MPH)
  HIGHEST WIND SPEED    10   HIGHEST WIND DIRECTION     W (270)
  HIGHEST GUST SPEED    13   HIGHEST GUST DIRECTION     W (270)
  AVERAGE WIND SPEED     2.3


SKY COVER
  POSSIBLE SUNSHINE  MM
  AVERAGE SKY COVER 0.1


WEATHER CONDITIONS
 THE FOLLOWING WEATHER WAS RECORDED TODAY.
  FOG
  FOG W/VISIBILITY <= 1/4 MILE
  HAZE


RELATIVE HUMIDITY (PERCENT)
 HIGHEST   100           100 AM
 LOWEST     43           200 PM
 AVERAGE    72

..........................................................


THE MONROE CLIMATE NORMALS FOR TOMORROW
                         NORMAL    RECORD    YEAR
 MAXIMUM TEMPERATURE (F)   76        91      1931
 MINIMUM TEMPERATURE (F)   50        31      1965


SUNRISE AND SUNSET
OCTOBER 25 2014.......SUNRISE   720 AM CDT   SUNSET   624 PM CDT
OCTOBER 26 2014.......SUNRISE   721 AM CDT   SUNSET   623 PM CDT


-  INDICATES NEGATIVE NUMBERS.
R  INDICATES RECORD WAS SET OR TIED.
MM INDICATES DATA IS MISSING.
T  INDICATES TRACE AMOUNT.




$$
