000
CDUS44 KSHV 260843
CLIMLU


CLIMATE REPORT
NATIONAL WEATHER SERVICE SHREVEPORT, LA
243 AM CST SUN FEB 26 2017


...................................

...THE MONROE CLIMATE SUMMARY FOR FEBRUARY 25 2017...

CLIMATE NORMAL PERIOD 1981 TO 2010
CLIMATE RECORD PERIOD 1930 TO 2017


WEATHER ITEM   OBSERVED TIME   RECORD YEAR NORMAL DEPARTURE LAST
                VALUE   (LST)  VALUE       VALUE  FROM      YEAR
                                                  NORMAL
..................................................................
TEMPERATURE (F)
 YESTERDAY
  MAXIMUM         59    318 PM  86    1977  64     -5       61
  MINIMUM         41   1146 PM  22    1965  42     -1       34
  AVERAGE         50                        53     -3       48

PRECIPITATION (IN)
  YESTERDAY        0.00          2.53 2006   0.16  -0.16     0.00
  MONTH TO DATE    2.80                      4.13  -1.33     2.69
  SINCE DEC 1     13.14                     14.43  -1.29    13.80
  SINCE JAN 1      8.31                      9.14  -0.83     7.41

SNOWFALL (IN)
  YESTERDAY        0.0
  MONTH TO DATE    0.0
  SINCE DEC 1      0.2
  SINCE JUL 1      0.2
  SNOW DEPTH       0

DEGREE DAYS
 HEATING
  YESTERDAY       15                        12      3       17
  MONTH TO DATE  183                       376   -193      299
  SINCE DEC 1    967                      1485   -518     1195
  SINCE JUL 1   1180                      1857   -677     1383

 COOLING
  YESTERDAY        0                         0      0        0
  MONTH TO DATE   34                         0     34        5
  SINCE DEC 1     71                        11     60       61
  SINCE JAN 1     51                         4     47        8
..................................................................


WIND (MPH)
  HIGHEST WIND SPEED    21   HIGHEST WIND DIRECTION    NW (330)
  HIGHEST GUST SPEED    27   HIGHEST GUST DIRECTION    NW (330)
  AVERAGE WIND SPEED     7.9


SKY COVER
  POSSIBLE SUNSHINE  MM
  AVERAGE SKY COVER 0.0


WEATHER CONDITIONS
 THE FOLLOWING WEATHER WAS RECORDED YESTERDAY.
  NO SIGNIFICANT WEATHER WAS OBSERVED.


RELATIVE HUMIDITY (PERCENT)
 HIGHEST    62           900 PM
 LOWEST     24           400 PM
 AVERAGE    43

..........................................................


THE MONROE CLIMATE NORMALS FOR TODAY
                         NORMAL    RECORD    YEAR
 MAXIMUM TEMPERATURE (F)   64        83      1962
 MINIMUM TEMPERATURE (F)   42        24      1960


SUNRISE AND SUNSET
FEBRUARY 26 2017......SUNRISE   639 AM CST   SUNSET   603 PM CST
FEBRUARY 27 2017......SUNRISE   638 AM CST   SUNSET   604 PM CST


-  INDICATES NEGATIVE NUMBERS.
R  INDICATES RECORD WAS SET OR TIED.
MM INDICATES DATA IS MISSING.
T  INDICATES TRACE AMOUNT.




$$
