000
CDUS46 KPQR 211144
CLIMMV


CLIMATE REPORT
NATIONAL WEATHER SERVICE PORTLAND OREGON
344 AM PST SAT JAN 21 2017


...................................

...THE MCMINNVILLE OR CLIMATE SUMMARY FOR JANUARY 20 2017...

CLIMATE NORMAL PERIOD 1981 TO 2010
CLIMATE RECORD PERIOD 1894 TO 2017


WEATHER ITEM   OBSERVED TIME   RECORD YEAR NORMAL DEPARTURE LAST
                VALUE   (LST)  VALUE       VALUE  FROM      YEAR
                                                  NORMAL
..................................................................
TEMPERATURE (F)
 YESTERDAY
  MAXIMUM         48    334 PM  58    1968  48      0       47
  MINIMUM         40   1126 PM  13    1962  34      6       40
  AVERAGE         44                        41      3       44

PRECIPITATION (IN)
  YESTERDAY        0.07          2.40 1972   0.20  -0.13     0.15
  MONTH TO DATE    3.34                      4.19  -0.85     6.05
  SINCE OCT 1     27.15                     20.22   6.93    31.12
  SINCE JAN 1      3.34                      4.19  -0.85     6.05

DEGREE DAYS
 HEATING
  YESTERDAY       21                        24     -3       21
  MONTH TO DATE  649                       492    157      479
  SINCE JUL 1   2418                      2497    -79     2094

 COOLING
  YESTERDAY        0                         0      0        0
  MONTH TO DATE    0                         0      0        0
  SINCE JAN 1      0                         0      0        0
..................................................................


WIND (MPH)
  HIGHEST WIND SPEED    13   HIGHEST WIND DIRECTION     N (360)
  HIGHEST GUST SPEED    15   HIGHEST GUST DIRECTION     N (360)
  AVERAGE WIND SPEED     6.1


SKY COVER
  POSSIBLE SUNSHINE  MM
  AVERAGE SKY COVER 0.9


WEATHER CONDITIONS
 THE FOLLOWING WEATHER WAS RECORDED YESTERDAY.
  LIGHT RAIN
  FOG


RELATIVE HUMIDITY (PERCENT)
 HIGHEST    93           200 AM
 LOWEST     82           400 AM
 AVERAGE    88

..........................................................


THE MCMINNVILLE OR CLIMATE NORMALS FOR TODAY
                         NORMAL    RECORD    YEAR
 MAXIMUM TEMPERATURE (F)   48        63      1926
 MINIMUM TEMPERATURE (F)   34        12      1962


SUNRISE AND SUNSET
JANUARY 21 2017.......SUNRISE   743 AM PST   SUNSET   505 PM PST
JANUARY 22 2017.......SUNRISE   743 AM PST   SUNSET   506 PM PST


-  INDICATES NEGATIVE NUMBERS.
R  INDICATES RECORD WAS SET OR TIED.
MM INDICATES DATA IS MISSING.
T  INDICATES TRACE AMOUNT.




$$
