000
CDUS46 KPQR 201141
CLIMMV


CLIMATE REPORT
NATIONAL WEATHER SERVICE PORTLAND OREGON
440 AM PDT WED AUG 20 2014


...................................

...THE MCMINNVILLE OR CLIMATE SUMMARY FOR AUGUST 19 2014...

CLIMATE NORMAL PERIOD 1981 TO 2010
CLIMATE RECORD PERIOD 1894 TO 2014


WEATHER ITEM   OBSERVED TIME   RECORD YEAR NORMAL DEPARTURE LAST
                VALUE   (LST)  VALUE       VALUE  FROM      YEAR
                                                  NORMAL
..................................................................
TEMPERATURE (F)
 YESTERDAY
  MAXIMUM         88    428 PM 104    1897  82      6       87
  MINIMUM         60   1151 PM  37    1916  50     10       54
  AVERAGE         74                        66      8       71

PRECIPITATION (IN)
  YESTERDAY        0.00          0.65 1968   0.02  -0.02     0.00
  MONTH TO DATE    0.01                      0.29  -0.28     0.17
  SINCE OCT 1     27.47                     38.07 -10.60    31.71
  SINCE JAN 1     22.51                     22.04   0.47    10.57

DEGREE DAYS
 HEATING
  YESTERDAY        0                         1     -1        0
  MONTH TO DATE    0                        19    -19        3
  SINCE JUL 1      4                        63    -59       14

 COOLING
  YESTERDAY        9                         3      6        6
  MONTH TO DATE  150                        57     93      100
  SINCE JAN 1    390                       157    233      286
..................................................................


WIND (MPH)
  HIGHEST WIND SPEED    17   HIGHEST WIND DIRECTION    NW (320)
  HIGHEST GUST SPEED    30   HIGHEST GUST DIRECTION     N (360)
  AVERAGE WIND SPEED     6.2


SKY COVER
  POSSIBLE SUNSHINE  MM
  AVERAGE SKY COVER 0.0


WEATHER CONDITIONS
 THE FOLLOWING WEATHER WAS RECORDED YESTERDAY.
  NO SIGNIFICANT WEATHER WAS OBSERVED.


RELATIVE HUMIDITY (PERCENT)
 HIGHEST    78           300 AM
 LOWEST     37           200 PM
 AVERAGE    58

..........................................................


THE MCMINNVILLE OR CLIMATE NORMALS FOR TODAY
                         NORMAL    RECORD    YEAR
 MAXIMUM TEMPERATURE (F)   82       101      1951
 MINIMUM TEMPERATURE (F)   50        34      1899


SUNRISE AND SUNSET
AUGUST 20 2014........SUNRISE   520 AM PST   SUNSET   711 PM PST
AUGUST 21 2014........SUNRISE   521 AM PST   SUNSET   709 PM PST


-  INDICATES NEGATIVE NUMBERS.
R  INDICATES RECORD WAS SET OR TIED.
MM INDICATES DATA IS MISSING.
T  INDICATES TRACE AMOUNT.




$$
