000
CDUS46 KPQR 210228
CLIMMV


CLIMATE REPORT
NATIONAL WEATHER SERVICE PORTLAND OREGON
628 PM PST TUE FEB 20 2018


...................................

...THE MCMINNVILLE OR CLIMATE SUMMARY FOR FEBRUARY 20 2018...
VALID TODAY AS OF 0600 PM LOCAL TIME.

CLIMATE NORMAL PERIOD 1981 TO 2010
CLIMATE RECORD PERIOD 1894 TO 2018


WEATHER ITEM   OBSERVED TIME   RECORD YEAR NORMAL DEPARTURE LAST
                VALUE   (LST)  VALUE       VALUE  FROM      YEAR
                                                  NORMAL
..................................................................
TEMPERATURE (F)
 TODAY
  MAXIMUM         39    532 PM  65    1954  51    -12       51
  MINIMUM         28    145 AM  21    1955  35     -7       42
  AVERAGE         34                        43     -9       47

PRECIPITATION (IN)
  TODAY            0.05                      0.13  -0.08     0.80
  MONTH TO DATE    0.88                      3.23  -2.35    10.57
  SINCE OCT 1     22.69                     25.36  -2.67    38.06
  SINCE JAN 1      7.15                      9.33  -2.18    14.25

DEGREE DAYS
 HEATING
  TODAY           31                                        18
  MONTH TO DATE  416                                       418
  SINCE DEC 1   1771                                      2196
  SINCE JUL 1   2744                                      3098

 COOLING
  TODAY            0                                         0
  MONTH TO DATE    0                                         0
  SINCE DEC 1      0                                         0
  SINCE JAN 1      0                                         0
..................................................................


WIND (MPH)
  HIGHEST WIND SPEED    16   HIGHEST WIND DIRECTION     S (170)
  HIGHEST GUST SPEED    21   HIGHEST GUST DIRECTION     S (180)
  AVERAGE WIND SPEED     3.5


SKY COVER
  POSSIBLE SUNSHINE  MM
  AVERAGE SKY COVER 0.9


WEATHER CONDITIONS
 THE FOLLOWING WEATHER WAS RECORDED TODAY.
  LIGHT RAIN
  LIGHT SNOW
  FOG


RELATIVE HUMIDITY (PERCENT)
 HIGHEST   100           200 AM
 LOWEST     79           100 PM
 AVERAGE    90

..........................................................


THE MCMINNVILLE OR CLIMATE NORMALS FOR TOMORROW
                         NORMAL    RECORD    YEAR
 MAXIMUM TEMPERATURE (F)   52        65      1923
 MINIMUM TEMPERATURE (F)   35        23      1955


SUNRISE AND SUNSET
FEBRUARY 20 2018......SUNRISE   706 AM PST   SUNSET   547 PM PST
FEBRUARY 21 2018......SUNRISE   704 AM PST   SUNSET   549 PM PST


-  INDICATES NEGATIVE NUMBERS.
R  INDICATES RECORD WAS SET OR TIED.
MM INDICATES DATA IS MISSING.
T  INDICATES TRACE AMOUNT.




$$
