465
CDUS46 KPQR 041143
CLIMMV


CLIMATE REPORT
NATIONAL WEATHER SERVICE PORTLAND OREGON
342 AM PST SUN DEC 4 2016


...................................

...THE MCMINNVILLE OR CLIMATE SUMMARY FOR DECEMBER 3 2016...

CLIMATE NORMAL PERIOD 1981 TO 2010
CLIMATE RECORD PERIOD 1894 TO 2016


WEATHER ITEM   OBSERVED TIME   RECORD YEAR NORMAL DEPARTURE LAST
                VALUE   (LST)  VALUE       VALUE  FROM      YEAR
                                                  NORMAL
..................................................................
TEMPERATURE (F)
 YESTERDAY
  MAXIMUM         53    310 PM  66    1918  47      6       57
  MINIMUM         38    342 AM  17    1969  36      2       41
  AVERAGE         46                        41      5       49

PRECIPITATION (IN)
  YESTERDAY        0.04          2.02 1987   0.20  -0.16     0.43
  MONTH TO DATE    0.12                      0.58  -0.46     1.77
  SINCE OCT 1     18.43                     10.52   7.91    11.49
  SINCE JAN 1     43.70                     34.23   9.47    29.59

DEGREE DAYS
 HEATING
  YESTERDAY       19                        24     -5       16
  MONTH TO DATE   64                        70     -6       66
  SINCE JUL 1    966                      1292   -326     1032

 COOLING
  YESTERDAY        0                         0      0        0
  MONTH TO DATE    0                         0      0        0
  SINCE JAN 1    363                       215    148      530
..................................................................


WIND (MPH)
  HIGHEST WIND SPEED    17   HIGHEST WIND DIRECTION    SW (210)
  HIGHEST GUST SPEED    21   HIGHEST GUST DIRECTION    SW (210)
  AVERAGE WIND SPEED     6.2


SKY COVER
  POSSIBLE SUNSHINE  MM
  AVERAGE SKY COVER 0.9


WEATHER CONDITIONS
 THE FOLLOWING WEATHER WAS RECORDED YESTERDAY.
  LIGHT RAIN
  FOG
  FOG W/VISIBILITY <= 1/4 MILE


RELATIVE HUMIDITY (PERCENT)
 HIGHEST   100          1000 AM
 LOWEST     71           300 PM
 AVERAGE    86

..........................................................


THE MCMINNVILLE OR CLIMATE NORMALS FOR TODAY
                         NORMAL    RECORD    YEAR
 MAXIMUM TEMPERATURE (F)   47        69      1950
 MINIMUM TEMPERATURE (F)   35        21      2009


SUNRISE AND SUNSET
DECEMBER  4 2016......SUNRISE   735 AM PST   SUNSET   431 PM PST
DECEMBER  5 2016......SUNRISE   736 AM PST   SUNSET   430 PM PST


-  INDICATES NEGATIVE NUMBERS.
R  INDICATES RECORD WAS SET OR TIED.
MM INDICATES DATA IS MISSING.
T  INDICATES TRACE AMOUNT.




$$
