025
CDUS46 KPQR 221149
CLIMMV


CLIMATE REPORT
NATIONAL WEATHER SERVICE PORTLAND OREGON
348 AM PST WED FEB 22 2017


...................................

...THE MCMINNVILLE OR CLIMATE SUMMARY FOR FEBRUARY 21 2017...

CLIMATE NORMAL PERIOD 1981 TO 2010
CLIMATE RECORD PERIOD 1894 TO 2017


WEATHER ITEM   OBSERVED TIME   RECORD YEAR NORMAL DEPARTURE LAST
                VALUE   (LST)  VALUE       VALUE  FROM      YEAR
                                                  NORMAL
..................................................................
TEMPERATURE (F)
 YESTERDAY
  MAXIMUM         48    228 PM  65    1923  52     -4       54
  MINIMUM         38   1108 PM  23    1955  35      3       34
  AVERAGE         43                        43      0       44

PRECIPITATION (IN)
  YESTERDAY        0.56          1.88 1948   0.14   0.42     0.10
  MONTH TO DATE   11.13                      3.37   7.76     3.12
  SINCE OCT 1     38.62                     25.50  13.12    36.70
  SINCE JAN 1     14.81                      9.47   5.34    11.63

DEGREE DAYS
 HEATING
  YESTERDAY       22                        22      0       21
  MONTH TO DATE  440                       476    -36      350
  SINCE JUL 1   3120                      3231   -111     2628

 COOLING
  YESTERDAY        0                         0      0        0
  MONTH TO DATE    0                         0      0        0
  SINCE JAN 1      0                         0      0        0
..................................................................


WIND (MPH)
  HIGHEST WIND SPEED    12   HIGHEST WIND DIRECTION     S (190)
  HIGHEST GUST SPEED    14   HIGHEST GUST DIRECTION    SW (210)
  AVERAGE WIND SPEED     5.2


SKY COVER
  POSSIBLE SUNSHINE  MM
  AVERAGE SKY COVER 0.8


WEATHER CONDITIONS
 THE FOLLOWING WEATHER WAS RECORDED YESTERDAY.
  HEAVY RAIN
  RAIN
  LIGHT RAIN
  FOG


RELATIVE HUMIDITY (PERCENT)
 HIGHEST    96           700 PM
 LOWEST     86           900 AM
 AVERAGE    91

..........................................................


THE MCMINNVILLE OR CLIMATE NORMALS FOR TODAY
                         NORMAL    RECORD    YEAR
 MAXIMUM TEMPERATURE (F)   52        66      1958
 MINIMUM TEMPERATURE (F)   35        23      1920


SUNRISE AND SUNSET
FEBRUARY 22 2017......SUNRISE   702 AM PST   SUNSET   551 PM PST
FEBRUARY 23 2017......SUNRISE   700 AM PST   SUNSET   552 PM PST


-  INDICATES NEGATIVE NUMBERS.
R  INDICATES RECORD WAS SET OR TIED.
MM INDICATES DATA IS MISSING.
T  INDICATES TRACE AMOUNT.




$$
