000
CDUS46 KPQR 301141
CLIMMV


CLIMATE REPORT
NATIONAL WEATHER SERVICE PORTLAND OREGON
440 AM PDT TUE SEP 30 2014


...................................

...THE MCMINNVILLE OR CLIMATE SUMMARY FOR SEPTEMBER 29 2014...

CLIMATE NORMAL PERIOD 1981 TO 2010
CLIMATE RECORD PERIOD 1894 TO 2014


WEATHER ITEM   OBSERVED TIME   RECORD YEAR NORMAL DEPARTURE LAST
                VALUE   (LST)  VALUE       VALUE  FROM      YEAR
                                                  NORMAL
..................................................................
TEMPERATURE (F)
 YESTERDAY
  MAXIMUM         66   1115 AM  92    2008  71     -5       57
                                      1993
  MINIMUM         49    647 AM  31    1961  44      5       52
  AVERAGE         58                        58      0       55

PRECIPITATION (IN)
  YESTERDAY        0.03          1.67 2013   0.06  -0.03     1.67
  MONTH TO DATE    1.08                      1.31  -0.23     5.58
  SINCE OCT 1     28.68                     39.67 -10.99    37.78
  SINCE JAN 1     23.72                     23.64   0.08    16.64

DEGREE DAYS
 HEATING
  YESTERDAY        7                         8     -1       10
  MONTH TO DATE   27                       122    -95      108
  SINCE JUL 1     33                       207   -174      125

 COOLING
  YESTERDAY        0                         0      0        0
  MONTH TO DATE   73                        31     42       68
  SINCE JAN 1    518                       215    303      405
..................................................................


WIND (MPH)
  HIGHEST WIND SPEED    12   HIGHEST WIND DIRECTION     W (250)
  HIGHEST GUST SPEED    14   HIGHEST GUST DIRECTION     W (250)
  AVERAGE WIND SPEED     5.0


SKY COVER
  POSSIBLE SUNSHINE  MM
  AVERAGE SKY COVER 0.5


WEATHER CONDITIONS
 THE FOLLOWING WEATHER WAS RECORDED YESTERDAY.
  LIGHT RAIN
  FOG


RELATIVE HUMIDITY (PERCENT)
 HIGHEST    96           200 AM
 LOWEST     67          1000 AM
 AVERAGE    82

..........................................................


THE MCMINNVILLE OR CLIMATE NORMALS FOR TODAY
                         NORMAL    RECORD    YEAR
 MAXIMUM TEMPERATURE (F)   70        90      1988
 MINIMUM TEMPERATURE (F)   44        30      1971


SUNRISE AND SUNSET
SEPTEMBER 30 2014.....SUNRISE   609 AM PST   SUNSET   555 PM PST
OCTOBER  1 2014.......SUNRISE   611 AM PST   SUNSET   553 PM PST


-  INDICATES NEGATIVE NUMBERS.
R  INDICATES RECORD WAS SET OR TIED.
MM INDICATES DATA IS MISSING.
T  INDICATES TRACE AMOUNT.




$$
