000
CDUS46 KPQR 251142
CLIMMV


CLIMATE REPORT
NATIONAL WEATHER SERVICE PORTLAND OREGON
441 AM PDT MON MAY 25 2015


...................................

...THE MCMINNVILLE OR CLIMATE SUMMARY FOR MAY 24 2015...

CLIMATE NORMAL PERIOD 1981 TO 2010
CLIMATE RECORD PERIOD 1894 TO 2015


WEATHER ITEM   OBSERVED TIME   RECORD YEAR NORMAL DEPARTURE LAST
                VALUE   (LST)  VALUE       VALUE  FROM      YEAR
                                                  NORMAL
..................................................................
TEMPERATURE (F)
 YESTERDAY
  MAXIMUM         70    440 PM  92    1992  69      1       71
  MINIMUM         51   1159 PM  31    1955  45      6       52
  AVERAGE         61                        57      4       62

PRECIPITATION (IN)
  YESTERDAY        0.00          0.77 1911   0.07  -0.07     0.00
  MONTH TO DATE    0.89                      1.73  -0.84     1.77
  SINCE OCT 1     31.77                     35.24  -3.47    25.76
  SINCE JAN 1     15.53                     19.21  -3.68    20.80

DEGREE DAYS
 HEATING
  YESTERDAY        4                         9     -5        3
  MONTH TO DATE  176                       248    -72      148
  SINCE JUL 1   3522                      4646  -1124     4467

 COOLING
  YESTERDAY        0                         0      0        0
  MONTH TO DATE    0                         0      0       16
  SINCE JAN 1      0                         0      0       20
..................................................................


WIND (MPH)
  HIGHEST WIND SPEED    14   HIGHEST WIND DIRECTION    SW (210)
  HIGHEST GUST SPEED    17   HIGHEST GUST DIRECTION    SW (220)
  AVERAGE WIND SPEED     4.1


SKY COVER
  POSSIBLE SUNSHINE  MM
  AVERAGE SKY COVER 0.8


WEATHER CONDITIONS
 THE FOLLOWING WEATHER WAS RECORDED YESTERDAY.
  NO SIGNIFICANT WEATHER WAS OBSERVED.


RELATIVE HUMIDITY (PERCENT)
 HIGHEST    89          1200 AM
 LOWEST     55           400 PM
 AVERAGE    72

..........................................................


THE MCMINNVILLE OR CLIMATE NORMALS FOR TODAY
                         NORMAL    RECORD    YEAR
 MAXIMUM TEMPERATURE (F)   69        96      1928
 MINIMUM TEMPERATURE (F)   45        31      1975


SUNRISE AND SUNSET
MAY 25 2015...........SUNRISE   433 AM PST   SUNSET   746 PM PST
MAY 26 2015...........SUNRISE   432 AM PST   SUNSET   747 PM PST


-  INDICATES NEGATIVE NUMBERS.
R  INDICATES RECORD WAS SET OR TIED.
MM INDICATES DATA IS MISSING.
T  INDICATES TRACE AMOUNT.




$$
