000
CDUS46 KPQR 301141
CLIMMV


CLIMATE REPORT
NATIONAL WEATHER SERVICE PORTLAND OREGON
440 AM PDT THU OCT 30 2014


...................................

...THE MCMINNVILLE OR CLIMATE SUMMARY FOR OCTOBER 29 2014...

CLIMATE NORMAL PERIOD 1981 TO 2010
CLIMATE RECORD PERIOD 1894 TO 2014


WEATHER ITEM   OBSERVED TIME   RECORD YEAR NORMAL DEPARTURE LAST
                VALUE   (LST)  VALUE       VALUE  FROM      YEAR
                                                  NORMAL
..................................................................
TEMPERATURE (F)
 YESTERDAY
  MAXIMUM         62    316 PM  73    1931  57      5       61
  MINIMUM         55    638 AM  24    1970  39     16       28
  AVERAGE         59                        48     11       45

PRECIPITATION (IN)
  YESTERDAY        0.24          1.25 1997   0.13   0.11     0.00
  MONTH TO DATE    5.88                      2.87   3.01     0.73
  SINCE OCT 1      5.88                      2.87   3.01     0.73
  SINCE JAN 1     29.66                     26.58   3.08    17.98

DEGREE DAYS
 HEATING
  YESTERDAY        6                        17    -11       20
  MONTH TO DATE  171                       372   -201      377
  SINCE JUL 1    211                       588   -377      512

 COOLING
  YESTERDAY        0                         0      0        0
  MONTH TO DATE   11                         0     11        0
  SINCE JAN 1    529                       214    315      405
..................................................................


WIND (MPH)
  HIGHEST WIND SPEED    14   HIGHEST WIND DIRECTION     S (200)
  HIGHEST GUST SPEED    19   HIGHEST GUST DIRECTION     S (190)
  AVERAGE WIND SPEED     3.7


SKY COVER
  POSSIBLE SUNSHINE  MM
  AVERAGE SKY COVER 0.8


WEATHER CONDITIONS
 THE FOLLOWING WEATHER WAS RECORDED YESTERDAY.
  RAIN
  LIGHT RAIN
  FOG


RELATIVE HUMIDITY (PERCENT)
 HIGHEST   100           800 AM
 LOWEST     78           200 PM
 AVERAGE    89

..........................................................


THE MCMINNVILLE OR CLIMATE NORMALS FOR TODAY
                         NORMAL    RECORD    YEAR
 MAXIMUM TEMPERATURE (F)   57        79      1931
 MINIMUM TEMPERATURE (F)   39        23      1972


SUNRISE AND SUNSET
OCTOBER 30 2014.......SUNRISE   649 AM PST   SUNSET   503 PM PST
OCTOBER 31 2014.......SUNRISE   650 AM PST   SUNSET   501 PM PST


-  INDICATES NEGATIVE NUMBERS.
R  INDICATES RECORD WAS SET OR TIED.
MM INDICATES DATA IS MISSING.
T  INDICATES TRACE AMOUNT.




$$
