000
CDUS46 KPQR 221141
CLIMMV


CLIMATE REPORT
NATIONAL WEATHER SERVICE PORTLAND OREGON
340 AM PST MON DEC 22 2014


...................................

...THE MCMINNVILLE OR CLIMATE SUMMARY FOR DECEMBER 21 2014...

CLIMATE NORMAL PERIOD 1981 TO 2010
CLIMATE RECORD PERIOD 1894 TO 2014


WEATHER ITEM   OBSERVED TIME   RECORD YEAR NORMAL DEPARTURE LAST
                VALUE   (LST)  VALUE       VALUE  FROM      YEAR
                                                  NORMAL
..................................................................
TEMPERATURE (F)
 YESTERDAY
  MAXIMUM         58    128 AM  62    1918  45     13       54
  MINIMUM         51   1138 PM  11    1914  33     18       46
  AVERAGE         55                        39     16       50

PRECIPITATION (IN)
  YESTERDAY        0.06          3.14 1915   0.21  -0.15      T
  MONTH TO DATE    5.00                      4.17   0.83     1.25
  SINCE OCT 1     15.20                     14.11   1.09     4.89
  SINCE JAN 1     38.98                     37.82   1.16    22.14

DEGREE DAYS
 HEATING
  YESTERDAY       10                        26    -16       15
  MONTH TO DATE  373                       524   -151      650
  SINCE JUL 1   1160                      1746   -586     1778

 COOLING
  YESTERDAY        0                         0      0        0
  MONTH TO DATE    0                         0      0        0
  SINCE JAN 1    529                       215    314      405
..................................................................


WIND (MPH)
  HIGHEST WIND SPEED    22   HIGHEST WIND DIRECTION     W (250)
  HIGHEST GUST SPEED    33   HIGHEST GUST DIRECTION    SW (240)
  AVERAGE WIND SPEED    10.6


SKY COVER
  POSSIBLE SUNSHINE  MM
  AVERAGE SKY COVER 0.9


WEATHER CONDITIONS
 THE FOLLOWING WEATHER WAS RECORDED YESTERDAY.
  LIGHT RAIN


RELATIVE HUMIDITY (PERCENT)
 HIGHEST    93           500 AM
 LOWEST     83           800 AM
 AVERAGE    88

..........................................................


THE MCMINNVILLE OR CLIMATE NORMALS FOR TODAY
                         NORMAL    RECORD    YEAR
 MAXIMUM TEMPERATURE (F)   45        61      1955
 MINIMUM TEMPERATURE (F)   33        13      1983


SUNRISE AND SUNSET
DECEMBER 22 2014......SUNRISE   749 AM PST   SUNSET   434 PM PST
DECEMBER 23 2014......SUNRISE   749 AM PST   SUNSET   434 PM PST


-  INDICATES NEGATIVE NUMBERS.
R  INDICATES RECORD WAS SET OR TIED.
MM INDICATES DATA IS MISSING.
T  INDICATES TRACE AMOUNT.




$$
