469
CDUS46 KPQR 221146
CLIMMV


CLIMATE REPORT
NATIONAL WEATHER SERVICE PORTLAND OREGON
446 AM PDT FRI JUL 22 2016


...................................

...THE MCMINNVILLE OR CLIMATE SUMMARY FOR JULY 21 2016...

CLIMATE NORMAL PERIOD 1981 TO 2010
CLIMATE RECORD PERIOD 1894 TO 2016


WEATHER ITEM   OBSERVED TIME   RECORD YEAR NORMAL DEPARTURE LAST
                VALUE   (LST)  VALUE       VALUE  FROM      YEAR
                                                  NORMAL
..................................................................
TEMPERATURE (F)
 YESTERDAY
  MAXIMUM         82    135 PM 108    1938  83     -1       80
  MINIMUM         54    445 AM  39    1984  51      3       54
  AVERAGE         68                        67      1       67

PRECIPITATION (IN)
  YESTERDAY        0.00          0.50 1899   0.01  -0.01     0.00
  MONTH TO DATE    0.35                      0.41  -0.06      T
  SINCE OCT 1     49.54                     37.69  11.85    32.44
  SINCE JAN 1     24.47                     21.66   2.81    16.20

DEGREE DAYS
 HEATING
  YESTERDAY        0                         1     -1        0
  MONTH TO DATE   17                        35    -18        0
  SINCE JUL 1     17                        35    -18        0

 COOLING
  YESTERDAY        3                         3      0        2
  MONTH TO DATE   28                        47    -19      160
  SINCE JAN 1    119                        69     50      290
..................................................................


WIND (MPH)
  HIGHEST WIND SPEED    23   HIGHEST WIND DIRECTION    SW (230)
  HIGHEST GUST SPEED    30   HIGHEST GUST DIRECTION    SW (230)
  AVERAGE WIND SPEED     8.2


SKY COVER
  POSSIBLE SUNSHINE  MM
  AVERAGE SKY COVER 0.2


WEATHER CONDITIONS
 THE FOLLOWING WEATHER WAS RECORDED YESTERDAY.
  NO SIGNIFICANT WEATHER WAS OBSERVED.


RELATIVE HUMIDITY (PERCENT)
 HIGHEST    86           300 AM
 LOWEST     45           200 PM
 AVERAGE    66

..........................................................


THE MCMINNVILLE OR CLIMATE NORMALS FOR TODAY
                         NORMAL    RECORD    YEAR
 MAXIMUM TEMPERATURE (F)   83       102      1928
 MINIMUM TEMPERATURE (F)   52        36      1960


SUNRISE AND SUNSET
JULY 22 2016..........SUNRISE   447 AM PST   SUNSET   750 PM PST
JULY 23 2016..........SUNRISE   448 AM PST   SUNSET   749 PM PST


-  INDICATES NEGATIVE NUMBERS.
R  INDICATES RECORD WAS SET OR TIED.
MM INDICATES DATA IS MISSING.
T  INDICATES TRACE AMOUNT.




$$
