000
CDUS46 KPQR 281141
CLIMMV


CLIMATE REPORT
NATIONAL WEATHER SERVICE PORTLAND OREGON
441 AM PDT SAT MAR 28 2015


...................................

...THE MCMINNVILLE OR CLIMATE SUMMARY FOR MARCH 27 2015...

CLIMATE NORMAL PERIOD 1981 TO 2010
CLIMATE RECORD PERIOD 1894 TO 2015


WEATHER ITEM   OBSERVED TIME   RECORD YEAR NORMAL DEPARTURE LAST
                VALUE   (LST)  VALUE       VALUE  FROM      YEAR
                                                  NORMAL
..................................................................
TEMPERATURE (F)
 YESTERDAY
  MAXIMUM         66    228 PM  86    1923  58      8       58
  MINIMUM         43    352 AM  23    1920  38      5       45
  AVERAGE         55                        48      7       52

PRECIPITATION (IN)
  YESTERDAY        0.01          1.52 1936   0.12  -0.11     0.44
  MONTH TO DATE    3.70                      3.56   0.14     5.04
  SINCE OCT 1     29.22                     30.13  -0.91    18.27
  SINCE JAN 1     12.98                     14.10  -1.12    13.31

DEGREE DAYS
 HEATING
  YESTERDAY       10                        17     -7       13
  MONTH TO DATE  382                       505   -123      439
  SINCE JUL 1   2859                      3884  -1025     3864

 COOLING
  YESTERDAY        0                         0      0        0
  MONTH TO DATE    0                         0      0        0
  SINCE JAN 1      0                         0      0        0
..................................................................


WIND (MPH)
  HIGHEST WIND SPEED    20   HIGHEST WIND DIRECTION     W (260)
  HIGHEST GUST SPEED    24   HIGHEST GUST DIRECTION     W (250)
  AVERAGE WIND SPEED     6.6


SKY COVER
  POSSIBLE SUNSHINE  MM
  AVERAGE SKY COVER 0.6


WEATHER CONDITIONS
 THE FOLLOWING WEATHER WAS RECORDED YESTERDAY.
  LIGHT RAIN
  FOG
  FOG W/VISIBILITY <= 1/4 MILE


RELATIVE HUMIDITY (PERCENT)
 HIGHEST   100           100 AM
 LOWEST     67           300 PM
 AVERAGE    84

..........................................................


THE MCMINNVILLE OR CLIMATE NORMALS FOR TODAY
                         NORMAL    RECORD    YEAR
 MAXIMUM TEMPERATURE (F)   58        87      1923
 MINIMUM TEMPERATURE (F)   38        26      1949


SUNRISE AND SUNSET
MARCH 28 2015.........SUNRISE   601 AM PST   SUNSET   635 PM PST
MARCH 29 2015.........SUNRISE   559 AM PST   SUNSET   636 PM PST


-  INDICATES NEGATIVE NUMBERS.
R  INDICATES RECORD WAS SET OR TIED.
MM INDICATES DATA IS MISSING.
T  INDICATES TRACE AMOUNT.




$$
