000
CDUS44 KMOB 230637
CLIMOB


CLIMATE REPORT
NATIONAL WEATHER SERVICE MOBILE AL
126 AM CDT WED JUL 23 2014


...................................

...THE MOBILE CLIMATE SUMMARY FOR JULY 22 2014...

CLIMATE NORMAL PERIOD 1981 TO 2010
CLIMATE RECORD PERIOD 1842 TO 2014


WEATHER ITEM   OBSERVED TIME   RECORD YEAR NORMAL DEPARTURE LAST
                VALUE   (LST)  VALUE       VALUE  FROM      YEAR
                                                  NORMAL
..................................................................
TEMPERATURE (F)
 YESTERDAY
  MAXIMUM         88   1116 AM  98    1907  91     -3       87
  MINIMUM         68   1255 PM  67    1956  73     -5       73
                                      1950
                                      1947
  AVERAGE         78                        82     -4       80

PRECIPITATION (IN)
  YESTERDAY        1.42          4.63 1873   0.23   1.19     0.72
  MONTH TO DATE    6.58                      5.12   1.46     8.47
  SINCE MAR 1     46.11                     27.30  18.81    26.94
  SINCE JAN 1     53.23                     38.07  15.16    41.12

DEGREE DAYS
 COOLING
  YESTERDAY       13                        17     -4       15
  MONTH TO DATE  328                       372    -44      329
  SINCE JUN 1    738                       816    -78      815
  SINCE JAN 1   1076                      1261   -185     1179
..................................................................


WIND (MPH)
  HIGHEST WIND SPEED    38   HIGHEST WIND DIRECTION    SE (140)
  HIGHEST GUST SPEED    46   HIGHEST GUST DIRECTION    SE (120)
  AVERAGE WIND SPEED     4.0


SKY COVER
  POSSIBLE SUNSHINE  MM
  AVERAGE SKY COVER 0.6


WEATHER CONDITIONS
 THE FOLLOWING WEATHER WAS RECORDED YESTERDAY.
  THUNDERSTORM
  HEAVY RAIN
  RAIN
  LIGHT RAIN
  FOG
  FOG W/VISIBILITY <= 1/4 MILE
  HAZE


RELATIVE HUMIDITY (PERCENT)
 HIGHEST   100          1200 AM
 LOWEST     63          1100 AM
 AVERAGE    82

..........................................................


THE MOBILE CLIMATE NORMALS FOR TODAY
                         NORMAL    RECORD    YEAR
 MAXIMUM TEMPERATURE (F)   91       100      1976
                                             1924
 MINIMUM TEMPERATURE (F)   73        62      1947


SUNRISE AND SUNSET
JULY 23 2014..........SUNRISE   605 AM CDT   SUNSET   753 PM CDT
JULY 24 2014..........SUNRISE   606 AM CDT   SUNSET   753 PM CDT


-  INDICATES NEGATIVE NUMBERS.
R  INDICATES RECORD WAS SET OR TIED.
MM INDICATES DATA IS MISSING.
T  INDICATES TRACE AMOUNT.




$$
