000
CDUS44 KMOB 140710
CLIMOB


CLIMATE REPORT
NATIONAL WEATHER SERVICE MOBILE AL
109 AM CST SUN FEB 14 2016


...................................

...THE MOBILE CLIMATE SUMMARY FOR FEBRUARY 13 2016...

CLIMATE NORMAL PERIOD 1981 TO 2010
CLIMATE RECORD PERIOD 1842 TO 2016


WEATHER ITEM   OBSERVED TIME   RECORD YEAR NORMAL DEPARTURE LAST
                VALUE   (LST)  VALUE       VALUE  FROM      YEAR
                                                  NORMAL
..................................................................
TEMPERATURE (F)
 YESTERDAY
  MAXIMUM         60    339 PM  84    1962  64     -4       52
  MINIMUM         39   1159 PM  -1    1899  43     -4       27
  AVERAGE         50                        53     -3       40

PRECIPITATION (IN)
  YESTERDAY        0.00          3.97 1927   0.18  -0.18     0.00
  MONTH TO DATE    1.18                      2.37  -1.19     0.96
  SINCE MAR 1     82.79                     63.40  19.39    70.44
  SINCE JAN 1      7.47                      8.02  -0.55     4.85

SNOWFALL (IN)
  YESTERDAY        0.0          MM      MM   0.0    0.0      0.0
  MONTH TO DATE    0.0                       0.1   -0.1      0.0
  SINCE MAR 1      0.0                       0.2   -0.2       T
  SINCE JUL 1      0.0                       0.1   -0.1       T
  SNOW DEPTH       0

DEGREE DAYS
 HEATING
  YESTERDAY       15                        12      3       25
  MONTH TO DATE  172                       169      3      211
  SINCE DEC 1    835                      1032   -197     1034
  SINCE JUL 1    961                      1290   -329     1427

 COOLING
  YESTERDAY        0                         0      0        0
  MONTH TO DATE    8                         0      8        0
  SINCE DEC 1     79                        22     57        6
  SINCE JAN 1      8                         7      1        3
..................................................................


WIND (MPH)
  HIGHEST WIND SPEED    20   HIGHEST WIND DIRECTION     N (10)
  HIGHEST GUST SPEED    26   HIGHEST GUST DIRECTION     N (20)
  AVERAGE WIND SPEED    10.3


SKY COVER
  POSSIBLE SUNSHINE  MM
  AVERAGE SKY COVER 0.1


WEATHER CONDITIONS
 THE FOLLOWING WEATHER WAS RECORDED YESTERDAY.
  NO SIGNIFICANT WEATHER WAS OBSERVED.


RELATIVE HUMIDITY (PERCENT)
 HIGHEST    58           500 AM
 LOWEST     23           400 PM
 AVERAGE    41

..........................................................


THE MOBILE CLIMATE NORMALS FOR TODAY
                         NORMAL    RECORD    YEAR
 MAXIMUM TEMPERATURE (F)   64        80      1989
 MINIMUM TEMPERATURE (F)   43        15      1905


SUNRISE AND SUNSET
FEBRUARY 14 2016......SUNRISE   635 AM CST   SUNSET   540 PM CST
FEBRUARY 15 2016......SUNRISE   634 AM CST   SUNSET   541 PM CST


-  INDICATES NEGATIVE NUMBERS.
R  INDICATES RECORD WAS SET OR TIED.
MM INDICATES DATA IS MISSING.
T  INDICATES TRACE AMOUNT.




$$
