000
CDUS44 KMOB 220645
CLIMOB


CLIMATE REPORT
NATIONAL WEATHER SERVICE MOBILE AL
145 AM CDT SAT JUL 22 2017


...................................

...THE MOBILE CLIMATE SUMMARY FOR JULY 21 2017...

CLIMATE NORMAL PERIOD 1981 TO 2010
CLIMATE RECORD PERIOD 1842 TO 2017


WEATHER ITEM   OBSERVED TIME   RECORD YEAR NORMAL DEPARTURE LAST
                VALUE   (LST)  VALUE       VALUE  FROM      YEAR
                                                  NORMAL
..................................................................
TEMPERATURE (F)
 YESTERDAY
  MAXIMUM         95    129 PM  98    1942  91      4       95
                                      1907
  MINIMUM         76   1159 PM  67    1939  73      3       74
  AVERAGE         86                        82      4       85

PRECIPITATION (IN)
  YESTERDAY        0.00          4.68 1946   0.23  -0.23     1.56
  MONTH TO DATE    1.41                      4.89  -3.48     5.10
  SINCE MAR 1     35.55                     27.07   8.48    31.28
  SINCE JAN 1     47.76                     37.84   9.92    40.73

DEGREE DAYS
 COOLING
  YESTERDAY       21                        17      4       20
  MONTH TO DATE  371                       355     16      385
  SINCE JUN 1    790                       799     -9      865
  SINCE JAN 1   1391                      1244    147     1324
..................................................................


WIND (MPH)
  HIGHEST WIND SPEED    17   HIGHEST WIND DIRECTION    SE (150)
  HIGHEST GUST SPEED    22   HIGHEST GUST DIRECTION    SE (130)
  AVERAGE WIND SPEED     3.5


SKY COVER
  POSSIBLE SUNSHINE  MM
  AVERAGE SKY COVER 0.5


WEATHER CONDITIONS
 THE FOLLOWING WEATHER WAS RECORDED YESTERDAY.
  THUNDERSTORM
  FOG


RELATIVE HUMIDITY (PERCENT)
 HIGHEST    91           100 AM
 LOWEST     49          1200 PM
 AVERAGE    70

..........................................................


THE MOBILE CLIMATE NORMALS FOR TODAY
                         NORMAL    RECORD    YEAR
 MAXIMUM TEMPERATURE (F)   91        98      1907
 MINIMUM TEMPERATURE (F)   73        67      1956
                                             1950
                                             1947


SUNRISE AND SUNSET
JULY 22 2017..........SUNRISE   605 AM CDT   SUNSET   754 PM CDT
JULY 23 2017..........SUNRISE   605 AM CDT   SUNSET   753 PM CDT


-  INDICATES NEGATIVE NUMBERS.
R  INDICATES RECORD WAS SET OR TIED.
MM INDICATES DATA IS MISSING.
T  INDICATES TRACE AMOUNT.




$$
