000
CDUS44 KMOB 040630
CLIMOB


CLIMATE REPORT
NATIONAL WEATHER SERVICE MOBILE AL
129 AM CDT TUE AUG 4 2015


...................................

...THE MOBILE CLIMATE SUMMARY FOR AUGUST 3 2015...

CLIMATE NORMAL PERIOD 1981 TO 2010
CLIMATE RECORD PERIOD 1842 TO 2015


WEATHER ITEM   OBSERVED TIME   RECORD YEAR NORMAL DEPARTURE LAST
                VALUE   (LST)  VALUE       VALUE  FROM      YEAR
                                                  NORMAL
..................................................................
TEMPERATURE (F)
 YESTERDAY
  MAXIMUM         96    222 PM 101    1897  91      5       88
  MINIMUM         74    542 AM  68    1965  73      1       73
                                      1890
  AVERAGE         85                        82      3       81

PRECIPITATION (IN)
  YESTERDAY        0.00          6.20 1881   0.26  -0.26      T
  MONTH TO DATE    0.00                      0.79  -0.79      T
  SINCE MAR 1     37.81                     30.22   7.59    47.45
  SINCE JAN 1     43.86                     40.99   2.87    54.57

DEGREE DAYS
 COOLING
  YESTERDAY       20                        17      3       16
  MONTH TO DATE   57                        51      6       44
  SINCE JUN 1   1113                      1017     96      917
  SINCE JAN 1   1713                      1462    251     1255
..................................................................


WIND (MPH)
  HIGHEST WIND SPEED    17   HIGHEST WIND DIRECTION     S (190)
  HIGHEST GUST SPEED    22   HIGHEST GUST DIRECTION    SW (210)
  AVERAGE WIND SPEED     5.0


SKY COVER
  POSSIBLE SUNSHINE  MM
  AVERAGE SKY COVER 0.3


WEATHER CONDITIONS
 THE FOLLOWING WEATHER WAS RECORDED YESTERDAY.
  FOG


RELATIVE HUMIDITY (PERCENT)
 HIGHEST   100           500 AM
 LOWEST     31          1200 PM
 AVERAGE    66

..........................................................


THE MOBILE CLIMATE NORMALS FOR TODAY
                         NORMAL    RECORD    YEAR
 MAXIMUM TEMPERATURE (F)   91        98      2011
                                             1951
 MINIMUM TEMPERATURE (F)   73        68      1998
                                             1969
                                             1892


SUNRISE AND SUNSET
AUGUST  4 2015........SUNRISE   613 AM CDT   SUNSET   745 PM CDT
AUGUST  5 2015........SUNRISE   613 AM CDT   SUNSET   744 PM CDT


-  INDICATES NEGATIVE NUMBERS.
R  INDICATES RECORD WAS SET OR TIED.
MM INDICATES DATA IS MISSING.
T  INDICATES TRACE AMOUNT.




$$
