000
CDUS44 KMOB 062243
CLIMOB


CLIMATE REPORT
NATIONAL WEATHER SERVICE MOBILE AL
540 PM CDT FRI MAY 6 2016


...................................

...THE MOBILE CLIMATE SUMMARY FOR MAY 6 2016...
VALID TODAY AS OF 0500 PM LOCAL TIME.

CLIMATE NORMAL PERIOD 1981 TO 2010
CLIMATE RECORD PERIOD 1842 TO 2016


WEATHER ITEM   OBSERVED TIME   RECORD YEAR NORMAL DEPARTURE LAST
                VALUE   (LST)  VALUE       VALUE  FROM      YEAR
                                                  NORMAL
..................................................................
TEMPERATURE (F)
 TODAY
  MAXIMUM         76    350 PM  94    1952  82     -6       84
  MINIMUM         51    514 AM  45    2013  61    -10       61
  AVERAGE         64                        72     -8       73

PRECIPITATION (IN)
  TODAY            0.00          2.82 1873   0.17  -0.17     0.00
  MONTH TO DATE    0.11                      0.94  -0.83     0.00
  SINCE MAR 1     16.16                     11.87   4.29    17.86
  SINCE JAN 1     25.61                     22.64   2.97    23.91

DEGREE DAYS
 COOLING
  TODAY            0                         7     -7        8
  MONTH TO DATE   29                        38     -9       26
  SINCE MAR 1    201                       181     20      301
  SINCE JAN 1    215                       197     18      305
..................................................................


WIND (MPH)
  HIGHEST WIND SPEED    15   HIGHEST WIND DIRECTION     N (350)
  HIGHEST GUST SPEED    20   HIGHEST GUST DIRECTION    NE (30)
  AVERAGE WIND SPEED     8.3


SKY COVER
  POSSIBLE SUNSHINE  MM
  AVERAGE SKY COVER 0.1


WEATHER CONDITIONS
 THE FOLLOWING WEATHER WAS RECORDED TODAY.
  NO SIGNIFICANT WEATHER WAS OBSERVED.


RELATIVE HUMIDITY (PERCENT)
 HIGHEST    77           500 AM
 LOWEST     36           400 PM
 AVERAGE    57

..........................................................


THE MOBILE CLIMATE NORMALS FOR TOMORROW
                         NORMAL    RECORD    YEAR
 MAXIMUM TEMPERATURE (F)   83        93      1952
 MINIMUM TEMPERATURE (F)   61        45      1992


SUNRISE AND SUNSET
MAY  6 2016...........SUNRISE   604 AM CDT   SUNSET   735 PM CDT
MAY  7 2016...........SUNRISE   604 AM CDT   SUNSET   736 PM CDT


-  INDICATES NEGATIVE NUMBERS.
R  INDICATES RECORD WAS SET OR TIED.
MM INDICATES DATA IS MISSING.
T  INDICATES TRACE AMOUNT.




$$
