000
CDUS44 KMOB 200645
CLIMOB


CLIMATE REPORT
NATIONAL WEATHER SERVICE MOBILE AL
1245 AM CST MON FEB 20 2017


...................................

...THE MOBILE CLIMATE SUMMARY FOR FEBRUARY 19 2017...

CLIMATE NORMAL PERIOD 1981 TO 2010
CLIMATE RECORD PERIOD 1842 TO 2017


WEATHER ITEM   OBSERVED TIME   RECORD YEAR NORMAL DEPARTURE LAST
                VALUE   (LST)  VALUE       VALUE  FROM      YEAR
                                                  NORMAL
..................................................................
TEMPERATURE (F)
 YESTERDAY
  MAXIMUM         83R   307 PM  80    2011  65     18       71
  MINIMUM         50    541 AM  25    2015  44      6       45
                                      1958
  AVERAGE         67                        55     12       58

PRECIPITATION (IN)
  YESTERDAY        0.00          2.57 1875   0.19  -0.19     0.00
  MONTH TO DATE    0.85                      3.46  -2.61     2.66
  SINCE MAR 1     64.92                     64.49   0.43    84.27
  SINCE JAN 1     11.78                      9.11   2.67     8.95

SNOWFALL (IN)
  YESTERDAY        0.0          MM      MM   0.0    0.0      0.0
  MONTH TO DATE    0.0                       0.1   -0.1      0.0
  SINCE MAR 1      0.0                       0.2   -0.2      0.0
  SINCE JUL 1      0.0                       0.1   -0.1      0.0
  SNOW DEPTH       0

DEGREE DAYS
 HEATING
  YESTERDAY        0                        11    -11        7
  MONTH TO DATE  104                       236   -132      232
  SINCE DEC 1    618                      1099   -481      895
  SINCE JUL 1    752                      1357   -605     1021

 COOLING
  YESTERDAY        2                         0      2        0
  MONTH TO DATE   17                         0     17        8
  SINCE DEC 1    104                        22     82       79
  SINCE JAN 1     63                         7     56        8
..................................................................


WIND (MPH)
  HIGHEST WIND SPEED    12   HIGHEST WIND DIRECTION     S (190)
  HIGHEST GUST SPEED    14   HIGHEST GUST DIRECTION     S (180)
  AVERAGE WIND SPEED     3.2


SKY COVER
  POSSIBLE SUNSHINE  MM
  AVERAGE SKY COVER 0.4


WEATHER CONDITIONS
 THE FOLLOWING WEATHER WAS RECORDED YESTERDAY.
  FOG
  FOG W/VISIBILITY <= 1/4 MILE
  HAZE


RELATIVE HUMIDITY (PERCENT)
 HIGHEST   100           500 AM
 LOWEST     31           400 PM
 AVERAGE    66

..........................................................


THE MOBILE CLIMATE NORMALS FOR TODAY
                         NORMAL    RECORD    YEAR
 MAXIMUM TEMPERATURE (F)   66        79      1981
 MINIMUM TEMPERATURE (F)   44        26      2015
                                             1958


SUNRISE AND SUNSET
FEBRUARY 20 2017......SUNRISE   629 AM CST   SUNSET   545 PM CST
FEBRUARY 21 2017......SUNRISE   628 AM CST   SUNSET   546 PM CST


-  INDICATES NEGATIVE NUMBERS.
R  INDICATES RECORD WAS SET OR TIED.
MM INDICATES DATA IS MISSING.
T  INDICATES TRACE AMOUNT.




$$
