000
CDUS44 KMOB 172242
CLIMOB


CLIMATE REPORT
NATIONAL WEATHER SERVICE MOBILE AL
540 PM CDT THU APR 17 2014


...................................

...THE MOBILE CLIMATE SUMMARY FOR APRIL 17 2014...
VALID TODAY AS OF 0500 PM LOCAL TIME.

CLIMATE NORMAL PERIOD 1981 TO 2010
CLIMATE RECORD PERIOD 1842 TO 2014


WEATHER ITEM   OBSERVED TIME   RECORD YEAR NORMAL DEPARTURE LAST
                VALUE   (LST)  VALUE       VALUE  FROM      YEAR
                                                  NORMAL
..................................................................
TEMPERATURE (F)
 TODAY
  MAXIMUM         71    144 PM  89    2006  78     -7       82
  MINIMUM         44    120 AM  42    1983  56    -12       67
                                      1962
                                      1949
  AVERAGE         58                        67     -9       75

PRECIPITATION (IN)
  TODAY            0.00          2.12 1912   0.16  -0.16     0.00
  MONTH TO DATE    5.40                      2.84   2.56     3.81
  SINCE MAR 1     11.90                      8.98   2.92     4.61
  SINCE JAN 1     19.02                     19.75  -0.73    18.79

DEGREE DAYS
 HEATING
  TODAY            7                         2      5        0
  MONTH TO DATE   59                        48     11       39
  SINCE MAR 1    335                       237     98      349
  SINCE JUL 1   2038                      1679    359     1525

 COOLING
  TODAY            0                         3     -3       10
  MONTH TO DATE   30                        44    -14       51
  SINCE MAR 1     31                        83    -52       68
  SINCE JAN 1     43                        99    -56       95
..................................................................


WIND (MPH)
  HIGHEST WIND SPEED    15   HIGHEST WIND DIRECTION     E (100)
  HIGHEST GUST SPEED    19   HIGHEST GUST DIRECTION     E (80)
  AVERAGE WIND SPEED     8.0


SKY COVER
  POSSIBLE SUNSHINE  MM
  AVERAGE SKY COVER 0.8


WEATHER CONDITIONS
 THE FOLLOWING WEATHER WAS RECORDED TODAY.
  NO SIGNIFICANT WEATHER WAS OBSERVED.


RELATIVE HUMIDITY (PERCENT)
 HIGHEST   100          1200 AM
 LOWEST     57           100 PM
 AVERAGE    79

..........................................................


THE MOBILE CLIMATE NORMALS FOR TOMORROW
                         NORMAL    RECORD    YEAR
 MAXIMUM TEMPERATURE (F)   78        90      2006
 MINIMUM TEMPERATURE (F)   56        40      1999
                                             1997
                                             1921


SUNRISE AND SUNSET
APRIL 17 2014.........SUNRISE   623 AM CDT   SUNSET   722 PM CDT
APRIL 18 2014.........SUNRISE   622 AM CDT   SUNSET   723 PM CDT


-  INDICATES NEGATIVE NUMBERS.
R  INDICATES RECORD WAS SET OR TIED.
MM INDICATES DATA IS MISSING.
T  INDICATES TRACE AMOUNT.




$$
