000
CDUS44 KMOB 012238
CLIMOB


CLIMATE REPORT
NATIONAL WEATHER SERVICE MOBILE AL
535 PM CDT MON SEP 1 2014


...................................

...THE MOBILE CLIMATE SUMMARY FOR SEPTEMBER 1 2014...
VALID TODAY AS OF 0500 PM LOCAL TIME.

CLIMATE NORMAL PERIOD 1981 TO 2010
CLIMATE RECORD PERIOD 1842 TO 2014


WEATHER ITEM   OBSERVED TIME   RECORD YEAR NORMAL DEPARTURE LAST
                VALUE   (LST)  VALUE       VALUE  FROM      YEAR
                                                  NORMAL
..................................................................
TEMPERATURE (F)
 TODAY
  MAXIMUM         92    108 PM  97    1964  90      2       92
                                      1907
  MINIMUM         74    501 AM  62    1946  72      2       74
                                      1915
  AVERAGE         83                        81      2       83

PRECIPITATION (IN)
  TODAY            0.00          7.30 1932   0.18  -0.18      T
  MONTH TO DATE    0.00                      0.18  -0.18      T
  SINCE MAR 1     50.28                     36.57  13.71    37.52
  SINCE JAN 1     57.40                     47.34  10.06    51.70

DEGREE DAYS
 COOLING
  TODAY           18                        16      2       18
  MONTH TO DATE   18                        16      2       18
  SINCE SEP 1     18                        16      2       18
  SINCE JAN 1   1766                      1943   -177     1848
..................................................................


WIND (MPH)
  HIGHEST WIND SPEED    17   HIGHEST WIND DIRECTION     S (160)
  HIGHEST GUST SPEED    24   HIGHEST GUST DIRECTION    SE (140)
  AVERAGE WIND SPEED     7.2


SKY COVER
  POSSIBLE SUNSHINE  MM
  AVERAGE SKY COVER 0.4


WEATHER CONDITIONS
 THE FOLLOWING WEATHER WAS RECORDED TODAY.
  NO SIGNIFICANT WEATHER WAS OBSERVED.


RELATIVE HUMIDITY (PERCENT)
 HIGHEST   100           400 AM
 LOWEST     59          1200 PM
 AVERAGE    80

..........................................................


THE MOBILE CLIMATE NORMALS FOR TOMORROW
                         NORMAL    RECORD    YEAR
 MAXIMUM TEMPERATURE (F)   90        98      1989
                                             1964
 MINIMUM TEMPERATURE (F)   72        61      1892


SUNRISE AND SUNSET
SEPTEMBER  1 2014.....SUNRISE   629 AM CDT   SUNSET   716 PM CDT
SEPTEMBER  2 2014.....SUNRISE   630 AM CDT   SUNSET   715 PM CDT


-  INDICATES NEGATIVE NUMBERS.
R  INDICATES RECORD WAS SET OR TIED.
MM INDICATES DATA IS MISSING.
T  INDICATES TRACE AMOUNT.




$$
