000
CDUS44 KMOB 210645
CLIMOB


CLIMATE REPORT
NATIONAL WEATHER SERVICE MOBILE AL
145 AM CDT TUE OCT 21 2014


...................................

...THE MOBILE CLIMATE SUMMARY FOR OCTOBER 20 2014...

CLIMATE NORMAL PERIOD 1981 TO 2010
CLIMATE RECORD PERIOD 1842 TO 2014


WEATHER ITEM   OBSERVED TIME   RECORD YEAR NORMAL DEPARTURE LAST
                VALUE   (LST)  VALUE       VALUE  FROM      YEAR
                                                  NORMAL
..................................................................
TEMPERATURE (F)
 YESTERDAY
  MAXIMUM         79   1251 PM  89    2004  78      1       75
  MINIMUM         48    436 AM  33    1989  56     -8       53
  AVERAGE         64                        67     -3       64

PRECIPITATION (IN)
  YESTERDAY        0.00          1.84 1956   0.12  -0.12     0.00
  MONTH TO DATE    3.02                      2.34   0.68     2.08
  SINCE MAR 1     58.83                     43.84  14.99    44.19
  SINCE JAN 1     65.95                     54.61  11.34    58.37

DEGREE DAYS
 HEATING
  YESTERDAY        1                         2     -1        1
  MONTH TO DATE   16                        20     -4        4
  SINCE SEP 1     16                        22     -6        4
  SINCE JUL 1     16                        22     -6        4

 COOLING
  YESTERDAY        0                         4     -4        0
  MONTH TO DATE  114                       121     -7      172
  SINCE SEP 1    528                       498     30      622
  SINCE JAN 1   2276                      2425   -149     2452
..................................................................


WIND (MPH)
  HIGHEST WIND SPEED    10   HIGHEST WIND DIRECTION     N (350)
  HIGHEST GUST SPEED    12   HIGHEST GUST DIRECTION     N (340)
  AVERAGE WIND SPEED     3.0


SKY COVER
  POSSIBLE SUNSHINE  MM
  AVERAGE SKY COVER 0.4


WEATHER CONDITIONS
 THE FOLLOWING WEATHER WAS RECORDED YESTERDAY.
  FOG
  HAZE


RELATIVE HUMIDITY (PERCENT)
 HIGHEST   100           200 AM
 LOWEST     32           100 PM
 AVERAGE    66

..........................................................


THE MOBILE CLIMATE NORMALS FOR TODAY
                         NORMAL    RECORD    YEAR
 MAXIMUM TEMPERATURE (F)   78        88      1963
 MINIMUM TEMPERATURE (F)   56        35      1989


SUNRISE AND SUNSET
OCTOBER 21 2014.......SUNRISE   700 AM CDT   SUNSET   615 PM CDT
OCTOBER 22 2014.......SUNRISE   700 AM CDT   SUNSET   614 PM CDT


-  INDICATES NEGATIVE NUMBERS.
R  INDICATES RECORD WAS SET OR TIED.
MM INDICATES DATA IS MISSING.
T  INDICATES TRACE AMOUNT.




$$
