408
CDUS44 KMOB 240645
CLIMOB


CLIMATE REPORT
NATIONAL WEATHER SERVICE MOBILE AL
145 AM CDT SUN SEP 24 2017


...................................

...THE MOBILE CLIMATE SUMMARY FOR SEPTEMBER 23 2017...

CLIMATE NORMAL PERIOD 1981 TO 2010
CLIMATE RECORD PERIOD 1842 TO 2017


WEATHER ITEM   OBSERVED TIME   RECORD YEAR NORMAL DEPARTURE LAST
                VALUE   (LST)  VALUE       VALUE  FROM      YEAR
                                                  NORMAL
..................................................................
TEMPERATURE (F)
 YESTERDAY
  MAXIMUM         91    324 PM  96    1921  85      6       94
  MINIMUM         70    510 AM  49    1983  66      4       71
  AVERAGE         81                        76      5       83

PRECIPITATION (IN)
  YESTERDAY        0.01          2.72 1889   0.17  -0.16     0.03
  MONTH TO DATE    1.76                      3.97  -2.21     3.66
  SINCE MAR 1     52.01                     40.36  11.65    41.18
  SINCE JAN 1     64.22                     51.13  13.09    50.63

DEGREE DAYS
 HEATING
  YESTERDAY        0                         0      0        0
  MONTH TO DATE    0                         0      0        0
  SINCE SEP 1      0                         0      0        0
  SINCE JUL 1      0                         0      0        0

 COOLING
  YESTERDAY       16                        11      5       18
  MONTH TO DATE  289                       310    -21      378
  SINCE SEP 1    289                       310    -21      378
  SINCE JAN 1   2375                      2237    138     2428
..................................................................


WIND (MPH)
  HIGHEST WIND SPEED    25   HIGHEST WIND DIRECTION     E (100)
  HIGHEST GUST SPEED    31   HIGHEST GUST DIRECTION     E (90)
  AVERAGE WIND SPEED     4.5


SKY COVER
  POSSIBLE SUNSHINE  MM
  AVERAGE SKY COVER 0.1


WEATHER CONDITIONS
 THE FOLLOWING WEATHER WAS RECORDED YESTERDAY.
  FOG
  HAZE


RELATIVE HUMIDITY (PERCENT)
 HIGHEST    90          1100 PM
 LOWEST     47           300 PM
 AVERAGE    69

..........................................................


THE MOBILE CLIMATE NORMALS FOR TODAY
                         NORMAL    RECORD    YEAR
 MAXIMUM TEMPERATURE (F)   85        95      2016
 MINIMUM TEMPERATURE (F)   66        50      1990


SUNRISE AND SUNSET
SEPTEMBER 24 2017.....SUNRISE   643 AM CDT   SUNSET   647 PM CDT
SEPTEMBER 25 2017.....SUNRISE   643 AM CDT   SUNSET   645 PM CDT


-  INDICATES NEGATIVE NUMBERS.
R  INDICATES RECORD WAS SET OR TIED.
MM INDICATES DATA IS MISSING.
T  INDICATES TRACE AMOUNT.




$$
