000
CDUS44 KMOB 230645
CLIMOB


CLIMATE REPORT
NATIONAL WEATHER SERVICE MOBILE AL
145 AM CDT THU MAR 23 2017


...................................

...THE MOBILE CLIMATE SUMMARY FOR MARCH 22 2017...

CLIMATE NORMAL PERIOD 1981 TO 2010
CLIMATE RECORD PERIOD 1842 TO 2017


WEATHER ITEM   OBSERVED TIME   RECORD YEAR NORMAL DEPARTURE LAST
                VALUE   (LST)  VALUE       VALUE  FROM      YEAR
                                                  NORMAL
..................................................................
TEMPERATURE (F)
 YESTERDAY
  MAXIMUM         88R   324 PM  85    1997  73     15       67
  MINIMUM         61    614 AM  27    1986  50     11       35
  AVERAGE         75                        61     14       51

PRECIPITATION (IN)
  YESTERDAY        0.00          3.52 1944   0.19  -0.19     0.00
  MONTH TO DATE    1.68                      4.36  -2.68     6.07
  SINCE MAR 1      1.68                      4.36  -2.68     6.07
  SINCE JAN 1     13.89                     15.13  -1.24    15.52

SNOWFALL (IN)
  YESTERDAY        0.0          MM      MM   0.0    0.0      0.0
  MONTH TO DATE    0.0                       0.1   -0.1      0.0
  SINCE MAR 1      0.0                       0.1   -0.1      0.0
  SINCE JUL 1      0.0                       0.2   -0.2      0.0
  SNOW DEPTH       0

DEGREE DAYS
 HEATING
  YESTERDAY        0                         5     -5       14
  MONTH TO DATE  119                       149    -30       96
  SINCE MAR 1    119                       149    -30       96
  SINCE JUL 1    890                      1591   -701     1194

 COOLING
  YESTERDAY       10                         1      9        0
  MONTH TO DATE   40                        22     18       48
  SINCE MAR 1     40                        22     18       48
  SINCE JAN 1    115                        38     77       62
..................................................................


WIND (MPH)
  HIGHEST WIND SPEED    15   HIGHEST WIND DIRECTION     N (340)
  HIGHEST GUST SPEED    24   HIGHEST GUST DIRECTION     N (350)
  AVERAGE WIND SPEED     7.1


SKY COVER
  POSSIBLE SUNSHINE  MM
  AVERAGE SKY COVER 0.2


WEATHER CONDITIONS
 THE FOLLOWING WEATHER WAS RECORDED YESTERDAY.
  FOG


RELATIVE HUMIDITY (PERCENT)
 HIGHEST   100           500 AM
 LOWEST     29           200 PM
 AVERAGE    65

..........................................................


THE MOBILE CLIMATE NORMALS FOR TODAY
                         NORMAL    RECORD    YEAR
 MAXIMUM TEMPERATURE (F)   73        89      1929
 MINIMUM TEMPERATURE (F)   50        29      1885


SUNRISE AND SUNSET
MARCH 23 2017.........SUNRISE   653 AM CDT   SUNSET   707 PM CDT
MARCH 24 2017.........SUNRISE   652 AM CDT   SUNSET   707 PM CDT


-  INDICATES NEGATIVE NUMBERS.
R  INDICATES RECORD WAS SET OR TIED.
MM INDICATES DATA IS MISSING.
T  INDICATES TRACE AMOUNT.




$$
