000
CDUS44 KMOB 030645
CLIMOB


CLIMATE REPORT
NATIONAL WEATHER SERVICE MOBILE AL
145 AM CDT THU SEP 3 2015


...................................

...THE MOBILE CLIMATE SUMMARY FOR SEPTEMBER 2 2015...

CLIMATE NORMAL PERIOD 1981 TO 2010
CLIMATE RECORD PERIOD 1842 TO 2015


WEATHER ITEM   OBSERVED TIME   RECORD YEAR NORMAL DEPARTURE LAST
                VALUE   (LST)  VALUE       VALUE  FROM      YEAR
                                                  NORMAL
..................................................................
TEMPERATURE (F)
 YESTERDAY
  MAXIMUM         92   1138 AM  98    1989  90      2       91
                                      1964
  MINIMUM         72    603 AM  61    1892  72      0       74
  AVERAGE         82                        80      2       83

PRECIPITATION (IN)
  YESTERDAY        0.00          5.54 1950   0.18  -0.18     0.01
  MONTH TO DATE    0.00                      0.36  -0.36     0.01
  SINCE MAR 1     41.02                     36.75   4.27    50.29
  SINCE JAN 1     47.07                     47.52  -0.45    57.41

DEGREE DAYS
 HEATING
  YESTERDAY        0                         0      0        0
  MONTH TO DATE    0                         0      0        0
  SINCE SEP 1      0                         0      0        0
  SINCE JUL 1      0                         0      0        0

 COOLING
  YESTERDAY       17                        16      1       18
  MONTH TO DATE   34                        32      2       36
  SINCE SEP 1     34                        32      2       36
  SINCE JAN 1   2214                      1959    255     1784
..................................................................


WIND (MPH)
  HIGHEST WIND SPEED    13   HIGHEST WIND DIRECTION    SW (210)
  HIGHEST GUST SPEED    17   HIGHEST GUST DIRECTION     S (200)
  AVERAGE WIND SPEED     3.5


SKY COVER
  POSSIBLE SUNSHINE  MM
  AVERAGE SKY COVER 0.6


WEATHER CONDITIONS
 THE FOLLOWING WEATHER WAS RECORDED YESTERDAY.
  FOG


RELATIVE HUMIDITY (PERCENT)
 HIGHEST   100           300 AM
 LOWEST     41          1100 AM
 AVERAGE    71

..........................................................


THE MOBILE CLIMATE NORMALS FOR TODAY
                         NORMAL    RECORD    YEAR
 MAXIMUM TEMPERATURE (F)   89        97      1944
 MINIMUM TEMPERATURE (F)   71        63      1952


SUNRISE AND SUNSET
SEPTEMBER  3 2015.....SUNRISE   630 AM CDT   SUNSET   714 PM CDT
SEPTEMBER  4 2015.....SUNRISE   631 AM CDT   SUNSET   713 PM CDT


-  INDICATES NEGATIVE NUMBERS.
R  INDICATES RECORD WAS SET OR TIED.
MM INDICATES DATA IS MISSING.
T  INDICATES TRACE AMOUNT.




$$
