295
CDUS46 KSTO 230842
CLIMOD


CLIMATE REPORT
NATIONAL WEATHER SERVICE SACRAMENTO, CA
1242 AM PST FRI FEB 23 2018


...................................

...THE MODESTO CA CLIMATE SUMMARY FOR FEBRUARY 22 2018...

CLIMATE NORMAL PERIOD 1981 TO 2010
CLIMATE RECORD PERIOD 1931 TO 2018


WEATHER ITEM   OBSERVED TIME   RECORD YEAR NORMAL DEPARTURE LAST
                VALUE   (LST)  VALUE       VALUE  FROM      YEAR
                                                  NORMAL
..................................................................
TEMPERATURE (F)
 YESTERDAY
  MAXIMUM         59    212 PM  73    1985  65     -6       58
  MINIMUM         29R   632 AM  32    1975  44    -15       42
  AVERAGE         44

PRECIPITATION (IN)
  YESTERDAY        0.01          0.61 2000   0.08  -0.07     0.00
  MONTH TO DATE    0.01                      1.89  -1.88     3.48
  SINCE OCT 1      3.56                      8.58  -5.02    14.03
  SINCE JAN 1      2.53                      4.50  -1.97     9.00

SNOWFALL (IN)
  YESTERDAY        0.0          MM      MM
  MONTH TO DATE    0.0
  SINCE DEC 1      0.0
  SINCE JUL 1      0.0
  SNOW DEPTH       0

DEGREE DAYS
 HEATING
  YESTERDAY       21                        10     11       15
  MONTH TO DATE  263                       277    -14      185
  SINCE DEC 1   1201                      1348   -147     1203
  SINCE JUL 1   1468                      1709   -241     1416

 COOLING
  YESTERDAY        0                         0      0        0
  MONTH TO DATE    0                         0      0        0
  SINCE DEC 1      0                         0      0        0
  SINCE JAN 1      0                         0      0        0
..................................................................


WIND (MPH)
  RESULTANT WIND SPEED   5   RESULTANT WIND DIRECTION   W (290)
  HIGHEST WIND SPEED    31   HIGHEST WIND DIRECTION     W (290)
  HIGHEST GUST SPEED    36   HIGHEST GUST DIRECTION     W (290)


SKY COVER
  POSSIBLE SUNSHINE  MM
  AVERAGE SKY COVER 0.2


WEATHER CONDITIONS
 THE FOLLOWING WEATHER WAS RECORDED YESTERDAY.
  LIGHT RAIN


RELATIVE HUMIDITY (PERCENT)
 HIGHEST    92           600 AM
 LOWEST     32           200 PM
 AVERAGE    62

..........................................................


THE MODESTO CA CLIMATE NORMALS FOR TODAY
                         NORMAL    RECORD    YEAR
 MAXIMUM TEMPERATURE (F)   65        74      2014
                                             1985
 MINIMUM TEMPERATURE (F)   44        31      1960


SUNRISE AND SUNSET
FEBRUARY 23 2018......SUNRISE   643 AM PST   SUNSET   552 PM PST
FEBRUARY 24 2018......SUNRISE   642 AM PST   SUNSET   553 PM PST


-  INDICATES NEGATIVE NUMBERS.
R  INDICATES RECORD WAS SET OR TIED.
MM INDICATES DATA IS MISSING.
T  INDICATES TRACE AMOUNT.




$$
