721
CDUS46 KSTO 310833
CLIMOD


CLIMATE REPORT
NATIONAL WEATHER SERVICE SACRAMENTO, CA
133 AM PDT TUE MAY 31 2016


...................................

...THE MODESTO CA CLIMATE SUMMARY FOR MAY 30 2016...

CLIMATE NORMAL PERIOD 1981 TO 2010
CLIMATE RECORD PERIOD 1931 TO 2016


WEATHER ITEM   OBSERVED TIME   RECORD YEAR NORMAL DEPARTURE LAST
                VALUE   (LST)  VALUE       VALUE  FROM      YEAR
                                                  NORMAL
..................................................................
TEMPERATURE (F)
 YESTERDAY
  MAXIMUM         97    434 PM 103    1950  86     11       93
  MINIMUM         61    517 AM  45    1962  57      4       58
  AVERAGE         79

PRECIPITATION (IN)
  YESTERDAY        0.00          0.84 1948   0.01  -0.01     0.00
  MONTH TO DATE    0.25                      0.62  -0.37     0.27
  SINCE OCT 1     15.61                     12.70   2.91    10.25
  SINCE JAN 1     11.20                      8.62   2.58     2.85

SNOWFALL (IN)
  YESTERDAY        0.0          MM      MM
  MONTH TO DATE    0.0
  SINCE MAR 1      0.0
  SINCE JUL 1      0.0
  SNOW DEPTH       0

DEGREE DAYS
 HEATING
  YESTERDAY        0                         0      0        0
  MONTH TO DATE   16                        33    -17       23
  SINCE MAR 1    242                       399   -157      200
  SINCE JUL 1   1834                      2167   -333     1612

 COOLING
  YESTERDAY       14                         7      7       11
  MONTH TO DATE  177                       148     29       89
  SINCE MAR 1    231                       192     39      172
  SINCE JAN 1    231                       192     39      172
..................................................................


WIND (MPH)
  RESULTANT WIND SPEED   8   RESULTANT WIND DIRECTION  NW (320)
  HIGHEST WIND SPEED    18   HIGHEST WIND DIRECTION    NW (330)
  HIGHEST GUST SPEED    25   HIGHEST GUST DIRECTION    SW (230)


SKY COVER
  POSSIBLE SUNSHINE  MM
  AVERAGE SKY COVER 0.0


WEATHER CONDITIONS
 THE FOLLOWING WEATHER WAS RECORDED YESTERDAY.
  NO SIGNIFICANT WEATHER WAS OBSERVED.


RELATIVE HUMIDITY (PERCENT)
 HIGHEST    64           400 AM
 LOWEST     16           600 PM
 AVERAGE    40

..........................................................


THE MODESTO CA CLIMATE NORMALS FOR TODAY
                         NORMAL    RECORD    YEAR
 MAXIMUM TEMPERATURE (F)   86       105      2001
 MINIMUM TEMPERATURE (F)   57        43      1971


SUNRISE AND SUNSET
MAY 31 2016...........SUNRISE   544 AM PDT   SUNSET   819 PM PDT
JUNE  1 2016..........SUNRISE   544 AM PDT   SUNSET   820 PM PDT


-  INDICATES NEGATIVE NUMBERS.
R  INDICATES RECORD WAS SET OR TIED.
MM INDICATES DATA IS MISSING.
T  INDICATES TRACE AMOUNT.




$$
