464
CDUS46 KSTO 060840
CLIMOD


CLIMATE REPORT
NATIONAL WEATHER SERVICE SACRAMENTO, CA
139 AM PDT FRI MAY 6 2016


...................................

...THE MODESTO CA CLIMATE SUMMARY FOR MAY 5 2016...

CLIMATE NORMAL PERIOD 1981 TO 2010
CLIMATE RECORD PERIOD 1931 TO 2016


WEATHER ITEM   OBSERVED TIME   RECORD YEAR NORMAL DEPARTURE LAST
                VALUE   (LST)  VALUE       VALUE  FROM      YEAR
                                                  NORMAL
..................................................................
TEMPERATURE (F)
 YESTERDAY
  MAXIMUM         71    451 PM  98    1987  80     -9       81
  MINIMUM         58   1044 PM  32    1959  53      5       50
  AVERAGE         65

PRECIPITATION (IN)
  YESTERDAY        0.00          0.64 1998   0.02  -0.02     0.00
  MONTH TO DATE    T                         0.13  -0.13     0.00
  SINCE OCT 1     15.36                     12.21   3.15     9.98
  SINCE JAN 1     10.95                      8.13   2.82     2.58

SNOWFALL (IN)
  YESTERDAY        0.0          MM      MM
  MONTH TO DATE    0.0
  SINCE MAR 1      0.0
  SINCE JUL 1      0.0
  SNOW DEPTH       0

DEGREE DAYS
 HEATING
  YESTERDAY        0                         2     -2        0
  MONTH TO DATE    0                        10    -10        0
  SINCE MAR 1    226                       376   -150      177
  SINCE JUL 1   1818                      2144   -326     1589

 COOLING
  YESTERDAY        0                         3     -3        1
  MONTH TO DATE   26                        15     11       31
  SINCE MAR 1     80                        59     21      114
  SINCE JAN 1     80                        59     21      114
..................................................................


WIND (MPH)
  RESULTANT WIND SPEED   4   RESULTANT WIND DIRECTION   N (360)
  HIGHEST WIND SPEED    17   HIGHEST WIND DIRECTION    NW (330)
  HIGHEST GUST SPEED    32   HIGHEST GUST DIRECTION    NW (300)


SKY COVER
  POSSIBLE SUNSHINE  MM
  AVERAGE SKY COVER 0.6


WEATHER CONDITIONS
 THE FOLLOWING WEATHER WAS RECORDED YESTERDAY.
  NO SIGNIFICANT WEATHER WAS OBSERVED.


RELATIVE HUMIDITY (PERCENT)
 HIGHEST    77           300 AM
 LOWEST     47           100 PM
 AVERAGE    62

..........................................................


THE MODESTO CA CLIMATE NORMALS FOR TODAY
                         NORMAL    RECORD    YEAR
 MAXIMUM TEMPERATURE (F)   81       100      1987
 MINIMUM TEMPERATURE (F)   53        37      1933


SUNRISE AND SUNSET
MAY  6 2016...........SUNRISE   602 AM PDT   SUNSET   759 PM PDT
MAY  7 2016...........SUNRISE   601 AM PDT   SUNSET   800 PM PDT


-  INDICATES NEGATIVE NUMBERS.
R  INDICATES RECORD WAS SET OR TIED.
MM INDICATES DATA IS MISSING.
T  INDICATES TRACE AMOUNT.




$$
