000
CDUS46 KSTO 230034
CLIMOD


CLIMATE REPORT
NATIONAL WEATHER SERVICE SACRAMENTO, CA
534 PM PDT TUE APR 22 2014


...................................

...THE MODESTO CA CLIMATE SUMMARY FOR APRIL 22 2014...
VALID TODAY AS OF 0500 PM LOCAL TIME.

CLIMATE NORMAL PERIOD 1981 TO 2010
CLIMATE RECORD PERIOD 1931 TO 2014


WEATHER ITEM   OBSERVED TIME   RECORD YEAR NORMAL DEPARTURE LAST
                VALUE   (LST)  VALUE       VALUE  FROM      YEAR
                                                  NORMAL
..................................................................
TEMPERATURE (F)
 TODAY
  MAXIMUM         70    345 PM  99    2009  76     -6       89
  MINIMUM         51    544 AM  35    1932  50      1       53
  AVERAGE         61

PRECIPITATION (IN)
  TODAY            T             0.33 1961   0.03  -0.03     0.00
                                      1961
                                      2007
  MONTH TO DATE    0.59                      0.76  -0.17     0.34
  SINCE JUL 1      6.63                     12.15  -5.52     8.88
  SINCE JAN 1      5.14                      7.79  -2.65     3.00

SNOWFALL (IN)
  TODAY            0.0          MM      MM
  MONTH TO DATE    0.0
  SINCE MAR 1      0.0
  SINCE JUL 1      0.0

DEGREE DAYS
 HEATING
  TODAY            4                         3      1        0
  MONTH TO DATE   69                       108    -39       57
  SINCE MAR 1    230                       345   -115      226
  SINCE JUL 1   1928                      2113   -185     2139

 COOLING
  TODAY            0                         2     -2        6
  MONTH TO DATE   47                        21     26       23
  SINCE MAR 1     47                        26     21       28
  SINCE JAN 1     47                        26     21       28
..................................................................


WIND (MPH)
  RESULTANT WIND SPEED  11   RESULTANT WIND DIRECTION  NW (300)
  HIGHEST WIND SPEED    24   HIGHEST WIND DIRECTION     W (280)
  HIGHEST GUST SPEED    33   HIGHEST GUST DIRECTION     W (290)


SKY COVER
  POSSIBLE SUNSHINE  MM
  AVERAGE SKY COVER 0.3


WEATHER CONDITIONS
 THE FOLLOWING WEATHER WAS RECORDED TODAY.
  NO SIGNIFICANT WEATHER WAS OBSERVED.


RELATIVE HUMIDITY (PERCENT)
 HIGHEST    72           300 AM
 LOWEST     23           300 PM
 AVERAGE    48

..........................................................


THE MODESTO CA CLIMATE NORMALS FOR TOMORROW
                         NORMAL    RECORD    YEAR
 MAXIMUM TEMPERATURE (F)   77        95      1946
 MINIMUM TEMPERATURE (F)   51        37      1932


SUNRISE AND SUNSET
APRIL 22 2014.........SUNRISE   619 AM PDT   SUNSET   746 PM PDT
APRIL 23 2014.........SUNRISE   618 AM PDT   SUNSET   747 PM PDT


-  INDICATES NEGATIVE NUMBERS.
R  INDICATES RECORD WAS SET OR TIED.
MM INDICATES DATA IS MISSING.
T  INDICATES TRACE AMOUNT.




$$
