000
CDUS43 KBIS 290746
CLIMOT


CLIMATE REPORT
NATIONAL WEATHER SERVICE BISMARCK ND
245 AM CDT THU SEP 29 2016


...................................

...THE MINOT ND CLIMATE SUMMARY FOR SEPTEMBER 28 2016...

CLIMATE NORMAL PERIOD 1981 TO 2010
CLIMATE RECORD PERIOD 1897 TO 2016


WEATHER ITEM   OBSERVED TIME   RECORD YEAR NORMAL DEPARTURE LAST
                VALUE   (LST)  VALUE       VALUE  FROM      YEAR
                                                  NORMAL
..................................................................
TEMPERATURE (F)
 YESTERDAY
  MAXIMUM         70    413 PM  94    1905  64      6       62
  MINIMUM         40    659 AM  17    1930  41     -1       40
  AVERAGE         55                        52      3       51

PRECIPITATION (IN)
  YESTERDAY        0.00          0.81 1982   0.05  -0.05     0.00
  MONTH TO DATE    2.98                      1.37   1.61     1.61
  SINCE SEP 1      2.98                      1.37   1.61     1.61
  SINCE JAN 1     14.84                     14.81   0.03    13.11

DEGREE DAYS
 HEATING
  YESTERDAY       10                        13     -3       14
  MONTH TO DATE  174                       223    -49      144
  SINCE SEP 1    174                       223    -49      144
  SINCE JUL 1    185                       294   -109      194

 COOLING
  YESTERDAY        0                         0      0        0
  MONTH TO DATE   29                        30     -1       58
  SINCE SEP 1     29                        30     -1       58
  SINCE JAN 1    682                       441    241      502
..................................................................


WIND (MPH)
  HIGHEST WIND SPEED    13   HIGHEST WIND DIRECTION     E (80)
  HIGHEST GUST SPEED    15   HIGHEST GUST DIRECTION     E (80)
  AVERAGE WIND SPEED     6.2


SKY COVER
  POSSIBLE SUNSHINE  MM
  AVERAGE SKY COVER 0.0


WEATHER CONDITIONS
 THE FOLLOWING WEATHER WAS RECORDED YESTERDAY.
  NO SIGNIFICANT WEATHER WAS OBSERVED.


RELATIVE HUMIDITY (PERCENT)
 HIGHEST    93          1100 PM
 LOWEST     28           400 PM
 AVERAGE    61

..........................................................


THE MINOT ND CLIMATE NORMALS FOR TODAY
                         NORMAL    RECORD    YEAR
 MAXIMUM TEMPERATURE (F)   63        88      2007
 MINIMUM TEMPERATURE (F)   41        19      1907


SUNRISE AND SUNSET
SEPTEMBER 29 2016.....SUNRISE   742 AM CDT   SUNSET   727 PM CDT
SEPTEMBER 30 2016.....SUNRISE   744 AM CDT   SUNSET   725 PM CDT


-  INDICATES NEGATIVE NUMBERS.
R  INDICATES RECORD WAS SET OR TIED.
MM INDICATES DATA IS MISSING.
T  INDICATES TRACE AMOUNT.




$$
