000
CDUS43 KBIS 230728
CLIMOT


CLIMATE REPORT
NATIONAL WEATHER SERVICE BISMARCK ND
227 AM CDT SAT MAY 23 2015


...................................

...THE MINOT ND CLIMATE SUMMARY FOR MAY 22 2015...

CLIMATE NORMAL PERIOD 1981 TO 2010
CLIMATE RECORD PERIOD 1897 TO 2015


WEATHER ITEM   OBSERVED TIME   RECORD YEAR NORMAL DEPARTURE LAST
                VALUE   (LST)  VALUE       VALUE  FROM      YEAR
                                                  NORMAL
..................................................................
TEMPERATURE (F)
 YESTERDAY
  MAXIMUM         77    510 PM 100    1928  68      9       78
  MINIMUM         44    530 AM  26    1917  45     -1       46
  AVERAGE         61                        57      4       62

PRECIPITATION (IN)
  YESTERDAY        0.00          1.23 2010   0.08  -0.08     0.00
  MONTH TO DATE    2.51                      1.66   0.85     1.57
  SINCE MAR 1      3.47                      3.64  -0.17     3.42
  SINCE JAN 1      3.94                      4.55  -0.61     3.78

DEGREE DAYS
 COOLING
  YESTERDAY        0                         0      0        0
  MONTH TO DATE    0                         0      0        0
  SINCE MAR 1      0                         1     -1        0
  SINCE JAN 1      0                         1     -1        0
..................................................................


WIND (MPH)
  HIGHEST WIND SPEED    17   HIGHEST WIND DIRECTION     S (180)
  HIGHEST GUST SPEED    24   HIGHEST GUST DIRECTION     S (170)
  AVERAGE WIND SPEED     6.7


SKY COVER
  POSSIBLE SUNSHINE  MM
  AVERAGE SKY COVER 0.2


WEATHER CONDITIONS
 THE FOLLOWING WEATHER WAS RECORDED YESTERDAY.
  NO SIGNIFICANT WEATHER WAS OBSERVED.


RELATIVE HUMIDITY (PERCENT)
 HIGHEST    61           500 AM
 LOWEST     19           200 PM
 AVERAGE    40

..........................................................


THE MINOT ND CLIMATE NORMALS FOR TODAY
                         NORMAL    RECORD    YEAR
 MAXIMUM TEMPERATURE (F)   69        91      2006
 MINIMUM TEMPERATURE (F)   45        26      1924


SUNRISE AND SUNSET
MAY 23 2015...........SUNRISE   556 AM CDT   SUNSET   928 PM CDT
MAY 24 2015...........SUNRISE   555 AM CDT   SUNSET   929 PM CDT


-  INDICATES NEGATIVE NUMBERS.
R  INDICATES RECORD WAS SET OR TIED.
MM INDICATES DATA IS MISSING.
T  INDICATES TRACE AMOUNT.




$$
