000
CDUS43 KBIS 270048
CLIMOT


CLIMATE REPORT
NATIONAL WEATHER SERVICE BISMARCK ND
647 PM CST MON JAN 26 2015


...................................

...THE MINOT ND CLIMATE SUMMARY FOR JANUARY 26 2015...
VALID TODAY AS OF 0600 PM LOCAL TIME.

CLIMATE NORMAL PERIOD 1981 TO 2010
CLIMATE RECORD PERIOD 1905 TO 2015


WEATHER ITEM   OBSERVED TIME   RECORD YEAR NORMAL DEPARTURE LAST
                VALUE   (LST)  VALUE       VALUE  FROM      YEAR
                                                  NORMAL
..................................................................
TEMPERATURE (F)
 TODAY
  MAXIMUM         45    325 PM  58    1906  22     23       28
  MINIMUM         36    559 PM -35    1915   4     32      -12
  AVERAGE         41                        13     28        8

PRECIPITATION (IN)
  TODAY            0.00          0.55 1951   0.02  -0.02      T
  MONTH TO DATE    0.24                      0.44  -0.20     0.19
  SINCE DEC 1      0.25                      0.82  -0.57     0.37
  SINCE JAN 1      0.24                      0.44  -0.20     0.19

DEGREE DAYS
 HEATING
  TODAY           24                        52    -28       57
  MONTH TO DATE 1261                      1375   -114     1327
  SINCE DEC 1   2696                      2912   -216     3212
  SINCE JUL 1   4875                      4970    -95     5267

 COOLING
  TODAY            0                         0      0        0
  MONTH TO DATE    0                         0      0        0
  SINCE DEC 1      0                         0      0        0
  SINCE JAN 1      0                         0      0        0
..................................................................


WIND (MPH)
  RESULTANT WIND SPEED  13   RESULTANT WIND DIRECTION   W (280)
  HIGHEST WIND SPEED    22   HIGHEST WIND DIRECTION     W (270)
  HIGHEST GUST SPEED    30   HIGHEST GUST DIRECTION     W (280)
  AVERAGE WIND SPEED    13.2


SKY COVER
  POSSIBLE SUNSHINE  MM
  AVERAGE SKY COVER 0.2


WEATHER CONDITIONS
 THE FOLLOWING WEATHER WAS RECORDED TODAY.
  NO SIGNIFICANT WEATHER WAS OBSERVED.


RELATIVE HUMIDITY (PERCENT)
 HIGHEST    76          1200 AM
 LOWEST     62           300 PM
 AVERAGE    69

..........................................................


THE MINOT ND CLIMATE NORMALS FOR TOMORROW
                         NORMAL    RECORD    YEAR
 MAXIMUM TEMPERATURE (F)   22        55      1906
 MINIMUM TEMPERATURE (F)    4       -40      1920


SUNRISE AND SUNSET
JANUARY 26 2015.......SUNRISE   821 AM CST   SUNSET   535 PM CST
JANUARY 27 2015.......SUNRISE   820 AM CST   SUNSET   536 PM CST


-  INDICATES NEGATIVE NUMBERS.
R  INDICATES RECORD WAS SET OR TIED.
MM INDICATES DATA IS MISSING.
T  INDICATES TRACE AMOUNT.




$$
