000
CDUS43 KBIS 210031
CLIMOT


CLIMATE REPORT
NATIONAL WEATHER SERVICE BISMARCK ND
629 PM CST MON NOV 20 2017


...................................

...THE MINOT ND CLIMATE SUMMARY FOR NOVEMBER 20 2017...
VALID TODAY AS OF 0600 PM LOCAL TIME.

CLIMATE NORMAL PERIOD 1981 TO 2010
CLIMATE RECORD PERIOD 1897 TO 2017


WEATHER ITEM   OBSERVED TIME   RECORD YEAR NORMAL DEPARTURE LAST
                VALUE   (LST)  VALUE       VALUE  FROM      YEAR
                                                  NORMAL
..................................................................
TEMPERATURE (F)
 TODAY
  MAXIMUM         51   1234 PM  65    1908  34     17       35
  MINIMUM         28    559 PM -19    1921  18     10       21
  AVERAGE         40                        26     14       28

PRECIPITATION (IN)
  TODAY            0.00          1.02 1977   0.02  -0.02     0.00
  MONTH TO DATE    0.16                      0.56  -0.40     0.01
  SINCE SEP 1      2.17                      3.18  -1.01     4.35
  SINCE JAN 1      7.50                     16.62  -9.12    16.21

DEGREE DAYS
 HEATING
  TODAY           25                        39    -14       37
  MONTH TO DATE  826                       677    149      411
  SINCE SEP 1   1567                      1566      1     1182
  SINCE JUL 1   1577                      1637    -60     1193

 COOLING
  TODAY            0                         0      0        0
  MONTH TO DATE    0                         0      0        0
  SINCE SEP 1     62                        34     28       29
  SINCE JAN 1    580                       445    135      682
..................................................................


WIND (MPH)
  RESULTANT WIND SPEED  17   RESULTANT WIND DIRECTION   W (250)
  HIGHEST WIND SPEED    41   HIGHEST WIND DIRECTION     W (290)
  HIGHEST GUST SPEED    52   HIGHEST GUST DIRECTION     W (290)
  AVERAGE WIND SPEED    19.8


SKY COVER
  POSSIBLE SUNSHINE  MM
  AVERAGE SKY COVER 0.3


WEATHER CONDITIONS
 THE FOLLOWING WEATHER WAS RECORDED TODAY.
  NO SIGNIFICANT WEATHER WAS OBSERVED.


RELATIVE HUMIDITY (PERCENT)
 HIGHEST    63           500 PM
 LOWEST     36          1200 PM
 AVERAGE    50

..........................................................


THE MINOT ND CLIMATE NORMALS FOR TOMORROW
                         NORMAL    RECORD    YEAR
 MAXIMUM TEMPERATURE (F)   33        60      1939
 MINIMUM TEMPERATURE (F)   17       -20      1921


SUNRISE AND SUNSET
NOVEMBER 20 2017......SUNRISE   800 AM CST   SUNSET   501 PM CST
NOVEMBER 21 2017......SUNRISE   802 AM CST   SUNSET   500 PM CST


-  INDICATES NEGATIVE NUMBERS.
R  INDICATES RECORD WAS SET OR TIED.
MM INDICATES DATA IS MISSING.
T  INDICATES TRACE AMOUNT.




$$
