000
CDUS43 KBIS 040745
CLIMOT


CLIMATE REPORT
NATIONAL WEATHER SERVICE BISMARCK ND
243 AM CDT FRI SEP 4 2015


...................................

...THE MINOT ND CLIMATE SUMMARY FOR SEPTEMBER 3 2015...

CLIMATE NORMAL PERIOD 1981 TO 2010
CLIMATE RECORD PERIOD 1897 TO 2015


WEATHER ITEM   OBSERVED TIME   RECORD YEAR NORMAL DEPARTURE LAST
                VALUE   (LST)  VALUE       VALUE  FROM      YEAR
                                                  NORMAL
..................................................................
TEMPERATURE (F)
 YESTERDAY
  MAXIMUM         94    412 PM 103    1897  76     18       79
  MINIMUM         64    540 AM  24    1918  51     13       47
  AVERAGE         79                        63     16       63

PRECIPITATION (IN)
  YESTERDAY        0.00          1.35 1941   0.05  -0.05     0.22
  MONTH TO DATE    0.00                      0.16  -0.16     0.23
  SINCE SEP 1      0.00                      0.16  -0.16     0.23
  SINCE JAN 1     11.50                     13.60  -2.10    14.87

DEGREE DAYS
 HEATING
  YESTERDAY        0                         4     -4        2
  MONTH TO DATE    0                        12    -12        5
  SINCE SEP 1      0                        12    -12        5
  SINCE JUL 1     50                        83    -33       73

 COOLING
  YESTERDAY       14                         2     12        0
  MONTH TO DATE   33                         7     26        0
  SINCE SEP 1     33                         7     26        0
  SINCE JAN 1    477                       418     59      305
..................................................................


WIND (MPH)
  HIGHEST WIND SPEED    17   HIGHEST WIND DIRECTION     S (200)
  HIGHEST GUST SPEED    21   HIGHEST GUST DIRECTION     S (200)
  AVERAGE WIND SPEED     8.4


SKY COVER
  POSSIBLE SUNSHINE  MM
  AVERAGE SKY COVER 0.2


WEATHER CONDITIONS
 THE FOLLOWING WEATHER WAS RECORDED YESTERDAY.
  FOG
  FOG W/VISIBILITY <= 1/4 MILE
  HAZE


RELATIVE HUMIDITY (PERCENT)
 HIGHEST   100           600 AM
 LOWEST     33           300 PM
 AVERAGE    67

..........................................................


THE MINOT ND CLIMATE NORMALS FOR TODAY
                         NORMAL    RECORD    YEAR
 MAXIMUM TEMPERATURE (F)   75       106      1978
 MINIMUM TEMPERATURE (F)   51        34      1920
                                             1905


SUNRISE AND SUNSET
SEPTEMBER  4 2015.....SUNRISE   707 AM CDT   SUNSET   821 PM CDT
SEPTEMBER  5 2015.....SUNRISE   708 AM CDT   SUNSET   819 PM CDT


-  INDICATES NEGATIVE NUMBERS.
R  INDICATES RECORD WAS SET OR TIED.
MM INDICATES DATA IS MISSING.
T  INDICATES TRACE AMOUNT.




$$
