000
CDUS43 KBIS 260743
CLIMOT


CLIMATE REPORT
NATIONAL WEATHER SERVICE BISMARCK ND
141 AM CST WED NOV 26 2014


...................................

...THE MINOT ND CLIMATE SUMMARY FOR NOVEMBER 25 2014...

CLIMATE NORMAL PERIOD 1981 TO 2010
CLIMATE RECORD PERIOD 1905 TO 2014


WEATHER ITEM   OBSERVED TIME   RECORD YEAR NORMAL DEPARTURE LAST
                VALUE   (LST)  VALUE       VALUE  FROM      YEAR
                                                  NORMAL
..................................................................
TEMPERATURE (F)
 YESTERDAY
  MAXIMUM         29    159 PM  67    1914  31     -2       32
  MINIMUM          1   1145 PM -13    1996  15    -14       15
  AVERAGE         15                        23     -8       24

PRECIPITATION (IN)
  YESTERDAY        0.06          0.50 1984   0.02   0.04      T
  MONTH TO DATE    0.14                      0.67  -0.53     0.15
  SINCE SEP 1      1.27                      3.29  -2.02     4.63
  SINCE JAN 1     15.91                     16.73  -0.82    24.81

DEGREE DAYS
 HEATING
  YESTERDAY       50                        42      8       41
  MONTH TO DATE 1020                       881    139      935
  SINCE SEP 1   1791                      1770     21     1759
  SINCE JUL 1   1859                      1841     18     1828
..................................................................


WIND (MPH)
  HIGHEST WIND SPEED    22   HIGHEST WIND DIRECTION     N (20)
  HIGHEST GUST SPEED    28   HIGHEST GUST DIRECTION     N (20)
  AVERAGE WIND SPEED    11.6


SKY COVER
  POSSIBLE SUNSHINE  MM
  AVERAGE SKY COVER 1.0


WEATHER CONDITIONS
 THE FOLLOWING WEATHER WAS RECORDED YESTERDAY.
  SNOW
  LIGHT SNOW
  FOG
  FOG W/VISIBILITY <= 1/4 MILE
  HAZE


RELATIVE HUMIDITY (PERCENT)
 HIGHEST    92           100 PM
 LOWEST     75           100 AM
 AVERAGE    84

..........................................................


THE MINOT ND CLIMATE NORMALS FOR TODAY
                         NORMAL    RECORD    YEAR
 MAXIMUM TEMPERATURE (F)   31        59      1962
 MINIMUM TEMPERATURE (F)   15       -19      1919


SUNRISE AND SUNSET
NOVEMBER 26 2014......SUNRISE   808 AM CST   SUNSET   456 PM CST
NOVEMBER 27 2014......SUNRISE   810 AM CST   SUNSET   456 PM CST


-  INDICATES NEGATIVE NUMBERS.
R  INDICATES RECORD WAS SET OR TIED.
MM INDICATES DATA IS MISSING.
T  INDICATES TRACE AMOUNT.




$$
