876
CDUS43 KBIS 261245
CLIMOT


CLIMATE REPORT
NATIONAL WEATHER SERVICE BISMARCK ND
745 AM CDT THU MAY 26 2016


...................................

...THE MINOT ND CLIMATE SUMMARY FOR MAY 25 2016...

CLIMATE NORMAL PERIOD 1981 TO 2010
CLIMATE RECORD PERIOD 1897 TO 2016


WEATHER ITEM   OBSERVED TIME   RECORD YEAR NORMAL DEPARTURE LAST
                VALUE   (LST)  VALUE       VALUE  FROM      YEAR
                                                  NORMAL
..................................................................
TEMPERATURE (F)
 YESTERDAY
  MAXIMUM         67    356 PM  92    1931  69     -2       79
  MINIMUM         57    632 AM  20    1924  46     11       52
  AVERAGE         62                        58      4       66

PRECIPITATION (IN)
  YESTERDAY        0.42          1.93 1963   0.09   0.33     0.00
  MONTH TO DATE    0.76                      1.93  -1.17     2.51
  SINCE MAR 1      3.34                      3.91  -0.57     3.47
  SINCE JAN 1      3.92                      4.82  -0.90     3.94

DEGREE DAYS
 COOLING
  YESTERDAY        0                         1     -1        1
  MONTH TO DATE   39                         3     36        1
  SINCE MAR 1     39                         4     35        1
  SINCE JAN 1     39                         4     35        1
..................................................................


WIND (MPH)
  HIGHEST WIND SPEED    17   HIGHEST WIND DIRECTION     E (90)
  HIGHEST GUST SPEED    22   HIGHEST GUST DIRECTION     E (90)
  AVERAGE WIND SPEED     6.6


SKY COVER
  POSSIBLE SUNSHINE  MM
  AVERAGE SKY COVER 1.0


WEATHER CONDITIONS
 THE FOLLOWING WEATHER WAS RECORDED YESTERDAY.
  THUNDERSTORM
  RAIN
  LIGHT RAIN
  FOG


RELATIVE HUMIDITY (PERCENT)
 HIGHEST    90           700 PM
 LOWEST     51          1200 AM
 AVERAGE    71

..........................................................


THE MINOT ND CLIMATE NORMALS FOR TODAY
                         NORMAL    RECORD    YEAR
 MAXIMUM TEMPERATURE (F)   70        94      1969
 MINIMUM TEMPERATURE (F)   46        23      1907


SUNRISE AND SUNSET
MAY 26 2016...........SUNRISE   553 AM CDT   SUNSET   932 PM CDT
MAY 27 2016...........SUNRISE   552 AM CDT   SUNSET   933 PM CDT


-  INDICATES NEGATIVE NUMBERS.
R  INDICATES RECORD WAS SET OR TIED.
MM INDICATES DATA IS MISSING.
T  INDICATES TRACE AMOUNT.




$$
