000
CDUS43 KBIS 090727
CLIMOT


CLIMATE REPORT
NATIONAL WEATHER SERVICE BISMARCK ND
127 AM CST TUE FEB 9 2016


...................................

...THE MINOT ND CLIMATE SUMMARY FOR FEBRUARY 8 2016...

CLIMATE NORMAL PERIOD 1981 TO 2010
CLIMATE RECORD PERIOD 1897 TO 2016


WEATHER ITEM   OBSERVED TIME   RECORD YEAR NORMAL DEPARTURE LAST
                VALUE   (LST)  VALUE       VALUE  FROM      YEAR
                                                  NORMAL
..................................................................
TEMPERATURE (F)
 YESTERDAY
  MAXIMUM         34    135 PM  53    2000  24     10       17
  MINIMUM         20    837 PM -39    1899   7     13        9
  AVERAGE         27                        15     12       13

PRECIPITATION (IN)
  YESTERDAY        T             0.11 1974   0.02  -0.02      T
  MONTH TO DATE    0.03                      0.11  -0.08     0.01
  SINCE DEC 1      0.55                      1.00  -0.45     0.26
  SINCE JAN 1      0.24                      0.62  -0.38     0.25

DEGREE DAYS
 HEATING
  YESTERDAY       38                        50    -12       52
  MONTH TO DATE  285                       405   -120      435
  SINCE DEC 1   2968                      3579   -611     3341
  SINCE JUL 1   4669                      5637   -968     5520
..................................................................


WIND (MPH)
  HIGHEST WIND SPEED    26   HIGHEST WIND DIRECTION    NW (310)
  HIGHEST GUST SPEED    34   HIGHEST GUST DIRECTION    NW (300)
  AVERAGE WIND SPEED    17.3


SKY COVER
  POSSIBLE SUNSHINE  MM
  AVERAGE SKY COVER 0.3


WEATHER CONDITIONS
 THE FOLLOWING WEATHER WAS RECORDED YESTERDAY.
  LIGHT SNOW


RELATIVE HUMIDITY (PERCENT)
 HIGHEST    73           800 PM
 LOWEST     38           200 PM
 AVERAGE    56

..........................................................


THE MINOT ND CLIMATE NORMALS FOR TODAY
                         NORMAL    RECORD    YEAR
 MAXIMUM TEMPERATURE (F)   24        48      1926
 MINIMUM TEMPERATURE (F)    7       -35      1900


SUNRISE AND SUNSET
FEBRUARY  9 2016......SUNRISE   802 AM CST   SUNSET   557 PM CST
FEBRUARY 10 2016......SUNRISE   801 AM CST   SUNSET   558 PM CST


-  INDICATES NEGATIVE NUMBERS.
R  INDICATES RECORD WAS SET OR TIED.
MM INDICATES DATA IS MISSING.
T  INDICATES TRACE AMOUNT.




$$
