169
CDUS41 KPHI 120601
CLIMPO


CLIMATE REPORT
NATIONAL WEATHER SERVICE MOUNT HOLLY NJ
101 AM EST TUE DEC 12 2017


...................................

...THE MOUNT POCONO PA CLIMATE SUMMARY FOR DECEMBER 11 2017...

CLIMATE NORMAL PERIOD 1981 TO 2010
CLIMATE RECORD PERIOD 1901 TO 2017


WEATHER ITEM   OBSERVED TIME   RECORD YEAR NORMAL DEPARTURE LAST
                VALUE   (LST)  VALUE       VALUE  FROM      YEAR
                                                  NORMAL
..................................................................
TEMPERATURE (F)
 YESTERDAY
  MAXIMUM         30   1250 PM  60    1979  35     -5       23
  MINIMUM         22    715 AM  -8    1917  23     -1       15
  AVERAGE         26                        29     -3       19

PRECIPITATION (IN)
  YESTERDAY        T             4.99 1952   0.15  -0.15     0.04
  MONTH TO DATE    0.49                      1.55  -1.06     0.96
  SINCE DEC 1      0.49                      1.55  -1.06     0.96
  SINCE JAN 1     41.58                     46.46  -4.88    38.86

DEGREE DAYS
 HEATING
  YESTERDAY       39                        36      3       46
  MONTH TO DATE  376                       377     -1      380
  SINCE DEC 1    376                       377     -1      380
  SINCE JUL 1   1814                      1956   -142     1773

 COOLING
  YESTERDAY        0                         0      0        0
  MONTH TO DATE    0                         0      0        0
  SINCE DEC 1      0                         0      0        0
  SINCE JAN 1    287                       314    -27      397
..................................................................


WIND (MPH)
  HIGHEST WIND SPEED    22   HIGHEST WIND DIRECTION     W (280)
  HIGHEST GUST SPEED    29   HIGHEST GUST DIRECTION     W (270)
  AVERAGE WIND SPEED     8.3


SKY COVER
  POSSIBLE SUNSHINE  MM
  AVERAGE SKY COVER 0.9


WEATHER CONDITIONS
 THE FOLLOWING WEATHER WAS RECORDED YESTERDAY.
  LIGHT SNOW
  FOG


RELATIVE HUMIDITY (PERCENT)
 HIGHEST    92           700 AM
 LOWEST     63          1200 PM
 AVERAGE    78

..........................................................


THE MOUNT POCONO PA CLIMATE NORMALS FOR TODAY
                         NORMAL    RECORD    YEAR
 MAXIMUM TEMPERATURE (F)   35        63      1979
 MINIMUM TEMPERATURE (F)   22       -13      1988


SUNRISE AND SUNSET
DECEMBER 12 2017......SUNRISE   718 AM EST   SUNSET   433 PM EST
DECEMBER 13 2017......SUNRISE   718 AM EST   SUNSET   433 PM EST


-  INDICATES NEGATIVE NUMBERS.
R  INDICATES RECORD WAS SET OR TIED.
MM INDICATES DATA IS MISSING.
T  INDICATES TRACE AMOUNT.




$$
