000
CDUS41 KPHI 010627
CLIMPO


CLIMATE REPORT
NATIONAL WEATHER SERVICE MOUNT HOLLY NJ
226 AM EDT WED JUL 1 2015


...................................

...THE MOUNT POCONO PA CLIMATE SUMMARY FOR JUNE 30 2015...

CLIMATE NORMAL PERIOD 1981 TO 2010
CLIMATE RECORD PERIOD 1901 TO 2015


WEATHER ITEM   OBSERVED TIME   RECORD YEAR NORMAL DEPARTURE LAST
                VALUE   (LST)  VALUE       VALUE  FROM      YEAR
                                                  NORMAL
..................................................................
TEMPERATURE (F)
 YESTERDAY
  MAXIMUM         67    231 PM  90    1964  77    -10       79
  MINIMUM         58    209 AM  35    1988  57      1       63
  AVERAGE         63                        67     -4       71

PRECIPITATION (IN)
  YESTERDAY        2.89          3.00 1928   0.13   2.76     0.04
  MONTH TO DATE    8.77                      4.38   4.39     3.45
  SINCE JUN 1      8.77                      4.38   4.39     3.45
  SINCE JAN 1     19.77                     21.88  -2.11    22.21

SNOWFALL (IN)
  YESTERDAY       MM            MM      MM  MM     MM       MM
  MONTH TO DATE   MM                        MM     MM       MM
  SINCE JUN 1     MM                        MM     MM       MM
  SINCE JUL 1     MM                        MM     MM       MM
  SNOW DEPTH      MM

DEGREE DAYS
 HEATING
  YESTERDAY        2                         1      1        0
  MONTH TO DATE   84                        98    -14       55
  SINCE JUN 1     84                       100    -16       55
  SINCE JUL 1   7378                      7116    262     7507

 COOLING
  YESTERDAY        0                         3     -3        6
  MONTH TO DATE   66                        62      4       60
  SINCE JUN 1     66                        62      4       60
  SINCE JAN 1    123                        81     42       67
..................................................................


WIND (MPH)
  HIGHEST WIND SPEED    15   HIGHEST WIND DIRECTION    SE (140)
  HIGHEST GUST SPEED    21   HIGHEST GUST DIRECTION    SE (140)
  AVERAGE WIND SPEED     5.6


SKY COVER
  POSSIBLE SUNSHINE  MM
  AVERAGE SKY COVER 1.0


WEATHER CONDITIONS
 THE FOLLOWING WEATHER WAS RECORDED YESTERDAY.
  THUNDERSTORM
  HEAVY RAIN
  RAIN
  LIGHT RAIN
  FOG
  FOG W/VISIBILITY <= 1/4 MILE


RELATIVE HUMIDITY (PERCENT)
 HIGHEST    93           300 PM
 LOWEST     73           700 AM
 AVERAGE    83

..........................................................


THE MOUNT POCONO PA CLIMATE NORMALS FOR TODAY
                         NORMAL    RECORD    YEAR
 MAXIMUM TEMPERATURE (F)   77        88      1968
 MINIMUM TEMPERATURE (F)   58        36      1912


SUNRISE AND SUNSET
JULY  1 2015..........SUNRISE   533 AM EDT   SUNSET   838 PM EDT
JULY  2 2015..........SUNRISE   533 AM EDT   SUNSET   838 PM EDT


-  INDICATES NEGATIVE NUMBERS.
R  INDICATES RECORD WAS SET OR TIED.
MM INDICATES DATA IS MISSING.
T  INDICATES TRACE AMOUNT.




$$
