000
CDUS41 KPHI 270629
CLIMPO


CLIMATE REPORT
NATIONAL WEATHER SERVICE MOUNT HOLLY NJ
129 AM EST FRI FEB 27 2015


...................................

...THE MOUNT POCONO PA CLIMATE SUMMARY FOR FEBRUARY 26 2015...

CLIMATE NORMAL PERIOD 1981 TO 2010
CLIMATE RECORD PERIOD 1901 TO 2015


WEATHER ITEM   OBSERVED TIME   RECORD YEAR NORMAL DEPARTURE LAST
                VALUE   (LST)  VALUE       VALUE  FROM      YEAR
                                                  NORMAL
..................................................................
TEMPERATURE (F)
 YESTERDAY
  MAXIMUM         23    232 PM  63    1976  37    -14       20
  MINIMUM         10    959 PM  -6    1910  20    -10       -4
  AVERAGE         17                        28    -11        8

PRECIPITATION (IN)
  YESTERDAY        T             1.20 1929   0.09  -0.09     0.03
  MONTH TO DATE    1.63                      2.20  -0.57     2.99
  SINCE DEC 1      6.15                      8.92  -2.77     8.97
  SINCE JAN 1      3.35                      5.05  -1.70     6.34

SNOWFALL (IN)
  YESTERDAY       MM            MM      MM  MM     MM       MM
  MONTH TO DATE   MM                        MM     MM       MM
  SINCE DEC 1     MM                        MM     MM       MM
  SINCE JUL 1     MM                        MM     MM       MM
  SNOW DEPTH      MM

DEGREE DAYS
 HEATING
  YESTERDAY       48                        37     11       57
  MONTH TO DATE 1329                      1019    310     1135
  SINCE DEC 1   3763                      3471    292     3701
  SINCE JUL 1   5330                      5050    280     5313

 COOLING
  YESTERDAY        0                         0      0        0
  MONTH TO DATE    0                         0      0        0
  SINCE DEC 1      0                         0      0        0
  SINCE JAN 1      0                         0      0        0
..................................................................


WIND (MPH)
  HIGHEST WIND SPEED    14   HIGHEST WIND DIRECTION     N (350)
  HIGHEST GUST SPEED    18   HIGHEST GUST DIRECTION     N (350)
  AVERAGE WIND SPEED     6.4


SKY COVER
  POSSIBLE SUNSHINE  MM
  AVERAGE SKY COVER 0.7


WEATHER CONDITIONS
 THE FOLLOWING WEATHER WAS RECORDED YESTERDAY.
  LIGHT SNOW


RELATIVE HUMIDITY (PERCENT)
 HIGHEST    83          1100 PM
 LOWEST     46          1200 AM
 AVERAGE    65

..........................................................


THE MOUNT POCONO PA CLIMATE NORMALS FOR TODAY
                         NORMAL    RECORD    YEAR
 MAXIMUM TEMPERATURE (F)   37        63      1976
 MINIMUM TEMPERATURE (F)   20        -9      1993


SUNRISE AND SUNSET
FEBRUARY 27 2015......SUNRISE   639 AM EST   SUNSET   550 PM EST
FEBRUARY 28 2015......SUNRISE   638 AM EST   SUNSET   551 PM EST


-  INDICATES NEGATIVE NUMBERS.
R  INDICATES RECORD WAS SET OR TIED.
MM INDICATES DATA IS MISSING.
T  INDICATES TRACE AMOUNT.




$$
