000
CDUS41 KPHI 090630
CLIMPO


CLIMATE REPORT
NATIONAL WEATHER SERVICE MOUNT HOLLY NJ
129 AM EST FRI DEC 9 2016


...................................

...THE MOUNT POCONO PA CLIMATE SUMMARY FOR DECEMBER 8 2016...

CLIMATE NORMAL PERIOD 1981 TO 2010
CLIMATE RECORD PERIOD 1901 TO 2016


WEATHER ITEM   OBSERVED TIME   RECORD YEAR NORMAL DEPARTURE LAST
                VALUE   (LST)  VALUE       VALUE  FROM      YEAR
                                                  NORMAL
..................................................................
TEMPERATURE (F)
 YESTERDAY
  MAXIMUM         33    246 PM  65    1998  36     -3       44
  MINIMUM         23   1159 PM  -5    1934  24     -1       23
  AVERAGE         28                        30     -2       34

PRECIPITATION (IN)
  YESTERDAY        0.00          2.24 1950   0.14  -0.14     0.00
  MONTH TO DATE    0.92                      1.10  -0.18     0.98
  SINCE DEC 1      0.92                      1.10  -0.18     0.98
  SINCE JAN 1     38.82                     46.01  -7.19    40.88

SNOWFALL (IN)
  YESTERDAY       MM            MM      MM  MM     MM       MM
  MONTH TO DATE   MM                        MM     MM       MM
  SINCE DEC 1     MM                        MM     MM       MM
  SINCE JUL 1     MM                        MM     MM       MM
  SNOW DEPTH      MM

DEGREE DAYS
 HEATING
  YESTERDAY       37                        35      2       31
  MONTH TO DATE  249                       270    -21      210
  SINCE DEC 1    249                       270    -21      210
  SINCE JUL 1   1642                      1849   -207     1477

 COOLING
  YESTERDAY        0                         0      0        0
  MONTH TO DATE    0                         0      0        0
  SINCE DEC 1      0                         0      0        0
  SINCE JAN 1    397                       314     83      403
..................................................................


WIND (MPH)
  HIGHEST WIND SPEED    23   HIGHEST WIND DIRECTION     W (280)
  HIGHEST GUST SPEED    34   HIGHEST GUST DIRECTION     W (270)
  AVERAGE WIND SPEED    13.8


SKY COVER
  POSSIBLE SUNSHINE  MM
  AVERAGE SKY COVER 0.7


WEATHER CONDITIONS
 THE FOLLOWING WEATHER WAS RECORDED YESTERDAY.
  NO SIGNIFICANT WEATHER WAS OBSERVED.


RELATIVE HUMIDITY (PERCENT)
 HIGHEST    75           600 AM
 LOWEST     49           100 PM
 AVERAGE    62

..........................................................


THE MOUNT POCONO PA CLIMATE NORMALS FOR TODAY
                         NORMAL    RECORD    YEAR
 MAXIMUM TEMPERATURE (F)   36        65      1966
 MINIMUM TEMPERATURE (F)   23        -1      1902


SUNRISE AND SUNSET
DECEMBER  9 2016......SUNRISE   715 AM EST   SUNSET   433 PM EST
DECEMBER 10 2016......SUNRISE   716 AM EST   SUNSET   433 PM EST


-  INDICATES NEGATIVE NUMBERS.
R  INDICATES RECORD WAS SET OR TIED.
MM INDICATES DATA IS MISSING.
T  INDICATES TRACE AMOUNT.




$$
