335
CDUS41 KPHI 230634
CLIMPO


CLIMATE REPORT
NATIONAL WEATHER SERVICE MOUNT HOLLY NJ
233 AM EDT TUE MAY 23 2017


...................................

...THE MOUNT POCONO PA CLIMATE SUMMARY FOR MAY 22 2017...

CLIMATE NORMAL PERIOD 1981 TO 2010
CLIMATE RECORD PERIOD 1901 TO 2017


WEATHER ITEM   OBSERVED TIME   RECORD YEAR NORMAL DEPARTURE LAST
                VALUE   (LST)  VALUE       VALUE  FROM      YEAR
                                                  NORMAL
..................................................................
TEMPERATURE (F)
 YESTERDAY
  MAXIMUM         55    656 PM  94    1911  67    -12       57
  MINIMUM         48    656 AM  30    1967  47      1       42
  AVERAGE         52                        57     -5       50

PRECIPITATION (IN)
  YESTERDAY        T             3.15 1942   0.16  -0.16     0.09
  MONTH TO DATE    2.95                      2.84   0.11     3.41
  SINCE MAR 1     10.80                     10.69   0.11     6.95
  SINCE JAN 1     15.76                     15.95  -0.19    14.93

DEGREE DAYS
 HEATING
  YESTERDAY       13                         9      4       15
  MONTH TO DATE  299                       252     47      371
  SINCE MAR 1   1844                      1823     21     1744
  SINCE JUL 1   6447                      6946   -499     6029

 COOLING
  YESTERDAY        0                         1     -1        0
  MONTH TO DATE   15                         4     11        0
  SINCE MAR 1     18                         8     10        0
  SINCE JAN 1     18                         8     10        0
..................................................................


WIND (MPH)
  HIGHEST WIND SPEED    13   HIGHEST WIND DIRECTION     S (160)
  HIGHEST GUST SPEED    19   HIGHEST GUST DIRECTION    SE (150)
  AVERAGE WIND SPEED     6.2


SKY COVER
  POSSIBLE SUNSHINE  MM
  AVERAGE SKY COVER 1.0


WEATHER CONDITIONS
 THE FOLLOWING WEATHER WAS RECORDED YESTERDAY.
  LIGHT RAIN
  FOG
  FOG W/VISIBILITY <= 1/4 MILE


RELATIVE HUMIDITY (PERCENT)
 HIGHEST   100           700 AM
 LOWEST     59          1200 AM
 AVERAGE    80

..........................................................


THE MOUNT POCONO PA CLIMATE NORMALS FOR TODAY
                         NORMAL    RECORD    YEAR
 MAXIMUM TEMPERATURE (F)   67        89      1911
 MINIMUM TEMPERATURE (F)   47        30      1993


SUNRISE AND SUNSET
MAY 23 2017...........SUNRISE   536 AM EDT   SUNSET   821 PM EDT
MAY 24 2017...........SUNRISE   536 AM EDT   SUNSET   822 PM EDT


-  INDICATES NEGATIVE NUMBERS.
R  INDICATES RECORD WAS SET OR TIED.
MM INDICATES DATA IS MISSING.
T  INDICATES TRACE AMOUNT.




$$
