000
CDUS41 KPHI 212130
CLIMPO


CLIMATE REPORT
NATIONAL WEATHER SERVICE MOUNT HOLLY NJ
428 PM EST SAT JAN 21 2017


...................................

...THE MOUNT POCONO PA CLIMATE SUMMARY FOR JANUARY 21 2017...
VALID TODAY AS OF 0400 PM LOCAL TIME.

CLIMATE NORMAL PERIOD 1981 TO 2010
CLIMATE RECORD PERIOD 1901 TO 2017


WEATHER ITEM   OBSERVED TIME   RECORD YEAR NORMAL DEPARTURE LAST
                VALUE   (LST)  VALUE       VALUE  FROM      YEAR
                                                  NORMAL
..................................................................
TEMPERATURE (F)
 TODAY
  MAXIMUM         55    346 PM  66    1906  31     24       25
  MINIMUM         35    359 AM -20    1985  16     19       13
  AVERAGE         45                        23     22       19

PRECIPITATION (IN)
  TODAY            0.00          1.37 1979   0.09  -0.09     0.01
  MONTH TO DATE    1.79                      2.12  -0.33     2.73
  SINCE DEC 1      3.98                      5.99  -2.01     6.56
  SINCE JAN 1      1.79                      2.12  -0.33     2.73

DEGREE DAYS
 HEATING
  TODAY           20                        42    -22       46
  MONTH TO DATE  807                       878    -71      858
  SINCE DEC 1   1957                      2036    -79     1569
  SINCE JUL 1   3350                      3615   -265     2836

 COOLING
  TODAY            0                         0      0        0
  MONTH TO DATE    0                         0      0        0
  SINCE DEC 1      0                         0      0        0
  SINCE JAN 1      0                         0      0        0
..................................................................


WIND (MPH)
  HIGHEST WIND SPEED    12   HIGHEST WIND DIRECTION     W (250)
  HIGHEST GUST SPEED    16   HIGHEST GUST DIRECTION     W (280)
  AVERAGE WIND SPEED     7.2


SKY COVER
  POSSIBLE SUNSHINE  MM
  AVERAGE SKY COVER 0.8


WEATHER CONDITIONS
 THE FOLLOWING WEATHER WAS RECORDED TODAY.
  FOG
  FOG W/VISIBILITY <= 1/4 MILE


RELATIVE HUMIDITY (PERCENT)
 HIGHEST   100           400 AM
 LOWEST     66           300 PM
 AVERAGE    83

..........................................................


THE MOUNT POCONO PA CLIMATE NORMALS FOR TOMORROW
                         NORMAL    RECORD    YEAR
 MAXIMUM TEMPERATURE (F)   31        58      1909
 MINIMUM TEMPERATURE (F)   16       -23      1984


SUNRISE AND SUNSET
JANUARY 21 2017.......SUNRISE   721 AM EST   SUNSET   505 PM EST
JANUARY 22 2017.......SUNRISE   721 AM EST   SUNSET   506 PM EST


-  INDICATES NEGATIVE NUMBERS.
R  INDICATES RECORD WAS SET OR TIED.
MM INDICATES DATA IS MISSING.
T  INDICATES TRACE AMOUNT.




$$
