000
CDUS41 KPHI 200630
CLIMPO


CLIMATE REPORT
NATIONAL WEATHER SERVICE MOUNT HOLLY NJ
228 AM EDT SAT SEP 20 2014


...................................

...THE MOUNT POCONO PA CLIMATE SUMMARY FOR SEPTEMBER 19 2014...

CLIMATE NORMAL PERIOD 1981 TO 2010
CLIMATE RECORD PERIOD 1901 TO 2014


WEATHER ITEM   OBSERVED TIME   RECORD YEAR NORMAL DEPARTURE LAST
                VALUE   (LST)  VALUE       VALUE  FROM      YEAR
                                                  NORMAL
..................................................................
TEMPERATURE (F)
 YESTERDAY
  MAXIMUM         61    407 PM  86    1983  66     -5       72
  MINIMUM         43    458 AM  28    1929  49     -6       41
  AVERAGE         52                        58     -6       57

PRECIPITATION (IN)
  YESTERDAY        0.00          1.78 1991   0.17  -0.17     0.00
  MONTH TO DATE    0.87                      3.20  -2.33     1.17
  SINCE SEP 1      0.87                      3.20  -2.33     1.17
  SINCE JAN 1     29.29                     34.18  -4.89    36.82

SNOWFALL (IN)
  YESTERDAY       MM            MM      MM  MM     MM       MM
  MONTH TO DATE   MM                        MM     MM       MM
  SINCE SEP 1     MM                        MM     MM       MM
  SINCE JUL 1     MM                        MM     MM       MM
  SNOW DEPTH      MM

DEGREE DAYS
 HEATING
  YESTERDAY       13                         8      5        8
  MONTH TO DATE  107                        94     13      135
  SINCE SEP 1    107                        94     13      135
  SINCE JUL 1    183                       157     26      199

 COOLING
  YESTERDAY        0                         0      0        0
  MONTH TO DATE   33                        13     20       40
  SINCE SEP 1     33                        13     20       40
  SINCE JAN 1    251                       309    -58      459
..................................................................


WIND (MPH)
  HIGHEST WIND SPEED    13   HIGHEST WIND DIRECTION     S (180)
  HIGHEST GUST SPEED    19   HIGHEST GUST DIRECTION    SE (130)
  AVERAGE WIND SPEED     6.9


SKY COVER
  POSSIBLE SUNSHINE  MM
  AVERAGE SKY COVER 0.4


WEATHER CONDITIONS
 THE FOLLOWING WEATHER WAS RECORDED YESTERDAY.
  FOG


RELATIVE HUMIDITY (PERCENT)
 HIGHEST    92           400 AM
 LOWEST     55           300 PM
 AVERAGE    74

..........................................................


THE MOUNT POCONO PA CLIMATE NORMALS FOR TODAY
                         NORMAL    RECORD    YEAR
 MAXIMUM TEMPERATURE (F)   66        85      1983
 MINIMUM TEMPERATURE (F)   48        28      1979


SUNRISE AND SUNSET
SEPTEMBER 20 2014.....SUNRISE   647 AM EDT   SUNSET   702 PM EDT
SEPTEMBER 21 2014.....SUNRISE   648 AM EDT   SUNSET   700 PM EDT


-  INDICATES NEGATIVE NUMBERS.
R  INDICATES RECORD WAS SET OR TIED.
MM INDICATES DATA IS MISSING.
T  INDICATES TRACE AMOUNT.




$$
