000
CDUS41 KPHI 232127
CLIMPO


CLIMATE REPORT
NATIONAL WEATHER SERVICE MOUNT HOLLY NJ
527 PM EDT WED AUG 23 2017


...................................

...THE MOUNT POCONO PA CLIMATE SUMMARY FOR AUGUST 23 2017...
VALID TODAY AS OF 0500 PM LOCAL TIME.

CLIMATE NORMAL PERIOD 1981 TO 2010
CLIMATE RECORD PERIOD 1901 TO 2017


WEATHER ITEM   OBSERVED TIME   RECORD YEAR NORMAL DEPARTURE LAST
                VALUE   (LST)  VALUE       VALUE  FROM      YEAR
                                                  NORMAL
..................................................................
TEMPERATURE (F)
 TODAY
  MAXIMUM         73    128 PM  90    1936  76     -3       74
  MINIMUM         60    607 AM  34    1923  56      4       45
  AVERAGE         67                        66      1       60

PRECIPITATION (IN)
  TODAY            0.00          1.68 1970   0.15  -0.15     0.00
  MONTH TO DATE    4.22                      3.54   0.68     3.92
  SINCE JUN 1     13.66                     12.56   1.10    12.15
  SINCE JAN 1     30.56                     30.06   0.50    29.58

DEGREE DAYS
 HEATING
  TODAY            0                         1     -1        5
  MONTH TO DATE   30                        23      7       14
  SINCE JUN 1    169                       145     24      122
  SINCE JUL 1     42                        45     -3       30

 COOLING
  TODAY            2                         2      0        0
  MONTH TO DATE   48                        82    -34      107
  SINCE JUN 1    213                       265    -52      294
  SINCE JAN 1    231                       284    -53      323
..................................................................


WIND (MPH)
  HIGHEST WIND SPEED    18   HIGHEST WIND DIRECTION    NW (330)
  HIGHEST GUST SPEED    25   HIGHEST GUST DIRECTION    NW (310)
  AVERAGE WIND SPEED    11.1


SKY COVER
  POSSIBLE SUNSHINE  MM
  AVERAGE SKY COVER 0.4


WEATHER CONDITIONS
 THE FOLLOWING WEATHER WAS RECORDED TODAY.
  NO SIGNIFICANT WEATHER WAS OBSERVED.


RELATIVE HUMIDITY (PERCENT)
 HIGHEST   100           200 AM
 LOWEST     49           200 PM
 AVERAGE    75

..........................................................


THE MOUNT POCONO PA CLIMATE NORMALS FOR TOMORROW
                         NORMAL    RECORD    YEAR
 MAXIMUM TEMPERATURE (F)   75        86      1909
 MINIMUM TEMPERATURE (F)   56        35      1940


SUNRISE AND SUNSET
AUGUST 23 2017........SUNRISE   619 AM EDT   SUNSET   748 PM EDT
AUGUST 24 2017........SUNRISE   620 AM EDT   SUNSET   747 PM EDT


-  INDICATES NEGATIVE NUMBERS.
R  INDICATES RECORD WAS SET OR TIED.
MM INDICATES DATA IS MISSING.
T  INDICATES TRACE AMOUNT.




$$
