000
CDUS41 KPHI 260631
CLIMPO


CLIMATE REPORT
NATIONAL WEATHER SERVICE MOUNT HOLLY NJ
230 AM EDT MON JUN 26 2017


...................................

...THE MOUNT POCONO PA CLIMATE SUMMARY FOR JUNE 25 2017...

CLIMATE NORMAL PERIOD 1981 TO 2010
CLIMATE RECORD PERIOD 1901 TO 2017


WEATHER ITEM   OBSERVED TIME   RECORD YEAR NORMAL DEPARTURE LAST
                VALUE   (LST)  VALUE       VALUE  FROM      YEAR
                                                  NORMAL
..................................................................
TEMPERATURE (F)
 YESTERDAY
  MAXIMUM         74   1233 PM  91    1952  76     -2       78
  MINIMUM         50    418 AM  32    1988  56     -6       49
  AVERAGE         62                        66     -4       64

PRECIPITATION (IN)
  YESTERDAY        T             2.76 2006   0.12  -0.12     0.00
  MONTH TO DATE    3.51                      3.76  -0.25     1.42
  SINCE JUN 1      3.51                      3.76  -0.25     1.42
  SINCE JAN 1     20.41                     21.26  -0.85    18.85

DEGREE DAYS
 HEATING
  YESTERDAY        3                         1      2        1
  MONTH TO DATE  107                        93     14       90
  SINCE JUN 1    107                        93     14       90
  SINCE JUL 1   6631                      7109   -478     6142

 COOLING
  YESTERDAY        0                         3     -3        0
  MONTH TO DATE   49                        46      3       15
  SINCE JUN 1     49                        46      3       15
  SINCE JAN 1     67                        65      2       44
..................................................................


WIND (MPH)
  HIGHEST WIND SPEED    21   HIGHEST WIND DIRECTION     W (290)
  HIGHEST GUST SPEED    27   HIGHEST GUST DIRECTION     W (290)
  AVERAGE WIND SPEED     8.3


SKY COVER
  POSSIBLE SUNSHINE  MM
  AVERAGE SKY COVER 0.2


WEATHER CONDITIONS
 THE FOLLOWING WEATHER WAS RECORDED YESTERDAY.
  LIGHT RAIN


RELATIVE HUMIDITY (PERCENT)
 HIGHEST   100          1200 AM
 LOWEST     44           600 PM
 AVERAGE    72

..........................................................


THE MOUNT POCONO PA CLIMATE NORMALS FOR TODAY
                         NORMAL    RECORD    YEAR
 MAXIMUM TEMPERATURE (F)   76        92      1952
 MINIMUM TEMPERATURE (F)   57        36      1965


SUNRISE AND SUNSET
JUNE 26 2017..........SUNRISE   531 AM EDT   SUNSET   838 PM EDT
JUNE 27 2017..........SUNRISE   531 AM EDT   SUNSET   838 PM EDT


-  INDICATES NEGATIVE NUMBERS.
R  INDICATES RECORD WAS SET OR TIED.
MM INDICATES DATA IS MISSING.
T  INDICATES TRACE AMOUNT.




$$
