000
CDUS41 KPHI 040628
CLIMPO


CLIMATE REPORT
NATIONAL WEATHER SERVICE MOUNT HOLLY NJ
228 AM EDT TUE AUG 4 2015


...................................

...THE MOUNT POCONO PA CLIMATE SUMMARY FOR AUGUST 3 2015...

CLIMATE NORMAL PERIOD 1981 TO 2010
CLIMATE RECORD PERIOD 1901 TO 2015


WEATHER ITEM   OBSERVED TIME   RECORD YEAR NORMAL DEPARTURE LAST
                VALUE   (LST)  VALUE       VALUE  FROM      YEAR
                                                  NORMAL
..................................................................
TEMPERATURE (F)
 YESTERDAY
  MAXIMUM         82    130 PM  91    1975  78      4       73
  MINIMUM         65   1159 PM  36    1927  58      7       61
  AVERAGE         74                        68      6       67

PRECIPITATION (IN)
  YESTERDAY        0.00          2.47 1967   0.17  -0.17     0.00
  MONTH TO DATE    T                         0.52  -0.52      T
  SINCE JUN 1     11.83                      9.54   2.29     7.14
  SINCE JAN 1     22.83                     27.04  -4.21    25.90

SNOWFALL (IN)
  YESTERDAY       MM            MM      MM  MM     MM       MM
  MONTH TO DATE   MM                        MM     MM       MM
  SINCE JUN 1     MM                        MM     MM       MM
  SINCE JUL 1     MM                        MM     MM       MM
  SNOW DEPTH      MM

DEGREE DAYS
 HEATING
  YESTERDAY        0                         1     -1        0
  MONTH TO DATE    0                         3     -3        0
  SINCE JUN 1     97                       125    -28       79
  SINCE JUL 1     13                        25    -12       24

 COOLING
  YESTERDAY        9                         4      5        2
  MONTH TO DATE   13                        12      1        9
  SINCE JUN 1    207                       195     12      177
  SINCE JAN 1    264                       214     50      184
..................................................................


WIND (MPH)
  HIGHEST WIND SPEED    21   HIGHEST WIND DIRECTION    SW (210)
  HIGHEST GUST SPEED    26   HIGHEST GUST DIRECTION    SW (220)
  AVERAGE WIND SPEED     8.6


SKY COVER
  POSSIBLE SUNSHINE  MM
  AVERAGE SKY COVER 0.2


WEATHER CONDITIONS
 THE FOLLOWING WEATHER WAS RECORDED YESTERDAY.
  THUNDERSTORM


RELATIVE HUMIDITY (PERCENT)
 HIGHEST    73           200 AM
 LOWEST     51          1200 PM
 AVERAGE    62

..........................................................


THE MOUNT POCONO PA CLIMATE NORMALS FOR TODAY
                         NORMAL    RECORD    YEAR
 MAXIMUM TEMPERATURE (F)   78        91      1944
 MINIMUM TEMPERATURE (F)   58        40      1966


SUNRISE AND SUNSET
AUGUST  4 2015........SUNRISE   600 AM EDT   SUNSET   815 PM EDT
AUGUST  5 2015........SUNRISE   601 AM EDT   SUNSET   814 PM EDT


-  INDICATES NEGATIVE NUMBERS.
R  INDICATES RECORD WAS SET OR TIED.
MM INDICATES DATA IS MISSING.
T  INDICATES TRACE AMOUNT.




$$
