000
CDUS41 KPHI 020627
CLIMPO


CLIMATE REPORT
NATIONAL WEATHER SERVICE MOUNT HOLLY NJ
227 AM EDT THU OCT 2 2014


...................................

...THE MOUNT POCONO PA CLIMATE SUMMARY FOR OCTOBER 1 2014...

CLIMATE NORMAL PERIOD 1981 TO 2010
CLIMATE RECORD PERIOD 1901 TO 2014


WEATHER ITEM   OBSERVED TIME   RECORD YEAR NORMAL DEPARTURE LAST
                VALUE   (LST)  VALUE       VALUE  FROM      YEAR
                                                  NORMAL
..................................................................
TEMPERATURE (F)
 YESTERDAY
  MAXIMUM         65    210 PM  85    1927  62      3       73
  MINIMUM         56   1108 PM  22    1916  44     12       46
  AVERAGE         61                        53      8       60

PRECIPITATION (IN)
  YESTERDAY        0.00          2.00 1920   0.16  -0.16     0.00
  MONTH TO DATE    0.00                      0.16  -0.16     0.00
  SINCE SEP 1      1.10                      5.52  -4.42     1.73
  SINCE JAN 1     29.52                     36.50  -6.98    37.38

SNOWFALL (IN)
  YESTERDAY       MM            MM      MM  MM     MM       MM
  MONTH TO DATE   MM                        MM     MM       MM
  SINCE SEP 1     MM                        MM     MM       MM
  SINCE JUL 1     MM                        MM     MM       MM
  SNOW DEPTH      MM

DEGREE DAYS
 HEATING
  YESTERDAY        4                        12     -8        5
  MONTH TO DATE    4                        12     -8        5
  SINCE SEP 1    166                       217    -51      254
  SINCE JUL 1    242                       280    -38      318

 COOLING
  YESTERDAY        0                         0      0        0
  MONTH TO DATE    0                         0      0        0
  SINCE SEP 1     34                        17     17       40
  SINCE JAN 1    252                       313    -61      459
..................................................................


WIND (MPH)
  HIGHEST WIND SPEED    14   HIGHEST WIND DIRECTION    NE (50)
  HIGHEST GUST SPEED    17   HIGHEST GUST DIRECTION    NE (50)
  AVERAGE WIND SPEED     6.2


SKY COVER
  POSSIBLE SUNSHINE  MM
  AVERAGE SKY COVER 0.9


WEATHER CONDITIONS
 THE FOLLOWING WEATHER WAS RECORDED YESTERDAY.
  FOG


RELATIVE HUMIDITY (PERCENT)
 HIGHEST    93          1200 AM
 LOWEST     67           300 PM
 AVERAGE    80

..........................................................


THE MOUNT POCONO PA CLIMATE NORMALS FOR TODAY
                         NORMAL    RECORD    YEAR
 MAXIMUM TEMPERATURE (F)   62        89      1927
 MINIMUM TEMPERATURE (F)   43        27      1958


SUNRISE AND SUNSET
OCTOBER  2 2014.......SUNRISE   659 AM EDT   SUNSET   642 PM EDT
OCTOBER  3 2014.......SUNRISE   700 AM EDT   SUNSET   640 PM EDT


-  INDICATES NEGATIVE NUMBERS.
R  INDICATES RECORD WAS SET OR TIED.
MM INDICATES DATA IS MISSING.
T  INDICATES TRACE AMOUNT.




$$
