000
CDUS41 KPHI 230626
CLIMPO


CLIMATE REPORT
NATIONAL WEATHER SERVICE MOUNT HOLLY NJ
226 AM EDT WED JUL 23 2014


...................................

...THE MOUNT POCONO PA CLIMATE SUMMARY FOR JULY 22 2014...

CLIMATE NORMAL PERIOD 1981 TO 2010
CLIMATE RECORD PERIOD 1901 TO 2014


WEATHER ITEM   OBSERVED TIME   RECORD YEAR NORMAL DEPARTURE LAST
                VALUE   (LST)  VALUE       VALUE  FROM      YEAR
                                                  NORMAL
..................................................................
TEMPERATURE (F)
 YESTERDAY
  MAXIMUM         81    135 PM  94    2011  78      3       82
  MINIMUM         60    345 AM  42    1974  59      1       64
  AVERAGE         71                        68      3       73

PRECIPITATION (IN)
  YESTERDAY        0.00          1.40 1977   0.18  -0.18     0.99
  MONTH TO DATE    2.83                      3.05  -0.22     5.25
  SINCE JUN 1      6.28                      7.43  -1.15    14.44
  SINCE JAN 1     25.04                     24.93   0.11    28.45

SNOWFALL (IN)
  YESTERDAY       MM            MM      MM  MM     MM       MM
  MONTH TO DATE   MM                        MM     MM       MM
  SINCE JUN 1     MM                        MM     MM       MM
  SINCE JUL 1     MM                        MM     MM       MM
  SNOW DEPTH      MM

DEGREE DAYS
 HEATING
  YESTERDAY        0                         1     -1        0
  MONTH TO DATE   10                        22    -12        0
  SINCE JUN 1     65                       122    -57       76
  SINCE JUL 1     10                        22    -12        0

 COOLING
  YESTERDAY        6                         4      2        8
  MONTH TO DATE   90                        87      3      218
  SINCE JUN 1    150                       149      1      299
  SINCE JAN 1    157                       168    -11      331
..................................................................


WIND (MPH)
  HIGHEST WIND SPEED    16   HIGHEST WIND DIRECTION    SW (210)
  HIGHEST GUST SPEED    22   HIGHEST GUST DIRECTION    SW (220)
  AVERAGE WIND SPEED     7.5


SKY COVER
  POSSIBLE SUNSHINE  MM
  AVERAGE SKY COVER 0.3


WEATHER CONDITIONS
 THE FOLLOWING WEATHER WAS RECORDED YESTERDAY.
  FOG


RELATIVE HUMIDITY (PERCENT)
 HIGHEST    97           400 AM
 LOWEST     58           400 PM
 AVERAGE    78

..........................................................


THE MOUNT POCONO PA CLIMATE NORMALS FOR TODAY
                         NORMAL    RECORD    YEAR
 MAXIMUM TEMPERATURE (F)   78        91      1955
 MINIMUM TEMPERATURE (F)   59        40      1939


SUNRISE AND SUNSET
JULY 23 2014..........SUNRISE   549 AM EDT   SUNSET   827 PM EDT
JULY 24 2014..........SUNRISE   550 AM EDT   SUNSET   826 PM EDT


-  INDICATES NEGATIVE NUMBERS.
R  INDICATES RECORD WAS SET OR TIED.
MM INDICATES DATA IS MISSING.
T  INDICATES TRACE AMOUNT.




$$
