000
CDUS41 KPHI 270632
CLIMPO


CLIMATE REPORT
NATIONAL WEATHER SERVICE MOUNT HOLLY NJ
131 AM EST THU NOV 27 2014


...................................

...THE MOUNT POCONO PA CLIMATE SUMMARY FOR NOVEMBER 26 2014...

CLIMATE NORMAL PERIOD 1981 TO 2010
CLIMATE RECORD PERIOD 1901 TO 2014


WEATHER ITEM   OBSERVED TIME   RECORD YEAR NORMAL DEPARTURE LAST
                VALUE   (LST)  VALUE       VALUE  FROM      YEAR
                                                  NORMAL
..................................................................
TEMPERATURE (F)
 YESTERDAY
  MAXIMUM         39   1254 AM  61    1988  41     -2       36
  MINIMUM         29   1159 PM  -2    1938  28      1       23
  AVERAGE         34                        35     -1       30

PRECIPITATION (IN)
  YESTERDAY        0.60          2.13 1964   0.17   0.43     0.80
  MONTH TO DATE    2.74                      3.84  -1.10     1.97
  SINCE SEP 1      9.24                     13.16  -3.92     5.12
  SINCE JAN 1     37.66                     44.14  -6.48    40.77

SNOWFALL (IN)
  YESTERDAY       MM            MM      MM  MM     MM       MM
  MONTH TO DATE   MM                        MM     MM       MM
  SINCE SEP 1     MM                        MM     MM       MM
  SINCE JUL 1     MM                        MM     MM       MM
  SNOW DEPTH      MM

DEGREE DAYS
 HEATING
  YESTERDAY       31                        30      1       35
  MONTH TO DATE  731                       665     66      714
  SINCE SEP 1   1330                      1390    -60     1381
  SINCE JUL 1   1406                      1453    -47     1445

 COOLING
  YESTERDAY        0                         0      0        0
  MONTH TO DATE    0                         0      0        0
  SINCE SEP 1     35                        18     17       48
  SINCE JAN 1    253                       314    -61      467
..................................................................


WIND (MPH)
  HIGHEST WIND SPEED    20   HIGHEST WIND DIRECTION    NW (330)
  HIGHEST GUST SPEED    28   HIGHEST GUST DIRECTION    NW (330)
  AVERAGE WIND SPEED     9.2


SKY COVER
  POSSIBLE SUNSHINE  MM
  AVERAGE SKY COVER 0.8


WEATHER CONDITIONS
 THE FOLLOWING WEATHER WAS RECORDED YESTERDAY.
  HEAVY SNOW
  SNOW
  LIGHT SNOW
  FOG
  FOG W/VISIBILITY <= 1/4 MILE


RELATIVE HUMIDITY (PERCENT)
 HIGHEST    92           900 AM
 LOWEST     59           100 AM
 AVERAGE    76

..........................................................


THE MOUNT POCONO PA CLIMATE NORMALS FOR TODAY
                         NORMAL    RECORD    YEAR
 MAXIMUM TEMPERATURE (F)   41        60      2006
                                             1984
 MINIMUM TEMPERATURE (F)   28         6      1949


SUNRISE AND SUNSET
NOVEMBER 27 2014......SUNRISE   703 AM EST   SUNSET   435 PM EST
NOVEMBER 28 2014......SUNRISE   704 AM EST   SUNSET   435 PM EST


-  INDICATES NEGATIVE NUMBERS.
R  INDICATES RECORD WAS SET OR TIED.
MM INDICATES DATA IS MISSING.
T  INDICATES TRACE AMOUNT.




$$
