000
CDUS41 KBTV 220557
CLIMPV


CLIMATE REPORT
NATIONAL WEATHER SERVICE BURLINGTON VT
156 AM EDT FRI AUG 22 2014


...................................

...THE MONTPELIER VT CLIMATE SUMMARY FOR AUGUST 21 2014...

CLIMATE NORMAL PERIOD 1981 TO 2010
CLIMATE RECORD PERIOD 1948 TO 2014


WEATHER ITEM   OBSERVED TIME   RECORD YEAR NORMAL DEPARTURE LAST
                VALUE   (LST)  VALUE       VALUE  FROM      YEAR
                                                  NORMAL
..................................................................
TEMPERATURE (F)
 YESTERDAY
  MAXIMUM         66   1007 AM  90    1979  76    -10       83
  MINIMUM         56    228 PM  38    1953  53      3       54
  AVERAGE         61                        65     -4       69

PRECIPITATION (IN)
  YESTERDAY        0.77          1.40        0.11   0.66     0.00
  MONTH TO DATE    2.59                      2.97  -0.38     1.45
  SINCE JUN 1     12.29                     10.85   1.44    15.14
  SINCE JAN 1     24.89                     23.76   1.13    24.41

DEGREE DAYS
 HEATING
  YESTERDAY        4                         2      2        0
  MONTH TO DATE   55                        38     17       62
  SINCE JUN 1    198                       199     -1      225
  SINCE JUL 1     98                        78     20       77

 COOLING
  YESTERDAY        0                         2     -2        4
  MONTH TO DATE   20                        58    -38       18
  SINCE JUN 1    151                       216    -65      247
  SINCE JAN 1    152                       226    -74      258
..................................................................


WIND (MPH)
  HIGHEST WIND SPEED    14   HIGHEST WIND DIRECTION     S (170)
  HIGHEST GUST SPEED    19   HIGHEST GUST DIRECTION    SE (150)
  AVERAGE WIND SPEED     1.7


SKY COVER
  AVERAGE SKY COVER 0.9


WEATHER CONDITIONS
 THE FOLLOWING WEATHER WAS RECORDED YESTERDAY.
  HEAVY RAIN
  RAIN
  LIGHT RAIN
  FOG


RELATIVE HUMIDITY (PERCENT)
 HIGHEST   100           900 PM
 LOWEST     78          1000 AM
 AVERAGE    89

..........................................................


THE MONTPELIER VT CLIMATE NORMALS FOR TODAY
                         NORMAL    RECORD    YEAR
 MAXIMUM TEMPERATURE (F)   76        91      1955
 MINIMUM TEMPERATURE (F)   53        39      1957


SUNRISE AND SUNSET
AUGUST 22 2014........SUNRISE   602 AM EDT   SUNSET   744 PM EDT
AUGUST 23 2014........SUNRISE   603 AM EDT   SUNSET   742 PM EDT


-  INDICATES NEGATIVE NUMBERS.
R  INDICATES RECORD WAS SET OR TIED.
MM INDICATES DATA IS MISSING.
T  INDICATES TRACE AMOUNT.




$$
