288
CDUS41 KBTV 100543
CLIMPV


CLIMATE REPORT
NATIONAL WEATHER SERVICE BURLINGTON VT
1241 AM EST SAT DEC 10 2016


...................................

...THE MONTPELIER VT CLIMATE SUMMARY FOR DECEMBER 9 2016...

CLIMATE NORMAL PERIOD 1981 TO 2010
CLIMATE RECORD PERIOD 1948 TO 2016


WEATHER ITEM   OBSERVED TIME   RECORD YEAR NORMAL DEPARTURE LAST
                VALUE   (LST)  VALUE       VALUE  FROM      YEAR
                                                  NORMAL
..................................................................
TEMPERATURE (F)
 YESTERDAY
  MAXIMUM         28        MM  60    1966  34     -6       41
  MINIMUM         16        MM -16    1989  17     -1       24
  AVERAGE         22                        26     -4       33

PRECIPITATION (IN)
  YESTERDAY        0.03          1.16        0.10  -0.07     0.00
  MONTH TO DATE    0.75                      0.90  -0.15     0.84
  SINCE DEC 1      0.75                      0.90  -0.15     0.84
  SINCE JAN 1     32.66                     35.43  -2.77    35.74

DEGREE DAYS
 HEATING
  YESTERDAY       43                        39      4       32
  MONTH TO DATE  320                       339    -19      298
  SINCE DEC 1    320                       339    -19      298
  SINCE JUL 1   1909                      2185   -276     1941

 COOLING
  YESTERDAY        0                         0      0        0
  MONTH TO DATE    0                         0      0        0
  SINCE DEC 1      0                         0      0        0
  SINCE JAN 1    300                       264     36      290
..................................................................


WIND (MPH)
  HIGHEST WIND SPEED    21   HIGHEST WIND DIRECTION     W (290)
  HIGHEST GUST SPEED    30   HIGHEST GUST DIRECTION     W (290)
  AVERAGE WIND SPEED    14.8


SKY COVER
  AVERAGE SKY COVER 0.9


WEATHER CONDITIONS
 THE FOLLOWING WEATHER WAS RECORDED YESTERDAY.
  HEAVY SNOW
  SNOW
  LIGHT SNOW
  FOG
  FOG W/VISIBILITY <= 1/4 MILE


RELATIVE HUMIDITY (PERCENT)
 HIGHEST    96           400 AM
 LOWEST     67           900 PM
 AVERAGE    82

..........................................................


THE MONTPELIER VT CLIMATE NORMALS FOR TODAY
                         NORMAL    RECORD    YEAR
 MAXIMUM TEMPERATURE (F)   33        55      2008
                                             1966
 MINIMUM TEMPERATURE (F)   17       -14      1949


SUNRISE AND SUNSET
DECEMBER 10 2016......SUNRISE   715 AM EST   SUNSET   411 PM EST
DECEMBER 11 2016......SUNRISE   716 AM EST   SUNSET   412 PM EST


-  INDICATES NEGATIVE NUMBERS.
R  INDICATES RECORD WAS SET OR TIED.
MM INDICATES DATA IS MISSING.
T  INDICATES TRACE AMOUNT.




$$
