236
CDUS41 KBTV 300605
CLIMPV


CLIMATE REPORT
NATIONAL WEATHER SERVICE BURLINGTON VT
203 AM EDT TUE MAY 30 2017


...................................

...THE MONTPELIER VT CLIMATE SUMMARY FOR MAY 29 2017...

CLIMATE NORMAL PERIOD 1981 TO 2010
CLIMATE RECORD PERIOD 1948 TO 2017


WEATHER ITEM   OBSERVED TIME   RECORD YEAR NORMAL DEPARTURE LAST
                VALUE   (LST)  VALUE       VALUE  FROM      YEAR
                                                  NORMAL
..................................................................
TEMPERATURE (F)
 YESTERDAY
  MAXIMUM         59    346 AM  87    1978  70    -11       77
  MINIMUM         47   1143 PM  32    1970  46      1       57
  AVERAGE         53                        58     -5       67

PRECIPITATION (IN)
  YESTERDAY        0.20          2.02        0.12   0.08     0.07
  MONTH TO DATE    5.02                      3.14   1.88     2.25
  SINCE MAR 1     10.83                      8.19   2.64     7.02
  SINCE JAN 1     14.75                     12.68   2.07    12.19

DEGREE DAYS
 HEATING
  YESTERDAY       12                         8      4        0
  MONTH TO DATE  386                       341     45      347
  SINCE MAR 1   2221                      2137     84     2108
  SINCE JUL 1   7442                      8045   -603     7262

 COOLING
  YESTERDAY        0                         1     -1        2
  MONTH TO DATE   14                         5      9       20
  SINCE MAR 1     17                         6     11       20
  SINCE JAN 1     17                         6     11       20
..................................................................


WIND (MPH)
  HIGHEST WIND SPEED    17   HIGHEST WIND DIRECTION    SE (150)
  HIGHEST GUST SPEED    22   HIGHEST GUST DIRECTION     S (160)
  AVERAGE WIND SPEED    10.0


SKY COVER
  AVERAGE SKY COVER 1.0


WEATHER CONDITIONS
 THE FOLLOWING WEATHER WAS RECORDED YESTERDAY.
  LIGHT RAIN
  FOG


RELATIVE HUMIDITY (PERCENT)
 HIGHEST    96          1200 PM
 LOWEST     80           600 AM
 AVERAGE    88

..........................................................


THE MONTPELIER VT CLIMATE NORMALS FOR TODAY
                         NORMAL    RECORD    YEAR
 MAXIMUM TEMPERATURE (F)   70        88      1987
 MINIMUM TEMPERATURE (F)   46        30      1961


SUNRISE AND SUNSET
MAY 30 2017...........SUNRISE   511 AM EDT   SUNSET   825 PM EDT
MAY 31 2017...........SUNRISE   510 AM EDT   SUNSET   826 PM EDT


-  INDICATES NEGATIVE NUMBERS.
R  INDICATES RECORD WAS SET OR TIED.
MM INDICATES DATA IS MISSING.
T  INDICATES TRACE AMOUNT.




$$
