000
CDUS41 KBTV 200534
CLIMPV


CLIMATE REPORT
NATIONAL WEATHER SERVICE BURLINGTON VT
1233 AM EST SAT JAN 20 2018


...................................

...THE MONTPELIER VT CLIMATE SUMMARY FOR JANUARY 19 2018...

CLIMATE NORMAL PERIOD 1981 TO 2010
CLIMATE RECORD PERIOD 1948 TO 2018


WEATHER ITEM   OBSERVED TIME   RECORD YEAR NORMAL DEPARTURE LAST
                VALUE   (LST)  VALUE       VALUE  FROM      YEAR
                                                  NORMAL
..................................................................
TEMPERATURE (F)
 YESTERDAY
  MAXIMUM         26    255 PM  57    1949  26      0       35
  MINIMUM         19    556 AM -26    1997   7     12       29
  AVERAGE         23                        16      7       32

PRECIPITATION (IN)
  YESTERDAY        T             1.07        0.07  -0.07      T
  MONTH TO DATE    1.91                      1.41   0.50     0.84
  SINCE DEC 1      4.18                      4.15   0.03     3.43
  SINCE JAN 1      1.91                      1.41   0.50     0.84

DEGREE DAYS
 HEATING
  YESTERDAY       42                        49     -7       33
  MONTH TO DATE  997                       919     78      811
  SINCE DEC 1   2480                      2221    259     2106
  SINCE JUL 1   4114                      4067     47     3695

 COOLING
  YESTERDAY        0                         0      0        0
  MONTH TO DATE    0                         0      0        0
  SINCE DEC 1      0                         0      0        0
  SINCE JAN 1      0                         0      0        0
..................................................................


WIND (MPH)
  HIGHEST WIND SPEED    14   HIGHEST WIND DIRECTION     S (160)
  HIGHEST GUST SPEED    17   HIGHEST GUST DIRECTION     S (160)
  AVERAGE WIND SPEED     4.9


SKY COVER
  AVERAGE SKY COVER 0.9


WEATHER CONDITIONS
 THE FOLLOWING WEATHER WAS RECORDED YESTERDAY.
  LIGHT SNOW
  FOG


RELATIVE HUMIDITY (PERCENT)
 HIGHEST    92          1200 AM
 LOWEST     81          1100 AM
 AVERAGE    87

..........................................................


THE MONTPELIER VT CLIMATE NORMALS FOR TODAY
                         NORMAL    RECORD    YEAR
 MAXIMUM TEMPERATURE (F)   26        52      2006
                                             1954
 MINIMUM TEMPERATURE (F)    7       -24      1971


SUNRISE AND SUNSET
JANUARY 20 2018.......SUNRISE   719 AM EST   SUNSET   444 PM EST
JANUARY 21 2018.......SUNRISE   718 AM EST   SUNSET   445 PM EST


-  INDICATES NEGATIVE NUMBERS.
R  INDICATES RECORD WAS SET OR TIED.
MM INDICATES DATA IS MISSING.
T  INDICATES TRACE AMOUNT.




$$
