000
CDUS41 KBTV 190541
CLIMPV


CLIMATE REPORT
NATIONAL WEATHER SERVICE BURLINGTON VT
1239 AM EST FRI DEC 19 2014


...................................

...THE MONTPELIER VT CLIMATE SUMMARY FOR DECEMBER 18 2014...

CLIMATE NORMAL PERIOD 1981 TO 2010
CLIMATE RECORD PERIOD 1948 TO 2014


WEATHER ITEM   OBSERVED TIME   RECORD YEAR NORMAL DEPARTURE LAST
                VALUE   (LST)  VALUE       VALUE  FROM      YEAR
                                                  NORMAL
..................................................................
TEMPERATURE (F)
 YESTERDAY
  MAXIMUM         34    200 AM  50    1949  31      3       25
  MINIMUM         25   1159 PM -10    1988  13     12        0
  AVERAGE         30                        22      8       13

PRECIPITATION (IN)
  YESTERDAY        0.01          0.86        0.08  -0.07      T
  MONTH TO DATE    2.95                      1.72   1.23     0.48
  SINCE DEC 1      2.95                      1.72   1.23     0.48
  SINCE JAN 1     35.74                     36.25  -0.51    35.57

DEGREE DAYS
 HEATING
  YESTERDAY       35                        43     -8       52
  MONTH TO DATE  701                       713    -12      828
  SINCE DEC 1    701                       713    -12      828
  SINCE JUL 1   2519                      2559    -40     2732

 COOLING
  YESTERDAY        0                         0      0        0
  MONTH TO DATE    0                         0      0        0
  SINCE DEC 1      0                         0      0        0
  SINCE JAN 1    188                       264    -76      323
..................................................................


WIND (MPH)
  HIGHEST WIND SPEED    24   HIGHEST WIND DIRECTION    NW (300)
  HIGHEST GUST SPEED    34   HIGHEST GUST DIRECTION    NW (300)
  AVERAGE WIND SPEED    10.9


SKY COVER
  AVERAGE SKY COVER 1.0


WEATHER CONDITIONS
 THE FOLLOWING WEATHER WAS RECORDED YESTERDAY.
  LT FREEZING RAIN
  LIGHT SNOW
  FOG
  HAZE


RELATIVE HUMIDITY (PERCENT)
 HIGHEST    96          1200 AM
 LOWEST     72           100 PM
 AVERAGE    84

..........................................................


THE MONTPELIER VT CLIMATE NORMALS FOR TODAY
                         NORMAL    RECORD    YEAR
 MAXIMUM TEMPERATURE (F)   30        49      1949
 MINIMUM TEMPERATURE (F)   13       -19      1985


SUNRISE AND SUNSET
DECEMBER 19 2014......SUNRISE   721 AM EST   SUNSET   413 PM EST
DECEMBER 20 2014......SUNRISE   722 AM EST   SUNSET   414 PM EST


-  INDICATES NEGATIVE NUMBERS.
R  INDICATES RECORD WAS SET OR TIED.
MM INDICATES DATA IS MISSING.
T  INDICATES TRACE AMOUNT.




$$
