000
CDUS41 KBTV 210549
CLIMPV


CLIMATE REPORT
NATIONAL WEATHER SERVICE BURLINGTON VT
147 AM EDT THU SEP 21 2017


...................................

...THE MONTPELIER VT CLIMATE SUMMARY FOR SEPTEMBER 20 2017...

CLIMATE NORMAL PERIOD 1981 TO 2010
CLIMATE RECORD PERIOD 1948 TO 2017


WEATHER ITEM   OBSERVED TIME   RECORD YEAR NORMAL DEPARTURE LAST
                VALUE   (LST)  VALUE       VALUE  FROM      YEAR
                                                  NORMAL
..................................................................
TEMPERATURE (F)
 YESTERDAY
  MAXIMUM         77        MM  85    1983  67     10       79
  MINIMUM         55        MM  29    1964  45     10       58
  AVERAGE         66                        56     10       69

PRECIPITATION (IN)
  YESTERDAY        0.00          1.19        0.11  -0.11     0.00
  MONTH TO DATE    2.47                      1.94   0.53     1.44
  SINCE SEP 1      2.47                      1.94   0.53     1.44
  SINCE JAN 1     34.09                     26.74   7.35    26.00

DEGREE DAYS
 HEATING
  YESTERDAY        0                        10    -10        0
  MONTH TO DATE  110                       129    -19       57
  SINCE SEP 1    110                       129    -19       57
  SINCE JUL 1    256                       237     19      111

 COOLING
  YESTERDAY        1                         0      1        4
  MONTH TO DATE   18                        16      2       28
  SINCE SEP 1     18                        16      2       28
  SINCE JAN 1    214                       260    -46      300
..................................................................


WIND (MPH)
  HIGHEST WIND SPEED     9   HIGHEST WIND DIRECTION     N (10)
  HIGHEST GUST SPEED    MM   HIGHEST GUST DIRECTION    MM
  AVERAGE WIND SPEED     2.0


SKY COVER
  AVERAGE SKY COVER 0.5


WEATHER CONDITIONS
 THE FOLLOWING WEATHER WAS RECORDED YESTERDAY.
  FOG
  FOG W/VISIBILITY <= 1/4 MILE


RELATIVE HUMIDITY (PERCENT)
 HIGHEST   100          1200 AM
 LOWEST     64           100 PM
 AVERAGE    82

..........................................................


THE MONTPELIER VT CLIMATE NORMALS FOR TODAY
                         NORMAL    RECORD    YEAR
 MAXIMUM TEMPERATURE (F)   67        84      1978
 MINIMUM TEMPERATURE (F)   44        28      1966


SUNRISE AND SUNSET
SEPTEMBER 21 2017.....SUNRISE   636 AM EDT   SUNSET   649 PM EDT
SEPTEMBER 22 2017.....SUNRISE   638 AM EDT   SUNSET   647 PM EDT


-  INDICATES NEGATIVE NUMBERS.
R  INDICATES RECORD WAS SET OR TIED.
MM INDICATES DATA IS MISSING.
T  INDICATES TRACE AMOUNT.




$$
