000
CDUS41 KBTV 230611
CLIMPV


CLIMATE REPORT
NATIONAL WEATHER SERVICE BURLINGTON VT
209 AM EDT TUE SEP 23 2014


...................................

...THE MONTPELIER VT CLIMATE SUMMARY FOR SEPTEMBER 22 2014...

CLIMATE NORMAL PERIOD 1981 TO 2010
CLIMATE RECORD PERIOD 1948 TO 2014


WEATHER ITEM   OBSERVED TIME   RECORD YEAR NORMAL DEPARTURE LAST
                VALUE   (LST)  VALUE       VALUE  FROM      YEAR
                                                  NORMAL
..................................................................
TEMPERATURE (F)
 YESTERDAY
  MAXIMUM         61   1258 AM  87    1965  66     -5       63
  MINIMUM         43   1157 PM  29    1973  44     -1       45
  AVERAGE         52                        55     -3       54

PRECIPITATION (IN)
  YESTERDAY        0.02          1.61        0.12  -0.10     0.64
  MONTH TO DATE    1.55                      2.18  -0.63     4.32
  SINCE SEP 1      1.55                      2.18  -0.63     4.32
  SINCE JAN 1     26.64                     26.98  -0.34    29.61

DEGREE DAYS
 HEATING
  YESTERDAY       13                        10      3       11
  MONTH TO DATE  214                       149     65      184
  SINCE SEP 1    214                       149     65      184
  SINCE JUL 1    327                       257     70      277

 COOLING
  YESTERDAY        0                         0      0        0
  MONTH TO DATE   20                        16      4       29
  SINCE SEP 1     20                        16      4       29
  SINCE JAN 1    186                       260    -74      323
..................................................................


WIND (MPH)
  HIGHEST WIND SPEED    21   HIGHEST WIND DIRECTION    NW (300)
  HIGHEST GUST SPEED    31   HIGHEST GUST DIRECTION     N (340)
  AVERAGE WIND SPEED    11.5


SKY COVER
  AVERAGE SKY COVER 0.7


WEATHER CONDITIONS
 THE FOLLOWING WEATHER WAS RECORDED YESTERDAY.
  LIGHT RAIN
  FOG


RELATIVE HUMIDITY (PERCENT)
 HIGHEST    96           700 AM
 LOWEST     59           200 PM
 AVERAGE    78

..........................................................


THE MONTPELIER VT CLIMATE NORMALS FOR TODAY
                         NORMAL    RECORD    YEAR
 MAXIMUM TEMPERATURE (F)   66        83      1965
 MINIMUM TEMPERATURE (F)   43        25      1963


SUNRISE AND SUNSET
SEPTEMBER 23 2014.....SUNRISE   638 AM EDT   SUNSET   646 PM EDT
SEPTEMBER 24 2014.....SUNRISE   640 AM EDT   SUNSET   644 PM EDT


-  INDICATES NEGATIVE NUMBERS.
R  INDICATES RECORD WAS SET OR TIED.
MM INDICATES DATA IS MISSING.
T  INDICATES TRACE AMOUNT.




$$
