000
CDUS41 KBTV 300546
CLIMPV


CLIMATE REPORT
NATIONAL WEATHER SERVICE BURLINGTON VT
137 AM EDT THU JUL 30 2015


...................................

...THE MONTPELIER VT CLIMATE SUMMARY FOR JULY 29 2015...

CLIMATE NORMAL PERIOD 1981 TO 2010
CLIMATE RECORD PERIOD 1948 TO 2015


WEATHER ITEM   OBSERVED TIME   RECORD YEAR NORMAL DEPARTURE LAST
                VALUE   (LST)  VALUE       VALUE  FROM      YEAR
                                                  NORMAL
..................................................................
TEMPERATURE (F)
 YESTERDAY
  MAXIMUM         89    252 PM  92    1949  78     11       68
  MINIMUM         59    506 AM  41    1987  56      3       49
  AVERAGE         74                        67      7       59

PRECIPITATION (IN)
  YESTERDAY        0.00          1.74        0.15  -0.15      T
  MONTH TO DATE    3.50                      3.78  -0.28     5.59
  SINCE JUN 1     12.55                      7.58   4.97     9.61
  SINCE JAN 1     23.25                     20.49   2.76    22.21

DEGREE DAYS
 HEATING
  YESTERDAY        0                         1     -1        6
  MONTH TO DATE   51                        35     16       35
  SINCE JUN 1    213                       156     57      135
  SINCE JUL 1     51                        35     16       35

 COOLING
  YESTERDAY        9                         3      6        0
  MONTH TO DATE   90                        91     -1      101
  SINCE JUN 1    102                       144    -42      131
  SINCE JAN 1    136                       154    -18      132
..................................................................


WIND (MPH)
  HIGHEST WIND SPEED    12   HIGHEST WIND DIRECTION    NW (300)
  HIGHEST GUST SPEED    14   HIGHEST GUST DIRECTION     W (280)
  AVERAGE WIND SPEED     1.9


SKY COVER
  AVERAGE SKY COVER 0.2


WEATHER CONDITIONS
 THE FOLLOWING WEATHER WAS RECORDED YESTERDAY.
  FOG
  FOG W/VISIBILITY <= 1/4 MILE


RELATIVE HUMIDITY (PERCENT)
 HIGHEST   100           300 AM
 LOWEST     40           200 PM
 AVERAGE    70

..........................................................


THE MONTPELIER VT CLIMATE NORMALS FOR TODAY
                         NORMAL    RECORD    YEAR
 MAXIMUM TEMPERATURE (F)   78        92      1959
 MINIMUM TEMPERATURE (F)   56        39      1952


SUNRISE AND SUNSET
JULY 30 2015..........SUNRISE   535 AM EDT   SUNSET   817 PM EDT
JULY 31 2015..........SUNRISE   536 AM EDT   SUNSET   816 PM EDT


-  INDICATES NEGATIVE NUMBERS.
R  INDICATES RECORD WAS SET OR TIED.
MM INDICATES DATA IS MISSING.
T  INDICATES TRACE AMOUNT.




$$
