000
CDUS41 KBTV 250531
CLIMPV


CLIMATE REPORT
NATIONAL WEATHER SERVICE BURLINGTON VT
127 AM EDT FRI APR 25 2014


...................................

...THE MONTPELIER VT CLIMATE SUMMARY FOR APRIL 24 2014...

CLIMATE NORMAL PERIOD 1981 TO 2010
CLIMATE RECORD PERIOD 1948 TO 2014


WEATHER ITEM   OBSERVED TIME   RECORD YEAR NORMAL DEPARTURE LAST
                VALUE   (LST)  VALUE       VALUE  FROM      YEAR
                                                  NORMAL
..................................................................
TEMPERATURE (F)
 YESTERDAY
  MAXIMUM         48    520 PM  78    2001  58    -10       74
  MINIMUM         32    650 AM  23    1965  35     -3       37
  AVERAGE         40                        46     -6       56

PRECIPITATION (IN)
  YESTERDAY        0.00          1.61        0.09  -0.09      T
  MONTH TO DATE    1.37                      2.10  -0.73     1.93
  SINCE MAR 1      4.42                      4.49  -0.07     2.82
  SINCE JAN 1      8.73                      8.98  -0.25     5.06

DEGREE DAYS
 HEATING
  YESTERDAY       25                        19      6        9
  MONTH TO DATE  596                       573     23      625
  SINCE MAR 1   2045                      1690    355     1689
  SINCE JUL 1   8210                      7598    612     7238

 COOLING
  YESTERDAY        0                         0      0        0
  MONTH TO DATE    0                         0      0        0
  SINCE MAR 1      0                         0      0        0
  SINCE JAN 1      0                         0      0        0
..................................................................


WIND (MPH)
  HIGHEST WIND SPEED    26   HIGHEST WIND DIRECTION    NW (310)
  HIGHEST GUST SPEED    39   HIGHEST GUST DIRECTION     N (340)
  AVERAGE WIND SPEED    14.7


SKY COVER
  AVERAGE SKY COVER 0.6


WEATHER CONDITIONS
 THE FOLLOWING WEATHER WAS RECORDED YESTERDAY.
  NO SIGNIFICANT WEATHER WAS OBSERVED.


RELATIVE HUMIDITY (PERCENT)
 HIGHEST    64          1200 AM
 LOWEST     39           400 PM
 AVERAGE    52

..........................................................


THE MONTPELIER VT CLIMATE NORMALS FOR TODAY
                         NORMAL    RECORD    YEAR
 MAXIMUM TEMPERATURE (F)   58        85      2009
 MINIMUM TEMPERATURE (F)   35        17      1965


SUNRISE AND SUNSET
APRIL 25 2014.........SUNRISE   551 AM EDT   SUNSET   747 PM EDT
APRIL 26 2014.........SUNRISE   549 AM EDT   SUNSET   748 PM EDT


-  INDICATES NEGATIVE NUMBERS.
R  INDICATES RECORD WAS SET OR TIED.
MM INDICATES DATA IS MISSING.
T  INDICATES TRACE AMOUNT.




$$
