000
CDUS41 KBTV 010544
CLIMPV


CLIMATE REPORT
NATIONAL WEATHER SERVICE BURLINGTON VT
142 AM EDT MON SEP 1 2014


...................................

...THE MONTPELIER VT CLIMATE SUMMARY FOR AUGUST 31 2014...

CLIMATE NORMAL PERIOD 1981 TO 2010
CLIMATE RECORD PERIOD 1948 TO 2014


WEATHER ITEM   OBSERVED TIME   RECORD YEAR NORMAL DEPARTURE LAST
                VALUE   (LST)  VALUE       VALUE  FROM      YEAR
                                                  NORMAL
..................................................................
TEMPERATURE (F)
 YESTERDAY
  MAXIMUM         74    110 PM  89    1993  74      0       73
  MINIMUM         62    137 AM  31    1965  51     11       67
  AVERAGE         68                        63      5       70

PRECIPITATION (IN)
  YESTERDAY        0.06          2.39        0.10  -0.04     0.19
  MONTH TO DATE    2.79                      4.01  -1.22     2.33
  SINCE JUN 1     12.49                     11.89   0.60    16.02
  SINCE JAN 1     25.09                     24.80   0.29    25.29

DEGREE DAYS
 HEATING
  YESTERDAY        0                         4     -4        0
  MONTH TO DATE   70                        69      1       78
  SINCE JUN 1    213                       229    -16      241
  SINCE JUL 1    113                       108      5       93

 COOLING
  YESTERDAY        3                         2      1        5
  MONTH TO DATE   34                        76    -42       54
  SINCE JUN 1    165                       234    -69      283
  SINCE JAN 1    166                       244    -78      294
..................................................................


WIND (MPH)
  HIGHEST WIND SPEED    14   HIGHEST WIND DIRECTION     S (190)
  HIGHEST GUST SPEED    19   HIGHEST GUST DIRECTION     S (200)
  AVERAGE WIND SPEED     6.7


SKY COVER
  AVERAGE SKY COVER 0.7


WEATHER CONDITIONS
 THE FOLLOWING WEATHER WAS RECORDED YESTERDAY.
  LIGHT RAIN
  FOG


RELATIVE HUMIDITY (PERCENT)
 HIGHEST   100          1100 PM
 LOWEST     73          1100 AM
 AVERAGE    87

..........................................................


THE MONTPELIER VT CLIMATE NORMALS FOR TODAY
                         NORMAL    RECORD    YEAR
 MAXIMUM TEMPERATURE (F)   74        89      2010
 MINIMUM TEMPERATURE (F)   51        33      1967


SUNRISE AND SUNSET
SEPTEMBER  1 2014.....SUNRISE   613 AM EDT   SUNSET   726 PM EDT
SEPTEMBER  2 2014.....SUNRISE   614 AM EDT   SUNSET   725 PM EDT


-  INDICATES NEGATIVE NUMBERS.
R  INDICATES RECORD WAS SET OR TIED.
MM INDICATES DATA IS MISSING.
T  INDICATES TRACE AMOUNT.




$$
