000
CDUS41 KBTV 160550
CLIMPV


CLIMATE REPORT
NATIONAL WEATHER SERVICE BURLINGTON VT
1249 AM EST MON JAN 16 2017


...................................

...THE MONTPELIER VT CLIMATE SUMMARY FOR JANUARY 15 2017...

CLIMATE NORMAL PERIOD 1981 TO 2010
CLIMATE RECORD PERIOD 1948 TO 2017


WEATHER ITEM   OBSERVED TIME   RECORD YEAR NORMAL DEPARTURE LAST
                VALUE   (LST)  VALUE       VALUE  FROM      YEAR
                                                  NORMAL
..................................................................
TEMPERATURE (F)
 YESTERDAY
  MAXIMUM         22    939 AM  58    1995  26     -4       28
  MINIMUM          7   1128 PM -33    1957   7      0       10
  AVERAGE         15                        16     -1       19

PRECIPITATION (IN)
  YESTERDAY        T             0.68        0.07  -0.07     0.00
  MONTH TO DATE    0.67                      1.10  -0.43     0.90
  SINCE DEC 1      3.26                      3.84  -0.58     4.59
  SINCE JAN 1      0.67                      1.10  -0.43     0.90

DEGREE DAYS
 HEATING
  YESTERDAY       50                        49      1       46
  MONTH TO DATE  659                       723    -64      672
  SINCE DEC 1   1954                      2025    -71     1600
  SINCE JUL 1   3543                      3871   -328     3243

 COOLING
  YESTERDAY        0                         0      0        0
  MONTH TO DATE    0                         0      0        0
  SINCE DEC 1      0                         0      0        0
  SINCE JAN 1      0                         0      0        0
..................................................................


WIND (MPH)
  HIGHEST WIND SPEED    20   HIGHEST WIND DIRECTION     W (290)
  HIGHEST GUST SPEED    28   HIGHEST GUST DIRECTION    NW (300)
  AVERAGE WIND SPEED     5.8


SKY COVER
  AVERAGE SKY COVER 0.6


WEATHER CONDITIONS
 THE FOLLOWING WEATHER WAS RECORDED YESTERDAY.
  LIGHT SNOW
  FOG


RELATIVE HUMIDITY (PERCENT)
 HIGHEST    91          1100 PM
 LOWEST     57           400 PM
 AVERAGE    74

..........................................................


THE MONTPELIER VT CLIMATE NORMALS FOR TODAY
                         NORMAL    RECORD    YEAR
 MAXIMUM TEMPERATURE (F)   26        64      1995
 MINIMUM TEMPERATURE (F)    7       -26      2009


SUNRISE AND SUNSET
JANUARY 16 2017.......SUNRISE   722 AM EST   SUNSET   439 PM EST
JANUARY 17 2017.......SUNRISE   721 AM EST   SUNSET   440 PM EST


-  INDICATES NEGATIVE NUMBERS.
R  INDICATES RECORD WAS SET OR TIED.
MM INDICATES DATA IS MISSING.
T  INDICATES TRACE AMOUNT.




$$
