000
CDUS41 KBTV 020529
CLIMPV


CLIMATE REPORT
NATIONAL WEATHER SERVICE BURLINGTON VT
127 AM EDT THU JUL 2 2015


...................................

...THE MONTPELIER VT CLIMATE SUMMARY FOR JULY 1 2015...

CLIMATE NORMAL PERIOD 1981 TO 2010
CLIMATE RECORD PERIOD 1948 TO 2015


WEATHER ITEM   OBSERVED TIME   RECORD YEAR NORMAL DEPARTURE LAST
                VALUE   (LST)  VALUE       VALUE  FROM      YEAR
                                                  NORMAL
..................................................................
TEMPERATURE (F)
 YESTERDAY
  MAXIMUM         72        MM  89    1968  78     -6       87
  MINIMUM         59        MM  41    1991  55      4       64
  AVERAGE         66                        66      0       76

PRECIPITATION (IN)
  YESTERDAY        0.49          1.20        0.11   0.38     0.00
  MONTH TO DATE    0.49                      0.11   0.38     0.00
  SINCE JUN 1      9.54                      3.91   5.63     4.02
  SINCE JAN 1     20.24                     16.82   3.42    16.62

DEGREE DAYS
 HEATING
  YESTERDAY        0                         2     -2        0
  MONTH TO DATE    0                         2     -2        0
  SINCE JUN 1    162                       123     39      100
  SINCE JUL 1      0                         2     -2        0

 COOLING
  YESTERDAY        1                         3     -2       11
  MONTH TO DATE    1                         3     -2       11
  SINCE JUN 1     13                        56    -43       41
  SINCE JAN 1     47                        66    -19       42
..................................................................


WIND (MPH)
  HIGHEST WIND SPEED    16   HIGHEST WIND DIRECTION     S (160)
  HIGHEST GUST SPEED    22   HIGHEST GUST DIRECTION    SW (220)
  AVERAGE WIND SPEED     8.8


SKY COVER
  AVERAGE SKY COVER 0.9


WEATHER CONDITIONS
 THE FOLLOWING WEATHER WAS RECORDED YESTERDAY.
  HEAVY RAIN
  RAIN
  LIGHT RAIN
  FOG
  FOG W/VISIBILITY <= 1/4 MILE


RELATIVE HUMIDITY (PERCENT)
 HIGHEST    97           200 AM
 LOWEST     66           400 PM
 AVERAGE    82

..........................................................


THE MONTPELIER VT CLIMATE NORMALS FOR TODAY
                         NORMAL    RECORD    YEAR
 MAXIMUM TEMPERATURE (F)   78        90      1949
 MINIMUM TEMPERATURE (F)   55        38      1992


SUNRISE AND SUNSET
JULY  2 2015..........SUNRISE   511 AM EDT   SUNSET   837 PM EDT
JULY  3 2015..........SUNRISE   511 AM EDT   SUNSET   837 PM EDT


-  INDICATES NEGATIVE NUMBERS.
R  INDICATES RECORD WAS SET OR TIED.
MM INDICATES DATA IS MISSING.
T  INDICATES TRACE AMOUNT.




$$
