000
CDUS43 KMPX 190815
CLIMPX


CLIMATE REPORT
NATIONAL WEATHER SERVICE CHANHASSEN MN
215 AM CST FRI JAN 19 2018


...................................

...THE CHANHASSEN MN CLIMATE SUMMARY FOR JANUARY 18 2018...

CLIMATE NORMAL PERIOD 1981 TO 2010
CLIMATE RECORD PERIOD 1995 TO 2018


WEATHER ITEM   OBSERVED TIME   RECORD YEAR NORMAL DEPARTURE LAST
                VALUE   (LST)  VALUE       VALUE  FROM      YEAR
                                                  NORMAL
..................................................................
TEMPERATURE (F)
 YESTERDAY
  MAXIMUM         40R       MM  40    2017  23     17       40
                                      2013
  MINIMUM         18        MM -15    2016   5     13       24
  AVERAGE         29                        14     15       32

PRECIPITATION (IN)
  YESTERDAY        0.00          0.26 2014   0.02  -0.02     0.00
  MONTH TO DATE    0.33                      0.53  -0.20     0.50
  SINCE DEC 1      0.98                      1.78  -0.80     2.75
  SINCE JAN 1      0.33                      0.53  -0.20     0.50

SNOWFALL (IN)
  YESTERDAY        0.0           4.5  2014   0.3   -0.3      0.0
  MONTH TO DATE    5.7                       5.8   -0.1      4.8
  SINCE DEC 1     12.3                      19.7   -7.4     23.2
  SINCE JUL 1     14.1                      25.5  -11.4     28.3
  SNOW DEPTH       3

DEGREE DAYS
 HEATING
  YESTERDAY       36                        51    -15       33
  MONTH TO DATE 1020                       916    104      960
  SINCE DEC 1   2499                      2370    129     2392
  SINCE JUL 1   4112                      4077     35     3615

 COOLING
  YESTERDAY        0                         0      0        0
  MONTH TO DATE    0                         0      0        0
  SINCE DEC 1      0                         0      0        0
  SINCE JAN 1      0                         0      0        0
..................................................................


WIND (MPH)
  HIGHEST WIND SPEED    MM   HIGHEST WIND DIRECTION    MM
  HIGHEST GUST SPEED    MM   HIGHEST GUST DIRECTION    MM
  AVERAGE WIND SPEED    MM


SKY COVER
  POSSIBLE SUNSHINE  MM
  AVERAGE SKY COVER  MM


WEATHER CONDITIONS
 THE FOLLOWING WEATHER WAS RECORDED YESTERDAY.
  NO SIGNIFICANT WEATHER WAS OBSERVED.


RELATIVE HUMIDITY (PERCENT)
 HIGHEST    MM
 LOWEST     MM
 AVERAGE    MM

..........................................................


THE CHANHASSEN MN CLIMATE NORMALS FOR TODAY
                         NORMAL    RECORD    YEAR
 MAXIMUM TEMPERATURE (F)   23        40      2017
 MINIMUM TEMPERATURE (F)    5       -16      2008


SUNRISE AND SUNSET
JANUARY 19 2018.......SUNRISE   746 AM CST   SUNSET   505 PM CST
JANUARY 20 2018.......SUNRISE   745 AM CST   SUNSET   506 PM CST


-  INDICATES NEGATIVE NUMBERS.
R  INDICATES RECORD WAS SET OR TIED.
MM INDICATES DATA IS MISSING.
T  INDICATES TRACE AMOUNT.




$$
