142
CDUS43 KMPX 270028
CLIMPX


CLIMATE REPORT
NATIONAL WEATHER SERVICE CHANHASSEN MN
728 PM CDT SUN MAR 26 2017


...................................

...THE CHANHASSEN MN CLIMATE SUMMARY FOR MARCH 26 2017...
VALID TODAY AS OF 0700 PM LOCAL TIME.

CLIMATE NORMAL PERIOD 1981 TO 2010
CLIMATE RECORD PERIOD 1995 TO 2017


WEATHER ITEM   OBSERVED TIME   RECORD YEAR NORMAL DEPARTURE LAST
                VALUE   (LST)  VALUE       VALUE  FROM      YEAR
                                                  NORMAL
..................................................................
TEMPERATURE (F)
 TODAY
  MAXIMUM         41        MM  MM      MM  46     -5       49
  MINIMUM         35        MM  MM          27      8       38
  AVERAGE         38                        36      2       44

PRECIPITATION (IN)
  TODAY            0.00         MM      MM   0.07  -0.07     0.28
  MONTH TO DATE    0.60                      1.40  -0.80     0.65
  SINCE MAR 1      0.60                      1.40  -0.80     0.65
  SINCE JAN 1      2.20                      3.21  -1.01     2.14

SNOWFALL (IN)
  TODAY            0.0          MM      MM   0.3   -0.3      0.0
  MONTH TO DATE    5.5                       9.6   -4.1      5.1
  SINCE MAR 1      5.5                       9.6   -4.1      5.1
  SINCE JUL 1     37.9                      49.3  -11.4     35.0
  SNOW DEPTH       0

DEGREE DAYS
 HEATING
  TODAY           27                        29     -2       21
  MONTH TO DATE  913                       908      5      681
  SINCE MAR 1    913                       908      5      681
  SINCE JUL 1   5982                      6923   -941     5896

 COOLING
  TODAY            0                         0      0        0
  MONTH TO DATE    0                         0      0        0
  SINCE MAR 1      0                         0      0        0
  SINCE JAN 1      0                         0      0        0
..................................................................


WIND (MPH)
  HIGHEST WIND SPEED    MM   HIGHEST WIND DIRECTION    MM
  HIGHEST GUST SPEED    MM   HIGHEST GUST DIRECTION    MM
  AVERAGE WIND SPEED    MM


SKY COVER
  POSSIBLE SUNSHINE  MM
  AVERAGE SKY COVER  MM


WEATHER CONDITIONS
 THE FOLLOWING WEATHER WAS RECORDED TODAY.
  NO SIGNIFICANT WEATHER WAS OBSERVED.


RELATIVE HUMIDITY (PERCENT)
 HIGHEST    MM
 LOWEST     MM
 AVERAGE    MM

..........................................................


THE CHANHASSEN MN CLIMATE NORMALS FOR TOMORROW
                         NORMAL    RECORD    YEAR
 MAXIMUM TEMPERATURE (F)   46        MM        MM
 MINIMUM TEMPERATURE (F)   27        MM        MM


SUNRISE AND SUNSET
MARCH 26 2017.........SUNRISE   706 AM CDT   SUNSET   735 PM CDT
MARCH 27 2017.........SUNRISE   704 AM CDT   SUNSET   736 PM CDT


-  INDICATES NEGATIVE NUMBERS.
R  INDICATES RECORD WAS SET OR TIED.
MM INDICATES DATA IS MISSING.
T  INDICATES TRACE AMOUNT.




$$
