000
CDUS43 KMPX 220628
CLIMPX


CLIMATE REPORT
NATIONAL WEATHER SERVICE CHANHASSEN MN
127 AM CDT FRI AUG 22 2014


...................................

...THE CHANHASSEN MN CLIMATE SUMMARY FOR AUGUST 21 2014...

CLIMATE NORMAL PERIOD 1981 TO 2010
CLIMATE RECORD PERIOD 1995 TO 2014


WEATHER ITEM   OBSERVED NORMAL DEPARTURE LAST
                VALUE   VALUE  FROM      YEAR
                               NORMAL
...............................................
TEMPERATURE (F)
 YESTERDAY
  MAXIMUM         84     79      5       84
  MINIMUM         69     60      9       70
  AVERAGE         77     70      7       77

PRECIPITATION (IN)
  YESTERDAY        0.17   0.15   0.02     0.00
  MONTH TO DATE    1.18   2.76  -1.58     1.65
  SINCE JUN 1     14.93  10.37   4.56    12.62
  SINCE JAN 1     30.83  20.62  10.21    28.12

SNOWFALL (IN)
  YESTERDAY        0.0    0.0    0.0      0.0
  MONTH TO DATE    0.0    0.0    0.0      0.0
  SINCE JUN 1      0.0    0.0    0.0      0.0
  SINCE JUL 1      0.0    0.0    0.0      0.0
  SNOW DEPTH       0

DEGREE DAYS
 HEATING
  YESTERDAY        0      0      0        0
  MONTH TO DATE    0      0      0        5
  SINCE JUN 1     46     57    -11       83
  SINCE JUL 1     13      8      5       21

 COOLING
  YESTERDAY       12      5      7       12
  MONTH TO DATE  140    128     12       70
  SINCE JUN 1    394    480    -86      421
  SINCE JAN 1    431    513    -82      444
...............................................







THE CHANHASSEN MN CLIMATE NORMALS FOR TODAY
                         NORMAL
 MAXIMUM TEMPERATURE (F)   79
 MINIMUM TEMPERATURE (F)   60



-  INDICATES NEGATIVE NUMBERS.
R  INDICATES RECORD WAS SET OR TIED.
MM INDICATES DATA IS MISSING.
T  INDICATES TRACE AMOUNT.




$$
