000
CDUS43 KMPX 260021
CLIMPX


CLIMATE REPORT
NATIONAL WEATHER SERVICE CHANHASSEN MN
721 PM CDT TUE APR 25 2017


...................................

...THE CHANHASSEN MN CLIMATE SUMMARY FOR APRIL 25 2017...
VALID TODAY AS OF 0700 PM LOCAL TIME.

CLIMATE NORMAL PERIOD 1981 TO 2010
CLIMATE RECORD PERIOD 1995 TO 2017


WEATHER ITEM   OBSERVED TIME   RECORD YEAR NORMAL DEPARTURE LAST
                VALUE   (LST)  VALUE       VALUE  FROM      YEAR
                                                  NORMAL
..................................................................
TEMPERATURE (F)
 TODAY
  MAXIMUM         59        MM  MM      MM  62     -3       55
  MINIMUM         46        MM  MM          40      6       43
  AVERAGE         53                        51      2       49

PRECIPITATION (IN)
  TODAY            0.30         MM      MM   0.11   0.19     0.47
  MONTH TO DATE    3.62                      2.42   1.20     2.21
  SINCE MAR 1      4.36                      4.20   0.16     3.63
  SINCE JAN 1      5.96                      6.01  -0.05     5.12

SNOWFALL (IN)
  TODAY            0.0          MM      MM   0.1   -0.1      0.0
  MONTH TO DATE    0.6                       3.2   -2.6      0.5
  SINCE MAR 1      6.1                      14.0   -7.9      5.6
  SINCE JUL 1     38.5                      53.7  -15.2     35.5
  SNOW DEPTH       0

DEGREE DAYS
 HEATING
  TODAY           12                        14     -2       16
  MONTH TO DATE  376                       495   -119      445
  SINCE MAR 1   1390                      1541   -151     1238
  SINCE JUL 1   6459                      7556  -1097     6453

 COOLING
  TODAY            0                         0      0        0
  MONTH TO DATE    0                         0      0        7
  SINCE MAR 1      0                         0      0        7
  SINCE JAN 1      0                         0      0        7
..................................................................


WIND (MPH)
  HIGHEST WIND SPEED    MM   HIGHEST WIND DIRECTION    MM
  HIGHEST GUST SPEED    MM   HIGHEST GUST DIRECTION    MM
  AVERAGE WIND SPEED    MM


SKY COVER
  POSSIBLE SUNSHINE  MM
  AVERAGE SKY COVER  MM


WEATHER CONDITIONS
 THE FOLLOWING WEATHER WAS RECORDED TODAY.
  NO SIGNIFICANT WEATHER WAS OBSERVED.


RELATIVE HUMIDITY (PERCENT)
 HIGHEST    MM
 LOWEST     MM
 AVERAGE    MM

..........................................................


THE CHANHASSEN MN CLIMATE NORMALS FOR TOMORROW
                         NORMAL    RECORD    YEAR
 MAXIMUM TEMPERATURE (F)   62        MM        MM
 MINIMUM TEMPERATURE (F)   41        MM        MM


SUNRISE AND SUNSET
APRIL 25 2017.........SUNRISE   613 AM CDT   SUNSET   812 PM CDT
APRIL 26 2017.........SUNRISE   611 AM CDT   SUNSET   814 PM CDT


-  INDICATES NEGATIVE NUMBERS.
R  INDICATES RECORD WAS SET OR TIED.
MM INDICATES DATA IS MISSING.
T  INDICATES TRACE AMOUNT.




$$
