000
CDUS43 KMPX 230056
CLIMPX


CLIMATE REPORT
NATIONAL WEATHER SERVICE CHANHASSEN MN
756 PM CDT WED OCT 22 2014


...................................

...THE CHANHASSEN MN CLIMATE SUMMARY FOR OCTOBER 22 2014...
VALID TODAY AS OF 0700 PM LOCAL TIME.

CLIMATE NORMAL PERIOD 1981 TO 2010
CLIMATE RECORD PERIOD 1995 TO 2014


WEATHER ITEM   OBSERVED NORMAL DEPARTURE LAST
                VALUE   VALUE  FROM      YEAR
                               NORMAL
...............................................
TEMPERATURE (F)
 TODAY
  MAXIMUM         61     55      6       39
  MINIMUM         40     36      4       23
  AVERAGE         51     46      5       31

PRECIPITATION (IN)
  TODAY            0.00   0.07  -0.07      T
  MONTH TO DATE    1.03   1.94  -0.91     3.40
  SINCE SEP 1      2.18   5.37  -3.19     4.97
  SINCE JAN 1     34.69  27.37   7.32    33.18

SNOWFALL (IN)
  TODAY            0.0    0.0    0.0       T
  MONTH TO DATE    T      0.2   -0.2       T
  SINCE SEP 1      T      0.2   -0.2       T
  SINCE JUL 1      T      0.2   -0.2       T
  SNOW DEPTH       0

DEGREE DAYS
 HEATING
  TODAY           14     19     -5       34
  MONTH TO DATE  364    341     23      342
  SINCE SEP 1    531    517     14      449
  SINCE JUL 1    547    540      7      470

 COOLING
  TODAY            0      0      0        0
  MONTH TO DATE    0      0      0        0
  SINCE SEP 1     35     47    -12       88
  SINCE JAN 1    514    600    -86      667
...............................................







THE CHANHASSEN MN CLIMATE NORMALS FOR TOMORROW
                         NORMAL
 MAXIMUM TEMPERATURE (F)   55
 MINIMUM TEMPERATURE (F)   36



-  INDICATES NEGATIVE NUMBERS.
R  INDICATES RECORD WAS SET OR TIED.
MM INDICATES DATA IS MISSING.
T  INDICATES TRACE AMOUNT.




$$
