493
CDUS43 KMQT 080524
CLIMQT


CLIMATE REPORT
NATIONAL WEATHER SERVICE MARQUETTE MI
1224 AM EST MON FEB 8 2016


...................................

...THE MARQUETTE MI CLIMATE SUMMARY FOR FEBRUARY 7 2016...

CLIMATE NORMAL PERIOD 1981 TO 2010
CLIMATE RECORD PERIOD 1961 TO 2016


WEATHER ITEM   OBSERVED RECORD YEAR NORMAL DEPARTURE LAST
                VALUE   VALUE       VALUE  FROM      YEAR
                                           NORMAL
...........................................................
TEMPERATURE (F)
 YESTERDAY
  MAXIMUM         32     48    1991  24      8       19
  MINIMUM         26    -25    1994   4     22       13
  AVERAGE         29                 14     15       16

PRECIPITATION (IN)
  YESTERDAY        0.12   0.48 1981   0.07   0.05     0.21
  MONTH TO DATE    1.02               0.51   0.51     0.41
  SINCE DEC 1      7.85               5.49   2.36     3.94
  SINCE JAN 1      2.98               2.92   0.06     1.66

SNOWFALL (IN)
  YESTERDAY        1.6   11.4  1992   1.3    0.3      2.0
  MONTH TO DATE   12.3                9.2    3.1      7.7
  SINCE DEC 1     68.7               95.2  -26.5     64.8
  SINCE JUL 1     76.6              125.7  -49.1    121.0
  SNOW DEPTH      21

DEGREE DAYS
 HEATING
  YESTERDAY       36                 51    -15       49
  MONTH TO DATE  299                360    -61      403
  SINCE DEC 1   2887               3395   -508     3437
  SINCE JUL 1   4719               5597   -878     5967

 COOLING
  YESTERDAY        0                  0      0        0
  MONTH TO DATE    0                  0      0        0
  SINCE DEC 1      0                  0      0        0
  SINCE JAN 1      0                  0      0        0
...........................................................


WIND (MPH)
  RESULTANT WIND SPEED  MM   RESULTANT WIND DIRECTION  MM
  HIGHEST WIND SPEED    MM   HIGHEST WIND DIRECTION    MM
  HIGHEST GUST SPEED    25   HIGHEST GUST DIRECTION    SW (225)
  AVERAGE WIND SPEED    MM


SKY COVER
  POSSIBLE SUNSHINE  MM
  AVERAGE SKY COVER  MM


WEATHER CONDITIONS
 THE FOLLOWING WEATHER WAS RECORDED YESTERDAY.
  LIGHT RAIN
  LIGHT SNOW
  FOG


RELATIVE HUMIDITY (PERCENT)
 HIGHEST    MM
 LOWEST     MM
 AVERAGE    MM

..........................................................


THE MARQUETTE MI CLIMATE NORMALS FOR TODAY
                         NORMAL    RECORD    YEAR
 MAXIMUM TEMPERATURE (F)   24        53      1991
 MINIMUM TEMPERATURE (F)    4       -32      1962


SUNRISE AND SUNSET
FEBRUARY  8 2016......SUNRISE   805 AM EST   SUNSET   604 PM EST
FEBRUARY  9 2016......SUNRISE   804 AM EST   SUNSET   606 PM EST


-  INDICATES NEGATIVE NUMBERS.
R  INDICATES RECORD WAS SET OR TIED.
MM INDICATES DATA IS MISSING.
T  INDICATES TRACE AMOUNT.




$$
