000
CDUS43 KMQT 200521
CLIMQT


CLIMATE REPORT
NATIONAL WEATHER SERVICE MARQUETTE MI
120 AM EDT WED SEP 20 2017


...................................

...THE MARQUETTE MI CLIMATE SUMMARY FOR SEPTEMBER 19 2017...

CLIMATE NORMAL PERIOD 1981 TO 2010
CLIMATE RECORD PERIOD 1961 TO 2017


WEATHER ITEM   OBSERVED RECORD YEAR NORMAL DEPARTURE LAST
                VALUE   VALUE       VALUE  FROM      YEAR
                                           NORMAL
...........................................................
TEMPERATURE (F)
 YESTERDAY
  MAXIMUM         72     83    1985  65      7       71
  MINIMUM         50     27    1993  45      5       56
  AVERAGE         61                 55      6       64

PRECIPITATION (IN)
  YESTERDAY        0.01   1.71 2005   0.12  -0.11     0.03
  MONTH TO DATE    1.66               2.23  -0.57     4.68
  SINCE SEP 1      1.66               2.23  -0.57     4.68
  SINCE JAN 1     28.99              24.60   4.39    32.45

SNOWFALL (IN)
  YESTERDAY        0.0   MM      MM   0.0    0.0      0.0
  MONTH TO DATE    0.0                0.0    0.0      0.0
  SINCE SEP 1      0.0                0.0    0.0      0.0
  SINCE JUL 1      T                  0.0    0.0       T
  SNOW DEPTH       0

DEGREE DAYS
 HEATING
  YESTERDAY        4                 11     -7        1
  MONTH TO DATE  148                152     -4       70
  SINCE SEP 1    148                152     -4       70
  SINCE JUL 1    413                337     76      170

 COOLING
  YESTERDAY        0                  0      0        0
  MONTH TO DATE   14                 21     -7       10
  SINCE SEP 1     14                 21     -7       10
  SINCE JAN 1    107                241   -134      246
...........................................................

WIND (MPH)
  RESULTANT WIND SPEED  MM   RESULTANT WIND DIRECTION  MM
  HIGHEST WIND SPEED    MM   HIGHEST WIND DIRECTION    MM
  HIGHEST GUST SPEED    14   HIGHEST GUST DIRECTION    SE (135)
  AVERAGE WIND SPEED    MM

SKY COVER
  POSSIBLE SUNSHINE  MM
  AVERAGE SKY COVER  MM

WEATHER CONDITIONS
 THE FOLLOWING WEATHER WAS RECORDED YESTERDAY.
  LIGHT RAIN

RELATIVE HUMIDITY (PERCENT)
 HIGHEST    MM
 LOWEST     MM
 AVERAGE    MM
..........................................................

THE MARQUETTE MI CLIMATE NORMALS FOR TODAY
                         NORMAL    RECORD    YEAR
 MAXIMUM TEMPERATURE (F)   64        81      1994
 MINIMUM TEMPERATURE (F)   44        29      1962


SUNRISE AND SUNSET
SEPTEMBER 20 2017.....SUNRISE   735 AM EDT   SUNSET   751 PM EDT
SEPTEMBER 21 2017.....SUNRISE   736 AM EDT   SUNSET   749 PM EDT


-  INDICATES NEGATIVE NUMBERS.
R  INDICATES RECORD WAS SET OR TIED.
MM INDICATES DATA IS MISSING.
T  INDICATES TRACE AMOUNT.




$$
