000
CDUS41 KLWX 070528
CLIMRB


CLIMATE REPORT
NATIONAL WEATHER SERVICE BALTIMORE MD/WASHINGTON DC
127 AM EDT TUE JUL 7 2015


...................................

...THE MARTINSBURG WV CLIMATE SUMMARY FOR JULY 6 2015...

CLIMATE NORMAL PERIOD 1981 TO 2010
CLIMATE RECORD PERIOD 1926 TO 2015


WEATHER ITEM   OBSERVED TIME   RECORD YEAR NORMAL DEPARTURE LAST
                VALUE   (LST)  VALUE       VALUE  FROM      YEAR
                                                  NORMAL
..................................................................
TEMPERATURE (F)
 YESTERDAY
  MAXIMUM         84    416 PM 103    1999  86     -2       87
  MINIMUM         70   1159 PM  48    1979  63      7       56
  AVERAGE         77                        75      2       72

PRECIPITATION (IN)
  YESTERDAY        0.09          0.85 1961   0.11  -0.02     0.00
  MONTH TO DATE    0.49                      0.67  -0.18     0.85
  SINCE JUN 1      4.75                      4.43   0.32     3.53
  SINCE JAN 1     15.69                     20.16  -4.47    18.40

DEGREE DAYS
 HEATING
  YESTERDAY        0                         0      0        0
  MONTH TO DATE    0                         0      0        0
  SINCE JUN 1     15                        24     -9        2
  SINCE JUL 1      0                         0      0        0

 COOLING
  YESTERDAY       12                        10      2        7
  MONTH TO DATE   47                        56     -9       69
  SINCE JUN 1    296                       239     57      305
  SINCE JAN 1    444                       296    148      386
..................................................................


WIND (MPH)
  HIGHEST WIND SPEED    15   HIGHEST WIND DIRECTION     S (160)
  HIGHEST GUST SPEED    22   HIGHEST GUST DIRECTION    SE (150)
  AVERAGE WIND SPEED     4.0


SKY COVER
  POSSIBLE SUNSHINE  MM
  AVERAGE SKY COVER 0.6


WEATHER CONDITIONS
 THE FOLLOWING WEATHER WAS RECORDED YESTERDAY.
  LIGHT RAIN
  FOG


RELATIVE HUMIDITY (PERCENT)
 HIGHEST    93           200 AM
 LOWEST     61           300 PM
 AVERAGE    77

..........................................................


THE MARTINSBURG WV CLIMATE NORMALS FOR TODAY
                         NORMAL    RECORD    YEAR
 MAXIMUM TEMPERATURE (F)   86       103      1988
 MINIMUM TEMPERATURE (F)   64        49      2001


SUNRISE AND SUNSET
JULY  7 2015..........SUNRISE   552 AM EDT   SUNSET   842 PM EDT
JULY  8 2015..........SUNRISE   552 AM EDT   SUNSET   841 PM EDT


-  INDICATES NEGATIVE NUMBERS.
R  INDICATES RECORD WAS SET OR TIED.
MM INDICATES DATA IS MISSING.
T  INDICATES TRACE AMOUNT.




$$
