000
CDUS41 KLWX 280525
CLIMRB


CLIMATE REPORT
NATIONAL WEATHER SERVICE BALTIMORE MD/WASHINGTON DC
123 AM EDT TUE MAR 28 2017


...................................

...THE MARTINSBURG WV CLIMATE SUMMARY FOR MARCH 27 2017...

CLIMATE NORMAL PERIOD 1981 TO 2010
CLIMATE RECORD PERIOD 1926 TO 2017


WEATHER ITEM   OBSERVED TIME   RECORD YEAR NORMAL DEPARTURE LAST
                VALUE   (LST)  VALUE       VALUE  FROM      YEAR
                                                  NORMAL
..................................................................
TEMPERATURE (F)
 YESTERDAY
  MAXIMUM         72    414 PM  86    1939  57     15       57
  MINIMUM         45    457 AM  16    2014  35     10       38
  AVERAGE         59                        46     13       48

PRECIPITATION (IN)
  YESTERDAY        0.18          1.14 1994   0.12   0.06     0.00
  MONTH TO DATE    1.52                      3.02  -1.50     1.44
  SINCE MAR 1      1.52                      3.02  -1.50     1.44
  SINCE JAN 1      5.90                      7.80  -1.90     5.53

DEGREE DAYS
 HEATING
  YESTERDAY        6                        19    -13       17
  MONTH TO DATE  629                       641    -12      443
  SINCE MAR 1    629                       641    -12      443
  SINCE JUL 1   3707                      4597   -890     3858

 COOLING
  YESTERDAY        0                         0      0        0
  MONTH TO DATE    3                         0      3        2
  SINCE MAR 1      3                         0      3        2
  SINCE JAN 1      3                         0      3        2
..................................................................


WIND (MPH)
  HIGHEST WIND SPEED     9   HIGHEST WIND DIRECTION    SE (150)
  HIGHEST GUST SPEED    14   HIGHEST GUST DIRECTION     E (110)
  AVERAGE WIND SPEED     2.6


SKY COVER
  POSSIBLE SUNSHINE  MM
  AVERAGE SKY COVER 0.5


WEATHER CONDITIONS
 THE FOLLOWING WEATHER WAS RECORDED YESTERDAY.
  HEAVY RAIN
  LIGHT RAIN
  FOG


RELATIVE HUMIDITY (PERCENT)
 HIGHEST   100           800 AM
 LOWEST     57           400 PM
 AVERAGE    79

..........................................................


THE MARTINSBURG WV CLIMATE NORMALS FOR TODAY
                         NORMAL    RECORD    YEAR
 MAXIMUM TEMPERATURE (F)   57        86      1989
 MINIMUM TEMPERATURE (F)   35        20      1982


SUNRISE AND SUNSET
MARCH 28 2017.........SUNRISE   702 AM EDT   SUNSET   732 PM EDT
MARCH 29 2017.........SUNRISE   701 AM EDT   SUNSET   733 PM EDT


-  INDICATES NEGATIVE NUMBERS.
R  INDICATES RECORD WAS SET OR TIED.
MM INDICATES DATA IS MISSING.
T  INDICATES TRACE AMOUNT.




$$
