000
CDUS41 KLWX 030526
CLIMRB


CLIMATE REPORT
NATIONAL WEATHER SERVICE BALTIMORE MD/WASHINGTON DC
125 AM EDT THU SEP 3 2015


...................................

...THE MARTINSBURG WV CLIMATE SUMMARY FOR SEPTEMBER 2 2015...

CLIMATE NORMAL PERIOD 1981 TO 2010
CLIMATE RECORD PERIOD 1926 TO 2015


WEATHER ITEM   OBSERVED TIME   RECORD YEAR NORMAL DEPARTURE LAST
                VALUE   (LST)  VALUE       VALUE  FROM      YEAR
                                                  NORMAL
..................................................................
TEMPERATURE (F)
 YESTERDAY
  MAXIMUM         91    145 PM 103    1932  81     10       92
  MINIMUM         66   1123 PM  43    1967  59      7       70
  AVERAGE         79                        70      9       81

PRECIPITATION (IN)
  YESTERDAY        0.00          2.29 2000   0.12  -0.12     0.23
  MONTH TO DATE    0.00                      0.23  -0.23     0.24
  SINCE SEP 1      0.00                      0.23  -0.23     0.24
  SINCE JAN 1     18.95                     26.47  -7.52    24.71

DEGREE DAYS
 HEATING
  YESTERDAY        0                         1     -1        0
  MONTH TO DATE    0                         2     -2        0
  SINCE SEP 1      0                         2     -2        0
  SINCE JUL 1      0                         9     -9        3

 COOLING
  YESTERDAY       14                         6      8       16
  MONTH TO DATE   26                        12     14       32
  SINCE SEP 1     26                        12     14       32
  SINCE JAN 1    995                       804    191      860
..................................................................


WIND (MPH)
  HIGHEST WIND SPEED    15   HIGHEST WIND DIRECTION    NW (310)
  HIGHEST GUST SPEED    24   HIGHEST GUST DIRECTION    SW (210)
  AVERAGE WIND SPEED     3.3


SKY COVER
  POSSIBLE SUNSHINE  MM
  AVERAGE SKY COVER 0.0


WEATHER CONDITIONS
 THE FOLLOWING WEATHER WAS RECORDED YESTERDAY.
  FOG
  HAZE


RELATIVE HUMIDITY (PERCENT)
 HIGHEST    97          1000 PM
 LOWEST     44           200 PM
 AVERAGE    71

..........................................................


THE MARTINSBURG WV CLIMATE NORMALS FOR TODAY
                         NORMAL    RECORD    YEAR
 MAXIMUM TEMPERATURE (F)   81       102      1953
 MINIMUM TEMPERATURE (F)   58        42      1967


SUNRISE AND SUNSET
SEPTEMBER  3 2015.....SUNRISE   642 AM EDT   SUNSET   740 PM EDT
SEPTEMBER  4 2015.....SUNRISE   643 AM EDT   SUNSET   738 PM EDT


-  INDICATES NEGATIVE NUMBERS.
R  INDICATES RECORD WAS SET OR TIED.
MM INDICATES DATA IS MISSING.
T  INDICATES TRACE AMOUNT.




$$
