000
CDUS41 KLWX 250525
CLIMRB


CLIMATE REPORT
NATIONAL WEATHER SERVICE BALTIMORE MD/WASHINGTON DC
125 AM EDT SUN JUN 25 2017


...................................

...THE MARTINSBURG WV CLIMATE SUMMARY FOR JUNE 24 2017...

CLIMATE NORMAL PERIOD 1981 TO 2010
CLIMATE RECORD PERIOD 1926 TO 2017


WEATHER ITEM   OBSERVED TIME   RECORD YEAR NORMAL DEPARTURE LAST
                VALUE   (LST)  VALUE       VALUE  FROM      YEAR
                                                  NORMAL
..................................................................
TEMPERATURE (F)
 YESTERDAY
  MAXIMUM         84    351 PM  97    1943  84      0       84
  MINIMUM         68   1133 PM  47    1993  61      7       68
  AVERAGE         76                        73      3       76

PRECIPITATION (IN)
  YESTERDAY        0.56          0.82 1936   0.13   0.43    MM
  MONTH TO DATE    1.11                      3.05  -1.94     2.08
  SINCE JUN 1      1.11                      3.05  -1.94     2.08
  SINCE JAN 1     18.33                     18.78  -0.45    13.67

DEGREE DAYS
 HEATING
  YESTERDAY        0                         0      0        0
  MONTH TO DATE   10                        22    -12        5
  SINCE JUN 1     10                        22    -12        5
  SINCE JUL 1   4136                      5247  -1111     4478

 COOLING
  YESTERDAY       11                         8      3       11
  MONTH TO DATE  192                       132     60      175
  SINCE JUN 1    192                       132     60      175
  SINCE JAN 1    299                       189    110      248
..................................................................


WIND (MPH)
  HIGHEST WIND SPEED    18   HIGHEST WIND DIRECTION     W (280)
  HIGHEST GUST SPEED    27   HIGHEST GUST DIRECTION    NW (300)
  AVERAGE WIND SPEED     9.5


SKY COVER
  POSSIBLE SUNSHINE  MM
  AVERAGE SKY COVER 0.5


WEATHER CONDITIONS
 THE FOLLOWING WEATHER WAS RECORDED YESTERDAY.
  HEAVY RAIN
  RAIN
  LIGHT RAIN
  FOG


RELATIVE HUMIDITY (PERCENT)
 HIGHEST   100           200 AM
 LOWEST     40           500 PM
 AVERAGE    70

..........................................................


THE MARTINSBURG WV CLIMATE NORMALS FOR TODAY
                         NORMAL    RECORD    YEAR
 MAXIMUM TEMPERATURE (F)   84        99      1997
 MINIMUM TEMPERATURE (F)   62        46      1979


SUNRISE AND SUNSET
JUNE 25 2017..........SUNRISE   546 AM EDT   SUNSET   843 PM EDT
JUNE 26 2017..........SUNRISE   547 AM EDT   SUNSET   843 PM EDT


-  INDICATES NEGATIVE NUMBERS.
R  INDICATES RECORD WAS SET OR TIED.
MM INDICATES DATA IS MISSING.
T  INDICATES TRACE AMOUNT.




$$
