863
CDUS41 KLWX 170525
CLIMRB


CLIMATE REPORT
NATIONAL WEATHER SERVICE BALTIMORE MD/WASHINGTON DC
1225 AM EST TUE JAN 17 2017


...................................

...THE MARTINSBURG WV CLIMATE SUMMARY FOR JANUARY 16 2017...

CLIMATE NORMAL PERIOD 1981 TO 2010
CLIMATE RECORD PERIOD 1926 TO 2017


WEATHER ITEM   OBSERVED TIME   RECORD YEAR NORMAL DEPARTURE LAST
                VALUE   (LST)  VALUE       VALUE  FROM      YEAR
                                                  NORMAL
..................................................................
TEMPERATURE (F)
 YESTERDAY
  MAXIMUM         45    333 PM  73    1932  39      6       51
  MINIMUM         32    653 AM  -2    1972  22     10       36
  AVERAGE         39                        31      8       44

PRECIPITATION (IN)
  YESTERDAY        T             0.67 1945   0.08  -0.08     0.04
  MONTH TO DATE    1.73                      1.21   0.52     1.36
  SINCE DEC 1      3.52                      3.92  -0.40     4.02
  SINCE JAN 1      1.73                      1.21   0.52     1.36

DEGREE DAYS
 HEATING
  YESTERDAY       26                        34     -8       21
  MONTH TO DATE  479                       544    -65      508
  SINCE DEC 1   1359                      1500   -141     1092
  SINCE JUL 1   2163                      2570   -407     1950

 COOLING
  YESTERDAY        0                         0      0        0
  MONTH TO DATE    0                         0      0        0
  SINCE DEC 1      0                         0      0        0
  SINCE JAN 1      0                         0      0        0
..................................................................


WIND (MPH)
  HIGHEST WIND SPEED     8   HIGHEST WIND DIRECTION    SE (140)
  HIGHEST GUST SPEED    11   HIGHEST GUST DIRECTION    SE (150)
  AVERAGE WIND SPEED     2.8


SKY COVER
  POSSIBLE SUNSHINE  MM
  AVERAGE SKY COVER 1.0


WEATHER CONDITIONS
 THE FOLLOWING WEATHER WAS RECORDED YESTERDAY.
  HAZE


RELATIVE HUMIDITY (PERCENT)
 HIGHEST    82           500 PM
 LOWEST     62           200 PM
 AVERAGE    72

..........................................................


THE MARTINSBURG WV CLIMATE NORMALS FOR TODAY
                         NORMAL    RECORD    YEAR
 MAXIMUM TEMPERATURE (F)   39        69      1990
 MINIMUM TEMPERATURE (F)   22       -13      1982


SUNRISE AND SUNSET
JANUARY 17 2017.......SUNRISE   729 AM EST   SUNSET   515 PM EST
JANUARY 18 2017.......SUNRISE   729 AM EST   SUNSET   516 PM EST


-  INDICATES NEGATIVE NUMBERS.
R  INDICATES RECORD WAS SET OR TIED.
MM INDICATES DATA IS MISSING.
T  INDICATES TRACE AMOUNT.




$$
