000
CDUS41 KLWX 220530
CLIMRB


CLIMATE REPORT
NATIONAL WEATHER SERVICE BALTIMORE MD/WASHINGTON DC
127 AM EDT MON MAY 22 2017


...................................

...THE MARTINSBURG WV CLIMATE SUMMARY FOR MAY 21 2017...

CLIMATE NORMAL PERIOD 1981 TO 2010
CLIMATE RECORD PERIOD 1926 TO 2017


WEATHER ITEM   OBSERVED TIME   RECORD YEAR NORMAL DEPARTURE LAST
                VALUE   (LST)  VALUE       VALUE  FROM      YEAR
                                                  NORMAL
..................................................................
TEMPERATURE (F)
 YESTERDAY
  MAXIMUM         66    434 PM 100    1934  74     -8       62
  MINIMUM         57    818 AM  35    2002  51      6       51
                                      1992
  AVERAGE         62                        62      0       57

PRECIPITATION (IN)
  YESTERDAY        T             1.00 1943   0.13  -0.13     0.71
  MONTH TO DATE    4.58                      2.77   1.81     3.67
  SINCE MAR 1     10.08                      9.63   0.45     6.51
  SINCE JAN 1     14.46                     14.41   0.05    10.60

DEGREE DAYS
 HEATING
  YESTERDAY        3                         4     -1        8
  MONTH TO DATE  143                       135      8      169
  SINCE MAR 1   1027                      1236   -209     1045
  SINCE JUL 1   4105                      5192  -1087     4460

 COOLING
  YESTERDAY        0                         2     -2        0
  MONTH TO DATE   38                        26     12        4
  SINCE MAR 1     93                        35     58       16
  SINCE JAN 1     93                        35     58       16
..................................................................


WIND (MPH)
  HIGHEST WIND SPEED    13   HIGHEST WIND DIRECTION    SE (150)
  HIGHEST GUST SPEED    18   HIGHEST GUST DIRECTION     S (160)
  AVERAGE WIND SPEED     5.1


SKY COVER
  POSSIBLE SUNSHINE  MM
  AVERAGE SKY COVER 1.0


WEATHER CONDITIONS
 THE FOLLOWING WEATHER WAS RECORDED YESTERDAY.
  NO SIGNIFICANT WEATHER WAS OBSERVED.


RELATIVE HUMIDITY (PERCENT)
 HIGHEST    78          1200 AM
 LOWEST     44           300 PM
 AVERAGE    61

..........................................................


THE MARTINSBURG WV CLIMATE NORMALS FOR TODAY
                         NORMAL    RECORD    YEAR
 MAXIMUM TEMPERATURE (F)   74        98      1934
 MINIMUM TEMPERATURE (F)   51        30      2002


SUNRISE AND SUNSET
MAY 22 2017...........SUNRISE   552 AM EDT   SUNSET   825 PM EDT
MAY 23 2017...........SUNRISE   552 AM EDT   SUNSET   826 PM EDT


-  INDICATES NEGATIVE NUMBERS.
R  INDICATES RECORD WAS SET OR TIED.
MM INDICATES DATA IS MISSING.
T  INDICATES TRACE AMOUNT.




$$
