000
CDUS41 KLWX 190530
CLIMRB


CLIMATE REPORT
NATIONAL WEATHER SERVICE BALTIMORE MD/WASHINGTON DC
1230 AM EST FRI DEC 19 2014


...................................

...THE MARTINSBURG WV CLIMATE SUMMARY FOR DECEMBER 18 2014...

CLIMATE NORMAL PERIOD 1981 TO 2010
CLIMATE RECORD PERIOD 1926 TO 2014


WEATHER ITEM   OBSERVED TIME   RECORD YEAR NORMAL DEPARTURE LAST
                VALUE   (LST)  VALUE       VALUE  FROM      YEAR
                                                  NORMAL
..................................................................
TEMPERATURE (F)
 YESTERDAY
  MAXIMUM         39    206 PM  69    2006  42     -3       37
  MINIMUM         32    701 AM   5    1926  25      7       23
  AVERAGE         36                        33      3       30

PRECIPITATION (IN)
  YESTERDAY        0.00          1.42 1977   0.08  -0.08     0.00
  MONTH TO DATE    2.03                      1.73   0.30     3.14
  SINCE DEC 1      2.03                      1.73   0.30     3.14
  SINCE JAN 1     34.42                     37.72  -3.30    34.30

DEGREE DAYS
 HEATING
  YESTERDAY       29                        32     -3       35
  MONTH TO DATE  445                       527    -82      542
  SINCE DEC 1    445                       527    -82      542
  SINCE JUL 1   1404                      1597   -193     1633

 COOLING
  YESTERDAY        0                         0      0        0
  MONTH TO DATE    0                         0      0        0
  SINCE DEC 1      0                         0      0        0
  SINCE JAN 1    958                       895     63     1057
..................................................................


WIND (MPH)
  HIGHEST WIND SPEED    25   HIGHEST WIND DIRECTION    NW (330)
  HIGHEST GUST SPEED    34   HIGHEST GUST DIRECTION    NW (320)
  AVERAGE WIND SPEED    10.9


SKY COVER
  POSSIBLE SUNSHINE  MM
  AVERAGE SKY COVER 0.8


WEATHER CONDITIONS
 THE FOLLOWING WEATHER WAS RECORDED YESTERDAY.
  NO SIGNIFICANT WEATHER WAS OBSERVED.


RELATIVE HUMIDITY (PERCENT)
 HIGHEST    56          1100 AM
 LOWEST     44           100 AM
 AVERAGE    50

..........................................................


THE MARTINSBURG WV CLIMATE NORMALS FOR TODAY
                         NORMAL    RECORD    YEAR
 MAXIMUM TEMPERATURE (F)   42        63      1937
 MINIMUM TEMPERATURE (F)   25         3      1989


SUNRISE AND SUNSET
DECEMBER 19 2014......SUNRISE   727 AM EST   SUNSET   451 PM EST
DECEMBER 20 2014......SUNRISE   728 AM EST   SUNSET   451 PM EST


-  INDICATES NEGATIVE NUMBERS.
R  INDICATES RECORD WAS SET OR TIED.
MM INDICATES DATA IS MISSING.
T  INDICATES TRACE AMOUNT.




$$
