000
CDUS41 KLWX 300530
CLIMRB


CLIMATE REPORT
NATIONAL WEATHER SERVICE BALTIMORE MD/WASHINGTON DC
129 AM EDT THU JUL 30 2015


...................................

...THE MARTINSBURG WV CLIMATE SUMMARY FOR JULY 29 2015...

CLIMATE NORMAL PERIOD 1981 TO 2010
CLIMATE RECORD PERIOD 1926 TO 2015


WEATHER ITEM   OBSERVED TIME   RECORD YEAR NORMAL DEPARTURE LAST
                VALUE   (LST)  VALUE       VALUE  FROM      YEAR
                                                  NORMAL
..................................................................
TEMPERATURE (F)
 YESTERDAY
  MAXIMUM         88    427 PM 103    1941  85      3       73
  MINIMUM         67    547 AM  53    2014  64      3       53
                                      1989
  AVERAGE         78                        74      4       63

PRECIPITATION (IN)
  YESTERDAY        0.00          1.75 1940   0.12  -0.12     0.00
  MONTH TO DATE    2.20                      3.42  -1.22     4.69
  SINCE JUN 1      6.46                      7.18  -0.72     7.37
  SINCE JAN 1     17.40                     22.91  -5.51    22.24

DEGREE DAYS
 HEATING
  YESTERDAY        0                         0      0        2
  MONTH TO DATE    0                         0      0        2
  SINCE JUN 1     15                        24     -9        4
  SINCE JUL 1      0                         0      0        2

 COOLING
  YESTERDAY       13                        10      3        0
  MONTH TO DATE  289                       286      3      295
  SINCE JUN 1    538                       469     69      531
  SINCE JAN 1    686                       526    160      612
..................................................................


WIND (MPH)
  HIGHEST WIND SPEED    13   HIGHEST WIND DIRECTION    SE (150)
  HIGHEST GUST SPEED    15   HIGHEST GUST DIRECTION    SE (150)
  AVERAGE WIND SPEED     3.2


SKY COVER
  POSSIBLE SUNSHINE  MM
  AVERAGE SKY COVER 0.3


WEATHER CONDITIONS
 THE FOLLOWING WEATHER WAS RECORDED YESTERDAY.
  FOG
  FOG W/VISIBILITY <= 1/4 MILE
  HAZE


RELATIVE HUMIDITY (PERCENT)
 HIGHEST    97           100 AM
 LOWEST     59           300 PM
 AVERAGE    78

..........................................................


THE MARTINSBURG WV CLIMATE NORMALS FOR TODAY
                         NORMAL    RECORD    YEAR
 MAXIMUM TEMPERATURE (F)   85       104      1930
 MINIMUM TEMPERATURE (F)   64        49      2014


SUNRISE AND SUNSET
JULY 30 2015..........SUNRISE   610 AM EDT   SUNSET   826 PM EDT
JULY 31 2015..........SUNRISE   611 AM EDT   SUNSET   825 PM EDT


-  INDICATES NEGATIVE NUMBERS.
R  INDICATES RECORD WAS SET OR TIED.
MM INDICATES DATA IS MISSING.
T  INDICATES TRACE AMOUNT.




$$
