000
CDUS44 KHUN 220705
CLIMSL


CLIMATE REPORT
NATIONAL WEATHER SERVICE HUNTSVILLE AL
204 AM CDT SUN OCT 22 2017


...................................

...THE MUSCLE SHOALS CLIMATE SUMMARY FOR OCTOBER 21 2017...

CLIMATE NORMAL PERIOD 1981 TO 2010
CLIMATE RECORD PERIOD 1893 TO 2017


WEATHER ITEM   OBSERVED TIME   RECORD YEAR NORMAL DEPARTURE LAST
                VALUE   (LST)  VALUE       VALUE  FROM      YEAR
                                                  NORMAL
..................................................................
TEMPERATURE (F)
 YESTERDAY
  MAXIMUM         80   1255 PM  89    1963  73      7       68
                                      1924
  MINIMUM         47    321 AM  27    1913  48     -1       50
  AVERAGE         64                        60      4       59

PRECIPITATION (IN)
  YESTERDAY        0.00          1.42 1984   0.12  -0.12     0.00
  MONTH TO DATE    1.88                      2.23  -0.35     0.08
  SINCE SEP 1      5.39                      5.95  -0.56     0.58
  SINCE JAN 1     39.21                     41.66  -2.45    32.21

SNOWFALL (IN)
  YESTERDAY        0.0
  MONTH TO DATE    0.0
  SINCE SEP 1      0.0
  SINCE JUL 1      0.0
  SNOW DEPTH       0

DEGREE DAYS
 HEATING
  YESTERDAY        1                         6     -5        6
  MONTH TO DATE   33                        81    -48        7
  SINCE SEP 1     45                        96    -51       12
  SINCE JUL 1     45                        96    -51       12

 COOLING
  YESTERDAY        0                         1     -1        0
  MONTH TO DATE   92                        51     41      117
  SINCE SEP 1    319                       310      9      516
  SINCE JAN 1   1944                      1853     91     2319
..................................................................


WIND (MPH)
  HIGHEST WIND SPEED    16   HIGHEST WIND DIRECTION     S (160)
  HIGHEST GUST SPEED    20   HIGHEST GUST DIRECTION     S (160)
  AVERAGE WIND SPEED     6.6


SKY COVER
  POSSIBLE SUNSHINE  MM
  AVERAGE SKY COVER 0.1


WEATHER CONDITIONS
 THE FOLLOWING WEATHER WAS RECORDED YESTERDAY.
  NO SIGNIFICANT WEATHER WAS OBSERVED.


RELATIVE HUMIDITY (PERCENT)
 HIGHEST    89           700 AM
 LOWEST     49           100 PM
 AVERAGE    69

..........................................................


THE MUSCLE SHOALS CLIMATE NORMALS FOR TODAY
                         NORMAL    RECORD    YEAR
 MAXIMUM TEMPERATURE (F)   72        90      1963
 MINIMUM TEMPERATURE (F)   48        26      1916


SUNRISE AND SUNSET
OCTOBER 22 2017.......SUNRISE   702 AM CDT   SUNSET   607 PM CDT
OCTOBER 23 2017.......SUNRISE   703 AM CDT   SUNSET   606 PM CDT


-  INDICATES NEGATIVE NUMBERS.
R  INDICATES RECORD WAS SET OR TIED.
MM INDICATES DATA IS MISSING.
T  INDICATES TRACE AMOUNT.




$$
