000
CDUS44 KHUN 042128
CLIMSL


CLIMATE REPORT
NATIONAL WEATHER SERVICE HUNTSVILLE AL
428 PM CDT FRI SEP 4 2015


...................................

...THE MUSCLE SHOALS CLIMATE SUMMARY FOR SEPTEMBER 4 2015...
VALID TODAY AS OF 0400 PM LOCAL TIME.

CLIMATE NORMAL PERIOD 1981 TO 2010
CLIMATE RECORD PERIOD 1893 TO 2015


WEATHER ITEM   OBSERVED TIME   RECORD YEAR NORMAL DEPARTURE LAST
                VALUE   (LST)  VALUE       VALUE  FROM      YEAR
                                                  NORMAL
..................................................................
TEMPERATURE (F)
 TODAY
  MAXIMUM         94    241 PM 103    1954  88      6       90
  MINIMUM         69    557 AM  49    1974  66      3       69
  AVERAGE         82                        77      5       80

PRECIPITATION (IN)
  TODAY            0.00          2.66 2011   0.12  -0.12     0.00
  MONTH TO DATE    0.00                      0.45  -0.45     0.37
  SINCE SEP 1      0.00                      0.45  -0.45     0.37
  SINCE JAN 1     36.54                     36.16   0.38    33.57

SNOWFALL (IN)
  TODAY            0.0
  MONTH TO DATE    0.0
  SINCE SEP 1      0.0
  SINCE JUL 1      0.0
  SNOW DEPTH       0

DEGREE DAYS
 HEATING
  TODAY            0                         0      0        0
  MONTH TO DATE    0                         0      0        0
  SINCE SEP 1      0                         0      0        0
  SINCE JUL 1      0                         0      0        0

 COOLING
  TODAY           17                        12      5       15
  MONTH TO DATE   58                        50      8       65
  SINCE SEP 1     58                        50      8       65
  SINCE JAN 1   1711                      1593    118     1518
..................................................................


WIND (MPH)
  HIGHEST WIND SPEED     8   HIGHEST WIND DIRECTION     E (80)
  HIGHEST GUST SPEED    11   HIGHEST GUST DIRECTION     E (80)
  AVERAGE WIND SPEED     1.5


SKY COVER
  POSSIBLE SUNSHINE  MM
  AVERAGE SKY COVER 0.0


WEATHER CONDITIONS
 THE FOLLOWING WEATHER WAS RECORDED TODAY.
  FOG
  HAZE


RELATIVE HUMIDITY (PERCENT)
 HIGHEST    93           100 AM
 LOWEST     39           200 PM
 AVERAGE    66

..........................................................


THE MUSCLE SHOALS CLIMATE NORMALS FOR TOMORROW
                         NORMAL    RECORD    YEAR
 MAXIMUM TEMPERATURE (F)   88       106      1925
 MINIMUM TEMPERATURE (F)   66        48      1902


SUNRISE AND SUNSET
SEPTEMBER  4 2015.....SUNRISE   625 AM CDT   SUNSET   713 PM CDT
SEPTEMBER  5 2015.....SUNRISE   626 AM CDT   SUNSET   712 PM CDT


-  INDICATES NEGATIVE NUMBERS.
R  INDICATES RECORD WAS SET OR TIED.
MM INDICATES DATA IS MISSING.
T  INDICATES TRACE AMOUNT.




$$
