000
CDUS44 KHUN 220701
CLIMSL


CLIMATE REPORT
NATIONAL WEATHER SERVICE HUNTSVILLE AL
201 AM CDT MON MAY 22 2017


...................................

...THE MUSCLE SHOALS CLIMATE SUMMARY FOR MAY 21 2017...

CLIMATE NORMAL PERIOD 1981 TO 2010
CLIMATE RECORD PERIOD 1893 TO 2017


WEATHER ITEM   OBSERVED TIME   RECORD YEAR NORMAL DEPARTURE LAST
                VALUE   (LST)  VALUE       VALUE  FROM      YEAR
                                                  NORMAL
..................................................................
TEMPERATURE (F)
 YESTERDAY
  MAXIMUM         85    241 PM  96    1902  82      3       80
  MINIMUM         67    210 AM  42    1981  60      7       60
  AVERAGE         76                        71      5       70

PRECIPITATION (IN)
  YESTERDAY        0.01          2.25 1955   0.17  -0.16     0.00
  MONTH TO DATE    1.80                      3.47  -1.67     1.16
  SINCE MAR 1     10.57                     12.58  -2.01     9.35
  SINCE JAN 1     17.81                     21.85  -4.04    16.48

SNOWFALL (IN)
  YESTERDAY        0.0
  MONTH TO DATE    0.0
  SINCE MAR 1      T
  SINCE JUL 1      T
  SNOW DEPTH       0

DEGREE DAYS
 HEATING
  YESTERDAY        0                         1     -1        0
  MONTH TO DATE   33                        28      5       26
  SINCE MAR 1    413                       566   -153      359
  SINCE JUL 1   2093                      3101  -1008     2360

 COOLING
  YESTERDAY       11                         7      4        5
  MONTH TO DATE  109                       101      8       75
  SINCE MAR 1    249                       165     84      159
  SINCE JAN 1    257                       166     91      159
..................................................................


WIND (MPH)
  HIGHEST WIND SPEED    14   HIGHEST WIND DIRECTION     W (280)
  HIGHEST GUST SPEED    17   HIGHEST GUST DIRECTION     W (280)
  AVERAGE WIND SPEED     3.7


SKY COVER
  POSSIBLE SUNSHINE  MM
  AVERAGE SKY COVER 0.6


WEATHER CONDITIONS
 THE FOLLOWING WEATHER WAS RECORDED YESTERDAY.
  THUNDERSTORM
  LIGHT RAIN
  FOG


RELATIVE HUMIDITY (PERCENT)
 HIGHEST    90           700 AM
 LOWEST     55           200 PM
 AVERAGE    73

..........................................................


THE MUSCLE SHOALS CLIMATE NORMALS FOR TODAY
                         NORMAL    RECORD    YEAR
 MAXIMUM TEMPERATURE (F)   82        95      1925
 MINIMUM TEMPERATURE (F)   60        43      2002


SUNRISE AND SUNSET
MAY 22 2017...........SUNRISE   543 AM CDT   SUNSET   752 PM CDT
MAY 23 2017...........SUNRISE   542 AM CDT   SUNSET   753 PM CDT


-  INDICATES NEGATIVE NUMBERS.
R  INDICATES RECORD WAS SET OR TIED.
MM INDICATES DATA IS MISSING.
T  INDICATES TRACE AMOUNT.




$$
