000
CDUS44 KHUN 062122
CLIMSL


CLIMATE REPORT
NATIONAL WEATHER SERVICE HUNTSVILLE AL
421 PM CDT FRI MAY 6 2016


...................................

...THE MUSCLE SHOALS CLIMATE SUMMARY FOR MAY 6 2016...
VALID TODAY AS OF 0400 PM LOCAL TIME.

CLIMATE NORMAL PERIOD 1981 TO 2010
CLIMATE RECORD PERIOD 1893 TO 2016


WEATHER ITEM   OBSERVED TIME   RECORD YEAR NORMAL DEPARTURE LAST
                VALUE   (LST)  VALUE       VALUE  FROM      YEAR
                                                  NORMAL
..................................................................
TEMPERATURE (F)
 TODAY
  MAXIMUM         75    314 PM  92    1952  78     -3       84
                                      1949
  MINIMUM         46    326 AM  39    1968  56    -10       54
  AVERAGE         61                        67     -6       69

PRECIPITATION (IN)
  TODAY            0.00          4.67 2003   0.17  -0.17     0.00
  MONTH TO DATE    0.06                      0.95  -0.89     0.00
  SINCE MAR 1      8.25                     10.06  -1.81    11.60
  SINCE JAN 1     15.38                     19.33  -3.95    18.88

SNOWFALL (IN)
  TODAY            0.0
  MONTH TO DATE    0.0
  SINCE MAR 1      0.0
  SINCE JUL 1      T
  SNOW DEPTH       0

DEGREE DAYS
 HEATING
  TODAY            4                         2      2        0
  MONTH TO DATE   15                        12      3       10
  SINCE MAR 1    348                       550   -202      453
  SINCE JUL 1   2349                      3085   -736     3224

 COOLING
  TODAY            0                         4     -4        4
  MONTH TO DATE    8                        20    -12       12
  SINCE MAR 1     92                        84      8       68
  SINCE JAN 1     92                        85      7       68
..................................................................


WIND (MPH)
  HIGHEST WIND SPEED    15   HIGHEST WIND DIRECTION    NW (310)
  HIGHEST GUST SPEED    23   HIGHEST GUST DIRECTION    NW (310)
  AVERAGE WIND SPEED     6.8


SKY COVER
  POSSIBLE SUNSHINE  MM
  AVERAGE SKY COVER 0.1


WEATHER CONDITIONS
 THE FOLLOWING WEATHER WAS RECORDED TODAY.
  NO SIGNIFICANT WEATHER WAS OBSERVED.


RELATIVE HUMIDITY (PERCENT)
 HIGHEST    86           500 AM
 LOWEST     27           200 PM
 AVERAGE    57

..........................................................


THE MUSCLE SHOALS CLIMATE NORMALS FOR TOMORROW
                         NORMAL    RECORD    YEAR
 MAXIMUM TEMPERATURE (F)   79        91      1940
                                             1894
 MINIMUM TEMPERATURE (F)   56        36      1944


SUNRISE AND SUNSET
MAY  6 2016...........SUNRISE   555 AM CDT   SUNSET   740 PM CDT
MAY  7 2016...........SUNRISE   554 AM CDT   SUNSET   741 PM CDT


-  INDICATES NEGATIVE NUMBERS.
R  INDICATES RECORD WAS SET OR TIED.
MM INDICATES DATA IS MISSING.
T  INDICATES TRACE AMOUNT.




$$
