000
CDUS44 KHUN 232132
CLIMSL


CLIMATE REPORT
NATIONAL WEATHER SERVICE HUNTSVILLE AL
420 PM CDT WED JUL 23 2014


...................................

...THE MUSCLE SHOALS CLIMATE SUMMARY FOR JULY 23 2014...
VALID TODAY AS OF 0400 PM LOCAL TIME.

CLIMATE NORMAL PERIOD 1981 TO 2010
CLIMATE RECORD PERIOD 1893 TO 2014


WEATHER ITEM   OBSERVED TIME   RECORD YEAR NORMAL DEPARTURE LAST
                VALUE   (LST)  VALUE       VALUE  FROM      YEAR
                                                  NORMAL
..................................................................
TEMPERATURE (F)
 TODAY
  MAXIMUM         88    257 PM 104    1952  91     -3       83
                                      1934
  MINIMUM         72    128 AM  56    1947  70      2       71
  AVERAGE         80                        81     -1       77

PRECIPITATION (IN)
  TODAY            0.00          2.60 1969   0.13  -0.13     0.37
  MONTH TO DATE    5.02                      3.34   1.68     7.13
  SINCE JUN 1     12.49                      8.10   4.39    11.81
  SINCE JAN 1     29.28                     31.60  -2.32    36.72

SNOWFALL (IN)
  TODAY            0.0
  MONTH TO DATE    0.0
  SINCE JUN 1      0.0
  SINCE JUL 1      0.0
  SNOW DEPTH       0

DEGREE DAYS
 HEATING
  TODAY            0                         0      0        0
  MONTH TO DATE    0                         0      0        0
  SINCE JUN 1      0                         1     -1        0
  SINCE JUL 1      0                         0      0        0

 COOLING
  TODAY           15                        16     -1       12
  MONTH TO DATE  282                       354    -72      320
  SINCE JUN 1    683                       716    -33      726
  SINCE JAN 1    940                       960    -20      966
..................................................................


WIND (MPH)
  HIGHEST WIND SPEED     7   HIGHEST WIND DIRECTION    SE (140)
  HIGHEST GUST SPEED    MM   HIGHEST GUST DIRECTION    MM
  AVERAGE WIND SPEED     1.5


SKY COVER
  POSSIBLE SUNSHINE  MM
  AVERAGE SKY COVER 0.2


WEATHER CONDITIONS
 THE FOLLOWING WEATHER WAS RECORDED TODAY.
  THUNDERSTORM
  FOG


RELATIVE HUMIDITY (PERCENT)
 HIGHEST    93           100 AM
 LOWEST     61           200 PM
 AVERAGE    77

..........................................................


THE MUSCLE SHOALS CLIMATE NORMALS FOR TOMORROW
                         NORMAL    RECORD    YEAR
 MAXIMUM TEMPERATURE (F)   91       102      1924
 MINIMUM TEMPERATURE (F)   70        56      1904


SUNRISE AND SUNSET
JULY 23 2014..........SUNRISE   554 AM CDT   SUNSET   800 PM CDT
JULY 24 2014..........SUNRISE   555 AM CDT   SUNSET   759 PM CDT


-  INDICATES NEGATIVE NUMBERS.
R  INDICATES RECORD WAS SET OR TIED.
MM INDICATES DATA IS MISSING.
T  INDICATES TRACE AMOUNT.




$$
