000
CDUS44 KHUN 280703
CLIMSL


CLIMATE REPORT
NATIONAL WEATHER SERVICE HUNTSVILLE AL
202 AM CDT TUE MAR 28 2017


...................................

...THE MUSCLE SHOALS CLIMATE SUMMARY FOR MARCH 27 2017...

CLIMATE NORMAL PERIOD 1981 TO 2010
CLIMATE RECORD PERIOD 1893 TO 2017


WEATHER ITEM   OBSERVED TIME   RECORD YEAR NORMAL DEPARTURE LAST
                VALUE   (LST)  VALUE       VALUE  FROM      YEAR
                                                  NORMAL
..................................................................
TEMPERATURE (F)
 YESTERDAY
  MAXIMUM         79   1222 PM  87    1910  68     11       70
  MINIMUM         57    128 AM  17    1955  44     13       58
  AVERAGE         68                        56     12       64

PRECIPITATION (IN)
  YESTERDAY        1.34          4.80 1994   0.16   1.18     0.01
  MONTH TO DATE    4.84                      4.15   0.69     2.67
  SINCE MAR 1      4.84                      4.15   0.69     2.67
  SINCE JAN 1     12.08                     13.42  -1.34     9.80

SNOWFALL (IN)
  YESTERDAY        0.0
  MONTH TO DATE    T
  SINCE MAR 1      T
  SINCE JUL 1      T
  SNOW DEPTH       0

DEGREE DAYS
 HEATING
  YESTERDAY        0                         9     -9        1
  MONTH TO DATE  315                       342    -27      215
  SINCE MAR 1    315                       342    -27      215
  SINCE JUL 1   1995                      2877   -882     2216

 COOLING
  YESTERDAY        3                         1      2        0
  MONTH TO DATE   16                         4     12       21
  SINCE MAR 1     16                         4     12       21
  SINCE JAN 1     24                         5     19       21
..................................................................


WIND (MPH)
  HIGHEST WIND SPEED    22   HIGHEST WIND DIRECTION    NE (40)
  HIGHEST GUST SPEED    33   HIGHEST GUST DIRECTION    NE (50)
  AVERAGE WIND SPEED     8.2


SKY COVER
  POSSIBLE SUNSHINE  MM
  AVERAGE SKY COVER 0.4


WEATHER CONDITIONS
 THE FOLLOWING WEATHER WAS RECORDED YESTERDAY.
  THUNDERSTORM
  HEAVY RAIN
  RAIN
  LIGHT RAIN
  FOG
  HAZE


RELATIVE HUMIDITY (PERCENT)
 HIGHEST    93           100 AM
 LOWEST     54           100 PM
 AVERAGE    74

..........................................................


THE MUSCLE SHOALS CLIMATE NORMALS FOR TODAY
                         NORMAL    RECORD    YEAR
 MAXIMUM TEMPERATURE (F)   68        87      1910
 MINIMUM TEMPERATURE (F)   45        25      1913


SUNRISE AND SUNSET
MARCH 28 2017.........SUNRISE   643 AM CDT   SUNSET   709 PM CDT
MARCH 29 2017.........SUNRISE   641 AM CDT   SUNSET   710 PM CDT


-  INDICATES NEGATIVE NUMBERS.
R  INDICATES RECORD WAS SET OR TIED.
MM INDICATES DATA IS MISSING.
T  INDICATES TRACE AMOUNT.




$$
