000
CDUS44 KHUN 010801
CLIMSL


CLIMATE REPORT
NATIONAL WEATHER SERVICE HUNTSVILLE AL
201 AM CST SUN FEB 1 2015


...................................

...THE MUSCLE SHOALS CLIMATE SUMMARY FOR JANUARY 31 2015...

CLIMATE NORMAL PERIOD 1981 TO 2010
CLIMATE RECORD PERIOD 1893 TO 2015


WEATHER ITEM   OBSERVED TIME   RECORD YEAR NORMAL DEPARTURE LAST
                VALUE   (LST)  VALUE       VALUE  FROM      YEAR
                                                  NORMAL
..................................................................
TEMPERATURE (F)
 YESTERDAY
  MAXIMUM         51    153 PM  77    1917  52     -1       61
  MINIMUM         30    513 AM  -5    1966  32     -2       27
  AVERAGE         41                        42     -1       44

PRECIPITATION (IN)
  YESTERDAY        0.00          4.41 1951   0.16  -0.16     0.00
  MONTH TO DATE    4.17                      4.61  -0.44     1.70
  SINCE DEC 1      9.30                     10.29  -0.99     6.47
  SINCE JAN 1      4.17                      4.61  -0.44     1.70

SNOWFALL (IN)
  YESTERDAY        0.0
  MONTH TO DATE    T
  SINCE DEC 1      T
  SINCE JUL 1      T
  SNOW DEPTH       0

DEGREE DAYS
 HEATING
  YESTERDAY       24                        23      1       21
  MONTH TO DATE  759                       739     20      914
  SINCE DEC 1   1323                      1418    -95     1556
  SINCE JUL 1   1975                      1980     -5     2173

 COOLING
  YESTERDAY        0                         0      0        0
  MONTH TO DATE    0                         0      0        0
  SINCE DEC 1      0                         1     -1        8
  SINCE JAN 1      0                         0      0        0
..................................................................


WIND (MPH)
  HIGHEST WIND SPEED     9   HIGHEST WIND DIRECTION    SE (120)
  HIGHEST GUST SPEED    10   HIGHEST GUST DIRECTION     E (110)
  AVERAGE WIND SPEED     3.5


SKY COVER
  POSSIBLE SUNSHINE  MM
  AVERAGE SKY COVER 0.0


WEATHER CONDITIONS
 THE FOLLOWING WEATHER WAS RECORDED YESTERDAY.
  NO SIGNIFICANT WEATHER WAS OBSERVED.


RELATIVE HUMIDITY (PERCENT)
 HIGHEST    78           500 AM
 LOWEST     26           200 PM
 AVERAGE    52

..........................................................


THE MUSCLE SHOALS CLIMATE NORMALS FOR TODAY
                         NORMAL    RECORD    YEAR
 MAXIMUM TEMPERATURE (F)   52        78      1989
 MINIMUM TEMPERATURE (F)   32         5      1951


SUNRISE AND SUNSET
FEBRUARY  1 2015......SUNRISE   649 AM CST   SUNSET   519 PM CST
FEBRUARY  2 2015......SUNRISE   648 AM CST   SUNSET   520 PM CST


-  INDICATES NEGATIVE NUMBERS.
R  INDICATES RECORD WAS SET OR TIED.
MM INDICATES DATA IS MISSING.
T  INDICATES TRACE AMOUNT.




$$
