000
CDUS44 KHUN 280704
CLIMSL


CLIMATE REPORT
NATIONAL WEATHER SERVICE HUNTSVILLE AL
204 AM CDT SAT MAR 28 2015


...................................

...THE MUSCLE SHOALS CLIMATE SUMMARY FOR MARCH 27 2015...

CLIMATE NORMAL PERIOD 1981 TO 2010
CLIMATE RECORD PERIOD 1893 TO 2015


WEATHER ITEM   OBSERVED TIME   RECORD YEAR NORMAL DEPARTURE LAST
                VALUE   (LST)  VALUE       VALUE  FROM      YEAR
                                                  NORMAL
..................................................................
TEMPERATURE (F)
 YESTERDAY
  MAXIMUM         53    232 PM  87    1910  68    -15       73
  MINIMUM         35   1159 PM  17    1955  44     -9       41
  AVERAGE         44                        56    -12       57

PRECIPITATION (IN)
  YESTERDAY        T             4.80 1994   0.16  -0.16     0.12
  MONTH TO DATE    5.01                      4.15   0.86     2.00
  SINCE MAR 1      5.01                      4.15   0.86     2.00
  SINCE JAN 1     12.29                     13.42  -1.13     7.69

SNOWFALL (IN)
  YESTERDAY        0.0
  MONTH TO DATE    0.7
  SINCE MAR 1      0.7
  SINCE JUL 1      4.2
  SNOW DEPTH       0

DEGREE DAYS
 HEATING
  YESTERDAY       21                         9     12        8
  MONTH TO DATE  293                       342    -49      411
  SINCE MAR 1    293                       342    -49      411
  SINCE JUL 1   3064                      2877    187     3182

 COOLING
  YESTERDAY        0                         1     -1        0
  MONTH TO DATE    2                         4     -2        0
  SINCE MAR 1      2                         4     -2        0
  SINCE JAN 1      2                         5     -3        0
..................................................................


WIND (MPH)
  HIGHEST WIND SPEED    21   HIGHEST WIND DIRECTION     N (350)
  HIGHEST GUST SPEED    30   HIGHEST GUST DIRECTION     N (350)
  AVERAGE WIND SPEED     8.8


SKY COVER
  POSSIBLE SUNSHINE  MM
  AVERAGE SKY COVER 0.5


WEATHER CONDITIONS
 THE FOLLOWING WEATHER WAS RECORDED YESTERDAY.
  LIGHT RAIN
  HAZE


RELATIVE HUMIDITY (PERCENT)
 HIGHEST    85           500 AM
 LOWEST     46          1100 AM
 AVERAGE    66

..........................................................


THE MUSCLE SHOALS CLIMATE NORMALS FOR TODAY
                         NORMAL    RECORD    YEAR
 MAXIMUM TEMPERATURE (F)   68        87      1910
 MINIMUM TEMPERATURE (F)   45        25      1913


SUNRISE AND SUNSET
MARCH 28 2015.........SUNRISE   643 AM CDT   SUNSET   708 PM CDT
MARCH 29 2015.........SUNRISE   642 AM CDT   SUNSET   709 PM CDT


-  INDICATES NEGATIVE NUMBERS.
R  INDICATES RECORD WAS SET OR TIED.
MM INDICATES DATA IS MISSING.
T  INDICATES TRACE AMOUNT.




$$
