000
CDUS44 KHUN 292134
CLIMSL


CLIMATE REPORT
NATIONAL WEATHER SERVICE HUNTSVILLE AL
434 PM CDT THU SEP 29 2016


...................................

...THE MUSCLE SHOALS CLIMATE SUMMARY FOR SEPTEMBER 29 2016...
VALID TODAY AS OF 0400 PM LOCAL TIME.

CLIMATE NORMAL PERIOD 1981 TO 2010
CLIMATE RECORD PERIOD 1893 TO 2016


WEATHER ITEM   OBSERVED TIME   RECORD YEAR NORMAL DEPARTURE LAST
                VALUE   (LST)  VALUE       VALUE  FROM      YEAR
                                                  NORMAL
..................................................................
TEMPERATURE (F)
 TODAY
  MAXIMUM         74    117 PM  97    1904  80     -6       87
  MINIMUM         51    552 AM  39    1967  56     -5       69
                                      1909
                                      1908
  AVERAGE         63                        68     -5       78

PRECIPITATION (IN)
  TODAY            0.00          1.69 1913   0.13  -0.13     0.04
  MONTH TO DATE    0.50                      3.59  -3.09     0.55
  SINCE SEP 1      0.50                      3.59  -3.09     0.55
  SINCE JAN 1     32.13                     39.30  -7.17    37.09

SNOWFALL (IN)
  TODAY            0.0
  MONTH TO DATE    0.0
  SINCE SEP 1      0.0
  SINCE JUL 1      0.0
  SNOW DEPTH       0

DEGREE DAYS
 HEATING
  TODAY            2                         2      0        0
  MONTH TO DATE    2                        12    -10        5
  SINCE SEP 1      2                        12    -10        5
  SINCE JUL 1      2                        12    -10        5

 COOLING
  TODAY            0                         5     -5       13
  MONTH TO DATE  399                       256    143      260
  SINCE SEP 1    399                       256    143      260
  SINCE JAN 1   2202                      1799    403     1913
..................................................................


WIND (MPH)
  HIGHEST WIND SPEED    20   HIGHEST WIND DIRECTION     N (340)
  HIGHEST GUST SPEED    27   HIGHEST GUST DIRECTION    NW (300)
  AVERAGE WIND SPEED     8.1


SKY COVER
  POSSIBLE SUNSHINE  MM
  AVERAGE SKY COVER 0.2


WEATHER CONDITIONS
 THE FOLLOWING WEATHER WAS RECORDED TODAY.
  NO SIGNIFICANT WEATHER WAS OBSERVED.


RELATIVE HUMIDITY (PERCENT)
 HIGHEST    77           600 AM
 LOWEST     38           100 PM
 AVERAGE    58

..........................................................


THE MUSCLE SHOALS CLIMATE NORMALS FOR TOMORROW
                         NORMAL    RECORD    YEAR
 MAXIMUM TEMPERATURE (F)   80        94      1933
                                             1904
 MINIMUM TEMPERATURE (F)   56        35      1901


SUNRISE AND SUNSET
SEPTEMBER 29 2016.....SUNRISE   644 AM CDT   SUNSET   637 PM CDT
SEPTEMBER 30 2016.....SUNRISE   645 AM CDT   SUNSET   635 PM CDT


-  INDICATES NEGATIVE NUMBERS.
R  INDICATES RECORD WAS SET OR TIED.
MM INDICATES DATA IS MISSING.
T  INDICATES TRACE AMOUNT.




$$
