000
CDUS43 KMKX 270641
CLIMSN


CLIMATE REPORT
NATIONAL WEATHER SERVICE IN MILWAUKEE
140 AM CDT WED AUG 27 2014


...................................

...THE MADISON WI CLIMATE SUMMARY FOR AUGUST 26 2014...

CLIMATE NORMAL PERIOD 1981 TO 2010
CLIMATE RECORD PERIOD 1871 TO 2014


WEATHER ITEM   OBSERVED TIME   RECORD YEAR NORMAL DEPARTURE LAST
                VALUE   (LST)  VALUE       VALUE  FROM      YEAR
                                                  NORMAL
..................................................................
TEMPERATURE (F)
 YESTERDAY
  MAXIMUM         78    510 PM  95    1953  78      0       90
  MINIMUM         62   1003 PM  39    1964  58      4       74
  AVERAGE         70                        68      2       82

PRECIPITATION (IN)
  YESTERDAY        T             2.28 1986   0.13  -0.13     0.00
  MONTH TO DATE    5.22                      3.61   1.61     1.53
  SINCE JUN 1     15.85                     12.33   3.52    16.39
  SINCE JAN 1     27.60                     24.16   3.44    36.48

SNOWFALL (IN)
  YESTERDAY        0.0           0.0    MM   0.0    0.0      0.0
  MONTH TO DATE    0.0                       0.0    0.0      0.0
  SINCE JUN 1      0.0                       0.0    0.0      0.0
  SINCE JUL 1      0.0                       0.0    0.0      0.0
  SNOW DEPTH       0

DEGREE DAYS
 HEATING
  YESTERDAY        0                         1     -1        0
  MONTH TO DATE    4                        23    -19       12
  SINCE JUN 1     26                        93    -67       82
  SINCE JUL 1     17                        33    -16       30

 COOLING
  YESTERDAY        5                         4      1       17
  MONTH TO DATE  170                       139     31      129
  SINCE JUN 1    495                       465     30      497
  SINCE JAN 1    546                       495     51      550
..................................................................


WIND (MPH)
  HIGHEST WIND SPEED    14   HIGHEST WIND DIRECTION     N (350)
  HIGHEST GUST SPEED    18   HIGHEST GUST DIRECTION     N (350)
  AVERAGE WIND SPEED     5.1


SKY COVER
  POSSIBLE SUNSHINE  MM
  AVERAGE SKY COVER 0.6


WEATHER CONDITIONS
 THE FOLLOWING WEATHER WAS RECORDED YESTERDAY.
  LIGHT RAIN


RELATIVE HUMIDITY (PERCENT)
 HIGHEST    93           900 PM
 LOWEST     48           300 PM
 AVERAGE    71

..........................................................


THE MADISON WI CLIMATE NORMALS FOR TODAY
                         NORMAL    RECORD    YEAR
 MAXIMUM TEMPERATURE (F)   78        95      1953
 MINIMUM TEMPERATURE (F)   57        35      1968


SUNRISE AND SUNSET
AUGUST 27 2014........SUNRISE   616 AM CDT   SUNSET   741 PM CDT
AUGUST 28 2014........SUNRISE   617 AM CDT   SUNSET   739 PM CDT


-  INDICATES NEGATIVE NUMBERS.
R  INDICATES RECORD WAS SET OR TIED.
MM INDICATES DATA IS MISSING.
T  INDICATES TRACE AMOUNT.




$$
