000
CDUS45 KMSO 222304
CLIMSO


CLIMATE REPORT
NATIONAL WEATHER SERVICE MISSOULA, MT
504 PM MDT TUE AUG 22 2017


...................................

...THE MISSOULA MT CLIMATE SUMMARY FOR AUGUST 22 2017...
VALID TODAY AS OF 0500 PM LOCAL TIME.

CLIMATE NORMAL PERIOD 1981 TO 2010
CLIMATE RECORD PERIOD 1893 TO 2017


WEATHER ITEM   OBSERVED TIME   RECORD YEAR NORMAL DEPARTURE LAST
                VALUE   (LST)  VALUE       VALUE  FROM      YEAR
                                                  NORMAL
..................................................................
TEMPERATURE (F)
 TODAY
  MAXIMUM         88    259 PM 100    1969  83      5       77
  MINIMUM         48    625 AM  35    1906  49     -1       50
  AVERAGE         68                        66      2       64

PRECIPITATION (IN)
  TODAY            0.00          1.43 1947   0.04  -0.04     0.00
  MONTH TO DATE    0.14                      0.82  -0.68     0.25
  SINCE OCT 1     14.85                     12.59   2.26    11.56
  SINCE JAN 1     10.19                      9.66   0.53     8.17

SNOWFALL (IN)
  TODAY            0.0
  MONTH TO DATE    0.0
  SINCE JAN 1     38.2
  SINCE JUL 1      0.0
  SNOW DEPTH       0

DEGREE DAYS
 HEATING
  TODAY            0                         2     -2        1
  MONTH TO DATE    1                        25    -24       20
  SINCE JUN 1    116                       223   -107      196
  SINCE JUL 1      1                        63    -62       77

 COOLING
  TODAY            3                         3      0        0
  MONTH TO DATE  109                       104      5       70
  SINCE JUN 1    424                       292    132      258
  SINCE JAN 1    433                       298    135      258
..................................................................


WIND (MPH)
  HIGHEST WIND SPEED     7   HIGHEST WIND DIRECTION    SE (140)
  HIGHEST GUST SPEED    10   HIGHEST GUST DIRECTION    SW (210)
  AVERAGE WIND SPEED     1.9


SKY COVER
  POSSIBLE SUNSHINE  MM
  AVERAGE SKY COVER 0.2


WEATHER CONDITIONS
 THE FOLLOWING WEATHER WAS RECORDED TODAY.
  HAZE


RELATIVE HUMIDITY (PERCENT)
 HIGHEST    71           600 AM
 LOWEST     17           300 PM
 AVERAGE    44

..........................................................


THE MISSOULA MT CLIMATE NORMALS FOR TOMORROW
                         NORMAL    RECORD    YEAR
 MAXIMUM TEMPERATURE (F)   83       103      1969
 MINIMUM TEMPERATURE (F)   49        37      1992
                                             1962


SUNRISE AND SUNSET
AUGUST 22 2017........SUNRISE   643 AM MDT   SUNSET   834 PM MDT
AUGUST 23 2017........SUNRISE   645 AM MDT   SUNSET   832 PM MDT


-  INDICATES NEGATIVE NUMBERS.
R  INDICATES RECORD WAS SET OR TIED.
MM INDICATES DATA IS MISSING.
T  INDICATES TRACE AMOUNT.




$$
