000
CDUS45 KMSO 292231
CLIMSO


CLIMATE REPORT
NATIONAL WEATHER SERVICE MISSOULA, MT
430 PM MDT SUN MAR 29 2015


...................................

...THE MISSOULA MT CLIMATE SUMMARY FOR MARCH 29 2015...
VALID TODAY AS OF 0400 PM LOCAL TIME.

CLIMATE NORMAL PERIOD 1981 TO 2010
CLIMATE RECORD PERIOD 1893 TO 2015


WEATHER ITEM   OBSERVED TIME   RECORD YEAR NORMAL DEPARTURE LAST
                VALUE   (LST)  VALUE       VALUE  FROM      YEAR
                                                  NORMAL
..................................................................
TEMPERATURE (F)
 TODAY
  MAXIMUM         54    259 PM  75    1978  54      0       50
  MINIMUM         28    642 AM   5    1954  31     -3       36
  AVERAGE         41                        42     -1       43

PRECIPITATION (IN)
  TODAY            0.00          0.49 1899   0.03  -0.03     0.31
  MONTH TO DATE    0.46                      0.92  -0.46     1.74
  SINCE OCT 1      7.98                      5.40   2.58     6.80
  SINCE JAN 1      2.67                      2.47   0.20     5.09

SNOWFALL (IN)
  TODAY            0.0
  MONTH TO DATE    T
  SINCE JAN 1     12.7
  SINCE JUL 1     33.3
  SNOW DEPTH       0

DEGREE DAYS
 HEATING
  TODAY           24                        23      1       22
  MONTH TO DATE  688                       768    -80      820
  SINCE MAR 1    688                       768    -80      820
  SINCE JUL 1   5680                      6137   -457     6330

 COOLING
  TODAY            0                         0      0        0
  MONTH TO DATE    0                         0      0        0
  SINCE MAR 1      0                         0      0        0
  SINCE JAN 1      0                         0      0        0
..................................................................


WIND (MPH)
  HIGHEST WIND SPEED    18   HIGHEST WIND DIRECTION     W (290)
  HIGHEST GUST SPEED    21   HIGHEST GUST DIRECTION    NW (300)
  AVERAGE WIND SPEED     3.5


SKY COVER
  POSSIBLE SUNSHINE  MM
  AVERAGE SKY COVER 0.2


WEATHER CONDITIONS
 THE FOLLOWING WEATHER WAS RECORDED TODAY.
  NO SIGNIFICANT WEATHER WAS OBSERVED.


RELATIVE HUMIDITY (PERCENT)
 HIGHEST    92           700 AM
 LOWEST     41           100 PM
 AVERAGE    67

..........................................................


THE MISSOULA MT CLIMATE NORMALS FOR TOMORROW
                         NORMAL    RECORD    YEAR
 MAXIMUM TEMPERATURE (F)   54        78      2004
 MINIMUM TEMPERATURE (F)   31         8      1936


SUNRISE AND SUNSET
MARCH 29 2015.........SUNRISE   722 AM MDT   SUNSET   801 PM MDT
MARCH 30 2015.........SUNRISE   720 AM MDT   SUNSET   803 PM MDT


-  INDICATES NEGATIVE NUMBERS.
R  INDICATES RECORD WAS SET OR TIED.
MM INDICATES DATA IS MISSING.
T  INDICATES TRACE AMOUNT.




$$
