000
CDUS45 KMSO 190738
CLIMSO


CLIMATE REPORT
NATIONAL WEATHER SERVICE MISSOULA, MT
138 AM MDT THU OCT 19 2017


...................................

...THE MISSOULA MT CLIMATE SUMMARY FOR OCTOBER 18 2017...

CLIMATE NORMAL PERIOD 1981 TO 2010
CLIMATE RECORD PERIOD 1893 TO 2017


WEATHER ITEM   OBSERVED TIME   RECORD YEAR NORMAL DEPARTURE LAST
                VALUE   (LST)  VALUE       VALUE  FROM      YEAR
                                                  NORMAL
..................................................................
TEMPERATURE (F)
 YESTERDAY
  MAXIMUM         63    426 PM  75    1973  57      6       50
                                      1936
  MINIMUM         41   1145 PM  12    1905  32      9       38
  AVERAGE         52                        44      8       44

PRECIPITATION (IN)
  YESTERDAY        T             0.49 1934   0.02  -0.02     0.24
  MONTH TO DATE    0.37                      0.50  -0.13     1.41
  SINCE OCT 1      0.37                      0.50  -0.13     1.41
  SINCE JAN 1     11.79                     11.70   0.09    10.74

SNOWFALL (IN)
  YESTERDAY        0.0
  MONTH TO DATE    0.4
  SINCE JAN 1     38.6
  SINCE JUL 1      0.4
  SNOW DEPTH       0

DEGREE DAYS
 HEATING
  YESTERDAY       13                        21     -8       21
  MONTH TO DATE  390                       313     77      340
  SINCE SEP 1    661                       554    107      599
  SINCE JUL 1    662                       638     24      697

 COOLING
  YESTERDAY        0                         0      0        0
  MONTH TO DATE    0                         0      0        0
  SINCE SEP 1     34                        15     19        5
  SINCE JAN 1    509                       332    177      287
..................................................................


WIND (MPH)
  HIGHEST WIND SPEED    16   HIGHEST WIND DIRECTION     W (270)
  HIGHEST GUST SPEED    22   HIGHEST GUST DIRECTION     W (280)
  AVERAGE WIND SPEED     5.2


SKY COVER
  POSSIBLE SUNSHINE  MM
  AVERAGE SKY COVER 0.4


WEATHER CONDITIONS
 THE FOLLOWING WEATHER WAS RECORDED YESTERDAY.
  LIGHT RAIN


RELATIVE HUMIDITY (PERCENT)
 HIGHEST    82          1000 PM
 LOWEST     46           200 PM
 AVERAGE    64

..........................................................


THE MISSOULA MT CLIMATE NORMALS FOR TODAY
                         NORMAL    RECORD    YEAR
 MAXIMUM TEMPERATURE (F)   56        73      2003
                                             1940
 MINIMUM TEMPERATURE (F)   32        15      1969


SUNRISE AND SUNSET
OCTOBER 19 2017.......SUNRISE   800 AM MDT   SUNSET   641 PM MDT
OCTOBER 20 2017.......SUNRISE   802 AM MDT   SUNSET   639 PM MDT


-  INDICATES NEGATIVE NUMBERS.
R  INDICATES RECORD WAS SET OR TIED.
MM INDICATES DATA IS MISSING.
T  INDICATES TRACE AMOUNT.




$$
