000
CDUS45 KMSO 272231
CLIMSO


CLIMATE REPORT
NATIONAL WEATHER SERVICE MISSOULA, MT
430 PM MDT TUE JUN 27 2017


...................................

...THE MISSOULA MT CLIMATE SUMMARY FOR JUNE 27 2017...
VALID TODAY AS OF 0400 PM LOCAL TIME.

CLIMATE NORMAL PERIOD 1981 TO 2010
CLIMATE RECORD PERIOD 1893 TO 2017


WEATHER ITEM   OBSERVED TIME   RECORD YEAR NORMAL DEPARTURE LAST
                VALUE   (LST)  VALUE       VALUE  FROM      YEAR
                                                  NORMAL
..................................................................
TEMPERATURE (F)
 TODAY
  MAXIMUM         84    252 PM 101    2015  79      5       93
  MINIMUM         60    515 AM  33    1976  49     11       46
                                      1901
  AVERAGE         72                        64      8       70

PRECIPITATION (IN)
  TODAY            0.03          0.99 1970   0.05  -0.02     0.03
  MONTH TO DATE    2.02                      1.92   0.10     0.73
  SINCE OCT 1     14.71                     10.63   4.08     9.22
  SINCE JAN 1     10.05                      7.70   2.35     5.83

SNOWFALL (IN)
  TODAY            0.0
  MONTH TO DATE    T
  SINCE JAN 1     38.2
  SINCE JUL 1     67.3
  SNOW DEPTH       0

DEGREE DAYS
 HEATING
  TODAY            0                         3     -3        0
  MONTH TO DATE  115                       152    -37      119
  SINCE JUN 1    115                       152    -37      119
  SINCE JUL 1   7593                      7276    317     6848

 COOLING
  TODAY            7                         2      5        5
  MONTH TO DATE   39                        34      5       40
  SINCE JUN 1     39                        34      5       40
  SINCE JAN 1     48                        40      8       40
..................................................................


WIND (MPH)
  HIGHEST WIND SPEED    25   HIGHEST WIND DIRECTION     W (280)
  HIGHEST GUST SPEED    32   HIGHEST GUST DIRECTION     S (170)
  AVERAGE WIND SPEED    11.0


SKY COVER
  POSSIBLE SUNSHINE  MM
  AVERAGE SKY COVER 0.5


WEATHER CONDITIONS
 THE FOLLOWING WEATHER WAS RECORDED TODAY.
  LIGHT RAIN
  FOG


RELATIVE HUMIDITY (PERCENT)
 HIGHEST    84           800 AM
 LOWEST     18           300 PM
 AVERAGE    51

..........................................................


THE MISSOULA MT CLIMATE NORMALS FOR TOMORROW
                         NORMAL    RECORD    YEAR
 MAXIMUM TEMPERATURE (F)   80       102      2015
 MINIMUM TEMPERATURE (F)   49        32      1965


SUNRISE AND SUNSET
JUNE 27 2017..........SUNRISE   544 AM MDT   SUNSET   935 PM MDT
JUNE 28 2017..........SUNRISE   544 AM MDT   SUNSET   935 PM MDT


-  INDICATES NEGATIVE NUMBERS.
R  INDICATES RECORD WAS SET OR TIED.
MM INDICATES DATA IS MISSING.
T  INDICATES TRACE AMOUNT.




$$
