000
CDUS43 KMPX 030857
CLIMSP


CLIMATE REPORT
NATIONAL WEATHER SERVICE CHANHASSEN MN
356 AM CDT TUE MAY 3 2016


...................................

...THE TWIN CITIES MN CLIMATE SUMMARY FOR MAY 2 2016...

CLIMATE NORMAL PERIOD 1981 TO 2010
CLIMATE RECORD PERIOD 1871 TO 2016


WEATHER ITEM   OBSERVED TIME   RECORD YEAR NORMAL DEPARTURE LAST
                VALUE   (LST)  VALUE       VALUE  FROM      YEAR
                                                  NORMAL
..................................................................
TEMPERATURE (F)
 YESTERDAY
  MAXIMUM         67    502 PM  91    1959  65      2       80
                                      1880
  MINIMUM         39    500 AM  24    1961  44     -5       52
                                      1875
  AVERAGE         53                        55     -2       66

PRECIPITATION (IN)
  YESTERDAY        0.00          1.49 1944   0.11  -0.11     0.00
  MONTH TO DATE    0.00                      0.22  -0.22     0.01
  SINCE MAR 1      5.10                      4.77   0.33     3.10
  SINCE JAN 1      6.50                      6.44   0.06     3.79

SNOWFALL (IN)
  YESTERDAY        0.0           2.2  1954   0.0    0.0      0.0
  MONTH TO DATE    0.0                       0.0    0.0      0.0
  SINCE MAR 1      5.9                      12.7   -6.8      7.1
  SINCE JUL 1     36.7                      54.4  -17.7     32.4
  SNOW DEPTH       0

DEGREE DAYS
 HEATING
  YESTERDAY       12                        11      1        0
  MONTH TO DATE   25                        22      3        7
  SINCE MAR 1   1262                      1550   -288     1364
  SINCE JUL 1   6127                      7340  -1213     7329

 COOLING
  YESTERDAY        0                         0      0        1
  MONTH TO DATE    0                         0      0        1
  SINCE MAR 1      8                         5      3        1
  SINCE JAN 1      8                         5      3        1
..................................................................


WIND (MPH)
  HIGHEST WIND SPEED    10   HIGHEST WIND DIRECTION    NW (300)
  HIGHEST GUST SPEED    13   HIGHEST GUST DIRECTION     W (270)
  AVERAGE WIND SPEED     2.6


SKY COVER
  POSSIBLE SUNSHINE  MM
  AVERAGE SKY COVER 0.1


WEATHER CONDITIONS
 THE FOLLOWING WEATHER WAS RECORDED YESTERDAY.
  NO SIGNIFICANT WEATHER WAS OBSERVED.


RELATIVE HUMIDITY (PERCENT)
 HIGHEST    82           300 AM
 LOWEST     24           600 PM
 AVERAGE    53

..........................................................


THE TWIN CITIES MN CLIMATE NORMALS FOR TODAY
                         NORMAL    RECORD    YEAR
 MAXIMUM TEMPERATURE (F)   66        93      1949
 MINIMUM TEMPERATURE (F)   45        18      1967


SUNRISE AND SUNSET
MAY  3 2016...........SUNRISE   559 AM CDT   SUNSET   821 PM CDT
MAY  4 2016...........SUNRISE   557 AM CDT   SUNSET   823 PM CDT


-  INDICATES NEGATIVE NUMBERS.
R  INDICATES RECORD WAS SET OR TIED.
MM INDICATES DATA IS MISSING.
T  INDICATES TRACE AMOUNT.




$$
