000
CDUS43 KMPX 250738
CLIMSP


CLIMATE REPORT
NATIONAL WEATHER SERVICE CHANHASSEN MN
238 AM CDT SAT OCT 25 2014


...................................

...THE TWIN CITIES MN CLIMATE SUMMARY FOR OCTOBER 24 2014...

CLIMATE NORMAL PERIOD 1981 TO 2010
CLIMATE RECORD PERIOD 1871 TO 2014


WEATHER ITEM   OBSERVED TIME   RECORD YEAR NORMAL DEPARTURE LAST
                VALUE   (LST)  VALUE       VALUE  FROM      YEAR
                                                  NORMAL
..................................................................
TEMPERATURE (F)
 YESTERDAY
  MAXIMUM         67    429 PM  80    1989  54     13       44
  MINIMUM         46    540 AM  15    1887  37      9       33
  AVERAGE         57                        46     11       39

PRECIPITATION (IN)
  YESTERDAY        0.00          1.00 1899   0.07  -0.07     0.00
  MONTH TO DATE    1.75                      2.00  -0.25     2.84
  SINCE SEP 1      2.67                      5.08  -2.41     4.19
  SINCE JAN 1     33.67                     27.25   6.42    30.63

SNOWFALL (IN)
  YESTERDAY        0.0           0.2  1942   0.1   -0.1      0.0
  MONTH TO DATE    0.0                       0.3   -0.3       T
  SINCE SEP 1      0.0                       0.3   -0.3       T
  SINCE JUL 1      0.0                       0.3   -0.3       T
  SNOW DEPTH       0

DEGREE DAYS
 HEATING
  YESTERDAY        8                        19    -11       26
  MONTH TO DATE  345                       357    -12      328
  SINCE SEP 1    469                       511    -42      386
  SINCE JUL 1    476                       530    -54      394

 COOLING
  YESTERDAY        0                         0      0        0
  MONTH TO DATE    0                         3     -3        2
  SINCE SEP 1     63                        69     -6      134
  SINCE JAN 1    759                       750      9      983
..................................................................


WIND (MPH)
  HIGHEST WIND SPEED    13   HIGHEST WIND DIRECTION     W (270)
  HIGHEST GUST SPEED    16   HIGHEST GUST DIRECTION     W (270)
  AVERAGE WIND SPEED     6.8


SKY COVER
  POSSIBLE SUNSHINE  MM
  AVERAGE SKY COVER 0.6


WEATHER CONDITIONS
 THE FOLLOWING WEATHER WAS RECORDED YESTERDAY.
  FOG


RELATIVE HUMIDITY (PERCENT)
 HIGHEST    93          1200 AM
 LOWEST     63           300 PM
 AVERAGE    78

..........................................................


THE TWIN CITIES MN CLIMATE NORMALS FOR TODAY
                         NORMAL    RECORD    YEAR
 MAXIMUM TEMPERATURE (F)   54        82      1989
 MINIMUM TEMPERATURE (F)   37        12      1887


SUNRISE AND SUNSET
OCTOBER 25 2014.......SUNRISE   742 AM CDT   SUNSET   612 PM CDT
OCTOBER 26 2014.......SUNRISE   743 AM CDT   SUNSET   610 PM CDT


-  INDICATES NEGATIVE NUMBERS.
R  INDICATES RECORD WAS SET OR TIED.
MM INDICATES DATA IS MISSING.
T  INDICATES TRACE AMOUNT.




$$
