000
CDUS43 KMPX 310052
CLIMSP


CLIMATE REPORT
NATIONAL WEATHER SERVICE CHANHASSEN MN
752 PM CDT SUN AUG 30 2015


...................................

...THE TWIN CITIES MN CLIMATE SUMMARY FOR AUGUST 30 2015...
VALID TODAY AS OF 0700 PM LOCAL TIME.

CLIMATE NORMAL PERIOD 1981 TO 2010
CLIMATE RECORD PERIOD 1871 TO 2015


WEATHER ITEM   OBSERVED TIME   RECORD YEAR NORMAL DEPARTURE LAST
                VALUE   (LST)  VALUE       VALUE  FROM      YEAR
                                                  NORMAL
..................................................................
TEMPERATURE (F)
 TODAY
  MAXIMUM         81    339 PM  96    1941  78      3       77
  MINIMUM         62    617 AM  45    1974  59      3       64
                                      1935
  AVERAGE         72                        68      4       71

PRECIPITATION (IN)
  TODAY            0.00          7.28 1977   0.12  -0.12     0.30
  MONTH TO DATE    2.99                      4.18  -1.19     2.43
  SINCE JUN 1     14.71                     12.47   2.24    16.06
  SINCE JAN 1     22.04                     22.05  -0.01    30.53

SNOWFALL (IN)
  TODAY            0.0           0.0    MM   0.0    0.0      0.0
  MONTH TO DATE    0.0                       0.0    0.0      0.0
  SINCE JUN 1      0.0                       0.0    0.0      0.0
  SINCE JUL 1      0.0                       0.0    0.0      0.0
  SNOW DEPTH       0

DEGREE DAYS
 HEATING
  TODAY            0                         1     -1        0
  MONTH TO DATE   13                         9      4        0
  SINCE JUN 1     22                        58    -36       28
  SINCE JUL 1     15                        14      1        7

 COOLING
  TODAY            7                         5      2        6
  MONTH TO DATE  189                       200    -11      256
  SINCE JUN 1    612                       634    -22      635
  SINCE JAN 1    639                       676    -37      687
..................................................................


WIND (MPH)
  HIGHEST WIND SPEED    15   HIGHEST WIND DIRECTION     S (170)
  HIGHEST GUST SPEED    19   HIGHEST GUST DIRECTION     S (170)
  AVERAGE WIND SPEED     8.8


SKY COVER
  POSSIBLE SUNSHINE  MM
  AVERAGE SKY COVER 0.6


WEATHER CONDITIONS
 THE FOLLOWING WEATHER WAS RECORDED TODAY.
  FOG


RELATIVE HUMIDITY (PERCENT)
 HIGHEST   100           200 AM
 LOWEST     54           300 PM
 AVERAGE    77

..........................................................


THE TWIN CITIES MN CLIMATE NORMALS FOR TOMORROW
                         NORMAL    RECORD    YEAR
 MAXIMUM TEMPERATURE (F)   78        94      1907
                                             1898
 MINIMUM TEMPERATURE (F)   59        40      1974


SUNRISE AND SUNSET
AUGUST 30 2015........SUNRISE   632 AM CDT   SUNSET   754 PM CDT
AUGUST 31 2015........SUNRISE   634 AM CDT   SUNSET   752 PM CDT


-  INDICATES NEGATIVE NUMBERS.
R  INDICATES RECORD WAS SET OR TIED.
MM INDICATES DATA IS MISSING.
T  INDICATES TRACE AMOUNT.




$$
