000
CDUS43 KMPX 080623
CLIMSP


CLIMATE REPORT
NATIONAL WEATHER SERVICE CHANHASSEN MN
1223 AM CST THU DEC 8 2016


...................................

...THE TWIN CITIES MN CLIMATE SUMMARY FOR DECEMBER 7 2016...

CLIMATE NORMAL PERIOD 1981 TO 2010
CLIMATE RECORD PERIOD 1871 TO 2016


WEATHER ITEM   OBSERVED TIME   RECORD YEAR NORMAL DEPARTURE LAST
                VALUE   (LST)  VALUE       VALUE  FROM      YEAR
                                                  NORMAL
..................................................................
TEMPERATURE (F)
 YESTERDAY
  MAXIMUM         21        MM  54    1939  30     -9       46
  MINIMUM         16        MM -20    1972  15      1       31
  AVERAGE         19                        22     -3       39

PRECIPITATION (IN)
  YESTERDAY        T             0.56 1883   0.04  -0.04     0.00
  MONTH TO DATE    0.13                      0.30  -0.17     0.09
  SINCE DEC 1      0.13                      0.30  -0.17     0.09
  SINCE JAN 1     38.31                     29.75   8.56    33.91

SNOWFALL (IN)
  YESTERDAY        T             6.3  1927   0.5   -0.5      0.0
  MONTH TO DATE    2.4                       2.9   -0.5      0.1
  SINCE DEC 1      2.4                       2.9   -0.5      0.1
  SINCE JUL 1      4.7                      12.8   -8.1      5.2
  SNOW DEPTH       T

DEGREE DAYS
 HEATING
  YESTERDAY       46                        43      3       26
  MONTH TO DATE  240                       289    -49      213
  SINCE DEC 1    240                       289    -49      213
  SINCE JUL 1   1284                      1908   -624     1388

 COOLING
  YESTERDAY        0                         0      0        0
  MONTH TO DATE    0                         0      0        0
  SINCE DEC 1      0                         0      0        0
  SINCE JAN 1    964                       753    211      809
..................................................................


WIND (MPH)
  HIGHEST WIND SPEED    23   HIGHEST WIND DIRECTION     W (280)
  HIGHEST GUST SPEED    35   HIGHEST GUST DIRECTION     W (270)
  AVERAGE WIND SPEED    18.0


SKY COVER
  POSSIBLE SUNSHINE  MM
  AVERAGE SKY COVER 1.0


WEATHER CONDITIONS
 THE FOLLOWING WEATHER WAS RECORDED YESTERDAY.
  LIGHT SNOW


RELATIVE HUMIDITY (PERCENT)
 HIGHEST    74           300 AM
 LOWEST     61           700 PM
 AVERAGE    68

..........................................................


THE TWIN CITIES MN CLIMATE NORMALS FOR TODAY
                         NORMAL    RECORD    YEAR
 MAXIMUM TEMPERATURE (F)   29        50      1990
                                             1939
 MINIMUM TEMPERATURE (F)   15       -22      1876


SUNRISE AND SUNSET
DECEMBER  8 2016......SUNRISE   738 AM CST   SUNSET   432 PM CST
DECEMBER  9 2016......SUNRISE   739 AM CST   SUNSET   432 PM CST


-  INDICATES NEGATIVE NUMBERS.
R  INDICATES RECORD WAS SET OR TIED.
MM INDICATES DATA IS MISSING.
T  INDICATES TRACE AMOUNT.




$$
