616
CDUS41 KBTV 270534
CLIMSS


CLIMATE REPORT
NATIONAL WEATHER SERVICE BURLINGTON VT
132 AM EDT WED JUL 27 2016


...................................

...THE MASSENA NY CLIMATE SUMMARY FOR JULY 26 2016...

CLIMATE NORMAL PERIOD 1981 TO 2010
CLIMATE RECORD PERIOD 1948 TO 2016


WEATHER ITEM   OBSERVED TIME   RECORD YEAR NORMAL DEPARTURE LAST
                VALUE   (LST)  VALUE       VALUE  FROM      YEAR
                                                  NORMAL
..................................................................
TEMPERATURE (F)
 YESTERDAY
  MAXIMUM         83    552 PM  92    1989  80      3       83
  MINIMUM         64    509 AM  44    2013  58      6       62
  AVERAGE         74                        69      5       73

PRECIPITATION (IN)
  YESTERDAY        0.00          2.51        0.12  -0.12     0.02
  MONTH TO DATE    2.97                      2.98  -0.01     3.11
  SINCE JUN 1      7.66                      6.50   1.16     8.23
  SINCE JAN 1     17.00                     18.43  -1.43    14.22

DEGREE DAYS
 HEATING
  YESTERDAY        0                         1     -1        0
  MONTH TO DATE    9                        26    -17       22
  SINCE JUN 1     74                       122    -48      123
  SINCE JUL 1      9                        26    -17       22

 COOLING
  YESTERDAY        9                         5      4        8
  MONTH TO DATE  135                       127      8      107
  SINCE JUN 1    202                       202      0      154
  SINCE JAN 1    248                       216     32      199
..................................................................


WIND (MPH)
  HIGHEST WIND SPEED    16   HIGHEST WIND DIRECTION     W (280)
  HIGHEST GUST SPEED    21   HIGHEST GUST DIRECTION     W (290)
  AVERAGE WIND SPEED     7.9


SKY COVER
  AVERAGE SKY COVER 0.3


WEATHER CONDITIONS
 THE FOLLOWING WEATHER WAS RECORDED YESTERDAY.
  NO SIGNIFICANT WEATHER WAS OBSERVED.


RELATIVE HUMIDITY (PERCENT)
 HIGHEST    90          1200 AM
 LOWEST     47           600 PM
 AVERAGE    69

..........................................................


THE MASSENA NY CLIMATE NORMALS FOR TODAY
                         NORMAL    RECORD    YEAR
 MAXIMUM TEMPERATURE (F)   80        96      1949
 MINIMUM TEMPERATURE (F)   58        40      2001


SUNRISE AND SUNSET
JULY 27 2016..........SUNRISE   540 AM EDT   SUNSET   831 PM EDT
JULY 28 2016..........SUNRISE   541 AM EDT   SUNSET   830 PM EDT


-  INDICATES NEGATIVE NUMBERS.
R  INDICATES RECORD WAS SET OR TIED.
MM INDICATES DATA IS MISSING.
T  INDICATES TRACE AMOUNT.




$$
