000
CDUS41 KBTV 140539
CLIMSS


CLIMATE REPORT
NATIONAL WEATHER SERVICE BURLINGTON VT
1237 AM EST THU DEC 14 2017


...................................

...THE MASSENA NY CLIMATE SUMMARY FOR DECEMBER 13 2017...

CLIMATE NORMAL PERIOD 1981 TO 2010
CLIMATE RECORD PERIOD 1948 TO 2017


WEATHER ITEM   OBSERVED TIME   RECORD YEAR NORMAL DEPARTURE LAST
                VALUE   (LST)  VALUE       VALUE  FROM      YEAR
                                                  NORMAL
..................................................................
TEMPERATURE (F)
 YESTERDAY
  MAXIMUM         18   1232 AM  57    1991  31    -13       37
  MINIMUM          5   1159 PM -21    2000  15    -10       12
  AVERAGE         12                        23    -11       25

PRECIPITATION (IN)
  YESTERDAY        T             1.10        0.08  -0.08     0.01
  MONTH TO DATE    0.30                      1.12  -0.82     0.76
  SINCE DEC 1      0.30                      1.12  -0.82     0.76
  SINCE JAN 1     38.35                     33.65   4.70    28.64

DEGREE DAYS
 HEATING
  YESTERDAY       53                        42     11       40
  MONTH TO DATE  445                       508    -63      452
  SINCE DEC 1    445                       508    -63      452
  SINCE JUL 1   1844                      2277   -433     1858

 COOLING
  YESTERDAY        0                         0      0        0
  MONTH TO DATE    0                         0      0        0
  SINCE DEC 1      0                         0      0        0
  SINCE JAN 1    399                       363     36      527
..................................................................


WIND (MPH)
  HIGHEST WIND SPEED    24   HIGHEST WIND DIRECTION     W (270)
  HIGHEST GUST SPEED    33   HIGHEST GUST DIRECTION     W (250)
  AVERAGE WIND SPEED    13.6


SKY COVER
  AVERAGE SKY COVER 0.6


WEATHER CONDITIONS
 THE FOLLOWING WEATHER WAS RECORDED YESTERDAY.
  LIGHT SNOW
  FOG
  HAZE


RELATIVE HUMIDITY (PERCENT)
 HIGHEST    88           300 AM
 LOWEST     63           600 PM
 AVERAGE    76

..........................................................


THE MASSENA NY CLIMATE NORMALS FOR TODAY
                         NORMAL    RECORD    YEAR
 MAXIMUM TEMPERATURE (F)   31        56      1975
 MINIMUM TEMPERATURE (F)   15       -16      1989


SUNRISE AND SUNSET
DECEMBER 14 2017......SUNRISE   730 AM EST   SUNSET   418 PM EST
DECEMBER 15 2017......SUNRISE   731 AM EST   SUNSET   419 PM EST


-  INDICATES NEGATIVE NUMBERS.
R  INDICATES RECORD WAS SET OR TIED.
MM INDICATES DATA IS MISSING.
T  INDICATES TRACE AMOUNT.




$$
