316
CDUS41 KBTV 280538
CLIMSS


CLIMATE REPORT
NATIONAL WEATHER SERVICE BURLINGTON VT
138 AM EDT THU APR 28 2016


...................................

...THE MASSENA NY CLIMATE SUMMARY FOR APRIL 27 2016...

CLIMATE NORMAL PERIOD 1981 TO 2010
CLIMATE RECORD PERIOD 1948 TO 2016


WEATHER ITEM   OBSERVED TIME   RECORD YEAR NORMAL DEPARTURE LAST
                VALUE   (LST)  VALUE       VALUE  FROM      YEAR
                                                  NORMAL
..................................................................
TEMPERATURE (F)
 YESTERDAY
  MAXIMUM         49    413 PM  89    1990  60    -11       58
  MINIMUM         25    128 AM  21    1972  37    -12       39
  AVERAGE         37                        49    -12       49

PRECIPITATION (IN)
  YESTERDAY        0.00          1.39        0.10  -0.10      T
  MONTH TO DATE    1.66                      2.53  -0.87     2.48
  SINCE MAR 1      3.89                      4.62  -0.73     3.02
  SINCE JAN 1      8.55                      8.57  -0.02     4.44

DEGREE DAYS
 HEATING
  YESTERDAY       28                        16     12       16
  MONTH TO DATE  687                       603     84      603
  SINCE MAR 1   1693                      1747    -54     1898
  SINCE JUL 1   6739                      7734   -995     8064

 COOLING
  YESTERDAY        0                         0      0        0
  MONTH TO DATE    0                         0      0        0
  SINCE MAR 1      0                         0      0        0
  SINCE JAN 1      0                         0      0        0
..................................................................


WIND (MPH)
  HIGHEST WIND SPEED    20   HIGHEST WIND DIRECTION     W (260)
  HIGHEST GUST SPEED    25   HIGHEST GUST DIRECTION     W (260)
  AVERAGE WIND SPEED     7.7


SKY COVER
  AVERAGE SKY COVER 0.1


WEATHER CONDITIONS
 THE FOLLOWING WEATHER WAS RECORDED YESTERDAY.
  NO SIGNIFICANT WEATHER WAS OBSERVED.


RELATIVE HUMIDITY (PERCENT)
 HIGHEST    63          1200 AM
 LOWEST     19           200 PM
 AVERAGE    41

..........................................................


THE MASSENA NY CLIMATE NORMALS FOR TODAY
                         NORMAL    RECORD    YEAR
 MAXIMUM TEMPERATURE (F)   61        83      1962
 MINIMUM TEMPERATURE (F)   38        25      1975


SUNRISE AND SUNSET
APRIL 28 2016.........SUNRISE   553 AM EDT   SUNSET   802 PM EDT
APRIL 29 2016.........SUNRISE   551 AM EDT   SUNSET   803 PM EDT


-  INDICATES NEGATIVE NUMBERS.
R  INDICATES RECORD WAS SET OR TIED.
MM INDICATES DATA IS MISSING.
T  INDICATES TRACE AMOUNT.




$$
