000
CDUS41 KBTV 240523
CLIMSS


CLIMATE REPORT
NATIONAL WEATHER SERVICE BURLINGTON VT
120 AM EDT SAT JUN 24 2017


...................................

...THE MASSENA NY CLIMATE SUMMARY FOR JUNE 23 2017...

CLIMATE NORMAL PERIOD 1981 TO 2010
CLIMATE RECORD PERIOD 1948 TO 2017


WEATHER ITEM   OBSERVED TIME   RECORD YEAR NORMAL DEPARTURE LAST
                VALUE   (LST)  VALUE       VALUE  FROM      YEAR
                                                  NORMAL
..................................................................
TEMPERATURE (F)
 YESTERDAY
  MAXIMUM         77    305 PM  92    1975  78     -1       78
  MINIMUM         63    312 AM  40    1992  55      8       48
  AVERAGE         70                        66      4       63

PRECIPITATION (IN)
  YESTERDAY        0.40          1.85        0.12   0.28     0.00
  MONTH TO DATE    1.89                      2.69  -0.80     2.80
  SINCE JUN 1      1.89                      2.69  -0.80     2.80
  SINCE JAN 1     16.54                     14.62   1.92    12.14

DEGREE DAYS
 HEATING
  YESTERDAY        0                         2     -2        2
  MONTH TO DATE   77                        85     -8       63
  SINCE JUN 1     77                        85     -8       63
  SINCE JUL 1   7094                      8186  -1092     7161

 COOLING
  YESTERDAY        5                         3      2        0
  MONTH TO DATE   69                        47     22       37
  SINCE JUN 1     69                        47     22       37
  SINCE JAN 1     85                        61     24       83
..................................................................


WIND (MPH)
  HIGHEST WIND SPEED    17   HIGHEST WIND DIRECTION    SW (220)
  HIGHEST GUST SPEED    22   HIGHEST GUST DIRECTION     S (190)
  AVERAGE WIND SPEED     6.9


SKY COVER
  AVERAGE SKY COVER 0.7


WEATHER CONDITIONS
 THE FOLLOWING WEATHER WAS RECORDED YESTERDAY.
  RAIN
  LIGHT RAIN
  FOG


RELATIVE HUMIDITY (PERCENT)
 HIGHEST   100           300 AM
 LOWEST     82           200 PM
 AVERAGE    91

..........................................................


THE MASSENA NY CLIMATE NORMALS FOR TODAY
                         NORMAL    RECORD    YEAR
 MAXIMUM TEMPERATURE (F)   78        91      1957
 MINIMUM TEMPERATURE (F)   56        39      1988


SUNRISE AND SUNSET
JUNE 24 2017..........SUNRISE   514 AM EDT   SUNSET   850 PM EDT
JUNE 25 2017..........SUNRISE   514 AM EDT   SUNSET   850 PM EDT


-  INDICATES NEGATIVE NUMBERS.
R  INDICATES RECORD WAS SET OR TIED.
MM INDICATES DATA IS MISSING.
T  INDICATES TRACE AMOUNT.




$$
