000
CDUS41 KBTV 040535
CLIMSS


CLIMATE REPORT
NATIONAL WEATHER SERVICE BURLINGTON VT
1231 AM EST SUN DEC 4 2016


...................................

...THE MASSENA NY CLIMATE SUMMARY FOR DECEMBER 3 2016...

CLIMATE NORMAL PERIOD 1981 TO 2010
CLIMATE RECORD PERIOD 1948 TO 2016


WEATHER ITEM   OBSERVED TIME   RECORD YEAR NORMAL DEPARTURE LAST
                VALUE   (LST)  VALUE       VALUE  FROM      YEAR
                                                  NORMAL
..................................................................
TEMPERATURE (F)
 YESTERDAY
  MAXIMUM         40   1228 PM  65    1982  36      4       40
  MINIMUM         32   1159 PM -14    1976  20     12       34
  AVERAGE         36                        28      8       37

PRECIPITATION (IN)
  YESTERDAY        T             0.82        0.09  -0.09      T
  MONTH TO DATE    0.42                      0.26   0.16     0.37
  SINCE DEC 1      0.42                      0.26   0.16     0.37
  SINCE JAN 1     28.30                     32.79  -4.49    27.11

DEGREE DAYS
 HEATING
  YESTERDAY       29                        37     -8       28
  MONTH TO DATE   75                       110    -35       91
  SINCE DEC 1     75                       110    -35       91
  SINCE JUL 1   1481                      1879   -398     1565

 COOLING
  YESTERDAY        0                         0      0        0
  MONTH TO DATE    0                         0      0        0
  SINCE DEC 1      0                         0      0        0
  SINCE JAN 1    527                       363    164      453
..................................................................


WIND (MPH)
  HIGHEST WIND SPEED    20   HIGHEST WIND DIRECTION     W (290)
  HIGHEST GUST SPEED    29   HIGHEST GUST DIRECTION    NW (300)
  AVERAGE WIND SPEED    11.6


SKY COVER
  AVERAGE SKY COVER 1.0


WEATHER CONDITIONS
 THE FOLLOWING WEATHER WAS RECORDED YESTERDAY.
  NO SIGNIFICANT WEATHER WAS OBSERVED.


RELATIVE HUMIDITY (PERCENT)
 HIGHEST    75          1200 AM
 LOWEST     47           800 PM
 AVERAGE    61

..........................................................


THE MASSENA NY CLIMATE NORMALS FOR TODAY
                         NORMAL    RECORD    YEAR
 MAXIMUM TEMPERATURE (F)   35        67      2012
 MINIMUM TEMPERATURE (F)   20       -10      1976


SUNRISE AND SUNSET
DECEMBER  4 2016......SUNRISE   721 AM EST   SUNSET   419 PM EST
DECEMBER  5 2016......SUNRISE   722 AM EST   SUNSET   418 PM EST


-  INDICATES NEGATIVE NUMBERS.
R  INDICATES RECORD WAS SET OR TIED.
MM INDICATES DATA IS MISSING.
T  INDICATES TRACE AMOUNT.




$$
