000
CDUS41 KBTV 260529
CLIMSS


CLIMATE REPORT
NATIONAL WEATHER SERVICE BURLINGTON VT
1225 AM EST SUN FEB 26 2017


...................................

...THE MASSENA NY CLIMATE SUMMARY FOR FEBRUARY 25 2017...

CLIMATE NORMAL PERIOD 1981 TO 2010
CLIMATE RECORD PERIOD 1948 TO 2017


WEATHER ITEM   OBSERVED TIME   RECORD YEAR NORMAL DEPARTURE LAST
                VALUE   (LST)  VALUE       VALUE  FROM      YEAR
                                                  NORMAL
..................................................................
TEMPERATURE (F)
 YESTERDAY
  MAXIMUM         50R   325 PM  50    1956  31     19       35
  MINIMUM         33    712 AM -21    1972  10     23       24
  AVERAGE         42                        20     22       30

PRECIPITATION (IN)
  YESTERDAY        0.51          0.53        0.08   0.43     0.02
  MONTH TO DATE    1.86                      1.56   0.30     3.79
  SINCE DEC 1      5.76                      6.17  -0.41     6.97
  SINCE JAN 1      3.43                      3.74  -0.31     4.32

DEGREE DAYS
 HEATING
  YESTERDAY       23                        45    -22       35
  MONTH TO DATE  983                      1193   -210     1125
  SINCE DEC 1   3426                      4087   -661     3410
  SINCE JUL 1   4832                      5856  -1024     4884

 COOLING
  YESTERDAY        0                         0      0        0
  MONTH TO DATE    0                         0      0        0
  SINCE DEC 1      0                         0      0        0
  SINCE JAN 1      0                         0      0        0
..................................................................


WIND (MPH)
  HIGHEST WIND SPEED    24   HIGHEST WIND DIRECTION    SW (220)
  HIGHEST GUST SPEED    30   HIGHEST GUST DIRECTION    SW (210)
  AVERAGE WIND SPEED    11.1


SKY COVER
  AVERAGE SKY COVER 1.0


WEATHER CONDITIONS
 THE FOLLOWING WEATHER WAS RECORDED YESTERDAY.
  THUNDERSTORM
  HEAVY RAIN
  RAIN
  LIGHT RAIN
  FOG
  FOG W/VISIBILITY <= 1/4 MILE


RELATIVE HUMIDITY (PERCENT)
 HIGHEST   100          1200 AM
 LOWEST     85          1100 PM
 AVERAGE    93

..........................................................


THE MASSENA NY CLIMATE NORMALS FOR TODAY
                         NORMAL    RECORD    YEAR
 MAXIMUM TEMPERATURE (F)   31        55      2002
 MINIMUM TEMPERATURE (F)   10       -24      2003


SUNRISE AND SUNSET
FEBRUARY 26 2017......SUNRISE   642 AM EST   SUNSET   543 PM EST
FEBRUARY 27 2017......SUNRISE   640 AM EST   SUNSET   544 PM EST


-  INDICATES NEGATIVE NUMBERS.
R  INDICATES RECORD WAS SET OR TIED.
MM INDICATES DATA IS MISSING.
T  INDICATES TRACE AMOUNT.




$$
