000
CDUS41 KBTV 170533
CLIMSS


CLIMATE REPORT
NATIONAL WEATHER SERVICE BURLINGTON VT
1232 AM EST SAT FEB 17 2018


...................................

...THE MASSENA NY CLIMATE SUMMARY FOR FEBRUARY 16 2018...

CLIMATE NORMAL PERIOD 1981 TO 2010
CLIMATE RECORD PERIOD 1948 TO 2018


WEATHER ITEM   OBSERVED TIME   RECORD YEAR NORMAL DEPARTURE LAST
                VALUE   (LST)  VALUE       VALUE  FROM      YEAR
                                                  NORMAL
..................................................................
TEMPERATURE (F)
 YESTERDAY
  MAXIMUM         40   1249 AM  55    1981  28     12       27
  MINIMUM          8   1159 PM -28    2003   8      0       19
  AVERAGE         24                        18      6       23

PRECIPITATION (IN)
  YESTERDAY        0.03          1.45        0.06  -0.03      T
  MONTH TO DATE    0.50                      0.96  -0.46     1.30
  SINCE DEC 1      3.11                      5.57  -2.46     5.20
  SINCE JAN 1      2.14                      3.14  -1.00     2.87

DEGREE DAYS
 HEATING
  YESTERDAY       41                        47     -6       42
  MONTH TO DATE  743                       780    -37      718
  SINCE DEC 1   3431                      3674   -243     3161
  SINCE JUL 1   4830                      5443   -613     4567

 COOLING
  YESTERDAY        0                         0      0        0
  MONTH TO DATE    0                         0      0        0
  SINCE DEC 1      0                         0      0        0
  SINCE JAN 1      0                         0      0        0
..................................................................


WIND (MPH)
  HIGHEST WIND SPEED    20   HIGHEST WIND DIRECTION    NW (310)
  HIGHEST GUST SPEED    24   HIGHEST GUST DIRECTION    NW (300)
  AVERAGE WIND SPEED     7.7


SKY COVER
  AVERAGE SKY COVER 0.7


WEATHER CONDITIONS
 THE FOLLOWING WEATHER WAS RECORDED YESTERDAY.
  HEAVY SNOW
  SNOW
  LIGHT SNOW
  FOG
  FOG W/VISIBILITY <= 1/4 MILE


RELATIVE HUMIDITY (PERCENT)
 HIGHEST   100           200 AM
 LOWEST     53           500 PM
 AVERAGE    77

..........................................................


THE MASSENA NY CLIMATE NORMALS FOR TODAY
                         NORMAL    RECORD    YEAR
 MAXIMUM TEMPERATURE (F)   29        47      1981
 MINIMUM TEMPERATURE (F)    8       -29      1973


SUNRISE AND SUNSET
FEBRUARY 17 2018......SUNRISE   657 AM EST   SUNSET   530 PM EST
FEBRUARY 18 2018......SUNRISE   655 AM EST   SUNSET   532 PM EST


-  INDICATES NEGATIVE NUMBERS.
R  INDICATES RECORD WAS SET OR TIED.
MM INDICATES DATA IS MISSING.
T  INDICATES TRACE AMOUNT.




$$
