000
CDUS41 KBTV 040559
CLIMSS


CLIMATE REPORT
NATIONAL WEATHER SERVICE BURLINGTON VT
1259 AM EST WED MAR 4 2015


...................................

...THE MASSENA NY CLIMATE SUMMARY FOR MARCH 3 2015...

CLIMATE NORMAL PERIOD 1981 TO 2010
CLIMATE RECORD PERIOD 1948 TO 2015


WEATHER ITEM   OBSERVED TIME   RECORD YEAR NORMAL DEPARTURE LAST
                VALUE   (LST)  VALUE       VALUE  FROM      YEAR
                                                  NORMAL
..................................................................
TEMPERATURE (F)
 YESTERDAY
  MAXIMUM         27   1159 PM  59    2008  33     -6        8
  MINIMUM        -11    646 AM -18    1950  12    -23      -15
  AVERAGE          8                        22    -14       -3

PRECIPITATION (IN)
  YESTERDAY        0.07          0.41        0.07   0.00     0.00
  MONTH TO DATE    0.07                      0.20  -0.13     0.01
  SINCE MAR 1      0.07                      0.20  -0.13     0.01
  SINCE JAN 1      1.49                      4.15  -2.66     2.75

DEGREE DAYS
 HEATING
  YESTERDAY       57                        43     14       68
  MONTH TO DATE  161                       129     32      179
  SINCE MAR 1    161                       129     32      179
  SINCE JUL 1   6327                      6116    211     6348

 COOLING
  YESTERDAY        0                         0      0        0
  MONTH TO DATE    0                         0      0        0
  SINCE MAR 1      0                         0      0        0
  SINCE JAN 1      0                         0      0        0
..................................................................


WIND (MPH)
  HIGHEST WIND SPEED    14   HIGHEST WIND DIRECTION    NE (60)
  HIGHEST GUST SPEED    16   HIGHEST GUST DIRECTION    NE (60)
  AVERAGE WIND SPEED     3.5


SKY COVER
  AVERAGE SKY COVER 0.4


WEATHER CONDITIONS
 THE FOLLOWING WEATHER WAS RECORDED YESTERDAY.
  LT FREEZING RAIN
  SNOW
  LIGHT SNOW
  FOG
  FOG W/VISIBILITY <= 1/4 MILE
  HAZE


RELATIVE HUMIDITY (PERCENT)
 HIGHEST   100           700 PM
 LOWEST     33           100 PM
 AVERAGE    67

..........................................................


THE MASSENA NY CLIMATE NORMALS FOR TODAY
                         NORMAL    RECORD    YEAR
 MAXIMUM TEMPERATURE (F)   33        58      1964
 MINIMUM TEMPERATURE (F)   13       -25      1950


SUNRISE AND SUNSET
MARCH  4 2015.........SUNRISE   632 AM EST   SUNSET   551 PM EST
MARCH  5 2015.........SUNRISE   631 AM EST   SUNSET   552 PM EST


-  INDICATES NEGATIVE NUMBERS.
R  INDICATES RECORD WAS SET OR TIED.
MM INDICATES DATA IS MISSING.
T  INDICATES TRACE AMOUNT.




$$
