000
CDUS41 KBTV 290522
CLIMSS


CLIMATE REPORT
NATIONAL WEATHER SERVICE BURLINGTON VT
121 AM EDT TUE JUL 29 2014


...................................

...THE MASSENA NY CLIMATE SUMMARY FOR JULY 28 2014...

CLIMATE NORMAL PERIOD 1981 TO 2010
CLIMATE RECORD PERIOD 1948 TO 2014


WEATHER ITEM   OBSERVED TIME   RECORD YEAR NORMAL DEPARTURE LAST
                VALUE   (LST)  VALUE       VALUE  FROM      YEAR
                                                  NORMAL
..................................................................
TEMPERATURE (F)
 YESTERDAY
  MAXIMUM         64    653 AM  95    1949  80    -16       76
  MINIMUM         58   1159 PM  42    2001  58      0       62
  AVERAGE         61                        69     -8       69

PRECIPITATION (IN)
  YESTERDAY        0.88          1.08        0.12   0.76     0.24
  MONTH TO DATE    5.09                      3.22   1.87     3.41
  SINCE JUN 1     10.02                      6.74   3.28    11.03
  SINCE JAN 1     19.95                     18.67   1.28    19.33

DEGREE DAYS
 HEATING
  YESTERDAY        4                         1      3        0
  MONTH TO DATE   13                        28    -15       21
  SINCE JUN 1     51                       124    -73      137
  SINCE JUL 1     13                        28    -15       21

 COOLING
  YESTERDAY        0                         5     -5        4
  MONTH TO DATE  107                       137    -30      194
  SINCE JUN 1    191                       212    -21      271
  SINCE JAN 1    206                       226    -20      294
..................................................................


WIND (MPH)
  HIGHEST WIND SPEED    16   HIGHEST WIND DIRECTION     N (20)
  HIGHEST GUST SPEED    22   HIGHEST GUST DIRECTION     N (10)
  AVERAGE WIND SPEED     8.0


SKY COVER
  AVERAGE SKY COVER 0.9


WEATHER CONDITIONS
 THE FOLLOWING WEATHER WAS RECORDED YESTERDAY.
  RAIN
  LIGHT RAIN
  FOG


RELATIVE HUMIDITY (PERCENT)
 HIGHEST   100          1200 AM
 LOWEST     72          1100 PM
 AVERAGE    86

..........................................................


THE MASSENA NY CLIMATE NORMALS FOR TODAY
                         NORMAL    RECORD    YEAR
 MAXIMUM TEMPERATURE (F)   80        95      1949
 MINIMUM TEMPERATURE (F)   58        43      1987


SUNRISE AND SUNSET
JULY 29 2014..........SUNRISE   542 AM EDT   SUNSET   830 PM EDT
JULY 30 2014..........SUNRISE   543 AM EDT   SUNSET   828 PM EDT


-  INDICATES NEGATIVE NUMBERS.
R  INDICATES RECORD WAS SET OR TIED.
MM INDICATES DATA IS MISSING.
T  INDICATES TRACE AMOUNT.




$$
